000
CDUS43 KDTX 220545
CLIFNT


CLIMATE REPORT
NATIONAL WEATHER SERVICE DETROIT/PONTIAC MI
1245 AM EST WED FEB 22 2017


...................................

...THE FLINT MI CLIMATE SUMMARY FOR FEBRUARY 21 2017...

CLIMATE NORMAL PERIOD 1981 TO 2010
CLIMATE RECORD PERIOD 1921 TO 2017


WEATHER ITEM   OBSERVED TIME   RECORD YEAR NORMAL DEPARTURE LAST
                VALUE   (LST)  VALUE       VALUE  FROM      YEAR
                                                  NORMAL
..................................................................
TEMPERATURE (F)
 YESTERDAY
  MAXIMUM         60    437 PM  63    1930  34     26       43
  MINIMUM         37   1147 PM  -9    1946  18     19       28
  AVERAGE         49                        26     23       36

PRECIPITATION (IN)
  YESTERDAY        0.03          1.36 1997   0.05  -0.02     0.00
  MONTH TO DATE    0.97                      1.06  -0.09     1.21
  SINCE DEC 1      5.69                      4.61   1.08     4.75
  SINCE JAN 1      4.10                      2.69   1.41     2.85

SNOWFALL (IN)
  YESTERDAY        0.0           4.1  2011   0.4   -0.4      0.0
                                      1962
  MONTH TO DATE    1.8                       8.3   -6.5     12.4
  SINCE DEC 1     32.4                      33.2   -0.8     29.5
  SINCE JUL 1     32.4                      36.1   -3.7     40.3
  SNOW DEPTH       0

DEGREE DAYS
 HEATING
  YESTERDAY       16                        39    -23       29
  MONTH TO DATE  695                       859   -164      774
  SINCE DEC 1   2956                      3342   -386     2650
  SINCE JUL 1   3997                      4823   -826     3631

 COOLING
  YESTERDAY        0                         0      0        0
  MONTH TO DATE    0                         0      0        0
  SINCE DEC 1      0                         0      0        0
  SINCE JAN 1      0                         0      0        0
..................................................................


WIND (MPH)
  HIGHEST WIND SPEED    17   HIGHEST WIND DIRECTION     W (280)
  HIGHEST GUST SPEED    22   HIGHEST GUST DIRECTION    NW (310)
  AVERAGE WIND SPEED     8.3


SKY COVER
  POSSIBLE SUNSHINE  MM
  AVERAGE SKY COVER 0.4


WEATHER CONDITIONS
 THE FOLLOWING WEATHER WAS RECORDED YESTERDAY.
  LIGHT RAIN
  FOG


RELATIVE HUMIDITY (PERCENT)
 HIGHEST   100          1000 PM
 LOWEST     64          1200 AM
 AVERAGE    82

..........................................................


THE FLINT MI CLIMATE NORMALS FOR TODAY
                         NORMAL    RECORD    YEAR
 MAXIMUM TEMPERATURE (F)   35        65      1930
 MINIMUM TEMPERATURE (F)   18        -5      1963


SUNRISE AND SUNSET
FEBRUARY 22 2017......SUNRISE   722 AM EST   SUNSET   616 PM EST
FEBRUARY 23 2017......SUNRISE   720 AM EST   SUNSET   617 PM EST


-  INDICATES NEGATIVE NUMBERS.
R  INDICATES RECORD WAS SET OR TIED.
MM INDICATES DATA IS MISSING.
T  INDICATES TRACE AMOUNT.




$$
