000
CDUS43 KDTX 062129
CLIFNT


CLIMATE REPORT
NATIONAL WEATHER SERVICE DETROIT/PONTIAC MI
428 PM EST FRI MAR 6 2015


...................................

...THE FLINT MI CLIMATE SUMMARY FOR MARCH 6 2015...
VALID TODAY AS OF 0400 PM LOCAL TIME.

CLIMATE NORMAL PERIOD 1981 TO 2010
CLIMATE RECORD PERIOD 1921 TO 2015


WEATHER ITEM   OBSERVED TIME   RECORD YEAR NORMAL DEPARTURE LAST
                VALUE   (LST)  VALUE       VALUE  FROM      YEAR
                                                  NORMAL
..................................................................
TEMPERATURE (F)
 TODAY
  MAXIMUM         26    359 PM  67    2009  39    -13       30
  MINIMUM         -5    319 AM  -7    1960  21    -26        2
  AVERAGE         11                        30    -19       16

PRECIPITATION (IN)
  TODAY            0.00          0.77 1956   0.06  -0.06     0.00
  MONTH TO DATE    0.26                      0.34  -0.08     0.35
  SINCE MAR 1      0.26                      0.34  -0.08     0.35
  SINCE JAN 1      2.43                      3.45  -1.02     4.36

SNOWFALL (IN)
  TODAY            0.0           4.5  1971   0.3   -0.3      0.0
  MONTH TO DATE    3.4                       1.7    1.7      4.1
  SINCE MAR 1      3.4                       1.7    1.7      4.1
  SINCE JUL 1     43.9                      40.3    3.6     77.3
  SNOW DEPTH      11

DEGREE DAYS
 HEATING
  TODAY           54                        35     19       49
  MONTH TO DATE  282                       213     69      327
  SINCE MAR 1    282                       213     69      327
  SINCE JUL 1   5590                      5301    289     5848

 COOLING
  TODAY            0                         0      0        0
  MONTH TO DATE    0                         0      0        0
  SINCE MAR 1      0                         0      0        0
  SINCE JAN 1      0                         0      0        0
..................................................................


WIND (MPH)
  HIGHEST WIND SPEED    21   HIGHEST WIND DIRECTION    SW (210)
  HIGHEST GUST SPEED    28   HIGHEST GUST DIRECTION    SW (210)
  AVERAGE WIND SPEED    10.2


SKY COVER
  POSSIBLE SUNSHINE  MM
  AVERAGE SKY COVER 0.0


WEATHER CONDITIONS
 THE FOLLOWING WEATHER WAS RECORDED TODAY.
  NO SIGNIFICANT WEATHER WAS OBSERVED.


RELATIVE HUMIDITY (PERCENT)
 HIGHEST    87           400 AM
 LOWEST     33           400 PM
 AVERAGE    60

..........................................................


THE FLINT MI CLIMATE NORMALS FOR TOMORROW
                         NORMAL    RECORD    YEAR
 MAXIMUM TEMPERATURE (F)   40        75      2000
 MINIMUM TEMPERATURE (F)   22        -6      1999


SUNRISE AND SUNSET
MARCH  6 2015.........SUNRISE   703 AM EST   SUNSET   630 PM EST
MARCH  7 2015.........SUNRISE   701 AM EST   SUNSET   631 PM EST


-  INDICATES NEGATIVE NUMBERS.
R  INDICATES RECORD WAS SET OR TIED.
MM INDICATES DATA IS MISSING.
T  INDICATES TRACE AMOUNT.




$$
