000
CDUS43 KDTX 300536
CLIFNT


CLIMATE REPORT
NATIONAL WEATHER SERVICE DETROIT/PONTIAC MI
135 AM EDT SAT JUL 30 2016


...................................

...THE FLINT MI CLIMATE SUMMARY FOR JULY 29 2016...

CLIMATE NORMAL PERIOD 1981 TO 2010
CLIMATE RECORD PERIOD 1921 TO 2016


WEATHER ITEM   OBSERVED TIME   RECORD YEAR NORMAL DEPARTURE LAST
                VALUE   (LST)  VALUE       VALUE  FROM      YEAR
                                                  NORMAL
..................................................................
TEMPERATURE (F)
 YESTERDAY
  MAXIMUM         85    352 PM  98    1931  81      4       90
  MINIMUM         68    543 AM  42    1928  59      9       64
  AVERAGE         77                        70      7       77

PRECIPITATION (IN)
  YESTERDAY        0.00          2.65 2000   0.12  -0.12     0.16
  MONTH TO DATE    1.32                      3.08  -1.76     2.94
  SINCE JUN 1      1.99                      6.15  -4.16     8.40
  SINCE JAN 1     14.22                     17.14  -2.92    16.52

SNOWFALL (IN)
  YESTERDAY        0.0           0.0    MM   0.0    0.0      0.0
  MONTH TO DATE    0.0                       0.0    0.0      0.0
  SINCE JUN 1      0.0                       0.0    0.0      0.0
  SINCE JUL 1      0.0                       0.0    0.0      0.0
  SNOW DEPTH       0

DEGREE DAYS
 HEATING
  YESTERDAY        0                         0      0        0
  MONTH TO DATE    0                        10    -10        8
  SINCE JUN 1     28                        76    -48       36
  SINCE JUL 1      0                        10    -10        8

 COOLING
  YESTERDAY       12                         6      6       12
  MONTH TO DATE  333                       174    159      196
  SINCE JUN 1    511                       286    225      320
  SINCE JAN 1    590                       318    272      395
..................................................................


WIND (MPH)
  HIGHEST WIND SPEED    20   HIGHEST WIND DIRECTION    NE (40)
  HIGHEST GUST SPEED    26   HIGHEST GUST DIRECTION     E (70)
  AVERAGE WIND SPEED    10.4


SKY COVER
  POSSIBLE SUNSHINE  MM
  AVERAGE SKY COVER 0.4


WEATHER CONDITIONS
 THE FOLLOWING WEATHER WAS RECORDED YESTERDAY.
  NO SIGNIFICANT WEATHER WAS OBSERVED.


RELATIVE HUMIDITY (PERCENT)
 HIGHEST    78           400 AM
 LOWEST     39           600 PM
 AVERAGE    59

..........................................................


THE FLINT MI CLIMATE NORMALS FOR TODAY
                         NORMAL    RECORD    YEAR
 MAXIMUM TEMPERATURE (F)   81        98      1933
 MINIMUM TEMPERATURE (F)   59        44      1965


SUNRISE AND SUNSET
JULY 30 2016..........SUNRISE   624 AM EDT   SUNSET   858 PM EDT
JULY 31 2016..........SUNRISE   625 AM EDT   SUNSET   857 PM EDT


-  INDICATES NEGATIVE NUMBERS.
R  INDICATES RECORD WAS SET OR TIED.
MM INDICATES DATA IS MISSING.
T  INDICATES TRACE AMOUNT.




$$
