048
CDUS43 KDTX 220536
CLIFNT


CLIMATE REPORT
NATIONAL WEATHER SERVICE DETROIT/PONTIAC MI
136 AM EDT FRI MAY 22 2015


...................................

...THE FLINT MI CLIMATE SUMMARY FOR MAY 21 2015...

CLIMATE NORMAL PERIOD 1981 TO 2010
CLIMATE RECORD PERIOD 1921 TO 2015


WEATHER ITEM   OBSERVED TIME   RECORD YEAR NORMAL DEPARTURE LAST
                VALUE   (LST)  VALUE       VALUE  FROM      YEAR
                                                  NORMAL
..................................................................
TEMPERATURE (F)
 YESTERDAY
  MAXIMUM         68    450 PM  93    1921  70     -2       82
  MINIMUM         48    539 AM  31    1954  47      1       60
  AVERAGE         58                        58      0       71

PRECIPITATION (IN)
  YESTERDAY        0.00          1.37 2014   0.11  -0.11     1.37
  MONTH TO DATE    2.07                      2.08  -0.01     6.47
  SINCE MAR 1      4.62                      6.88  -2.26    10.16
  SINCE JAN 1      6.79                      9.99  -3.20    14.17

SNOWFALL (IN)
  YESTERDAY        0.0           T      MM   0.0    0.0      0.0
  MONTH TO DATE    0.0                       0.0    0.0      0.0
  SINCE MAR 1      4.8                       8.8   -4.0     10.7
  SINCE JUL 1     45.3                      47.4   -2.1     83.9
  SNOW DEPTH       0

DEGREE DAYS
 HEATING
  YESTERDAY        7                         8     -1        0
  MONTH TO DATE  100                       218   -118      194
  SINCE MAR 1   1581                      1737   -156     1925
  SINCE JUL 1   6889                      6825     64     7446

 COOLING
  YESTERDAY        0                         1     -1        6
  MONTH TO DATE   38                        13     25       24
  SINCE MAR 1     38                        17     21       24
  SINCE JAN 1     38                        17     21       24
..................................................................


WIND (MPH)
  HIGHEST WIND SPEED    20   HIGHEST WIND DIRECTION     W (270)
  HIGHEST GUST SPEED    27   HIGHEST GUST DIRECTION     W (280)
  AVERAGE WIND SPEED     9.6


SKY COVER
  POSSIBLE SUNSHINE  MM
  AVERAGE SKY COVER 0.3


WEATHER CONDITIONS
 THE FOLLOWING WEATHER WAS RECORDED YESTERDAY.
  NO SIGNIFICANT WEATHER WAS OBSERVED.


RELATIVE HUMIDITY (PERCENT)
 HIGHEST    66           400 AM
 LOWEST     29           500 PM
 AVERAGE    48

..........................................................


THE FLINT MI CLIMATE NORMALS FOR TODAY
                         NORMAL    RECORD    YEAR
 MAXIMUM TEMPERATURE (F)   70        91      1934
 MINIMUM TEMPERATURE (F)   47        32      1929


SUNRISE AND SUNSET
MAY 22 2015...........SUNRISE   606 AM EDT   SUNSET   858 PM EDT
MAY 23 2015...........SUNRISE   605 AM EDT   SUNSET   859 PM EDT


-  INDICATES NEGATIVE NUMBERS.
R  INDICATES RECORD WAS SET OR TIED.
MM INDICATES DATA IS MISSING.
T  INDICATES TRACE AMOUNT.




$$
