000
CDUS43 KDTX 250539
CLIFNT


CLIMATE REPORT
NATIONAL WEATHER SERVICE DETROIT/PONTIAC MI
138 AM EDT WED MAY 25 2016


...................................

...THE FLINT MI CLIMATE SUMMARY FOR MAY 24 2016...

CLIMATE NORMAL PERIOD 1981 TO 2010
CLIMATE RECORD PERIOD 1921 TO 2016


WEATHER ITEM   OBSERVED TIME   RECORD YEAR NORMAL DEPARTURE LAST
                VALUE   (LST)  VALUE       VALUE  FROM      YEAR
                                                  NORMAL
..................................................................
TEMPERATURE (F)
 YESTERDAY
  MAXIMUM         88R   410 PM  88    2007  71     17       79
  MINIMUM         46    423 AM  32    1956  48     -2       50
                                      1931
  AVERAGE         67                        60      7       65

PRECIPITATION (IN)
  YESTERDAY        0.00          1.18 1975   0.10  -0.10      T
  MONTH TO DATE    1.64                      2.38  -0.74     2.07
  SINCE MAR 1      8.30                      7.18   1.12     4.62
  SINCE JAN 1     12.15                     10.29   1.86     6.79

SNOWFALL (IN)
  YESTERDAY        0.0           T      MM   0.0    0.0      0.0
  MONTH TO DATE    T                         0.0    0.0      0.0
  SINCE MAR 1     18.4                       8.8    9.6      4.8
  SINCE JUL 1     69.0                      47.4   21.6     45.3
  SNOW DEPTH       0

DEGREE DAYS
 HEATING
  YESTERDAY        0                         7     -7        0
  MONTH TO DATE  200                       239    -39      118
  SINCE MAR 1   1479                      1758   -279     1599
  SINCE JUL 1   5349                      6846  -1497     6907

 COOLING
  YESTERDAY        2                         1      1        0
  MONTH TO DATE    6                        16    -10       38
  SINCE MAR 1      7                        20    -13       38
  SINCE JAN 1      7                        20    -13       38
..................................................................


WIND (MPH)
  HIGHEST WIND SPEED    18   HIGHEST WIND DIRECTION     W (250)
  HIGHEST GUST SPEED    24   HIGHEST GUST DIRECTION     W (250)
  AVERAGE WIND SPEED     6.4


SKY COVER
  POSSIBLE SUNSHINE  MM
  AVERAGE SKY COVER 0.0


WEATHER CONDITIONS
 THE FOLLOWING WEATHER WAS RECORDED YESTERDAY.
  NO SIGNIFICANT WEATHER WAS OBSERVED.


RELATIVE HUMIDITY (PERCENT)
 HIGHEST    86           500 AM
 LOWEST     22           300 PM
 AVERAGE    54

..........................................................


THE FLINT MI CLIMATE NORMALS FOR TODAY
                         NORMAL    RECORD    YEAR
 MAXIMUM TEMPERATURE (F)   71        88      1965
 MINIMUM TEMPERATURE (F)   48        30      1992


SUNRISE AND SUNSET
MAY 25 2016...........SUNRISE   603 AM EDT   SUNSET   902 PM EDT
MAY 26 2016...........SUNRISE   602 AM EDT   SUNSET   903 PM EDT


-  INDICATES NEGATIVE NUMBERS.
R  INDICATES RECORD WAS SET OR TIED.
MM INDICATES DATA IS MISSING.
T  INDICATES TRACE AMOUNT.




$$
