000
CDUS43 KDTX 142135
CLIFNT


CLIMATE REPORT
NATIONAL WEATHER SERVICE DETROIT/PONTIAC MI
434 PM EST THU DEC 14 2017


...................................

...THE FLINT MI CLIMATE SUMMARY FOR DECEMBER 14 2017...
VALID TODAY AS OF 0400 PM LOCAL TIME.

CLIMATE NORMAL PERIOD 1981 TO 2010
CLIMATE RECORD PERIOD 1921 TO 2017


WEATHER ITEM   OBSERVED TIME   RECORD YEAR NORMAL DEPARTURE LAST
                VALUE   (LST)  VALUE       VALUE  FROM      YEAR
                                                  NORMAL
..................................................................
TEMPERATURE (F)
 TODAY
  MAXIMUM         20    131 AM  63    2015  34    -14       22
                                      1975
  MINIMUM          1    903 AM   0    1944  21    -20        6
  AVERAGE         11                        28    -17       14

PRECIPITATION (IN)
  TODAY            T             1.31 1975   0.06  -0.06     0.02
  MONTH TO DATE    0.70                      0.93  -0.23     0.96
  SINCE DEC 1      0.70                      0.93  -0.23     0.96
  SINCE JAN 1     35.03                     30.38   4.65    30.11

SNOWFALL (IN)
  TODAY            0.3           7.1  1951   0.4   -0.1      1.3
  MONTH TO DATE   11.3                       4.8    6.5     16.2
  SINCE DEC 1     11.3                       4.8    6.5     16.2
  SINCE JUL 1     11.7                       7.7    4.0     16.2
  SNOW DEPTH       9

DEGREE DAYS
 HEATING
  TODAY           54                        37     17       51
  MONTH TO DATE  505                       489     16      496
  SINCE DEC 1    505                       489     16      496
  SINCE JUL 1   1803                      1970   -167     1537

 COOLING
  TODAY            0                         0      0        0
  MONTH TO DATE    0                         0      0        0
  SINCE DEC 1      0                         0      0        0
  SINCE JAN 1    567                       531     36     1022
..................................................................


WIND (MPH)
  HIGHEST WIND SPEED    21   HIGHEST WIND DIRECTION     N (350)
  HIGHEST GUST SPEED    27   HIGHEST GUST DIRECTION     N (350)
  AVERAGE WIND SPEED     8.0


SKY COVER
  POSSIBLE SUNSHINE  MM
  AVERAGE SKY COVER 0.4


WEATHER CONDITIONS
 THE FOLLOWING WEATHER WAS RECORDED TODAY.
  LIGHT SNOW
  FOG


RELATIVE HUMIDITY (PERCENT)
 HIGHEST    92           200 AM
 LOWEST     61           300 PM
 AVERAGE    77

..........................................................


THE FLINT MI CLIMATE NORMALS FOR TOMORROW
                         NORMAL    RECORD    YEAR
 MAXIMUM TEMPERATURE (F)   34        60      1971
 MINIMUM TEMPERATURE (F)   21        -3      1989


SUNRISE AND SUNSET
DECEMBER 14 2017......SUNRISE   759 AM EST   SUNSET   501 PM EST
DECEMBER 15 2017......SUNRISE   759 AM EST   SUNSET   501 PM EST


-  INDICATES NEGATIVE NUMBERS.
R  INDICATES RECORD WAS SET OR TIED.
MM INDICATES DATA IS MISSING.
T  INDICATES TRACE AMOUNT.




$$
