000
CDUS43 KFSD 250636
CLIFSD


CLIMATE REPORT
NATIONAL WEATHER SERVICE SIOUX FALLS SD
1233 AM CST THU DEC 25 2014


...................................

...THE SIOUX FALLS SD CLIMATE SUMMARY FOR DECEMBER 24 2014...

CLIMATE NORMAL PERIOD 1981 TO 2010
CLIMATE RECORD PERIOD 1893 TO 2014


WEATHER ITEM   OBSERVED TIME   RECORD YEAR NORMAL DEPARTURE LAST
                VALUE   (LST)  VALUE       VALUE  FROM      YEAR
                                                  NORMAL
..................................................................
TEMPERATURE (F)
 YESTERDAY
  MAXIMUM         32    210 AM  48    2011  27      5       21
  MINIMUM         25    930 PM -23    1983   8     17      -16
  AVERAGE         29                        17     12        3

PRECIPITATION (IN)
  YESTERDAY        T             0.89 1893   0.02  -0.02     0.19
  MONTH TO DATE    1.10                      0.56   0.54     1.02
  SINCE DEC 1      1.10                      0.56   0.54     1.02
  SINCE JAN 1     29.04                     26.25   2.79    25.68

SNOWFALL (IN)
  YESTERDAY        T             6.3  1973   0.3   -0.3      2.0
  MONTH TO DATE    2.0                       6.5   -4.5     11.3
  SINCE DEC 1      2.0                       6.5   -4.5     11.3
  SINCE JUL 1     10.3                      15.2   -4.9     19.2
  SNOW DEPTH       T

DEGREE DAYS
 HEATING
  YESTERDAY       36                        48    -12       62
  MONTH TO DATE  870                      1083   -213     1296
  SINCE DEC 1    870                      1083   -213     1296
  SINCE JUL 1   2626                      2795   -169     2917

 COOLING
  YESTERDAY        0                         0      0        0
  MONTH TO DATE    0                         0      0        0
  SINCE DEC 1      0                         0      0        0
  SINCE JAN 1    610                       690    -80      787
..................................................................


WIND (MPH)
  HIGHEST WIND SPEED    18   HIGHEST WIND DIRECTION    NW (330)
  HIGHEST GUST SPEED    35   HIGHEST GUST DIRECTION    NW (330)
  AVERAGE WIND SPEED    10.7


SKY COVER
  POSSIBLE SUNSHINE  MM
  AVERAGE SKY COVER 0.9


WEATHER CONDITIONS
 THE FOLLOWING WEATHER WAS RECORDED YESTERDAY.
  LT FREEZING RAIN
  SNOW
  LIGHT SNOW
  FOG


RELATIVE HUMIDITY (PERCENT)
 HIGHEST   100           400 PM
 LOWEST     84           500 PM
 AVERAGE    92

..........................................................


THE SIOUX FALLS SD CLIMATE NORMALS FOR TODAY
                         NORMAL    RECORD    YEAR
 MAXIMUM TEMPERATURE (F)   26        50      1959
 MINIMUM TEMPERATURE (F)    8       -21      1990


SUNRISE AND SUNSET
DECEMBER 25 2014......SUNRISE   759 AM CST   SUNSET   456 PM CST
DECEMBER 26 2014......SUNRISE   759 AM CST   SUNSET   456 PM CST


-  INDICATES NEGATIVE NUMBERS.
R  INDICATES RECORD WAS SET OR TIED.
MM INDICATES DATA IS MISSING.
T  INDICATES TRACE AMOUNT.




$$
