000
CDUS43 KFSD 060639
CLIFSD


CLIMATE REPORT
NATIONAL WEATHER SERVICE SIOUX FALLS SD
1237 AM CST FRI MAR 6 2015


...................................

...THE SIOUX FALLS SD CLIMATE SUMMARY FOR MARCH 5 2015...

CLIMATE NORMAL PERIOD 1981 TO 2010
CLIMATE RECORD PERIOD 1893 TO 2015


WEATHER ITEM   OBSERVED TIME   RECORD YEAR NORMAL DEPARTURE LAST
                VALUE   (LST)  VALUE       VALUE  FROM      YEAR
                                                  NORMAL
..................................................................
TEMPERATURE (F)
 YESTERDAY
  MAXIMUM         30    528 PM  71    2000  38     -8       24
  MINIMUM        -10    648 AM -19    1960  19    -29       13
  AVERAGE         10                        28    -18       19

PRECIPITATION (IN)
  YESTERDAY        0.00          0.76 1915   0.04  -0.04      T
  MONTH TO DATE    0.09                      0.18  -0.09     0.18
  SINCE MAR 1      0.09                      0.18  -0.09     0.18
  SINCE JAN 1      1.31                      1.34  -0.03     1.17

SNOWFALL (IN)
  YESTERDAY        0.0           9.0  1915   0.3   -0.3       T
  MONTH TO DATE    1.7                       1.5    0.2      2.6
  SINCE MAR 1      1.7                       1.5    0.2      2.6
  SINCE JUL 1     31.9                      33.0   -1.1     36.8
  SNOW DEPTH       1

DEGREE DAYS
 HEATING
  YESTERDAY       55                        37     18       46
  MONTH TO DATE  258                       188     70      306
  SINCE MAR 1    258                       188     70      306
  SINCE JUL 1   6007                      6038    -31     6653

 COOLING
  YESTERDAY        0                         0      0        0
  MONTH TO DATE    0                         0      0        0
  SINCE MAR 1      0                         0      0        0
  SINCE JAN 1      0                         0      0        0
..................................................................


WIND (MPH)
  HIGHEST WIND SPEED    20   HIGHEST WIND DIRECTION     S (190)
  HIGHEST GUST SPEED    24   HIGHEST GUST DIRECTION     S (180)
  AVERAGE WIND SPEED     8.7


SKY COVER
  POSSIBLE SUNSHINE  MM
  AVERAGE SKY COVER 0.0


WEATHER CONDITIONS
 THE FOLLOWING WEATHER WAS RECORDED YESTERDAY.
  NO SIGNIFICANT WEATHER WAS OBSERVED.


RELATIVE HUMIDITY (PERCENT)
 HIGHEST    87           800 AM
 LOWEST     34           400 PM
 AVERAGE    61

..........................................................


THE SIOUX FALLS SD CLIMATE NORMALS FOR TODAY
                         NORMAL    RECORD    YEAR
 MAXIMUM TEMPERATURE (F)   38        77      1987
 MINIMUM TEMPERATURE (F)   19       -17      1920


SUNRISE AND SUNSET
MARCH  6 2015.........SUNRISE   655 AM CST   SUNSET   622 PM CST
MARCH  7 2015.........SUNRISE   654 AM CST   SUNSET   623 PM CST


-  INDICATES NEGATIVE NUMBERS.
R  INDICATES RECORD WAS SET OR TIED.
MM INDICATES DATA IS MISSING.
T  INDICATES TRACE AMOUNT.




$$
