000
CDUS43 KFSD 282223
CLIFSD


CLIMATE REPORT
NATIONAL WEATHER SERVICE SIOUX FALLS SD
522 PM CDT SAT MAR 28 2015


...................................

...THE SIOUX FALLS SD CLIMATE SUMMARY FOR MARCH 28 2015...
VALID TODAY AS OF 0500 PM LOCAL TIME.

CLIMATE NORMAL PERIOD 1981 TO 2010
CLIMATE RECORD PERIOD 1893 TO 2015


WEATHER ITEM   OBSERVED TIME   RECORD YEAR NORMAL DEPARTURE LAST
                VALUE   (LST)  VALUE       VALUE  FROM      YEAR
                                                  NORMAL
..................................................................
TEMPERATURE (F)
 TODAY
  MAXIMUM         53    359 PM  82    1910  49      4       32
  MINIMUM         28    652 AM  -5    1899  27      1       17
  AVERAGE         41                        38      3       25

PRECIPITATION (IN)
  TODAY            0.00          1.37 1981   0.09  -0.09     0.00
  MONTH TO DATE    0.33                      1.50  -1.17     0.70
  SINCE MAR 1      0.33                      1.50  -1.17     0.70
  SINCE JAN 1      1.55                      2.66  -1.11     1.69

SNOWFALL (IN)
  TODAY            0.0           5.5  1900   0.2   -0.2      0.0
  MONTH TO DATE    1.7                       7.7   -6.0      7.5
  SINCE MAR 1      1.7                       7.7   -6.0      7.5
  SINCE JUL 1     31.9                      39.2   -7.3     41.7
  SNOW DEPTH       0

DEGREE DAYS
 HEATING
  TODAY           24                        27     -3       40
  MONTH TO DATE  778                       917   -139     1040
  SINCE MAR 1    778                       917   -139     1040
  SINCE JUL 1   6527                      6767   -240     7387

 COOLING
  TODAY            0                         0      0        0
  MONTH TO DATE    0                         0      0        0
  SINCE MAR 1      0                         0      0        0
  SINCE JAN 1      0                         0      0        0
..................................................................


WIND (MPH)
  HIGHEST WIND SPEED    24   HIGHEST WIND DIRECTION     S (180)
  HIGHEST GUST SPEED    32   HIGHEST GUST DIRECTION     S (170)
  AVERAGE WIND SPEED    14.0


SKY COVER
  POSSIBLE SUNSHINE  MM
  AVERAGE SKY COVER 0.5


WEATHER CONDITIONS
 THE FOLLOWING WEATHER WAS RECORDED TODAY.
  NO SIGNIFICANT WEATHER WAS OBSERVED.


RELATIVE HUMIDITY (PERCENT)
 HIGHEST    92           700 AM
 LOWEST     35           400 PM
 AVERAGE    64

..........................................................


THE SIOUX FALLS SD CLIMATE NORMALS FOR TOMORROW
                         NORMAL    RECORD    YEAR
 MAXIMUM TEMPERATURE (F)   50        82      1943
 MINIMUM TEMPERATURE (F)   28        -3      1969


SUNRISE AND SUNSET
MARCH 28 2015.........SUNRISE   716 AM CDT   SUNSET   749 PM CDT
MARCH 29 2015.........SUNRISE   714 AM CDT   SUNSET   750 PM CDT


-  INDICATES NEGATIVE NUMBERS.
R  INDICATES RECORD WAS SET OR TIED.
MM INDICATES DATA IS MISSING.
T  INDICATES TRACE AMOUNT.




$$
