000
CDUS43 KFSD 210623
CLIFSD


CLIMATE REPORT
NATIONAL WEATHER SERVICE SIOUX FALLS SD
123 AM CDT SAT OCT 21 2017


...................................

...THE SIOUX FALLS SD CLIMATE SUMMARY FOR OCTOBER 20 2017...

CLIMATE NORMAL PERIOD 1981 TO 2010
CLIMATE RECORD PERIOD 1893 TO 2017


WEATHER ITEM   OBSERVED TIME   RECORD YEAR NORMAL DEPARTURE LAST
                VALUE   (LST)  VALUE       VALUE  FROM      YEAR
                                                  NORMAL
..................................................................
TEMPERATURE (F)
 YESTERDAY
  MAXIMUM         77    336 PM  85    1947  58     19       51
  MINIMUM         56    713 AM  13    1917  35     21       32
  AVERAGE         67                        46     21       42

PRECIPITATION (IN)
  YESTERDAY        0.00          1.05 1905   0.07  -0.07      T
  MONTH TO DATE    5.24                      1.60   3.64     3.07
  SINCE SEP 1      6.86                      4.37   2.49    10.62
  SINCE JAN 1     24.45                     23.76   0.69    28.48

SNOWFALL (IN)
  YESTERDAY        0.0           5.0  1905   0.1   -0.1      0.0
  MONTH TO DATE    T                         0.5   -0.5       T
  SINCE SEP 1      T                         0.5   -0.5       T
  SINCE JUL 1      T                         0.5   -0.5       T
  SNOW DEPTH       0

DEGREE DAYS
 HEATING
  YESTERDAY        0                        19    -19       23
  MONTH TO DATE  208                       300    -92      238
  SINCE SEP 1    294                       473   -179      308
  SINCE JUL 1    300                       504   -204      316

 COOLING
  YESTERDAY        2                         0      2        0
  MONTH TO DATE    4                         0      4        2
  SINCE SEP 1    102                        60     42       99
  SINCE JAN 1    776                       685     91      879
..................................................................


WIND (MPH)
  HIGHEST WIND SPEED    33   HIGHEST WIND DIRECTION     S (170)
  HIGHEST GUST SPEED    42   HIGHEST GUST DIRECTION     S (180)
  AVERAGE WIND SPEED    20.2


SKY COVER
  POSSIBLE SUNSHINE  MM
  AVERAGE SKY COVER 0.5


WEATHER CONDITIONS
 THE FOLLOWING WEATHER WAS RECORDED YESTERDAY.
  NO SIGNIFICANT WEATHER WAS OBSERVED.


RELATIVE HUMIDITY (PERCENT)
 HIGHEST    80           800 AM
 LOWEST     50           400 PM
 AVERAGE    65

..........................................................


THE SIOUX FALLS SD CLIMATE NORMALS FOR TODAY
                         NORMAL    RECORD    YEAR
 MAXIMUM TEMPERATURE (F)   57        85      1947
 MINIMUM TEMPERATURE (F)   34        11      1913


SUNRISE AND SUNSET
OCTOBER 21 2017.......SUNRISE   749 AM CDT   SUNSET   633 PM CDT
OCTOBER 22 2017.......SUNRISE   750 AM CDT   SUNSET   632 PM CDT


-  INDICATES NEGATIVE NUMBERS.
R  INDICATES RECORD WAS SET OR TIED.
MM INDICATES DATA IS MISSING.
T  INDICATES TRACE AMOUNT.




$$
