000
CDUS44 KTSA 242221
CLIFSM

CLIMATE REPORT
NATIONAL WEATHER SERVICE TULSA OK
418 PM CST MON NOV 24 2014


...................................

...THE FORT SMITH ARKANSAS CLIMATE SUMMARY FOR NOVEMBER 24 2014...
VALID TODAY AS OF 0400 PM LOCAL TIME.

CLIMATE NORMAL PERIOD 1981 TO 2010
CLIMATE RECORD PERIOD 1882 TO 2014


WEATHER ITEM   OBSERVED TIME   RECORD YEAR NORMAL DEPARTURE LAST
                VALUE   (LST)  VALUE       VALUE  FROM      YEAR
                                                  NORMAL
..................................................................
TEMPERATURE (F)
 TODAY
  MAXIMUM         58    259 PM  80    2010  59     -1       33
                                      1965
  MINIMUM         40    720 AM  15    1970  37      3       29
  AVERAGE         49                        48      1       31

PRECIPITATION (IN)
  TODAY            0.00          6.81 1973   0.14  -0.14     0.01
  MONTH TO DATE    1.58                      3.59  -2.01     2.37
  SINCE SEP 1     16.38                     11.96   4.42     8.05
  SINCE JAN 1     39.83                     41.32  -1.49    42.92

SNOWFALL (IN)
  TODAY            0.0                                        T
  MONTH TO DATE    T                                          T
  SINCE SEP 1      T                                          T
  SINCE JUL 1      T                                          T

DEGREE DAYS
 HEATING
  TODAY           16                        17     -1       34
  MONTH TO DATE  449                       300    149      301
  SINCE SEP 1    524                       454     70      436
  SINCE JUL 1    524                       454     70      436
..................................................................


WIND (MPH)
  HIGHEST WIND SPEED    28   HIGHEST WIND DIRECTION     W (260)
  HIGHEST GUST SPEED    34   HIGHEST GUST DIRECTION     W (270)
  AVERAGE WIND SPEED    15.7


SKY COVER
  POSSIBLE SUNSHINE  MM
  AVERAGE SKY COVER 0.2


WEATHER CONDITIONS
 THE FOLLOWING WEATHER WAS RECORDED TODAY.
  NO SIGNIFICANT WEATHER WAS OBSERVED.


RELATIVE HUMIDITY (PERCENT)
 HIGHEST    77          1200 AM
 LOWEST     24           400 PM
 AVERAGE    51

..........................................................


THE FORT SMITH ARKANSAS CLIMATE NORMALS FOR TOMORROW
                         NORMAL    RECORD    YEAR
 MAXIMUM TEMPERATURE (F)   58        81      1965
 MINIMUM TEMPERATURE (F)   37        17      1950


SUNRISE AND SUNSET
NOVEMBER 24 2014......SUNRISE   701 AM CST   SUNSET   507 PM CST
NOVEMBER 25 2014......SUNRISE   702 AM CST   SUNSET   506 PM CST


-  INDICATES NEGATIVE NUMBERS.
R  INDICATES RECORD WAS SET OR TIED.
MM INDICATES DATA IS MISSING.
T  INDICATES TRACE AMOUNT.




$$

&&
...........................................................

THE ARKANSAS RIVER AT VAN BUREN

                   OBSERVED      24 HOUR     24 HOUR
                    VALUE        CHANGE      FORECAST

 STAGE (FEET)
  THIS AFTERNOON     19.1         -0.4

MEAN FLOW (CFS)
  TODAY                                        1400
...........................................................
ALL DATA MEASURED AT THE FORT SMITH REGIONAL AIRPORT
