000
CDUS44 KTSA 242217
CLIFSM

CLIMATE REPORT
NATIONAL WEATHER SERVICE TULSA OK
417 PM CST SAT FEB 24 2018


...................................

...THE FORT SMITH ARKANSAS CLIMATE SUMMARY FOR FEBRUARY 24 2018...
VALID TODAY AS OF 0400 PM LOCAL TIME.

CLIMATE NORMAL PERIOD 1981 TO 2010
CLIMATE RECORD PERIOD 1882 TO 2018


WEATHER ITEM   OBSERVED TIME   RECORD YEAR NORMAL DEPARTURE LAST
                VALUE   (LST)  VALUE       VALUE  FROM      YEAR
                                                  NORMAL
..................................................................
TEMPERATURE (F)
 TODAY
  MAXIMUM         60    224 PM  84    1918  58      2       73
  MINIMUM         53    855 AM  18    1967  36     17       36
                                      1965
  AVERAGE         57                        47     10       55

PRECIPITATION (IN)
  TODAY            1.12          1.86 1979   0.10   1.02     0.00
  MONTH TO DATE    6.17                      2.34   3.83     2.48
  SINCE DEC 1     10.68                      8.44   2.24     5.59
  SINCE JAN 1      8.40                      5.15   3.25     4.82

SNOWFALL (IN)
  TODAY            0.0                                       0.0
  MONTH TO DATE    T                                         0.0
  SINCE DEC 1      T                                         2.0
  SINCE JUL 1      T                                         2.0

DEGREE DAYS
 HEATING
  TODAY            8                        18    -10       10
  MONTH TO DATE  476                       513    -37      254
  SINCE DEC 1   1980                      2039    -59     1568
  SINCE JUL 1   2416                      2604   -188     1854
..................................................................


WIND (MPH)
  HIGHEST WIND SPEED    32   HIGHEST WIND DIRECTION     W (290)
  HIGHEST GUST SPEED    40   HIGHEST GUST DIRECTION     W (280)
  AVERAGE WIND SPEED     9.6


SKY COVER
  POSSIBLE SUNSHINE  MM
  AVERAGE SKY COVER 1.0


WEATHER CONDITIONS
 THE FOLLOWING WEATHER WAS RECORDED TODAY.
  THUNDERSTORM
  HEAVY RAIN
  RAIN
  LIGHT RAIN
  FOG


RELATIVE HUMIDITY (PERCENT)
 HIGHEST   100           200 AM
 LOWEST     86           400 PM
 AVERAGE    93

..........................................................


THE FORT SMITH ARKANSAS CLIMATE NORMALS FOR TOMORROW
                         NORMAL    RECORD    YEAR
 MAXIMUM TEMPERATURE (F)   59        80      1917
 MINIMUM TEMPERATURE (F)   36        12      1967


SUNRISE AND SUNSET
FEBRUARY 24 2018......SUNRISE   653 AM CST   SUNSET   608 PM CST
FEBRUARY 25 2018......SUNRISE   652 AM CST   SUNSET   609 PM CST


-  INDICATES NEGATIVE NUMBERS.
R  INDICATES RECORD WAS SET OR TIED.
MM INDICATES DATA IS MISSING.
T  INDICATES TRACE AMOUNT.




$$

&&
...........................................................

...........................................................
ALL DATA MEASURED AT THE FORT SMITH REGIONAL AIRPORT
