000
CDUS44 KTSA 282237
CLIFSM

CLIMATE REPORT
NATIONAL WEATHER SERVICE TULSA OK
418 PM CST FRI NOV 28 2014


...................................

...THE FORT SMITH ARKANSAS CLIMATE SUMMARY FOR NOVEMBER 28 2014...
VALID TODAY AS OF 0400 PM LOCAL TIME.

CLIMATE NORMAL PERIOD 1981 TO 2010
CLIMATE RECORD PERIOD 1882 TO 2014


WEATHER ITEM   OBSERVED TIME   RECORD YEAR NORMAL DEPARTURE LAST
                VALUE   (LST)  VALUE       VALUE  FROM      YEAR
                                                  NORMAL
..................................................................
TEMPERATURE (F)
 TODAY
  MAXIMUM         65    259 PM  79    1905  57      8       53
  MINIMUM         31    710 AM  11    1976  36     -5       21
  AVERAGE         48                        46      2       37

PRECIPITATION (IN)
  TODAY            0.00          0.99 1908   0.15  -0.15     0.00
  MONTH TO DATE    1.58                      4.16  -2.58     2.40
  SINCE SEP 1     16.38                     12.53   3.85     8.08
  SINCE JAN 1     39.83                     41.89  -2.06    42.95

SNOWFALL (IN)
  TODAY            0.0                                       0.0
  MONTH TO DATE    T                                          T
  SINCE SEP 1      T                                          T
  SINCE JUL 1      T                                          T

DEGREE DAYS
 HEATING
  TODAY           17                        19     -2       28
  MONTH TO DATE  535                       373    162      414
  SINCE SEP 1    610                       527     83      549
  SINCE JUL 1    610                       527     83      549
..................................................................


WIND (MPH)
  HIGHEST WIND SPEED    18   HIGHEST WIND DIRECTION    SW (210)
  HIGHEST GUST SPEED    22   HIGHEST GUST DIRECTION    SW (210)
  AVERAGE WIND SPEED     8.2


SKY COVER
  POSSIBLE SUNSHINE  MM
  AVERAGE SKY COVER 0.0


WEATHER CONDITIONS
 THE FOLLOWING WEATHER WAS RECORDED TODAY.
  NO SIGNIFICANT WEATHER WAS OBSERVED.


RELATIVE HUMIDITY (PERCENT)
 HIGHEST    85           600 AM
 LOWEST     34           100 PM
 AVERAGE    60

..........................................................


THE FORT SMITH ARKANSAS CLIMATE NORMALS FOR TOMORROW
                         NORMAL    RECORD    YEAR
 MAXIMUM TEMPERATURE (F)   56        78      2006
                                             1927
 MINIMUM TEMPERATURE (F)   35         8      1976


SUNRISE AND SUNSET
NOVEMBER 28 2014......SUNRISE   705 AM CST   SUNSET   506 PM CST
NOVEMBER 29 2014......SUNRISE   706 AM CST   SUNSET   505 PM CST


-  INDICATES NEGATIVE NUMBERS.
R  INDICATES RECORD WAS SET OR TIED.
MM INDICATES DATA IS MISSING.
T  INDICATES TRACE AMOUNT.




$$

&&
...........................................................

THE ARKANSAS RIVER AT VAN BUREN

                   OBSERVED      24 HOUR     24 HOUR
                    VALUE        CHANGE      FORECAST

 STAGE (FEET)
  THIS AFTERNOON     19.3         +0.1

MEAN FLOW (CFS)
  TODAY                                        4600
...........................................................
ALL DATA MEASURED AT THE FORT SMITH REGIONAL AIRPORT
