000
CDUS44 KTSA 240810
CLIFSM

CLIMATE REPORT
NATIONAL WEATHER SERVICE TULSA OK
147 AM CDT MON JUL 24 2017


...................................

...THE FORT SMITH ARKANSAS CLIMATE SUMMARY FOR JULY 23 2017...

CLIMATE NORMAL PERIOD 1981 TO 2010
CLIMATE RECORD PERIOD 1882 TO 2017


WEATHER ITEM   OBSERVED TIME   RECORD YEAR NORMAL DEPARTURE LAST
                VALUE   (LST)  VALUE       VALUE  FROM      YEAR
                                                  NORMAL
..................................................................
TEMPERATURE (F)
 YESTERDAY
  MAXIMUM         99    234 PM 107    2011  94      5      101
  MINIMUM         76   1159 PM  54    1947  72      4       79
  AVERAGE         88                        83      5       90

PRECIPITATION (IN)
  YESTERDAY        T             5.73 1960   0.10  -0.10     0.00
  MONTH TO DATE    4.06                      2.48   1.58     3.60
  SINCE JUN 1     12.56                      6.76   5.80     5.51
  SINCE JAN 1     34.64                     25.95   8.69    22.72

DEGREE DAYS
 COOLING
  YESTERDAY       23                        18      5       25
  MONTH TO DATE  430                       394     36      453
  SINCE JUN 1    830                       779     51      956
  SINCE JAN 1   1148                      1023    125     1141
..................................................................


WIND (MPH)
  HIGHEST WIND SPEED    31   HIGHEST WIND DIRECTION     N (350)
  HIGHEST GUST SPEED    39   HIGHEST GUST DIRECTION     N (350)
  AVERAGE WIND SPEED     5.0


SKY COVER
  POSSIBLE SUNSHINE  MM
  AVERAGE SKY COVER 0.2


WEATHER CONDITIONS
 THE FOLLOWING WEATHER WAS RECORDED YESTERDAY.
  THUNDERSTORM
  LIGHT RAIN


RELATIVE HUMIDITY (PERCENT)
 HIGHEST    94          1100 PM
 LOWEST     42           200 PM
 AVERAGE    68

..........................................................


THE FORT SMITH ARKANSAS CLIMATE NORMALS FOR TODAY
                         NORMAL    RECORD    YEAR
 MAXIMUM TEMPERATURE (F)   94       107      2011
                                             1934
 MINIMUM TEMPERATURE (F)   72        62      2000
                                             1894


SUNRISE AND SUNSET
JULY 24 2017..........SUNRISE   620 AM CDT   SUNSET   827 PM CDT
JULY 25 2017..........SUNRISE   621 AM CDT   SUNSET   826 PM CDT


-  INDICATES NEGATIVE NUMBERS.
R  INDICATES RECORD WAS SET OR TIED.
MM INDICATES DATA IS MISSING.
T  INDICATES TRACE AMOUNT.




$$

&&
...........................................................

THE ARKANSAS RIVER AT VAN BUREN

                   OBSERVED      24 HOUR     24 HOUR
                    VALUE        CHANGE      FORECAST

 STAGE (FEET)
  THIS MORNING       19.1         -0.5

 MEAN FLOW (CFS)
  TODAY                                        1317
...........................................................
ALL DATA MEASURED AT THE FORT SMITH REGIONAL AIRPORT
