000
CDUS44 KTSA 172221 RRA
CLIFSM

CLIMATE REPORT
NATIONAL WEATHER SERVICE TULSA OK
418 PM CST TUE JAN 17 2017


...................................

...THE FORT SMITH ARKANSAS CLIMATE SUMMARY FOR JANUARY 17 2017...
VALID TODAY AS OF 0400 PM LOCAL TIME.

CLIMATE NORMAL PERIOD 1981 TO 2010
CLIMATE RECORD PERIOD 1882 TO 2017


WEATHER ITEM   OBSERVED TIME   RECORD YEAR NORMAL DEPARTURE LAST
                VALUE   (LST)  VALUE       VALUE  FROM      YEAR
                                                  NORMAL
..................................................................
TEMPERATURE (F)
 TODAY
  MAXIMUM         47    236 PM  73    1952  50     -3       43
  MINIMUM         35    744 AM  -6    1930  29      6       21
  AVERAGE         41                        39      2       32

PRECIPITATION (IN)
  TODAY            0.00          1.52 1928   0.10  -0.10     0.00
  MONTH TO DATE    1.29                      1.50  -0.21     0.37
  SINCE DEC 1      2.06                      4.79  -2.73    11.18
  SINCE JAN 1      1.29                      1.50  -0.21     0.37

SNOWFALL (IN)
  TODAY            0.0                                       0.0
  MONTH TO DATE    2.0                                        T
  SINCE DEC 1      2.0                                        T
  SINCE JUL 1      2.0                                        T

DEGREE DAYS
 HEATING
  TODAY           24                        26     -2       33
  MONTH TO DATE  392                       442    -50      441
  SINCE DEC 1   1085                      1176    -91      918
  SINCE JUL 1   1371                      1741   -370     1275
..................................................................


WIND (MPH)
  HIGHEST WIND SPEED    15   HIGHEST WIND DIRECTION     W (270)
  HIGHEST GUST SPEED    18   HIGHEST GUST DIRECTION     W (270)
  AVERAGE WIND SPEED     7.6


SKY COVER
  POSSIBLE SUNSHINE  MM
  AVERAGE SKY COVER 0.4


WEATHER CONDITIONS
 THE FOLLOWING WEATHER WAS RECORDED TODAY.
  NO SIGNIFICANT WEATHER WAS OBSERVED.


RELATIVE HUMIDITY (PERCENT)
 HIGHEST    92           500 AM
 LOWEST     65           200 PM
 AVERAGE    79

..........................................................


THE FORT SMITH ARKANSAS CLIMATE NORMALS FOR TOMORROW
                         NORMAL    RECORD    YEAR
 MAXIMUM TEMPERATURE (F)   50        72      1974
                                             1951
                                             1907
 MINIMUM TEMPERATURE (F)   29        -9      1930


SUNRISE AND SUNSET
JANUARY 17 2017.......SUNRISE   725 AM CST   SUNSET   531 PM CST
JANUARY 18 2017.......SUNRISE   725 AM CST   SUNSET   532 PM CST


-  INDICATES NEGATIVE NUMBERS.
R  INDICATES RECORD WAS SET OR TIED.
MM INDICATES DATA IS MISSING.
T  INDICATES TRACE AMOUNT.




$$

&&
...........................................................

THE ARKANSAS RIVER AT VAN BUREN

                   OBSERVED      24 HOUR     24 HOUR
                    VALUE        CHANGE      FORECAST

 STAGE (FEET)
  THIS AFTERNOON     19.8         -0.1

MEAN FLOW (CFS)
  TODAY                                        -99
...........................................................
ALL DATA MEASURED AT THE FORT SMITH REGIONAL AIRPORT
