000
CDUS44 KTSA 220803
CLIFSM

CLIMATE REPORT
NATIONAL WEATHER SERVICE TULSA OK
302 AM CDT FRI AUG 22 2014


...................................

...THE FORT SMITH ARKANSAS CLIMATE SUMMARY FOR AUGUST 21 2014...

CLIMATE NORMAL PERIOD 1981 TO 2010
CLIMATE RECORD PERIOD 1882 TO 2014


WEATHER ITEM   OBSERVED TIME   RECORD YEAR NORMAL DEPARTURE LAST
                VALUE   (LST)  VALUE       VALUE  FROM      YEAR
                                                  NORMAL
..................................................................
TEMPERATURE (F)
 YESTERDAY
  MAXIMUM         94    315 PM 106    1993  93      1       93
  MINIMUM         74    512 AM  56    1956  71      3       69
  AVERAGE         84                        82      2       81

PRECIPITATION (IN)
  YESTERDAY        0.00          1.42 1894   0.08  -0.08     0.00
  MONTH TO DATE    1.39                      1.78  -0.39     3.72
  SINCE JUN 1      8.52                      9.36  -0.84    13.77
  SINCE JAN 1     23.26                     28.55  -5.29    34.75

DEGREE DAYS
 COOLING
  YESTERDAY       19                        17      2       16
  MONTH TO DATE  331                       373    -42      342
  SINCE JUN 1   1188                      1294   -106     1329
  SINCE JAN 1   1466                      1538    -72     1603
..................................................................


WIND (MPH)
  HIGHEST WIND SPEED    17   HIGHEST WIND DIRECTION     S (190)
  HIGHEST GUST SPEED    22   HIGHEST GUST DIRECTION     S (190)
  AVERAGE WIND SPEED     6.9


SKY COVER
  POSSIBLE SUNSHINE  MM
  AVERAGE SKY COVER 0.0


WEATHER CONDITIONS
 THE FOLLOWING WEATHER WAS RECORDED YESTERDAY.
  NO SIGNIFICANT WEATHER WAS OBSERVED.


RELATIVE HUMIDITY (PERCENT)
 HIGHEST    88           700 AM
 LOWEST     46           300 PM
 AVERAGE    67

..........................................................


THE FORT SMITH ARKANSAS CLIMATE NORMALS FOR TODAY
                         NORMAL    RECORD    YEAR
 MAXIMUM TEMPERATURE (F)   93       103      2000
                                             1922
                                             1896
 MINIMUM TEMPERATURE (F)   70        54      1956


SUNRISE AND SUNSET
AUGUST 22 2014........SUNRISE   642 AM CDT   SUNSET   758 PM CDT
AUGUST 23 2014........SUNRISE   643 AM CDT   SUNSET   756 PM CDT


-  INDICATES NEGATIVE NUMBERS.
R  INDICATES RECORD WAS SET OR TIED.
MM INDICATES DATA IS MISSING.
T  INDICATES TRACE AMOUNT.




$$

&&
...........................................................

THE ARKANSAS RIVER AT VAN BUREN

                   OBSERVED      24 HOUR     24 HOUR
                    VALUE        CHANGE      FORECAST

 STAGE (FEET)
  THIS MORNING       19.6         +0.2

MEAN FLOW (CFS)
  TODAY                                        11200
...........................................................
ALL DATA MEASURED AT THE FORT SMITH REGIONAL AIRPORT
