211
CDUS44 KTSA 232120
CLIFSM

CLIMATE REPORT
NATIONAL WEATHER SERVICE TULSA OK
418 PM CDT MON MAY 23 2016


...................................

...THE FORT SMITH ARKANSAS CLIMATE SUMMARY FOR MAY 23 2016...
VALID TODAY AS OF 0400 PM LOCAL TIME.

CLIMATE NORMAL PERIOD 1981 TO 2010
CLIMATE RECORD PERIOD 1882 TO 2016


WEATHER ITEM   OBSERVED TIME   RECORD YEAR NORMAL DEPARTURE LAST
                VALUE   (LST)  VALUE       VALUE  FROM      YEAR
                                                  NORMAL
..................................................................
TEMPERATURE (F)
 TODAY
  MAXIMUM         78    116 PM  95    2000  82     -4       78
  MINIMUM         61    543 AM  43    1963  61      0       58
  AVERAGE         70                        72     -2       68

PRECIPITATION (IN)
  TODAY            0.02          2.40 1946   0.18  -0.16     0.97
  MONTH TO DATE    3.31                      4.14  -0.83    14.91
  SINCE MAR 1     14.67                     12.29   2.38    23.70
  SINCE JAN 1     16.82                     17.86  -1.04    28.31

DEGREE DAYS
 COOLING
  TODAY            5                         7     -2        3
  MONTH TO DATE   57                       112    -55      115
  SINCE MAR 1    105                       177    -72      183
  SINCE JAN 1    106                       178    -72      183
..................................................................


WIND (MPH)
  HIGHEST WIND SPEED    20   HIGHEST WIND DIRECTION    SE (120)
  HIGHEST GUST SPEED    27   HIGHEST GUST DIRECTION     E (110)
  AVERAGE WIND SPEED     6.0


SKY COVER
  POSSIBLE SUNSHINE  MM
  AVERAGE SKY COVER 0.1


WEATHER CONDITIONS
 THE FOLLOWING WEATHER WAS RECORDED TODAY.
  THUNDERSTORM
  RAIN


RELATIVE HUMIDITY (PERCENT)
 HIGHEST    84           200 AM
 LOWEST     57          1000 AM
 AVERAGE    71

..........................................................


THE FORT SMITH ARKANSAS CLIMATE NORMALS FOR TOMORROW
                         NORMAL    RECORD    YEAR
 MAXIMUM TEMPERATURE (F)   82        95      1962
 MINIMUM TEMPERATURE (F)   62        45      1983


SUNRISE AND SUNSET
MAY 23 2016...........SUNRISE   608 AM CDT   SUNSET   821 PM CDT
MAY 24 2016...........SUNRISE   607 AM CDT   SUNSET   822 PM CDT


-  INDICATES NEGATIVE NUMBERS.
R  INDICATES RECORD WAS SET OR TIED.
MM INDICATES DATA IS MISSING.
T  INDICATES TRACE AMOUNT.




$$

&&
...........................................................

THE ARKANSAS RIVER AT VAN BUREN

                   OBSERVED      24 HOUR     24 HOUR
                    VALUE        CHANGE      FORECAST

 STAGE (FEET)
  THIS AFTERNOON     20.1         +0.6

MEAN FLOW (CFS)
  TODAY                                        -99
...........................................................
ALL DATA MEASURED AT THE FORT SMITH REGIONAL AIRPORT
