000
CDUS44 KTSA 010822
CLIFSM

CLIMATE REPORT
NATIONAL WEATHER SERVICE TULSA OK
147 AM CDT SAT AUG 1 2015


...................................

...THE FORT SMITH ARKANSAS CLIMATE SUMMARY FOR JULY 31 2015...

CLIMATE NORMAL PERIOD 1981 TO 2010
CLIMATE RECORD PERIOD 1882 TO 2015


WEATHER ITEM   OBSERVED TIME   RECORD YEAR NORMAL DEPARTURE LAST
                VALUE   (LST)  VALUE       VALUE  FROM      YEAR
                                                  NORMAL
..................................................................
TEMPERATURE (F)
 YESTERDAY
  MAXIMUM         93    314 PM 109    1986  94     -1       73
  MINIMUM         72    612 AM  53    1971  72      0       67
  AVERAGE         83                        83      0       70

PRECIPITATION (IN)
  YESTERDAY        0.00          3.90 1895   0.10  -0.10     0.19
  MONTH TO DATE    8.79                      3.30   5.49     2.68
  SINCE JUN 1     11.92                      7.58   4.34     7.13
  SINCE JAN 1     45.17                     26.77  18.40    21.87

DEGREE DAYS
 COOLING
  YESTERDAY       18                        18      0        5
  MONTH TO DATE  614                       536     78      419
  SINCE JUN 1   1097                       921    176      857
  SINCE JAN 1   1337                      1165    172     1135
..................................................................


WIND (MPH)
  HIGHEST WIND SPEED    10   HIGHEST WIND DIRECTION     E (110)
  HIGHEST GUST SPEED    13   HIGHEST GUST DIRECTION     E (110)
  AVERAGE WIND SPEED     5.0


SKY COVER
  POSSIBLE SUNSHINE  MM
  AVERAGE SKY COVER 0.1


WEATHER CONDITIONS
 THE FOLLOWING WEATHER WAS RECORDED YESTERDAY.
  NO SIGNIFICANT WEATHER WAS OBSERVED.


RELATIVE HUMIDITY (PERCENT)
 HIGHEST    84           300 AM
 LOWEST     28           300 PM
 AVERAGE    56

..........................................................


THE FORT SMITH ARKANSAS CLIMATE NORMALS FOR TODAY
                         NORMAL    RECORD    YEAR
 MAXIMUM TEMPERATURE (F)   94       111      2011
 MINIMUM TEMPERATURE (F)   72        60      1971
                                             1925


SUNRISE AND SUNSET
AUGUST  1 2015........SUNRISE   626 AM CDT   SUNSET   821 PM CDT
AUGUST  2 2015........SUNRISE   627 AM CDT   SUNSET   820 PM CDT


-  INDICATES NEGATIVE NUMBERS.
R  INDICATES RECORD WAS SET OR TIED.
MM INDICATES DATA IS MISSING.
T  INDICATES TRACE AMOUNT.




$$

&&
...........................................................

THE ARKANSAS RIVER AT VAN BUREN

                   OBSERVED      24 HOUR     24 HOUR
                    VALUE        CHANGE      FORECAST

 STAGE (FEET)
  THIS MORNING       19.8         +0.2

MEAN FLOW (CFS)
  TODAY                                        57200
...........................................................
ALL DATA MEASURED AT THE FORT SMITH REGIONAL AIRPORT
