000
CDUS44 KTSA 230818
CLIFSM

CLIMATE REPORT
NATIONAL WEATHER SERVICE TULSA OK
318 AM CDT TUE SEP 23 2014

...................................

...THE FORT SMITH ARKANSAS CLIMATE SUMMARY FOR SEPTEMBER 22 2014...

CLIMATE NORMAL PERIOD 1981 TO 2010
CLIMATE RECORD PERIOD 1882 TO 2014


WEATHER ITEM   OBSERVED TIME   RECORD YEAR NORMAL DEPARTURE LAST
                VALUE   (LST)  VALUE       VALUE  FROM      YEAR
                                                  NORMAL
..................................................................
TEMPERATURE (F)
 YESTERDAY
  MAXIMUM         79    243 PM  98    2005  83     -4       81
                                      1948
                                      1884
  MINIMUM         56    636 AM  38    1982  60     -4       52
  AVERAGE         68                        71     -3       67

PRECIPITATION (IN)
  YESTERDAY        0.00          2.09 1955   0.15  -0.15     0.00
  MONTH TO DATE    6.90                      2.91   3.99     0.93
  SINCE SEP 1      6.90                      2.91   3.99     0.93
  SINCE JAN 1     30.35                     32.27  -1.92    35.80

DEGREE DAYS
 HEATING
  YESTERDAY        0                         1     -1        0
  MONTH TO DATE    4                         5     -1        0
  SINCE SEP 1      4                         5     -1        0
  SINCE JUL 1      4                         5     -1        0

 COOLING
  YESTERDAY        3                         7     -4        2
  MONTH TO DATE  247                       234     13      342
  SINCE SEP 1    247                       234     13      342
  SINCE JAN 1   1910                      1929    -19     2145
..................................................................


WIND (MPH)
  HIGHEST WIND SPEED    13   HIGHEST WIND DIRECTION     E (80)
  HIGHEST GUST SPEED    17   HIGHEST GUST DIRECTION     E (80)
  AVERAGE WIND SPEED     3.4


SKY COVER
  POSSIBLE SUNSHINE  MM
  AVERAGE SKY COVER 0.0


WEATHER CONDITIONS
 THE FOLLOWING WEATHER WAS RECORDED YESTERDAY.
  NO SIGNIFICANT WEATHER WAS OBSERVED.


RELATIVE HUMIDITY (PERCENT)
 HIGHEST    86           500 AM
 LOWEST     40           200 PM
 AVERAGE    63

..........................................................


THE FORT SMITH ARKANSAS CLIMATE NORMALS FOR TODAY
                         NORMAL    RECORD    YEAR
 MAXIMUM TEMPERATURE (F)   82        97      2000
 MINIMUM TEMPERATURE (F)   59        40      1995
                                             1883


SUNRISE AND SUNSET
SEPTEMBER 23 2014.....SUNRISE   706 AM CDT   SUNSET   713 PM CDT
SEPTEMBER 24 2014.....SUNRISE   707 AM CDT   SUNSET   711 PM CDT


-  INDICATES NEGATIVE NUMBERS.
R  INDICATES RECORD WAS SET OR TIED.
MM INDICATES DATA IS MISSING.
T  INDICATES TRACE AMOUNT.




$$

&&
...........................................................

THE ARKANSAS RIVER AT VAN BUREN

                   OBSERVED      24 HOUR     24 HOUR
                    VALUE        CHANGE      FORECAST

 STAGE (FEET)
  THIS MORNING       19.6         -0.0

MEAN FLOW (CFS)
  TODAY                                        5100
...........................................................
ALL DATA MEASURED AT THE FORT SMITH REGIONAL AIRPORT
