000
CDUS42 KFFC 280029
CLIFTY


CLIMATE REPORT
NATIONAL WEATHER SERVICE PEACHTREE CITY GA
729 PM EST MON FEB 27 2017


...................................

...THE FULTON COUNTY AIRPORT CLIMATE SUMMARY FOR FEBRUARY 27 2017...
VALID AS OF 0700 PM LOCAL TIME.

CLIMATE NORMAL PERIOD 1981 TO 2010
CLIMATE RECORD PERIOD 9999 TO 9999


WEATHER ITEM   OBSERVED TIME   RECORD YEAR NORMAL DEPARTURE LAST
                VALUE   (LST)  VALUE       VALUE  FROM      YEAR
                                                  NORMAL
..................................................................
TEMPERATURE (F)
 TODAY
  MAXIMUM         57   1251 PM  MM      MM  60     -3       60
  MINIMUM         37    201 AM  MM      MM  38     -1       31
  AVERAGE         47                        49     -2       46

PRECIPITATION (IN)
  TODAY            0.05         MM      MM   0.20  -0.15     0.00
  MONTH TO DATE    1.67                      4.70  -3.03     5.29
  SINCE DEC 1     10.83                     12.96  -2.13    18.99

SNOWFALL (IN)
  TODAY            0.0          MM      MM  MM     MM       MM
  MONTH TO DATE    0.0                      MM     MM         T
  SINCE DEC 1      0.0                      MM     MM         T
  SINCE JUL 1      0.0                      MM     MM        0.1
  SNOW DEPTH       0

DEGREE DAYS
 HEATING
  TODAY           18                        16      2       19
  MONTH TO DATE  221                       509   -288      496
  SINCE DEC 1   1091                      1815   -724     1531
  SINCE JUL 1   1411                      2325   -914     1888

 COOLING
  TODAY            0                         0      0        0
  MONTH TO DATE    0                         0      0        0
  SINCE DEC 1      0                         1     -1       20
  SINCE JAN 1      0                         0      0        0
..................................................................


WIND (MPH)
  RESULTANT WIND SPEED   2   RESULTANT WIND DIRECTION   E (70)
  HIGHEST WIND SPEED    15   HIGHEST WIND DIRECTION    SE (130)
  HIGHEST GUST SPEED    25   HIGHEST GUST DIRECTION    SE (130)
  AVERAGE WIND SPEED     3.5


SKY COVER
  AVERAGE SKY COVER 0.3


WEATHER CONDITIONS
 THE FOLLOWING WEATHER WAS RECORDED TODAY.
  RAIN
  LIGHT RAIN


RELATIVE HUMIDITY (PERCENT)
 HIGHEST    77           500 PM
 LOWEST     35          1000 AM
 AVERAGE    56

..........................................................


THE FULTON COUNTY AIRPORT CLIMATE NORMALS FOR TOMORROW
                         NORMAL    RECORD    YEAR
 MAXIMUM TEMPERATURE (F)   61        MM        MM
 MINIMUM TEMPERATURE (F)   38        MM        MM


SUNRISE AND SUNSET
FEBRUARY 27 2017......SUNRISE   709 AM EST   SUNSET   633 PM EST
FEBRUARY 28 2017......SUNRISE   707 AM EST   SUNSET   634 PM EST


-  INDICATES NEGATIVE NUMBERS.
R  INDICATES RECORD WAS SET OR TIED.
MM INDICATES DATA IS MISSING.
T  INDICATES TRACE AMOUNT.




$$
