748
CDUS46 KSGX 230018
CLIFUL


CLIMATE REPORT
NATIONAL WEATHER SERVICE SAN DIEGO, CA
518 PM PDT FRI SEP 22 2017


...................................

...THE FULLERTON AIRPORT CA CLIMATE SUMMARY FOR SEPTEMBER 22 2017...
VALID TODAY AS OF 0500 PM LOCAL TIME.

CLIMATE NORMAL PERIOD 1981 TO 2010
CLIMATE RECORD PERIOD 1998 TO 2017


WEATHER ITEM   OBSERVED TIME   RECORD YEAR NORMAL DEPARTURE LAST
                VALUE   (LST)  VALUE       VALUE  FROM      YEAR
                                                  NORMAL
..................................................................
TEMPERATURE (F)
 TODAY
  MAXIMUM         76    144 PM  97    2012  83     -7       79
  MINIMUM         57    544 AM  56    2005  62     -5       64
  AVERAGE         67                        72     -5       72

PRECIPITATION (IN)
  TODAY            0.00          0.49 2007   0.01  -0.01     0.00
  MONTH TO DATE    0.16                      0.13   0.03      T
  SINCE OCT 1     17.09                     13.77   3.32     5.26
  SINCE JAN 1     11.18                      9.87   1.31     4.21

DEGREE DAYS
 HEATING
  TODAY            0                         0      0        0
  MONTH TO DATE    0                         0      0        0
  SINCE SEP 1      0                         0      0        0
  SINCE JUL 1      0                         0      0        0

 COOLING
  TODAY            2                         8     -6        7
  MONTH TO DATE  242                       202     40      198
  SINCE SEP 1    242                       202     40      198
  SINCE JAN 1   1472                      1065    407     1473
..................................................................


WIND (MPH)
  RESULTANT WIND SPEED   3   RESULTANT WIND DIRECTION  SE (130)
  HIGHEST WIND SPEED    13   HIGHEST WIND DIRECTION    SW (230)
  HIGHEST GUST SPEED    19   HIGHEST GUST DIRECTION    SW (220)
  AVERAGE WIND SPEED     6.4


SKY COVER
  POSSIBLE SUNSHINE  MM
  AVERAGE SKY COVER 0.3


WEATHER CONDITIONS
 THE FOLLOWING WEATHER WAS RECORDED TODAY.
  NO SIGNIFICANT WEATHER WAS OBSERVED.


RELATIVE HUMIDITY (PERCENT)
 HIGHEST    77           400 AM
 LOWEST     41          1100 AM
 AVERAGE    59

..........................................................


THE FULLERTON AIRPORT CA CLIMATE NORMALS FOR TOMORROW
                         NORMAL    RECORD    YEAR
 MAXIMUM TEMPERATURE (F)   83       104      2009
 MINIMUM TEMPERATURE (F)   62        55      2010


SUNRISE AND SUNSET
SEPTEMBER 22 2017.....SUNRISE   640 AM PDT   SUNSET   648 PM PDT
SEPTEMBER 23 2017.....SUNRISE   641 AM PDT   SUNSET   647 PM PDT


-  INDICATES NEGATIVE NUMBERS.
R  INDICATES RECORD WAS SET OR TIED.
MM INDICATES DATA IS MISSING.
T  INDICATES TRACE AMOUNT.




$$
