000
CDUS46 KSGX 140016
CLIFUL


CLIMATE REPORT
NATIONAL WEATHER SERVICE SAN DIEGO, CA
415 PM PST SAT FEB 13 2016


...................................

...THE FULLERTON AIRPORT CA CLIMATE SUMMARY FOR FEBRUARY 13 2016...
VALID TODAY AS OF 0400 PM LOCAL TIME.

CLIMATE NORMAL PERIOD 1981 TO 2010
CLIMATE RECORD PERIOD 1998 TO 2016


WEATHER ITEM   OBSERVED TIME   RECORD YEAR NORMAL DEPARTURE LAST
                VALUE   (LST)  VALUE       VALUE  FROM      YEAR
                                                  NORMAL
..................................................................
TEMPERATURE (F)
 TODAY
  MAXIMUM         72   1257 PM  90    2015  68      4       90
  MINIMUM         49    645 AM  40    1999  47      2       54
  AVERAGE         61                        58      3       72

PRECIPITATION (IN)
  TODAY            0.00          1.19 2001   0.14  -0.14     0.00
  MONTH TO DATE    0.00                      1.35  -1.35      T
  SINCE OCT 1      3.71                      8.28  -4.57     4.69
  SINCE JAN 1      2.66                      4.38  -1.72     0.87

DEGREE DAYS
 HEATING
  TODAY            4                         7     -3        0
  MONTH TO DATE   53                       103    -50        8
  SINCE DEC 1    559                       656    -97      297
  SINCE JUL 1    664                       820   -156      321

 COOLING
  TODAY            0                         0      0        7
  MONTH TO DATE   32                         0     32       25
  SINCE DEC 1     33                         5     28       48
  SINCE JAN 1     32                         4     28       44
..................................................................


WIND (MPH)
  RESULTANT WIND SPEED   1   RESULTANT WIND DIRECTION   S (170)
  HIGHEST WIND SPEED     8   HIGHEST WIND DIRECTION     S (200)
  HIGHEST GUST SPEED    11   HIGHEST GUST DIRECTION    SW (210)
  AVERAGE WIND SPEED     1.4


SKY COVER
  POSSIBLE SUNSHINE  MM
  AVERAGE SKY COVER 0.1


WEATHER CONDITIONS
 THE FOLLOWING WEATHER WAS RECORDED TODAY.
  FOG
  HAZE


RELATIVE HUMIDITY (PERCENT)
 HIGHEST    86           600 AM
 LOWEST     44          1200 PM
 AVERAGE    65

..........................................................


THE FULLERTON AIRPORT CA CLIMATE NORMALS FOR TOMORROW
                         NORMAL    RECORD    YEAR
 MAXIMUM TEMPERATURE (F)   68        87      2015
 MINIMUM TEMPERATURE (F)   48        39      2009


SUNRISE AND SUNSET
FEBRUARY 13 2016......SUNRISE   639 AM PST   SUNSET   534 PM PST
FEBRUARY 14 2016......SUNRISE   638 AM PST   SUNSET   535 PM PST


-  INDICATES NEGATIVE NUMBERS.
R  INDICATES RECORD WAS SET OR TIED.
MM INDICATES DATA IS MISSING.
T  INDICATES TRACE AMOUNT.




$$
