000
CDUS46 KSGX 031518
CLIFUL


CLIMATE REPORT
NATIONAL WEATHER SERVICE SAN DIEGO, CA
718 AM PST SAT DEC 3 2016


...................................

...THE FULLERTON AIRPORT CA CLIMATE SUMMARY FOR DECEMBER 2 2016...

CLIMATE NORMAL PERIOD 1981 TO 2010
CLIMATE RECORD PERIOD 1998 TO 2016


WEATHER ITEM   OBSERVED TIME   RECORD YEAR NORMAL DEPARTURE LAST
                VALUE   (LST)  VALUE       VALUE  FROM      YEAR
                                                  NORMAL
..................................................................
TEMPERATURE (F)
 YESTERDAY
  MAXIMUM         68    259 PM  82    2015  68      0       82
  MINIMUM         45    656 AM  34    2004  46     -1       43
  AVERAGE         57                        57      0       63

PRECIPITATION (IN)
  YESTERDAY        0.00          0.85 2014   0.04  -0.04     0.00
  MONTH TO DATE    0.00                      0.08  -0.08     0.00
  SINCE OCT 1      1.40                      1.93  -0.53     0.26
  SINCE JAN 1      5.61                     11.91  -6.30     4.58

DEGREE DAYS
 HEATING
  YESTERDAY        8                         8      0        2
  MONTH TO DATE   14                        16     -2       10
  SINCE DEC 1     14                        16     -2       10
  SINCE JUL 1     78                       180   -102      115

 COOLING
  YESTERDAY        0                         0      0        0
  MONTH TO DATE    0                         0      0        0
  SINCE DEC 1      0                         0      0        0
  SINCE JAN 1   1891                      1251    640     2188
..................................................................


WIND (MPH)
  RESULTANT WIND SPEED   5   RESULTANT WIND DIRECTION   E (70)
  HIGHEST WIND SPEED    22   HIGHEST WIND DIRECTION     E (90)
  HIGHEST GUST SPEED    29   HIGHEST GUST DIRECTION     E (80)
  AVERAGE WIND SPEED     5.3


SKY COVER
  POSSIBLE SUNSHINE  MM
  AVERAGE SKY COVER 0.0


WEATHER CONDITIONS
 THE FOLLOWING WEATHER WAS RECORDED YESTERDAY.
  NO SIGNIFICANT WEATHER WAS OBSERVED.


RELATIVE HUMIDITY (PERCENT)
 HIGHEST    56           100 AM
 LOWEST     36           900 AM
 AVERAGE    46

..........................................................


THE FULLERTON AIRPORT CA CLIMATE NORMALS FOR TODAY
                         NORMAL    RECORD    YEAR
 MAXIMUM TEMPERATURE (F)   68        79      2007
 MINIMUM TEMPERATURE (F)   46        36      2010


SUNRISE AND SUNSET
DECEMBER  3 2016......SUNRISE   641 AM PST   SUNSET   443 PM PST
DECEMBER  4 2016......SUNRISE   642 AM PST   SUNSET   443 PM PST


-  INDICATES NEGATIVE NUMBERS.
R  INDICATES RECORD WAS SET OR TIED.
MM INDICATES DATA IS MISSING.
T  INDICATES TRACE AMOUNT.




$$
