000
CDUS46 KSGX 211238
CLIFUL


CLIMATE REPORT
NATIONAL WEATHER SERVICE SAN DIEGO, CA
437 AM PST WED FEB 21 2018


...................................

...THE FULLERTON AIRPORT CA CLIMATE SUMMARY FOR FEBRUARY 20 2018...

CLIMATE NORMAL PERIOD 1981 TO 2010
CLIMATE RECORD PERIOD 1998 TO 2018


WEATHER ITEM   OBSERVED TIME   RECORD YEAR NORMAL DEPARTURE LAST
                VALUE   (LST)  VALUE       VALUE  FROM      YEAR
                                                  NORMAL
..................................................................
TEMPERATURE (F)
 YESTERDAY
  MAXIMUM         61    252 PM  84    2014  68     -7       65
  MINIMUM         37R   645 AM  38    2006  48    -11       54
  AVERAGE         49                        58     -9       60

PRECIPITATION (IN)
  YESTERDAY        0.00          0.48 2005   0.14  -0.14     0.00
  MONTH TO DATE    0.01                      2.34  -2.33     2.89
  SINCE OCT 1      1.22                      9.27  -8.05    15.93
  SINCE JAN 1      1.14                      5.37  -4.23    10.02

DEGREE DAYS
 HEATING
  YESTERDAY       16                         7      9        5
  MONTH TO DATE   73                       152    -79       95
  SINCE DEC 1    329                       705   -376      557
  SINCE JUL 1    351                       869   -518      621

 COOLING
  YESTERDAY        0                         0      0        0
  MONTH TO DATE   10                         0     10        3
  SINCE DEC 1     48                         5     43        3
  SINCE JAN 1     37                         4     33        3
..................................................................


WIND (MPH)
  RESULTANT WIND SPEED   2   RESULTANT WIND DIRECTION  SE (120)
  HIGHEST WIND SPEED    14   HIGHEST WIND DIRECTION    SW (220)
  HIGHEST GUST SPEED    20   HIGHEST GUST DIRECTION    SW (210)
  AVERAGE WIND SPEED     4.7


SKY COVER
  POSSIBLE SUNSHINE  MM
  AVERAGE SKY COVER 0.0


WEATHER CONDITIONS
 THE FOLLOWING WEATHER WAS RECORDED YESTERDAY.
  NO SIGNIFICANT WEATHER WAS OBSERVED.


RELATIVE HUMIDITY (PERCENT)
 HIGHEST    49          1100 PM
 LOWEST     11          1200 PM
 AVERAGE    30

..........................................................


THE FULLERTON AIRPORT CA CLIMATE NORMALS FOR TODAY
                         NORMAL    RECORD    YEAR
 MAXIMUM TEMPERATURE (F)   68        90      2002
 MINIMUM TEMPERATURE (F)   49        40      2011


SUNRISE AND SUNSET
FEBRUARY 21 2018......SUNRISE   630 AM PST   SUNSET   542 PM PST
FEBRUARY 22 2018......SUNRISE   629 AM PST   SUNSET   542 PM PST


-  INDICATES NEGATIVE NUMBERS.
R  INDICATES RECORD WAS SET OR TIED.
MM INDICATES DATA IS MISSING.
T  INDICATES TRACE AMOUNT.




$$
