000
CDUS46 KSGX 290016
CLIFUL


CLIMATE REPORT
NATIONAL WEATHER SERVICE SAN DIEGO, CA
516 PM PDT SUN MAY 28 2017


...................................

...THE FULLERTON AIRPORT CA CLIMATE SUMMARY FOR MAY 28 2017...
VALID TODAY AS OF 0500 PM LOCAL TIME.

CLIMATE NORMAL PERIOD 1981 TO 2010
CLIMATE RECORD PERIOD 1998 TO 2017


WEATHER ITEM   OBSERVED TIME   RECORD YEAR NORMAL DEPARTURE LAST
                VALUE   (LST)  VALUE       VALUE  FROM      YEAR
                                                  NORMAL
..................................................................
TEMPERATURE (F)
 TODAY
  MAXIMUM         80    307 PM  91    2003  75      5       75
  MINIMUM         56    420 AM  52    2008  59     -3       62
  AVERAGE         68                        67      1       69

PRECIPITATION (IN)
  TODAY            0.00          0.00   MM   0.00   0.00     0.00
  MONTH TO DATE    0.54                      0.24   0.30     0.05
  SINCE OCT 1     16.91                     13.45   3.46     5.26
  SINCE JAN 1     11.00                      9.55   1.45     4.21

DEGREE DAYS
 HEATING
  TODAY            0                         0      0        0
  MONTH TO DATE   26                        31     -5       10
  SINCE MAR 1     98                       303   -205       91
  SINCE JUL 1    795                      1225   -430      770

 COOLING
  TODAY            3                         3      0        4
  MONTH TO DATE   92                        62     30       52
  SINCE MAR 1    230                       105    125      157
  SINCE JAN 1    233                       114    119      229
..................................................................


WIND (MPH)
  RESULTANT WIND SPEED   2   RESULTANT WIND DIRECTION  SE (140)
  HIGHEST WIND SPEED    13   HIGHEST WIND DIRECTION     S (190)
  HIGHEST GUST SPEED    17   HIGHEST GUST DIRECTION     S (200)
  AVERAGE WIND SPEED     3.0


SKY COVER
  POSSIBLE SUNSHINE  MM
  AVERAGE SKY COVER 0.0


WEATHER CONDITIONS
 THE FOLLOWING WEATHER WAS RECORDED TODAY.
  NO SIGNIFICANT WEATHER WAS OBSERVED.


RELATIVE HUMIDITY (PERCENT)
 HIGHEST    80           300 AM
 LOWEST     42           300 PM
 AVERAGE    61

..........................................................


THE FULLERTON AIRPORT CA CLIMATE NORMALS FOR TOMORROW
                         NORMAL    RECORD    YEAR
 MAXIMUM TEMPERATURE (F)   76        89      2010
 MINIMUM TEMPERATURE (F)   59        53      2010


SUNRISE AND SUNSET
MAY 28 2017...........SUNRISE   543 AM PDT   SUNSET   755 PM PDT
MAY 29 2017...........SUNRISE   543 AM PDT   SUNSET   756 PM PDT


-  INDICATES NEGATIVE NUMBERS.
R  INDICATES RECORD WAS SET OR TIED.
MM INDICATES DATA IS MISSING.
T  INDICATES TRACE AMOUNT.




$$
