000
CDUS41 KCAR 010527
CLIFVE


CLIMATE REPORT
NATIONAL WEATHER SERVICE CARIBOU, ME
126 AM EDT FRI AUG 1 2014


...................................

...THE FRENCHVILLE ME CLIMATE SUMMARY FOR JULY 31 2014...

CLIMATE NORMAL PERIOD 1981 TO 2010
CLIMATE RECORD PERIOD 9999 TO 9999


WEATHER ITEM   OBSERVED TIME   RECORD YEAR NORMAL DEPARTURE LAST
                VALUE   (LST)  VALUE       VALUE  FROM      YEAR
                                                  NORMAL
..................................................................
TEMPERATURE (F)
 YESTERDAY
  MAXIMUM         74    248 PM              74      0
  MINIMUM         56   1159 PM              55      1
  AVERAGE         65                        65      0

PRECIPITATION (IN)
  YESTERDAY        0.31         MM      MM   0.10   0.21     0.00
  MONTH TO DATE    6.35                      4.31   2.04     2.00
  SINCE JUN 1     10.46                      8.16   2.30     7.76
  SINCE JAN 1     20.83                     18.06   2.77    17.65

SNOWFALL (IN)
  YESTERDAY       MM            MM      MM  MM     MM       MM
  MONTH TO DATE   MM                        MM     MM       MM
  SINCE JUN 1     MM                        MM     MM       MM
  SINCE JUL 1     MM                        MM     MM       MM
  SNOW DEPTH      MM

DEGREE DAYS
 HEATING
  YESTERDAY        0                               -2
  MONTH TO DATE   50                              -19
  SINCE JUL 1     50                              -20

 COOLING
  YESTERDAY        0                               -2
  MONTH TO DATE   73                               19
  SINCE JAN 1    100                               18
..................................................................


WIND (MPH)
  HIGHEST WIND SPEED    20   HIGHEST WIND DIRECTION     W (250)
  HIGHEST GUST SPEED    28   HIGHEST GUST DIRECTION     W (250)
  AVERAGE WIND SPEED     6.4




..........................................................


THE FRENCHVILLE ME CLIMATE NORMALS FOR TODAY
                         NORMAL
 MAXIMUM TEMPERATURE (F)   74
 MINIMUM TEMPERATURE (F)   55


SUNRISE AND SUNSET
AUGUST  1 2014........SUNRISE   512 AM EDT   SUNSET   807 PM EDT
AUGUST  2 2014........SUNRISE   513 AM EDT   SUNSET   805 PM EDT


-  INDICATES NEGATIVE NUMBERS.
R  INDICATES RECORD WAS SET OR TIED.
MM INDICATES DATA IS MISSING.
T  INDICATES TRACE AMOUNT.




$$
