000
CDUS41 KCAR 240551
CLIFVE


CLIMATE REPORT
NATIONAL WEATHER SERVICE CARIBOU, ME
1250 AM EST SAT FEB 24 2018


...................................

...THE FRENCHVILLE ME CLIMATE SUMMARY FOR FEBRUARY 23 2018...

CLIMATE NORMAL PERIOD 1981 TO 2010
CLIMATE RECORD PERIOD 9999 TO 9999


WEATHER ITEM   OBSERVED TIME   RECORD YEAR NORMAL DEPARTURE LAST
                VALUE   (LST)  VALUE       VALUE  FROM      YEAR
                                                  NORMAL
..................................................................
TEMPERATURE (F)
 YESTERDAY
  MAXIMUM         24    321 PM              24      0
  MINIMUM          1    736 AM               7     -6
  AVERAGE         13                        16     -3

PRECIPITATION (IN)
  YESTERDAY        0.01         MM      MM   0.04  -0.03     0.25
  MONTH TO DATE    0.69                      0.60   0.09     0.36
  SINCE DEC 1      4.21                      4.90  -0.69     3.65
  SINCE JAN 1      2.32                      2.36  -0.04     2.08

SNOWFALL (IN)
  YESTERDAY       MM            MM      MM  MM     MM       MM
  MONTH TO DATE   MM                        MM     MM       MM
  SINCE DEC 1     MM                        MM     MM       MM
  SINCE JUL 1     MM                        MM     MM       MM
  SNOW DEPTH      MM

DEGREE DAYS
 HEATING
  YESTERDAY       52                                3
  MONTH TO DATE 1136                              -79
  SINCE JUL 1   6598                             -161

 COOLING
  YESTERDAY        0                                0
  MONTH TO DATE    0                                0
  SINCE JAN 1      0                                0
..................................................................


WIND (MPH)
  HIGHEST WIND SPEED    21   HIGHEST WIND DIRECTION     S (170)
  HIGHEST GUST SPEED    31   HIGHEST GUST DIRECTION     S (160)
  AVERAGE WIND SPEED     7.8




..........................................................


THE FRENCHVILLE ME CLIMATE NORMALS FOR TODAY
                         NORMAL
 MAXIMUM TEMPERATURE (F)   25
 MINIMUM TEMPERATURE (F)    8


SUNRISE AND SUNSET
FEBRUARY 24 2018......SUNRISE   623 AM EST   SUNSET   511 PM EST
FEBRUARY 25 2018......SUNRISE   621 AM EST   SUNSET   512 PM EST


-  INDICATES NEGATIVE NUMBERS.
R  INDICATES RECORD WAS SET OR TIED.
MM INDICATES DATA IS MISSING.
T  INDICATES TRACE AMOUNT.




$$
