000
CDUS41 KCAR 140526
CLIFVE


CLIMATE REPORT
NATIONAL WEATHER SERVICE CARIBOU, ME
1226 AM EST SUN FEB 14 2016


...................................

...THE FRENCHVILLE ME CLIMATE SUMMARY FOR FEBRUARY 13 2016...

CLIMATE NORMAL PERIOD 1981 TO 2010
CLIMATE RECORD PERIOD 9999 TO 9999


WEATHER ITEM   OBSERVED TIME   RECORD YEAR NORMAL DEPARTURE LAST
                VALUE   (LST)  VALUE       VALUE  FROM      YEAR
                                                  NORMAL
..................................................................
TEMPERATURE (F)
 YESTERDAY
  MAXIMUM          9    302 PM              21    -12
  MINIMUM         -6    406 AM               4    -10
  AVERAGE          2                        12    -10

PRECIPITATION (IN)
  YESTERDAY        T            MM      MM   0.03  -0.03     0.00
  MONTH TO DATE    0.35                      0.28   0.07     0.01
  SINCE DEC 1      3.96                      4.58  -0.62     3.20
  SINCE JAN 1      0.97                      2.04  -1.07     0.72

SNOWFALL (IN)
  YESTERDAY       MM            MM      MM  MM     MM       MM
  MONTH TO DATE   MM                        MM     MM       MM
  SINCE DEC 1     MM                        MM     MM       MM
  SINCE JUL 1     MM                        MM     MM       MM
  SNOW DEPTH      MM

DEGREE DAYS
 HEATING
  YESTERDAY       63                               10
  MONTH TO DATE  662                              -45
  SINCE JUL 1   5362                             -889

 COOLING
  YESTERDAY        0                                0
  MONTH TO DATE    0                                0
  SINCE JAN 1      0                                0
..................................................................


WIND (MPH)
  HIGHEST WIND SPEED    26   HIGHEST WIND DIRECTION    NW (330)
  HIGHEST GUST SPEED    34   HIGHEST GUST DIRECTION    NW (330)
  AVERAGE WIND SPEED     9.4




..........................................................


THE FRENCHVILLE ME CLIMATE NORMALS FOR TODAY
                         NORMAL
 MAXIMUM TEMPERATURE (F)   21
 MINIMUM TEMPERATURE (F)    4


SUNRISE AND SUNSET
FEBRUARY 14 2016......SUNRISE   641 AM EST   SUNSET   455 PM EST
FEBRUARY 15 2016......SUNRISE   639 AM EST   SUNSET   456 PM EST


-  INDICATES NEGATIVE NUMBERS.
R  INDICATES RECORD WAS SET OR TIED.
MM INDICATES DATA IS MISSING.
T  INDICATES TRACE AMOUNT.




$$
