000
CDUS41 KCAR 170531
CLIFVE


CLIMATE REPORT
NATIONAL WEATHER SERVICE CARIBOU, ME
130 AM EDT WED SEP 17 2014


...................................

...THE FRENCHVILLE ME CLIMATE SUMMARY FOR SEPTEMBER 16 2014...

CLIMATE NORMAL PERIOD 1981 TO 2010
CLIMATE RECORD PERIOD 9999 TO 9999


WEATHER ITEM   OBSERVED TIME   RECORD YEAR NORMAL DEPARTURE LAST
                VALUE   (LST)  VALUE       VALUE  FROM      YEAR
                                                  NORMAL
..................................................................
TEMPERATURE (F)
 YESTERDAY
  MAXIMUM         59    317 PM              63     -4
  MINIMUM         44   1159 PM              44      0
  AVERAGE         52                        54     -2

PRECIPITATION (IN)
  YESTERDAY        0.05         MM      MM   0.12  -0.07     0.12
  MONTH TO DATE    2.03                      1.95   0.08     2.74
  SINCE SEP 1      2.03                      1.95   0.08     2.74
  SINCE JAN 1     24.82                     24.01   0.81    27.25

SNOWFALL (IN)
  YESTERDAY       MM            MM      MM  MM     MM       MM
  MONTH TO DATE   MM                        MM     MM       MM
  SINCE SEP 1     MM                        MM     MM       MM
  SINCE JUL 1     MM                        MM     MM       MM
  SNOW DEPTH      MM

DEGREE DAYS
 HEATING
  YESTERDAY       13                                1
  MONTH TO DATE  157                                9
  SINCE JUL 1    294                              -46

 COOLING
  YESTERDAY        0                                0
  MONTH TO DATE    7                               -3
  SINCE JAN 1    137                                3
..................................................................


WIND (MPH)
  HIGHEST WIND SPEED    16   HIGHEST WIND DIRECTION    SW (240)
  HIGHEST GUST SPEED    21   HIGHEST GUST DIRECTION    SW (230)
  AVERAGE WIND SPEED     7.3




..........................................................


THE FRENCHVILLE ME CLIMATE NORMALS FOR TODAY
                         NORMAL
 MAXIMUM TEMPERATURE (F)   63
 MINIMUM TEMPERATURE (F)   44


SUNRISE AND SUNSET
SEPTEMBER 17 2014.....SUNRISE   613 AM EDT   SUNSET   641 PM EDT
SEPTEMBER 18 2014.....SUNRISE   615 AM EDT   SUNSET   639 PM EDT


-  INDICATES NEGATIVE NUMBERS.
R  INDICATES RECORD WAS SET OR TIED.
MM INDICATES DATA IS MISSING.
T  INDICATES TRACE AMOUNT.




$$
