000
CDUS43 KIWX 290029
CLIFWA


CLIMATE REPORT
NATIONAL WEATHER SERVICE NORTHERN INDIANA
829 PM EDT WED JUN 28 2017


...................................

...THE FORT WAYNE CLIMATE SUMMARY FOR JUNE 28 2017...
VALID AS OF 0800 PM LOCAL TIME.

CLIMATE NORMAL PERIOD 1981 TO 2010
CLIMATE RECORD PERIOD 1897 TO 2017


WEATHER ITEM   OBSERVED TIME   RECORD YEAR NORMAL DEPARTURE LAST
                VALUE   (LST)  VALUE       VALUE  FROM      YEAR
                                                  NORMAL
..................................................................
TEMPERATURE (F)
 TODAY
  MAXIMUM         79    502 PM 106    2012  84     -5       73
  MINIMUM         53    542 AM  46    1992  62     -9       58
  AVERAGE         66                        73     -7       66

PRECIPITATION (IN)
  TODAY            0.00          1.70 1940   0.12  -0.12     0.00
  MONTH TO DATE    4.20                      3.93   0.27     5.44
  SINCE JUN 1      4.20                      3.93   0.27     5.44
  SINCE JAN 1     27.65                     18.73   8.92    19.63

SNOWFALL (IN)
  TODAY            0.0           0.0  2002   0.0    0.0      0.0
                                      2001
                                      2000
  MONTH TO DATE    0.0                       0.0    0.0       T
  SINCE JUN 1      0.0                       0.0    0.0       T
  SINCE JUL 1     18.5                      33.5  -15.0     20.1
  SNOW DEPTH       0

DEGREE DAYS
 HEATING
  TODAY            0                         0      0        0
  MONTH TO DATE    6                        29    -23       11
  SINCE JUN 1      6                        29    -23       11
  SINCE JUL 1   4985                      6101  -1116     5127

 COOLING
  TODAY            1                         8     -7        1
  MONTH TO DATE  193                       165     28      204
  SINCE JUN 1    193                       165     28      204
  SINCE JAN 1    257                       222     35      278
..................................................................


WIND (MPH)
  RESULTANT WIND SPEED   9   RESULTANT WIND DIRECTION   S (200)
  HIGHEST WIND SPEED    21   HIGHEST WIND DIRECTION     S (200)
  HIGHEST GUST SPEED    26   HIGHEST GUST DIRECTION     S (180)
  AVERAGE WIND SPEED     9.2


SKY COVER
  POSSIBLE SUNSHINE  MM
  AVERAGE SKY COVER 0.6


WEATHER CONDITIONS
 THE FOLLOWING WEATHER WAS RECORDED TODAY.
  NO SIGNIFICANT WEATHER WAS OBSERVED.


RELATIVE HUMIDITY (PERCENT)
 HIGHEST    80          1200 AM
 LOWEST     39           300 PM
 AVERAGE    60

..........................................................


THE FORT WAYNE CLIMATE NORMALS FOR TOMORROW
                         NORMAL    RECORD    YEAR
 MAXIMUM TEMPERATURE (F)   84        99      1952
 MINIMUM TEMPERATURE (F)   62        46      1923


SUNRISE AND SUNSET
JUNE 28 2017..........SUNRISE   611 AM EDT   SUNSET   917 PM EDT
JUNE 29 2017..........SUNRISE   612 AM EDT   SUNSET   917 PM EDT


-  INDICATES NEGATIVE NUMBERS.
R  INDICATES RECORD WAS SET OR TIED.
MM INDICATES DATA IS MISSING.
T  INDICATES TRACE AMOUNT.




$$
