000
CDUS43 KIWX 210533
CLIFWA


CLIMATE REPORT
NATIONAL WEATHER SERVICE NORTHERN INDIANA
133 AM EDT TUE OCT 21 2014


...................................

...THE FORT WAYNE CLIMATE SUMMARY FOR OCTOBER 20 2014...

CLIMATE NORMAL PERIOD 1981 TO 2010
CLIMATE RECORD PERIOD 1897 TO 2014


WEATHER ITEM   OBSERVED TIME   RECORD YEAR NORMAL DEPARTURE LAST
                VALUE   (LST)  VALUE       VALUE  FROM      YEAR
                                                  NORMAL
..................................................................
TEMPERATURE (F)
 YESTERDAY
  MAXIMUM         62    449 PM  85    1953  62      0       63
  MINIMUM         45    300 AM  23    1952  41      4       38
  AVERAGE         54                        51      3       51

PRECIPITATION (IN)
  YESTERDAY        0.03          1.00 1965   0.09  -0.06     0.00
  MONTH TO DATE    2.48                      1.88   0.60     1.65
  SINCE SEP 1      7.38                      4.68   2.70     3.54
  SINCE JAN 1     37.77                     31.52   6.25    35.88

SNOWFALL (IN)
  YESTERDAY        0.0           1.6  1989   0.0    0.0      0.0
  MONTH TO DATE    T                         0.1   -0.1      0.0
  SINCE SEP 1      T                         0.1   -0.1      0.0
  SINCE JUL 1      T                         0.1   -0.1      0.0
  SNOW DEPTH       0

DEGREE DAYS
 HEATING
  YESTERDAY       11                        14     -3       14
  MONTH TO DATE  233                       221     12      159
  SINCE SEP 1    353                       325     28      257
  SINCE JUL 1    377                       337     40      277

 COOLING
  YESTERDAY        0                         0      0        0
  MONTH TO DATE    3                         8     -5       28
  SINCE SEP 1     57                        91    -34      126
  SINCE JAN 1    731                       808    -77      855
..................................................................


WIND (MPH)
  HIGHEST WIND SPEED    18   HIGHEST WIND DIRECTION    SW (220)
  HIGHEST GUST SPEED    23   HIGHEST GUST DIRECTION    SW (220)
  AVERAGE WIND SPEED     8.7


SKY COVER
  AVERAGE SKY COVER 0.8


WEATHER CONDITIONS
 THE FOLLOWING WEATHER WAS RECORDED YESTERDAY.
  THUNDERSTORM
  LIGHT RAIN
  FOG


RELATIVE HUMIDITY (PERCENT)
 HIGHEST    89           300 AM
 LOWEST     64           500 PM
 AVERAGE    77

..........................................................


THE FORT WAYNE CLIMATE NORMALS FOR TODAY
                         NORMAL    RECORD    YEAR
 MAXIMUM TEMPERATURE (F)   61        84      1953
 MINIMUM TEMPERATURE (F)   40        20      1952


SUNRISE AND SUNSET
OCTOBER 21 2014.......SUNRISE   759 AM EDT   SUNSET   651 PM EDT
OCTOBER 22 2014.......SUNRISE   800 AM EDT   SUNSET   650 PM EDT


-  INDICATES NEGATIVE NUMBERS.
R  INDICATES RECORD WAS SET OR TIED.
MM INDICATES DATA IS MISSING.
T  INDICATES TRACE AMOUNT.




$$
