000
CDUS43 KIWX 280526
CLIFWA


CLIMATE REPORT
NATIONAL WEATHER SERVICE NORTHERN INDIANA
126 AM EDT SAT MAY 28 2016


...................................

...THE FORT WAYNE CLIMATE SUMMARY FOR MAY 27 2016...

CLIMATE NORMAL PERIOD 1981 TO 2010
CLIMATE RECORD PERIOD 1897 TO 2016


WEATHER ITEM   OBSERVED TIME   RECORD YEAR NORMAL DEPARTURE LAST
                VALUE   (LST)  VALUE       VALUE  FROM      YEAR
                                                  NORMAL
..................................................................
TEMPERATURE (F)
 YESTERDAY
  MAXIMUM         88    238 PM  99    1911  75     13       79
  MINIMUM         63    541 AM  31    1961  53     10       60
  AVERAGE         76                        64     12       70

PRECIPITATION (IN)
  YESTERDAY        T             1.72 2013   0.16  -0.16     0.31
  MONTH TO DATE    4.13                      3.60   0.53     3.16
  SINCE MAR 1     11.14                      9.83   1.31     8.51
  SINCE JAN 1     14.19                     14.13   0.06    12.28

SNOWFALL (IN)
  YESTERDAY        0.0           0.0  2002   0.0    0.0      0.0
                                      2001
  MONTH TO DATE    0.0                       0.0    0.0      0.0
  SINCE MAR 1      3.9                       5.1   -1.2      8.6
  SINCE JUL 1     20.1                      33.5  -13.4     45.1
  SNOW DEPTH       0

DEGREE DAYS
 HEATING
  YESTERDAY        0                         4     -4        0
  MONTH TO DATE  198                       179     19      103
  SINCE MAR 1   1289                      1463   -174     1492
  SINCE JUL 1   5116                      6061   -945     6641

 COOLING
  YESTERDAY       11                         3      8        5
  MONTH TO DATE   32                        37     -5       80
  SINCE MAR 1     32                        45    -13       80
  SINCE JAN 1     32                        45    -13       80
..................................................................


WIND (MPH)
  HIGHEST WIND SPEED    22   HIGHEST WIND DIRECTION     S (190)
  HIGHEST GUST SPEED    26   HIGHEST GUST DIRECTION     S (200)
  AVERAGE WIND SPEED    10.2


SKY COVER
  AVERAGE SKY COVER 0.8


WEATHER CONDITIONS
 THE FOLLOWING WEATHER WAS RECORDED YESTERDAY.
  LIGHT RAIN


RELATIVE HUMIDITY (PERCENT)
 HIGHEST    87           100 AM
 LOWEST     37           600 PM
 AVERAGE    62

..........................................................


THE FORT WAYNE CLIMATE NORMALS FOR TODAY
                         NORMAL    RECORD    YEAR
 MAXIMUM TEMPERATURE (F)   75        98      1911
 MINIMUM TEMPERATURE (F)   53        33      1902


SUNRISE AND SUNSET
MAY 28 2016...........SUNRISE   613 AM EDT   SUNSET   904 PM EDT
MAY 29 2016...........SUNRISE   612 AM EDT   SUNSET   905 PM EDT


-  INDICATES NEGATIVE NUMBERS.
R  INDICATES RECORD WAS SET OR TIED.
MM INDICATES DATA IS MISSING.
T  INDICATES TRACE AMOUNT.




$$
