000
CDUS43 KIWX 010526
CLIFWA


CLIMATE REPORT
NATIONAL WEATHER SERVICE NORTHERN INDIANA
125 AM EDT WED JUL 1 2015


...................................

...THE FORT WAYNE CLIMATE SUMMARY FOR JUNE 30 2015...

CLIMATE NORMAL PERIOD 1981 TO 2010
CLIMATE RECORD PERIOD 1897 TO 2015


WEATHER ITEM   OBSERVED TIME   RECORD YEAR NORMAL DEPARTURE LAST
                VALUE   (LST)  VALUE       VALUE  FROM      YEAR
                                                  NORMAL
..................................................................
TEMPERATURE (F)
 YESTERDAY
  MAXIMUM         79    356 PM  99    1953  84     -5       83
  MINIMUM         57    101 AM  42    1943  63     -6       69
  AVERAGE         68                        74     -6       76

PRECIPITATION (IN)
  YESTERDAY        0.07          1.75 1981   0.12  -0.05      T
  MONTH TO DATE   11.98                      4.16   7.82     5.81
  SINCE JUN 1     11.98                      4.16   7.82     5.81
  SINCE JAN 1     26.11                     18.96   7.15    22.51

SNOWFALL (IN)
  YESTERDAY        0.0           0.0  2002   0.0    0.0      0.0
                                      2001
                                      2000
  MONTH TO DATE    0.0                       0.0    0.0      0.0
  SINCE JUN 1      0.0                       0.0    0.0      0.0
  SINCE JUL 1     45.1                      33.5   11.6     76.1
  SNOW DEPTH       0

DEGREE DAYS
 HEATING
  YESTERDAY        0                         0      0        0
  MONTH TO DATE   28                        29     -1       14
  SINCE JUN 1     28                        29     -1       14
  SINCE JUL 1   6679                      6101    578     6965

 COOLING
  YESTERDAY        3                         9     -6       11
  MONTH TO DATE  176                       182     -6      230
  SINCE JUN 1    176                       182     -6      230
  SINCE JAN 1    272                       239     33      311
..................................................................


WIND (MPH)
  HIGHEST WIND SPEED    16   HIGHEST WIND DIRECTION    NW (320)
  HIGHEST GUST SPEED    21   HIGHEST GUST DIRECTION    NW (320)
  AVERAGE WIND SPEED     6.9


SKY COVER
  AVERAGE SKY COVER 0.6


WEATHER CONDITIONS
 THE FOLLOWING WEATHER WAS RECORDED YESTERDAY.
  LIGHT RAIN
  FOG
  FOG W/VISIBILITY <= 1/4 MILE


RELATIVE HUMIDITY (PERCENT)
 HIGHEST   100           300 AM
 LOWEST     58           400 PM
 AVERAGE    79

..........................................................


THE FORT WAYNE CLIMATE NORMALS FOR TODAY
                         NORMAL    RECORD    YEAR
 MAXIMUM TEMPERATURE (F)   85        99      1910
 MINIMUM TEMPERATURE (F)   63        46      1950


SUNRISE AND SUNSET
JULY  1 2015..........SUNRISE   612 AM EDT   SUNSET   917 PM EDT
JULY  2 2015..........SUNRISE   613 AM EDT   SUNSET   917 PM EDT


-  INDICATES NEGATIVE NUMBERS.
R  INDICATES RECORD WAS SET OR TIED.
MM INDICATES DATA IS MISSING.
T  INDICATES TRACE AMOUNT.




$$
