000
CDUS43 KIWX 230523
CLIFWA


CLIMATE REPORT
NATIONAL WEATHER SERVICE NORTHERN INDIANA
123 AM EDT THU MAR 23 2017


...................................

...THE FORT WAYNE CLIMATE SUMMARY FOR MARCH 22 2017...

CLIMATE NORMAL PERIOD 1981 TO 2010
CLIMATE RECORD PERIOD 1897 TO 2017


WEATHER ITEM   OBSERVED TIME   RECORD YEAR NORMAL DEPARTURE LAST
                VALUE   (LST)  VALUE       VALUE  FROM      YEAR
                                                  NORMAL
..................................................................
TEMPERATURE (F)
 YESTERDAY
  MAXIMUM         38    414 PM  83    2012  51    -13       65
                                      1907
  MINIMUM         22    721 AM  10    1906  31     -9       34
  AVERAGE         30                        41    -11       50

PRECIPITATION (IN)
  YESTERDAY        0.00          0.95 1898   0.09  -0.09     0.00
  MONTH TO DATE    1.90                      1.81   0.09     1.71
  SINCE MAR 1      1.90                      1.81   0.09     1.71
  SINCE JAN 1      8.37                      6.11   2.26     4.76

SNOWFALL (IN)
  YESTERDAY        0.0           5.2  1977   0.1   -0.1      0.0
  MONTH TO DATE    3.0                       3.4   -0.4      2.8
  SINCE MAR 1      3.0                       3.4   -0.4      2.8
  SINCE JUL 1     18.1                      31.8  -13.7     19.0
  SNOW DEPTH       0

DEGREE DAYS
 HEATING
  YESTERDAY       35                        24     11       15
  MONTH TO DATE  650                       625     25      474
  SINCE MAR 1    650                       625     25      474
  SINCE JUL 1   4344                      5223   -879     4301

 COOLING
  YESTERDAY        0                         0      0        0
  MONTH TO DATE    0                         0      0        0
  SINCE MAR 1      0                         0      0        0
  SINCE JAN 1      0                         0      0        0
..................................................................


WIND (MPH)
  HIGHEST WIND SPEED    23   HIGHEST WIND DIRECTION     N (10)
  HIGHEST GUST SPEED    28   HIGHEST GUST DIRECTION     N (360)
  AVERAGE WIND SPEED    11.0


SKY COVER
  AVERAGE SKY COVER 0.2


WEATHER CONDITIONS
 THE FOLLOWING WEATHER WAS RECORDED YESTERDAY.
  NO SIGNIFICANT WEATHER WAS OBSERVED.


RELATIVE HUMIDITY (PERCENT)
 HIGHEST    63          1100 PM
 LOWEST     38           300 PM
 AVERAGE    51

..........................................................


THE FORT WAYNE CLIMATE NORMALS FOR TODAY
                         NORMAL    RECORD    YEAR
 MAXIMUM TEMPERATURE (F)   51        76      1910
 MINIMUM TEMPERATURE (F)   31         7      1906


SUNRISE AND SUNSET
MARCH 23 2017.........SUNRISE   739 AM EDT   SUNSET   756 PM EDT
MARCH 24 2017.........SUNRISE   737 AM EDT   SUNSET   758 PM EDT


-  INDICATES NEGATIVE NUMBERS.
R  INDICATES RECORD WAS SET OR TIED.
MM INDICATES DATA IS MISSING.
T  INDICATES TRACE AMOUNT.




$$
