000
CDUS43 KIWX 120559
CLIFWA


CLIMATE REPORT
NATIONAL WEATHER SERVICE NORTHERN INDIANA
1258 AM EST TUE DEC 12 2017


...................................

...THE FORT WAYNE CLIMATE SUMMARY FOR DECEMBER 11 2017...

CLIMATE NORMAL PERIOD 1981 TO 2010
CLIMATE RECORD PERIOD 1897 TO 2017


WEATHER ITEM   OBSERVED TIME   RECORD YEAR NORMAL DEPARTURE LAST
                VALUE   (LST)  VALUE       VALUE  FROM      YEAR
                                                  NORMAL
..................................................................
TEMPERATURE (F)
 YESTERDAY
  MAXIMUM         35    409 PM  63    1949  37     -2       34
                                      1931
  MINIMUM         19    450 AM -11    1977  23     -4       24
  AVERAGE         27                        30     -3       29

PRECIPITATION (IN)
  YESTERDAY        T             1.06 1899   0.09  -0.09     0.66
  MONTH TO DATE    0.16                      1.02  -0.86     1.11
  SINCE DEC 1      0.16                      1.02  -0.86     1.11
  SINCE JAN 1     47.84                     36.59  11.25    36.17

SNOWFALL (IN)
  YESTERDAY        T             6.3  2016   0.2   -0.2      6.3
  MONTH TO DATE    1.3                       2.3   -1.0     10.1
  SINCE DEC 1      1.3                       2.3   -1.0     10.1
  SINCE JUL 1      1.3                       4.4   -3.1     10.5
  SNOW DEPTH       T

DEGREE DAYS
 HEATING
  YESTERDAY       38                        35      3       36
  MONTH TO DATE  338                       361    -23      373
  SINCE DEC 1    338                       361    -23      373
  SINCE JUL 1   1391                      1578   -187     1218

 COOLING
  YESTERDAY        0                         0      0        0
  MONTH TO DATE    0                         0      0        0
  SINCE DEC 1      0                         0      0        0
  SINCE JAN 1    836                       809     27     1104
..................................................................


WIND (MPH)
  HIGHEST WIND SPEED    14   HIGHEST WIND DIRECTION     N (340)
  HIGHEST GUST SPEED    17   HIGHEST GUST DIRECTION    NW (330)
  AVERAGE WIND SPEED     7.6


SKY COVER
  AVERAGE SKY COVER 0.9


WEATHER CONDITIONS
 THE FOLLOWING WEATHER WAS RECORDED YESTERDAY.
  LIGHT SNOW
  FOG


RELATIVE HUMIDITY (PERCENT)
 HIGHEST    88           600 AM
 LOWEST     70           300 PM
 AVERAGE    79

..........................................................


THE FORT WAYNE CLIMATE NORMALS FOR TODAY
                         NORMAL    RECORD    YEAR
 MAXIMUM TEMPERATURE (F)   37        69      2015
 MINIMUM TEMPERATURE (F)   23        -7      1962


SUNRISE AND SUNSET
DECEMBER 12 2017......SUNRISE   757 AM EST   SUNSET   513 PM EST
DECEMBER 13 2017......SUNRISE   757 AM EST   SUNSET   513 PM EST


-  INDICATES NEGATIVE NUMBERS.
R  INDICATES RECORD WAS SET OR TIED.
MM INDICATES DATA IS MISSING.
T  INDICATES TRACE AMOUNT.




$$
