000
CDUS43 KIWX 230532
CLIFWA


CLIMATE REPORT
NATIONAL WEATHER SERVICE NORTHERN INDIANA
131 AM EDT TUE SEP 23 2014


...................................

...THE FORT WAYNE CLIMATE SUMMARY FOR SEPTEMBER 22 2014...

CLIMATE NORMAL PERIOD 1981 TO 2010
CLIMATE RECORD PERIOD 1897 TO 2014


WEATHER ITEM   OBSERVED TIME   RECORD YEAR NORMAL DEPARTURE LAST
                VALUE   (LST)  VALUE       VALUE  FROM      YEAR
                                                  NORMAL
..................................................................
TEMPERATURE (F)
 YESTERDAY
  MAXIMUM         65    446 PM  91    1908  74     -9       66
  MINIMUM         43    353 AM  34    1995  50     -7       46
  AVERAGE         54                        62     -8       56

PRECIPITATION (IN)
  YESTERDAY        0.00          1.24 2003   0.10  -0.10     0.00
  MONTH TO DATE    4.90                      2.07   2.83     1.71
  SINCE SEP 1      4.90                      2.07   2.83     1.71
  SINCE JAN 1     35.29                     28.91   6.38    34.05

SNOWFALL (IN)
  YESTERDAY        0.0           0.0  2002   0.0    0.0      0.0
                                      2001
  MONTH TO DATE    0.0                       0.0    0.0      0.0
  SINCE SEP 1      0.0                       0.0    0.0      0.0
  SINCE JUL 1      T                         0.0    0.0      0.0
  SNOW DEPTH       0

DEGREE DAYS
 HEATING
  YESTERDAY       11                         5      6        9
  MONTH TO DATE   96                        53     43       58
  SINCE SEP 1     96                        53     43       58
  SINCE JUL 1    120                        65     55       78

 COOLING
  YESTERDAY        0                         2     -2        0
  MONTH TO DATE   53                        73    -20       98
  SINCE SEP 1     53                        73    -20       98
  SINCE JAN 1    727                       790    -63      827
..................................................................


WIND (MPH)
  HIGHEST WIND SPEED    18   HIGHEST WIND DIRECTION     N (340)
  HIGHEST GUST SPEED    24   HIGHEST GUST DIRECTION     N (340)
  AVERAGE WIND SPEED     6.8


SKY COVER
  AVERAGE SKY COVER 0.3


WEATHER CONDITIONS
 THE FOLLOWING WEATHER WAS RECORDED YESTERDAY.
  NO SIGNIFICANT WEATHER WAS OBSERVED.


RELATIVE HUMIDITY (PERCENT)
 HIGHEST    83           300 AM
 LOWEST     44           400 PM
 AVERAGE    64

..........................................................


THE FORT WAYNE CLIMATE NORMALS FOR TODAY
                         NORMAL    RECORD    YEAR
 MAXIMUM TEMPERATURE (F)   73        93      2010
 MINIMUM TEMPERATURE (F)   50        29      1995


SUNRISE AND SUNSET
SEPTEMBER 23 2014.....SUNRISE   729 AM EDT   SUNSET   736 PM EDT
SEPTEMBER 24 2014.....SUNRISE   730 AM EDT   SUNSET   735 PM EDT


-  INDICATES NEGATIVE NUMBERS.
R  INDICATES RECORD WAS SET OR TIED.
MM INDICATES DATA IS MISSING.
T  INDICATES TRACE AMOUNT.




$$
