000
CDUS43 KIWX 230537
CLIFWA


CLIMATE REPORT
NATIONAL WEATHER SERVICE NORTHERN INDIANA
136 AM EDT WED AUG 23 2017


...................................

...THE FORT WAYNE CLIMATE SUMMARY FOR AUGUST 22 2017...

CLIMATE NORMAL PERIOD 1981 TO 2010
CLIMATE RECORD PERIOD 1897 TO 2017


WEATHER ITEM   OBSERVED TIME   RECORD YEAR NORMAL DEPARTURE LAST
                VALUE   (LST)  VALUE       VALUE  FROM      YEAR
                                                  NORMAL
..................................................................
TEMPERATURE (F)
 YESTERDAY
  MAXIMUM         79    348 PM  98    1936  82     -3       79
  MINIMUM         59   1159 PM  46    1923  60     -1       55
                                      1909
                                      1907
  AVERAGE         69                        71     -2       67

PRECIPITATION (IN)
  YESTERDAY        0.35          2.33 2014   0.11   0.24     0.00
  MONTH TO DATE    1.03                      2.63  -1.60     1.33
  SINCE JUN 1     12.70                     11.03   1.67     7.89
  SINCE JAN 1     36.15                     25.83  10.32    22.08

DEGREE DAYS
 HEATING
  YESTERDAY        0                         0      0        0
  MONTH TO DATE    1                         0      1        0
  SINCE JUN 1      7                        32    -25       14
  SINCE JUL 1      1                         3     -2        3

 COOLING
  YESTERDAY        4                         6     -2        2
  MONTH TO DATE  128                       158    -30      245
  SINCE JUN 1    616                       607      9      761
  SINCE JAN 1    680                       664     16      835
..................................................................


WIND (MPH)
  HIGHEST WIND SPEED    22   HIGHEST WIND DIRECTION     W (260)
  HIGHEST GUST SPEED    28   HIGHEST GUST DIRECTION     W (280)
  AVERAGE WIND SPEED     9.6


SKY COVER
  AVERAGE SKY COVER 0.7


WEATHER CONDITIONS
 THE FOLLOWING WEATHER WAS RECORDED YESTERDAY.
  RAIN
  LIGHT RAIN
  FOG


RELATIVE HUMIDITY (PERCENT)
 HIGHEST    97           500 AM
 LOWEST     60           600 PM
 AVERAGE    79

..........................................................


THE FORT WAYNE CLIMATE NORMALS FOR TODAY
                         NORMAL    RECORD    YEAR
 MAXIMUM TEMPERATURE (F)   82        95      1936
 MINIMUM TEMPERATURE (F)   60        44      1902


SUNRISE AND SUNSET
AUGUST 23 2017........SUNRISE   659 AM EDT   SUNSET   827 PM EDT
AUGUST 24 2017........SUNRISE   700 AM EDT   SUNSET   826 PM EDT


-  INDICATES NEGATIVE NUMBERS.
R  INDICATES RECORD WAS SET OR TIED.
MM INDICATES DATA IS MISSING.
T  INDICATES TRACE AMOUNT.




$$
