000
CDUS43 KIWX 270524
CLIFWA


CLIMATE REPORT
NATIONAL WEATHER SERVICE NORTHERN INDIANA
1223 AM EST FRI FEB 27 2015


...................................

...THE FORT WAYNE CLIMATE SUMMARY FOR FEBRUARY 26 2015...

CLIMATE NORMAL PERIOD 1981 TO 2010
CLIMATE RECORD PERIOD 1897 TO 2015


WEATHER ITEM   OBSERVED TIME   RECORD YEAR NORMAL DEPARTURE LAST
                VALUE   (LST)  VALUE       VALUE  FROM      YEAR
                                                  NORMAL
..................................................................
TEMPERATURE (F)
 YESTERDAY
  MAXIMUM         19   1224 AM  66    1944  40    -21       16
  MINIMUM          6   1159 PM -17    1963  23    -17        5
  AVERAGE         13                        32    -19       11

PRECIPITATION (IN)
  YESTERDAY        0.04          2.33 1936   0.07  -0.03      T
  MONTH TO DATE    1.45                      1.88  -0.43     3.49
  SINCE DEC 1      5.40                      6.91  -1.51     9.10
  SINCE JAN 1      3.68                      4.14  -0.46     6.24

SNOWFALL (IN)
  YESTERDAY        1.0           4.6  2008   0.3    0.7       T
  MONTH TO DATE   18.2                       7.3   10.9     18.9
  SINCE DEC 1     31.5                      25.9    5.6     60.5
  SINCE JUL 1     35.7                      28.0    7.7     61.5
  SNOW DEPTH       2

DEGREE DAYS
 HEATING
  YESTERDAY       52                        33     19       54
  MONTH TO DATE 1261                       960    301     1213
  SINCE DEC 1   3590                      3314    276     3846
  SINCE JUL 1   5036                      4531    505     5147

 COOLING
  YESTERDAY        0                         0      0        0
  MONTH TO DATE    0                         0      0        0
  SINCE DEC 1      0                         0      0        0
  SINCE JAN 1      0                         0      0        0
..................................................................


WIND (MPH)
  HIGHEST WIND SPEED    18   HIGHEST WIND DIRECTION    NE (50)
  HIGHEST GUST SPEED    22   HIGHEST GUST DIRECTION    NE (40)
  AVERAGE WIND SPEED     9.4


SKY COVER
  AVERAGE SKY COVER 0.9


WEATHER CONDITIONS
 THE FOLLOWING WEATHER WAS RECORDED YESTERDAY.
  LIGHT SNOW
  FOG


RELATIVE HUMIDITY (PERCENT)
 HIGHEST    84           500 AM
 LOWEST     56           300 PM
 AVERAGE    70

..........................................................


THE FORT WAYNE CLIMATE NORMALS FOR TODAY
                         NORMAL    RECORD    YEAR
 MAXIMUM TEMPERATURE (F)   41        70      1996
 MINIMUM TEMPERATURE (F)   23       -18      1963


SUNRISE AND SUNSET
FEBRUARY 27 2015......SUNRISE   718 AM EST   SUNSET   629 PM EST
FEBRUARY 28 2015......SUNRISE   717 AM EST   SUNSET   630 PM EST


-  INDICATES NEGATIVE NUMBERS.
R  INDICATES RECORD WAS SET OR TIED.
MM INDICATES DATA IS MISSING.
T  INDICATES TRACE AMOUNT.




$$
