000
CDUS43 KIWX 030522
CLIFWA


CLIMATE REPORT
NATIONAL WEATHER SERVICE NORTHERN INDIANA
1221 AM EST SAT DEC 3 2016


...................................

...THE FORT WAYNE CLIMATE SUMMARY FOR DECEMBER 2 2016...

CLIMATE NORMAL PERIOD 1981 TO 2010
CLIMATE RECORD PERIOD 1897 TO 2016


WEATHER ITEM   OBSERVED TIME   RECORD YEAR NORMAL DEPARTURE LAST
                VALUE   (LST)  VALUE       VALUE  FROM      YEAR
                                                  NORMAL
..................................................................
TEMPERATURE (F)
 YESTERDAY
  MAXIMUM         40    317 PM  71    1982  41     -1       39
  MINIMUM         35    841 AM   0    1976  27      8       26
  AVERAGE         38                        34      4       33

PRECIPITATION (IN)
  YESTERDAY        T             1.53 1967   0.09  -0.09     0.01
  MONTH TO DATE    T                         0.19  -0.19     0.06
  SINCE DEC 1      T                         0.19  -0.19     0.06
  SINCE JAN 1     35.06                     35.76  -0.70    42.30

SNOWFALL (IN)
  YESTERDAY        0.0           5.7  1964   0.1   -0.1      0.1
  MONTH TO DATE    T                         0.3   -0.3      0.1
  SINCE DEC 1      T                         0.3   -0.3      0.1
  SINCE JUL 1      0.4                       2.4   -2.0      4.3
  SNOW DEPTH       0

DEGREE DAYS
 HEATING
  YESTERDAY       27                        31     -4       32
  MONTH TO DATE   54                        62     -8       57
  SINCE DEC 1     54                        62     -8       57
  SINCE JUL 1    899                      1279   -380     1026

 COOLING
  YESTERDAY        0                         0      0        0
  MONTH TO DATE    0                         0      0        0
  SINCE DEC 1      0                         0      0        0
  SINCE JAN 1   1104                       809    295      811
..................................................................


WIND (MPH)
  HIGHEST WIND SPEED    18   HIGHEST WIND DIRECTION     W (270)
  HIGHEST GUST SPEED    25   HIGHEST GUST DIRECTION     W (260)
  AVERAGE WIND SPEED    10.7


SKY COVER
  AVERAGE SKY COVER 1.0


WEATHER CONDITIONS
 THE FOLLOWING WEATHER WAS RECORDED YESTERDAY.
  LIGHT RAIN
  FOG


RELATIVE HUMIDITY (PERCENT)
 HIGHEST    92          1000 AM
 LOWEST     70           300 PM
 AVERAGE    81

..........................................................


THE FORT WAYNE CLIMATE NORMALS FOR TODAY
                         NORMAL    RECORD    YEAR
 MAXIMUM TEMPERATURE (F)   41        69      1982
 MINIMUM TEMPERATURE (F)   26        -2      1942


SUNRISE AND SUNSET
DECEMBER  3 2016......SUNRISE   749 AM EST   SUNSET   513 PM EST
DECEMBER  4 2016......SUNRISE   750 AM EST   SUNSET   513 PM EST


-  INDICATES NEGATIVE NUMBERS.
R  INDICATES RECORD WAS SET OR TIED.
MM INDICATES DATA IS MISSING.
T  INDICATES TRACE AMOUNT.




$$
