000
CDUS44 KTSA 240808
CLIFYV

CLIMATE REPORT
NATIONAL WEATHER SERVICE TULSA OK
302 AM CDT FRI OCT 24 2014


...................................

...THE FAYETTEVILLE ARKANSAS CLIMATE SUMMARY FOR OCTOBER 23 2014...

CLIMATE NORMAL PERIOD 1981 TO 2010
CLIMATE RECORD PERIOD 1905 TO 2014


WEATHER ITEM   OBSERVED TIME   RECORD YEAR NORMAL DEPARTURE LAST
                VALUE   (LST)  VALUE       VALUE  FROM      YEAR
                                                  NORMAL
..................................................................
TEMPERATURE (F)
 YESTERDAY
  MAXIMUM         63    334 PM  83    2003  68     -5       64
  MINIMUM         49   1156 PM  22    1952  44      5       33
  AVERAGE         56                        56      0       49

PRECIPITATION (IN)
  YESTERDAY        0.05                      0.14  -0.09     0.00
  MONTH TO DATE    6.98                      3.24   3.74     4.72
  SINCE SEP 1     10.56                      8.06   2.50     8.39
  SINCE JAN 1     33.69                     39.95  -6.26    39.46

SNOWFALL (IN)
  YESTERDAY       MM                                         0.0
  MONTH TO DATE    0.0                                       0.0
  SINCE SEP 1      0.0                                       0.0
  SINCE JUL 1      0.0                                       0.0

DEGREE DAYS
 HEATING
  YESTERDAY        9                        10     -1       16
  MONTH TO DATE  135                       162    -27      186
  SINCE SEP 1    167                       213    -46      198
  SINCE JUL 1    171                       214    -43      198

 COOLING
  YESTERDAY        0                         0      0        0
  MONTH TO DATE   34                        18     16       44
  SINCE SEP 1    191                       176     15      261
  SINCE JAN 1   1226                      1301    -75     1390
..................................................................


WIND (MPH)
  HIGHEST WIND SPEED     8   HIGHEST WIND DIRECTION     S (200)
  HIGHEST GUST SPEED    12   HIGHEST GUST DIRECTION     S (190)
  AVERAGE WIND SPEED     1.4


SKY COVER
  POSSIBLE SUNSHINE  MM
  AVERAGE SKY COVER 0.6


WEATHER CONDITIONS
 THE FOLLOWING WEATHER WAS RECORDED YESTERDAY.
  LIGHT RAIN
  FOG


RELATIVE HUMIDITY (PERCENT)
 HIGHEST   100          1200 AM
 LOWEST     72           900 AM
 AVERAGE    86

..........................................................


THE FAYETTEVILLE ARKANSAS CLIMATE NORMALS FOR TODAY
                         NORMAL    RECORD    YEAR
 MAXIMUM TEMPERATURE (F)   68        82      2003
 MINIMUM TEMPERATURE (F)   43        23      1999


SUNRISE AND SUNSET
OCTOBER 24 2014.......SUNRISE   732 AM CDT   SUNSET   630 PM CDT
OCTOBER 25 2014.......SUNRISE   733 AM CDT   SUNSET   628 PM CDT


-  INDICATES NEGATIVE NUMBERS.
R  INDICATES RECORD WAS SET OR TIED.
MM INDICATES DATA IS MISSING.
T  INDICATES TRACE AMOUNT.




$$
