000
CDUS44 KTSA 171515
CLIFYV

CLIMATE REPORT
NATIONAL WEATHER SERVICE TULSA OK
912 AM CST TUE JAN 17 2017


...................................

...THE FAYETTEVILLE ARKANSAS CLIMATE SUMMARY FOR JANUARY 17 2017...
VALID AS OF 0900 AM LOCAL TIME.

CLIMATE NORMAL PERIOD 1981 TO 2010
CLIMATE RECORD PERIOD 1905 TO 2017


WEATHER ITEM   OBSERVED RECORD YEAR NORMAL DEPARTURE LAST
                VALUE   VALUE       VALUE  FROM      YEAR
                                           NORMAL
...........................................................
TEMPERATURE (F)
 TODAY
  MAXIMUM         39     74    1952  46
  MINIMUM         33     -4    1997  25
  AVERAGE         36

PRECIPITATION (IN)
  TODAY            0.00   0.92 1990   0.10  -0.10      T
  MONTH TO DATE    1.16               1.59  -0.43     0.37
  SINCE DEC 1      2.99               4.83  -1.84    11.32
  SINCE JAN 1      1.16               1.59  -0.43     0.37

SNOWFALL (IN)
  TODAY            0.0                                 T
  MONTH TO DATE    0.5                                 T
  SINCE DEC 1      0.8                                 T
  SINCE JUL 1      0.8                                 T

DEGREE DAYS
 HEATING
  TODAY           29
...........................................................


WIND (MPH)
  RESULTANT WIND SPEED   6   RESULTANT WIND DIRECTION   W (250)
  HIGHEST WIND SPEED    10   HIGHEST WIND DIRECTION     W (270)
  HIGHEST GUST SPEED    12   HIGHEST GUST DIRECTION     W (290)


SKY COVER
  POSSIBLE SUNSHINE  MM
  AVERAGE SKY COVER 0.6


WEATHER CONDITIONS
 THE FOLLOWING WEATHER WAS RECORDED TODAY.
  NO SIGNIFICANT WEATHER WAS OBSERVED.


RELATIVE HUMIDITY (PERCENT)
 HIGHEST   100
 LOWEST     92
 AVERAGE    96

..........................................................


THE FAYETTEVILLE ARKANSAS CLIMATE NORMALS FOR TOMORROW
                         NORMAL    RECORD    YEAR
 MAXIMUM TEMPERATURE (F)   46        70      1951
 MINIMUM TEMPERATURE (F)   25        -5      1984


SUNRISE AND SUNSET
JANUARY 17 2017.......SUNRISE   726 AM CST   SUNSET   528 PM CST
JANUARY 18 2017.......SUNRISE   725 AM CST   SUNSET   529 PM CST


-  INDICATES NEGATIVE NUMBERS.
R  INDICATES RECORD WAS SET OR TIED.
MM INDICATES DATA IS MISSING.
T  INDICATES TRACE AMOUNT.




$$
