000
CDUS44 KTSA 152119
CLIFYV

CLIMATE REPORT
NATIONAL WEATHER SERVICE TULSA OK
418 PM CDT MON SEP 15 2014


...................................

...THE FAYETTEVILLE ARKANSAS CLIMATE SUMMARY FOR SEPTEMBER 15 2014...
VALID TODAY AS OF 0400 PM LOCAL TIME.

CLIMATE NORMAL PERIOD 1981 TO 2010
CLIMATE RECORD PERIOD 1905 TO 2014


WEATHER ITEM   OBSERVED TIME   RECORD YEAR NORMAL DEPARTURE LAST
                VALUE   (LST)  VALUE       VALUE  FROM      YEAR
                                                  NORMAL
..................................................................
TEMPERATURE (F)
 TODAY
  MAXIMUM         78    259 PM  96    1956  81     -3       89
                                      1954
  MINIMUM         62   1210 AM  43    1979  57      5       55
  AVERAGE         70                        69      1       72

PRECIPITATION (IN)
  TODAY            0.09                      0.17  -0.08     0.00
  MONTH TO DATE    2.67                      2.21   0.46     0.39
  SINCE SEP 1      2.67                      2.21   0.46     0.39
  SINCE JAN 1     25.80                     34.10  -8.30    31.46

DEGREE DAYS
 HEATING
  TODAY            0                         1     -1        0
  MONTH TO DATE   17                         5     12        0
  SINCE SEP 1     17                         5     12        0
  SINCE JUL 1     21                         6     15        0

 COOLING
  TODAY            5                         5      0        7
  MONTH TO DATE  109                       106      3      155
  SINCE SEP 1    109                       106      3      155
  SINCE JAN 1   1144                      1231    -87     1284
..................................................................


WIND (MPH)
  HIGHEST WIND SPEED    14   HIGHEST WIND DIRECTION    SW (210)
  HIGHEST GUST SPEED    16   HIGHEST GUST DIRECTION    SW (210)
  AVERAGE WIND SPEED     6.6


SKY COVER
  POSSIBLE SUNSHINE  MM
  AVERAGE SKY COVER 0.5


WEATHER CONDITIONS
 THE FOLLOWING WEATHER WAS RECORDED TODAY.
  RAIN
  LIGHT RAIN
  FOG


RELATIVE HUMIDITY (PERCENT)
 HIGHEST   100           600 AM
 LOWEST     74           200 PM
 AVERAGE    87

..........................................................


THE FAYETTEVILLE ARKANSAS CLIMATE NORMALS FOR TOMORROW
                         NORMAL    RECORD    YEAR
 MAXIMUM TEMPERATURE (F)   80        98      1980
                                             1956
 MINIMUM TEMPERATURE (F)   57        38      1979


SUNRISE AND SUNSET
SEPTEMBER 15 2014.....SUNRISE   659 AM CDT   SUNSET   724 PM CDT
SEPTEMBER 16 2014.....SUNRISE   700 AM CDT   SUNSET   722 PM CDT


-  INDICATES NEGATIVE NUMBERS.
R  INDICATES RECORD WAS SET OR TIED.
MM INDICATES DATA IS MISSING.
T  INDICATES TRACE AMOUNT.




$$
