000
CDUS44 KTSA 261225
CLIFYV

CLIMATE REPORT
NATIONAL WEATHER SERVICE TULSA OK
147 AM CDT SUN MAR 26 2017


...................................

...THE FAYETTEVILLE ARKANSAS CLIMATE SUMMARY FOR MARCH 25 2017...

CLIMATE NORMAL PERIOD 1981 TO 2010
CLIMATE RECORD PERIOD 1905 TO 2017


WEATHER ITEM   OBSERVED TIME   RECORD YEAR NORMAL DEPARTURE LAST
                VALUE   (LST)  VALUE       VALUE  FROM      YEAR
                                                  NORMAL
..................................................................
TEMPERATURE (F)
 YESTERDAY
  MAXIMUM         58    159 AM  78    2015  63     -5       63
                                      2012
                                      2007
  MINIMUM         47   1159 PM  14    1955  39      8       25
  AVERAGE         53                        51      2       44

PRECIPITATION (IN)
  YESTERDAY        0.46                      0.13   0.33     0.00
  MONTH TO DATE    4.79                      3.11   1.68     3.66
  SINCE MAR 1      4.79                      3.11   1.68     3.66
  SINCE JAN 1      8.29                      8.76  -0.47     4.81

SNOWFALL (IN)
  YESTERDAY       MM                                         0.0
  MONTH TO DATE    0.2                                       0.0
  SINCE MAR 1      0.2                                       0.0
  SINCE JUL 1      1.0                                        T

DEGREE DAYS
 HEATING
  YESTERDAY       12                        14     -2       21
  MONTH TO DATE  341                       445   -104      342
  SINCE MAR 1    341                       445   -104      342
  SINCE JUL 1   2912                      3748   -836     3158

 COOLING
  YESTERDAY        0                         0      0        0
  MONTH TO DATE   13                         0     13        1
  SINCE MAR 1     13                         0     13        1
  SINCE JAN 1     18                         0     18        1
..................................................................


WIND (MPH)
  HIGHEST WIND SPEED    18   HIGHEST WIND DIRECTION    SW (210)
  HIGHEST GUST SPEED    25   HIGHEST GUST DIRECTION    SW (210)
  AVERAGE WIND SPEED     6.3


SKY COVER
  POSSIBLE SUNSHINE  MM
  AVERAGE SKY COVER 0.8


WEATHER CONDITIONS
 THE FOLLOWING WEATHER WAS RECORDED YESTERDAY.
  THUNDERSTORM
  HEAVY RAIN
  RAIN
  LIGHT RAIN
  FOG


RELATIVE HUMIDITY (PERCENT)
 HIGHEST   100          1200 AM
 LOWEST     86           200 AM
 AVERAGE    93

..........................................................


THE FAYETTEVILLE ARKANSAS CLIMATE NORMALS FOR TODAY
                         NORMAL    RECORD    YEAR
 MAXIMUM TEMPERATURE (F)   63        80      2012
                                             1991
 MINIMUM TEMPERATURE (F)   39         9      1955


SUNRISE AND SUNSET
MARCH 26 2017.........SUNRISE   711 AM CDT   SUNSET   734 PM CDT
MARCH 27 2017.........SUNRISE   710 AM CDT   SUNSET   735 PM CDT


-  INDICATES NEGATIVE NUMBERS.
R  INDICATES RECORD WAS SET OR TIED.
MM INDICATES DATA IS MISSING.
T  INDICATES TRACE AMOUNT.




$$
