991
CDUS44 KTSA 240846 RRA
CLIFYV

CLIMATE REPORT
NATIONAL WEATHER SERVICE TULSA OK
346 AM CDT SAT JUN 24 2017


...................................

...THE FAYETTEVILLE ARKANSAS CLIMATE SUMMARY FOR JUNE 23 2017...

CLIMATE NORMAL PERIOD 1981 TO 2010
CLIMATE RECORD PERIOD 1905 TO 2017


WEATHER ITEM   OBSERVED TIME   RECORD YEAR NORMAL DEPARTURE LAST
                VALUE   (LST)  VALUE       VALUE  FROM      YEAR
                                                  NORMAL
..................................................................
TEMPERATURE (F)
 YESTERDAY
  MAXIMUM         87   1232 PM  98    1988  86      1       92
  MINIMUM         63   1110 PM  53    2001  64     -1       74
                                      1972
                                      1958
  AVERAGE         75                        75      0       83

PRECIPITATION (IN)
  YESTERDAY        0.03                      0.15  -0.12     0.00
  MONTH TO DATE    4.67                      3.93   0.74     2.42
  SINCE JUN 1      4.67                      3.93   0.74     2.42
  SINCE JAN 1     33.22                     24.14   9.08    16.76

DEGREE DAYS
 COOLING
  YESTERDAY       10                        10      0       18
  MONTH TO DATE  183                       170     13      244
  SINCE JUN 1    183                       170     13      244
  SINCE JAN 1    287                       283      4      311
..................................................................


WIND (MPH)
  HIGHEST WIND SPEED    23   HIGHEST WIND DIRECTION     N (340)
  HIGHEST GUST SPEED    34   HIGHEST GUST DIRECTION     N (340)
  AVERAGE WIND SPEED     4.7


SKY COVER
  POSSIBLE SUNSHINE  MM
  AVERAGE SKY COVER 0.4


WEATHER CONDITIONS
 THE FOLLOWING WEATHER WAS RECORDED YESTERDAY.
  THUNDERSTORM
  LIGHT RAIN
  FOG


RELATIVE HUMIDITY (PERCENT)
 HIGHEST   100          1200 AM
 LOWEST     70          1200 PM
 AVERAGE    85

..........................................................


THE FAYETTEVILLE ARKANSAS CLIMATE NORMALS FOR TODAY
                         NORMAL    RECORD    YEAR
 MAXIMUM TEMPERATURE (F)   86        98      1988
                                             1953
 MINIMUM TEMPERATURE (F)   64        48      1974


SUNRISE AND SUNSET
JUNE 24 2017..........SUNRISE   601 AM CDT   SUNSET   837 PM CDT
JUNE 25 2017..........SUNRISE   601 AM CDT   SUNSET   837 PM CDT


-  INDICATES NEGATIVE NUMBERS.
R  INDICATES RECORD WAS SET OR TIED.
MM INDICATES DATA IS MISSING.
T  INDICATES TRACE AMOUNT.




$$
