000
CDUS43 KUNR 240831
CLIGCC


CLIMATE REPORT
NATIONAL WEATHER SERVICE RAPID CITY SD
130 AM MST SAT FEB 24 2018


...................................

...THE GILLETTE AIRPORT WY CLIMATE SUMMARY FOR FEBRUARY 23 2018...

CLIMATE NORMAL PERIOD 1981 TO 2010
CLIMATE RECORD PERIOD 9999 TO 9999


WEATHER ITEM   OBSERVED TIME   NORMAL DEPARTURE LAST
                VALUE   (LST)  VALUE  FROM      YEAR
                                      NORMAL
......................................................
TEMPERATURE (F)
 YESTERDAY
  MAXIMUM         23    304 PM  40    -17       30
  MINIMUM        -15    113 AM  18    -33       23
  AVERAGE          4            29    -25       27

PRECIPITATION (IN)
  YESTERDAY        0.00          0.01  -0.01     0.03
  MONTH TO DATE    1.10          0.33   0.77     0.27
  SINCE DEC 1      2.50          1.12   1.38     1.66
  SINCE JAN 1      1.79          0.72   1.07     0.81

DEGREE DAYS
 HEATING
  YESTERDAY       61            36     25       38
  MONTH TO DATE 1157           877    280      714
  SINCE DEC 1   3483          3357    126     3168
  SINCE JUL 1   5254          5232     22     4561

 COOLING
  YESTERDAY        0             0      0        0
  MONTH TO DATE    0             0      0        0
  SINCE DEC 1      0             0      0        0
  SINCE JAN 1      0             0      0        0
......................................................


WIND (MPH)
  HIGHEST WIND SPEED    26   HIGHEST WIND DIRECTION     S (170)
  HIGHEST GUST SPEED    30   HIGHEST GUST DIRECTION     S (170)
  AVERAGE WIND SPEED    11.4


SKY COVER
  AVERAGE SKY COVER 0.0


WEATHER CONDITIONS
 THE FOLLOWING WEATHER WAS RECORDED YESTERDAY.
  NO SIGNIFICANT WEATHER WAS OBSERVED.


RELATIVE HUMIDITY (PERCENT)
 HIGHEST    90           200 AM
 LOWEST     49          1200 PM
 AVERAGE    70

..........................................................




SUNRISE AND SUNSET
FEBRUARY 24 2018......SUNRISE   648 AM MST   SUNSET   544 PM MST
FEBRUARY 25 2018......SUNRISE   646 AM MST   SUNSET   545 PM MST


-  INDICATES NEGATIVE NUMBERS.
R  INDICATES RECORD WAS SET OR TIED.
MM INDICATES DATA IS MISSING.
T  INDICATES TRACE AMOUNT.




$$
