000
CDUS43 KUNR 230833
CLIGCC


CLIMATE REPORT
NATIONAL WEATHER SERVICE RAPID CITY SD
232 AM MDT WED APR 23 2014


...................................

...THE GILLETTE AIRPORT WY CLIMATE SUMMARY FOR APRIL 22 2014...

CLIMATE NORMAL PERIOD 1981 TO 2010
CLIMATE RECORD PERIOD 9999 TO 9999


WEATHER ITEM   OBSERVED TIME   NORMAL DEPARTURE LAST
                VALUE   (LST)  VALUE  FROM      YEAR
                                      NORMAL
......................................................
TEMPERATURE (F)
 YESTERDAY
  MAXIMUM         74    245 PM  58     16       26
  MINIMUM         42    313 AM  32     10        9
  AVERAGE         58            45     13       18

PRECIPITATION (IN)
  YESTERDAY        0.04          0.05  -0.01     0.14
  MONTH TO DATE    0.37          0.90  -0.53     1.51
  SINCE MAR 1      1.46          1.86  -0.40     1.79
  SINCE JAN 1      2.74          2.64   0.10     2.92

DEGREE DAYS
 HEATING
  YESTERDAY        7            20    -13       47
  MONTH TO DATE  478           519    -41      698
  SINCE MAR 1   1442          1458    -16     1662
  SINCE JUL 1   7087          6866    221     6785

 COOLING
  YESTERDAY        0             0      0        0
  MONTH TO DATE    0             0      0        0
  SINCE MAR 1      0             0      0        0
  SINCE JAN 1      0             0      0        0
......................................................


WIND (MPH)
  HIGHEST WIND SPEED    32   HIGHEST WIND DIRECTION    SW (210)
  HIGHEST GUST SPEED    47   HIGHEST GUST DIRECTION    SW (210)
  AVERAGE WIND SPEED    12.0


SKY COVER
  AVERAGE SKY COVER 0.2


WEATHER CONDITIONS
 THE FOLLOWING WEATHER WAS RECORDED YESTERDAY.
  HEAVY RAIN


RELATIVE HUMIDITY (PERCENT)
 HIGHEST    66           700 PM
 LOWEST     29           300 PM
 AVERAGE    48

..........................................................




SUNRISE AND SUNSET
APRIL 23 2014.........SUNRISE   605 AM MDT   SUNSET   757 PM MDT
APRIL 24 2014.........SUNRISE   603 AM MDT   SUNSET   758 PM MDT


-  INDICATES NEGATIVE NUMBERS.
R  INDICATES RECORD WAS SET OR TIED.
MM INDICATES DATA IS MISSING.
T  INDICATES TRACE AMOUNT.




$$
