000
CDUS43 KUNR 300832
CLIGCC


CLIMATE REPORT
NATIONAL WEATHER SERVICE RAPID CITY SD
231 AM MDT SAT AUG 30 2014


...................................

...THE GILLETTE AIRPORT WY CLIMATE SUMMARY FOR AUGUST 29 2014...

CLIMATE NORMAL PERIOD 1981 TO 2010
CLIMATE RECORD PERIOD 9999 TO 9999


WEATHER ITEM   OBSERVED TIME   NORMAL DEPARTURE LAST
                VALUE   (LST)  VALUE  FROM      YEAR
                                      NORMAL
......................................................
TEMPERATURE (F)
 YESTERDAY
  MAXIMUM         76    432 PM  83     -7       91
  MINIMUM         55    934 PM  50      5       64
  AVERAGE         66            66      0       78

PRECIPITATION (IN)
  YESTERDAY        T             0.03  -0.03     0.00
  MONTH TO DATE    1.95          0.89   1.06     0.99
  SINCE JUN 1      5.46          4.76   0.70     6.39
  SINCE JAN 1     15.06         10.42   4.64    13.43

DEGREE DAYS
 HEATING
  YESTERDAY        0             3     -3        0
  MONTH TO DATE   29            33     -4        0
  SINCE JUN 1    234           194     40      117
  SINCE JUL 1     42            52    -10        0

 COOLING
  YESTERDAY        1             4     -3       13
  MONTH TO DATE  148           172    -24      235
  SINCE JUN 1    342           446   -104      499
  SINCE JAN 1    350           454   -104      507
......................................................


WIND (MPH)
  HIGHEST WIND SPEED    23   HIGHEST WIND DIRECTION     N (360)
  HIGHEST GUST SPEED    28   HIGHEST GUST DIRECTION    NW (300)
  AVERAGE WIND SPEED     9.3


SKY COVER
  AVERAGE SKY COVER 0.3


WEATHER CONDITIONS
 THE FOLLOWING WEATHER WAS RECORDED YESTERDAY.
  LIGHT RAIN


RELATIVE HUMIDITY (PERCENT)
 HIGHEST    86           900 PM
 LOWEST     36           500 PM
 AVERAGE    61

..........................................................




SUNRISE AND SUNSET
AUGUST 30 2014........SUNRISE   623 AM MDT   SUNSET   742 PM MDT
AUGUST 31 2014........SUNRISE   624 AM MDT   SUNSET   740 PM MDT


-  INDICATES NEGATIVE NUMBERS.
R  INDICATES RECORD WAS SET OR TIED.
MM INDICATES DATA IS MISSING.
T  INDICATES TRACE AMOUNT.




$$
