000
CDUS43 KUNR 020837
CLIGCC


CLIMATE REPORT
NATIONAL WEATHER SERVICE RAPID CITY SD
134 AM MST MON MAR 2 2015


...................................

...THE GILLETTE AIRPORT WY CLIMATE SUMMARY FOR MARCH 1 2015...

CLIMATE NORMAL PERIOD 1981 TO 2010
CLIMATE RECORD PERIOD 9999 TO 9999


WEATHER ITEM   OBSERVED TIME   NORMAL DEPARTURE LAST
                VALUE   (LST)  VALUE  FROM      YEAR
                                      NORMAL
......................................................
TEMPERATURE (F)
 YESTERDAY
  MAXIMUM         27    503 PM  42    -15       -2
  MINIMUM          4   1245 AM  19    -15      -18
  AVERAGE         16            31    -15      -10

PRECIPITATION (IN)
  YESTERDAY        0.00          0.02  -0.02     0.16
  MONTH TO DATE    0.00          0.02  -0.02     0.16
  SINCE MAR 1      0.00          0.02  -0.02     0.16
  SINCE JAN 1      0.85          0.80   0.05     1.44

DEGREE DAYS
 HEATING
  YESTERDAY       49            34     15       75
  MONTH TO DATE   49            34     15       75
  SINCE MAR 1     49            34     15       75
  SINCE JUL 1   5139          5442   -303     5720

 COOLING
  YESTERDAY        0             0      0        0
  MONTH TO DATE    0             0      0        0
  SINCE MAR 1      0             0      0        0
  SINCE JAN 1      0             0      0        0
......................................................


WIND (MPH)
  HIGHEST WIND SPEED    20   HIGHEST WIND DIRECTION    NW (320)
  HIGHEST GUST SPEED    24   HIGHEST GUST DIRECTION    NW (310)
  AVERAGE WIND SPEED     8.9


SKY COVER
  AVERAGE SKY COVER 0.1


WEATHER CONDITIONS
 THE FOLLOWING WEATHER WAS RECORDED YESTERDAY.
  NO SIGNIFICANT WEATHER WAS OBSERVED.


RELATIVE HUMIDITY (PERCENT)
 HIGHEST    88           100 AM
 LOWEST     37           300 PM
 AVERAGE    63

..........................................................




SUNRISE AND SUNSET
MARCH  2 2015.........SUNRISE   638 AM MST   SUNSET   551 PM MST
MARCH  3 2015.........SUNRISE   636 AM MST   SUNSET   553 PM MST


-  INDICATES NEGATIVE NUMBERS.
R  INDICATES RECORD WAS SET OR TIED.
MM INDICATES DATA IS MISSING.
T  INDICATES TRACE AMOUNT.




$$
