000
CDUS43 KUNR 220850
CLIGCC


CLIMATE REPORT
NATIONAL WEATHER SERVICE RAPID CITY SD
246 AM MDT FRI MAY 22 2015


...................................

...THE GILLETTE AIRPORT WY CLIMATE SUMMARY FOR MAY 21 2015...

CLIMATE NORMAL PERIOD 1981 TO 2010
CLIMATE RECORD PERIOD 9999 TO 9999


WEATHER ITEM   OBSERVED TIME   NORMAL DEPARTURE LAST
                VALUE   (LST)  VALUE  FROM      YEAR
                                      NORMAL
......................................................
TEMPERATURE (F)
 YESTERDAY
  MAXIMUM         59    343 PM  67     -8       63
  MINIMUM         31    246 AM  41    -10       42
  AVERAGE         45            54     -9       53

PRECIPITATION (IN)
  YESTERDAY        0.00          0.09  -0.09     0.06
  MONTH TO DATE    3.00          1.60   1.40     1.04
  SINCE MAR 1      4.65          4.03   0.62     2.93
  SINCE JAN 1      5.50          4.81   0.69     4.21

DEGREE DAYS
 HEATING
  YESTERDAY       20            11      9       12
  MONTH TO DATE  372           290     82      363
  SINCE MAR 1   1681          1898   -217     1968
  SINCE JUL 1   6771          7306   -535     7613

 COOLING
  YESTERDAY        0             0      0        0
  MONTH TO DATE    0             0      0        0
  SINCE MAR 1      0             0      0        0
  SINCE JAN 1      0             0      0        0
......................................................


WIND (MPH)
  HIGHEST WIND SPEED    24   HIGHEST WIND DIRECTION     S (170)
  HIGHEST GUST SPEED    30   HIGHEST GUST DIRECTION    SE (150)
  AVERAGE WIND SPEED    14.7


SKY COVER
  AVERAGE SKY COVER 0.2


WEATHER CONDITIONS
 THE FOLLOWING WEATHER WAS RECORDED YESTERDAY.
  NO SIGNIFICANT WEATHER WAS OBSERVED.


RELATIVE HUMIDITY (PERCENT)
 HIGHEST    92          1200 AM
 LOWEST     54          1200 PM
 AVERAGE    73

..........................................................




SUNRISE AND SUNSET
MAY 22 2015...........SUNRISE   528 AM MDT   SUNSET   830 PM MDT
MAY 23 2015...........SUNRISE   527 AM MDT   SUNSET   831 PM MDT


-  INDICATES NEGATIVE NUMBERS.
R  INDICATES RECORD WAS SET OR TIED.
MM INDICATES DATA IS MISSING.
T  INDICATES TRACE AMOUNT.




$$
