000
CDUS43 KUNR 280833
CLIGCC


CLIMATE REPORT
NATIONAL WEATHER SERVICE RAPID CITY SD
232 AM MDT WED JUN 28 2017


...................................

...THE GILLETTE AIRPORT WY CLIMATE SUMMARY FOR JUNE 27 2017...

CLIMATE NORMAL PERIOD 1981 TO 2010
CLIMATE RECORD PERIOD 9999 TO 9999


WEATHER ITEM   OBSERVED TIME   NORMAL DEPARTURE LAST
                VALUE   (LST)  VALUE  FROM      YEAR
                                      NORMAL
......................................................
TEMPERATURE (F)
 YESTERDAY
  MAXIMUM         87    105 PM  82      5       87
  MINIMUM         53   1153 PM  51      2       45
  AVERAGE         70            67      3       66

PRECIPITATION (IN)
  YESTERDAY        0.58          0.06   0.52     0.00
  MONTH TO DATE    1.64          2.04  -0.40     0.44
  SINCE JUN 1      1.64          2.04  -0.40     0.44
  SINCE JAN 1      8.83          7.70   1.13     6.28

DEGREE DAYS
 HEATING
  YESTERDAY        0             2     -2        0
  MONTH TO DATE   81           136    -55       34
  SINCE JUN 1     81           136    -55       34
  SINCE JUL 1   6563          7538   -975     6577

 COOLING
  YESTERDAY        5             4      1        1
  MONTH TO DATE   53            48      5      145
  SINCE JUN 1     53            48      5      145
  SINCE JAN 1     57            56      1      145
......................................................


WIND (MPH)
  HIGHEST WIND SPEED    46   HIGHEST WIND DIRECTION     W (290)
  HIGHEST GUST SPEED    57   HIGHEST GUST DIRECTION     W (290)
  AVERAGE WIND SPEED    12.0


SKY COVER
  AVERAGE SKY COVER 0.2


WEATHER CONDITIONS
 THE FOLLOWING WEATHER WAS RECORDED YESTERDAY.
  THUNDERSTORM
  HEAVY RAIN
  LIGHT RAIN
  FOG
  HAZE


RELATIVE HUMIDITY (PERCENT)
 HIGHEST    93          1100 PM
 LOWEST     23           100 PM
 AVERAGE    58

..........................................................




SUNRISE AND SUNSET
JUNE 28 2017..........SUNRISE   520 AM MDT   SUNSET   850 PM MDT
JUNE 29 2017..........SUNRISE   521 AM MDT   SUNSET   850 PM MDT


-  INDICATES NEGATIVE NUMBERS.
R  INDICATES RECORD WAS SET OR TIED.
MM INDICATES DATA IS MISSING.
T  INDICATES TRACE AMOUNT.




$$
