000
CDUS43 KUNR 120843
CLIGCC


CLIMATE REPORT
NATIONAL WEATHER SERVICE RAPID CITY SD
143 AM MST TUE DEC 12 2017


...................................

...THE GILLETTE AIRPORT WY CLIMATE SUMMARY FOR DECEMBER 11 2017...

CLIMATE NORMAL PERIOD 1981 TO 2010
CLIMATE RECORD PERIOD 9999 TO 9999


WEATHER ITEM   OBSERVED TIME   NORMAL DEPARTURE LAST
                VALUE   (LST)  VALUE  FROM      YEAR
                                      NORMAL
......................................................
TEMPERATURE (F)
 YESTERDAY
  MAXIMUM         48    112 PM  34     14       28
  MINIMUM         26    652 PM  13     13       -2
  AVERAGE         37            24     13       13

PRECIPITATION (IN)
  YESTERDAY        0.00          0.01  -0.01     0.00
  MONTH TO DATE    0.18          0.18   0.00     0.23
  SINCE DEC 1      0.18          0.18   0.00     0.23
  SINCE JAN 1     13.52         13.67  -0.15    13.62

DEGREE DAYS
 HEATING
  YESTERDAY       28            41    -13       52
  MONTH TO DATE  344           443    -99      558
  SINCE DEC 1    344           443    -99      558
  SINCE JUL 1   2115          2318   -203     1951

 COOLING
  YESTERDAY        0             0      0        0
  MONTH TO DATE    0             0      0        0
  SINCE DEC 1      0             0      0        0
  SINCE JAN 1    617           502    115      569
......................................................


WIND (MPH)
  HIGHEST WIND SPEED    28   HIGHEST WIND DIRECTION    NW (330)
  HIGHEST GUST SPEED    32   HIGHEST GUST DIRECTION     N (340)
  AVERAGE WIND SPEED    12.4


SKY COVER
  AVERAGE SKY COVER 0.0


WEATHER CONDITIONS
 THE FOLLOWING WEATHER WAS RECORDED YESTERDAY.
  NO SIGNIFICANT WEATHER WAS OBSERVED.


RELATIVE HUMIDITY (PERCENT)
 HIGHEST    58           700 AM
 LOWEST     26           100 PM
 AVERAGE    42

..........................................................




SUNRISE AND SUNSET
DECEMBER 12 2017......SUNRISE   729 AM MST   SUNSET   423 PM MST
DECEMBER 13 2017......SUNRISE   730 AM MST   SUNSET   423 PM MST


-  INDICATES NEGATIVE NUMBERS.
R  INDICATES RECORD WAS SET OR TIED.
MM INDICATES DATA IS MISSING.
T  INDICATES TRACE AMOUNT.




$$
