000
CDUS43 KUNR 220833
CLIGCC


CLIMATE REPORT
NATIONAL WEATHER SERVICE RAPID CITY SD
233 AM MDT TUE AUG 22 2017


...................................

...THE GILLETTE AIRPORT WY CLIMATE SUMMARY FOR AUGUST 21 2017...

CLIMATE NORMAL PERIOD 1981 TO 2010
CLIMATE RECORD PERIOD 9999 TO 9999


WEATHER ITEM   OBSERVED TIME   NORMAL DEPARTURE LAST
                VALUE   (LST)  VALUE  FROM      YEAR
                                      NORMAL
......................................................
TEMPERATURE (F)
 YESTERDAY
  MAXIMUM         79    405 PM  85     -6       90
  MINIMUM         47   1042 PM  52     -5       50
  AVERAGE         63            69     -6       70

PRECIPITATION (IN)
  YESTERDAY        0.00          0.03  -0.03     0.00
  MONTH TO DATE    0.34          0.70  -0.36     1.55
  SINCE JUN 1      2.88          4.57  -1.69     3.31
  SINCE JAN 1     10.07         10.23  -0.16     9.15

DEGREE DAYS
 HEATING
  YESTERDAY        2             1      1        0
  MONTH TO DATE   35            18     17       27
  SINCE JUN 1    125           179    -54       68
  SINCE JUL 1     35            37     -2       34

 COOLING
  YESTERDAY        0             5     -5        5
  MONTH TO DATE   64           138    -74      113
  SINCE JUN 1    476           412     64      507
  SINCE JAN 1    480           420     60      507
......................................................


WIND (MPH)
  HIGHEST WIND SPEED    18   HIGHEST WIND DIRECTION    NE (30)
  HIGHEST GUST SPEED    24   HIGHEST GUST DIRECTION    NE (40)
  AVERAGE WIND SPEED     7.4


SKY COVER
  AVERAGE SKY COVER 0.0


WEATHER CONDITIONS
 THE FOLLOWING WEATHER WAS RECORDED YESTERDAY.
  NO SIGNIFICANT WEATHER WAS OBSERVED.


RELATIVE HUMIDITY (PERCENT)
 HIGHEST    66           100 AM
 LOWEST     17           200 PM
 AVERAGE    42

..........................................................




SUNRISE AND SUNSET
AUGUST 22 2017........SUNRISE   614 AM MDT   SUNSET   755 PM MDT
AUGUST 23 2017........SUNRISE   615 AM MDT   SUNSET   754 PM MDT


-  INDICATES NEGATIVE NUMBERS.
R  INDICATES RECORD WAS SET OR TIED.
MM INDICATES DATA IS MISSING.
T  INDICATES TRACE AMOUNT.




$$
