000
CDUS43 KUNR 300838
CLIGCC


CLIMATE REPORT
NATIONAL WEATHER SERVICE RAPID CITY SD
235 AM MDT MON MAR 30 2015


...................................

...THE GILLETTE AIRPORT WY CLIMATE SUMMARY FOR MARCH 29 2015...

CLIMATE NORMAL PERIOD 1981 TO 2010
CLIMATE RECORD PERIOD 9999 TO 9999


WEATHER ITEM   OBSERVED TIME   NORMAL DEPARTURE LAST
                VALUE   (LST)  VALUE  FROM      YEAR
                                      NORMAL
......................................................
TEMPERATURE (F)
 YESTERDAY
  MAXIMUM         62    339 PM  51     11       64
  MINIMUM         33    610 AM  25      8       30
  AVERAGE         48            38     10       47

PRECIPITATION (IN)
  YESTERDAY        0.00          0.04  -0.04     0.00
  MONTH TO DATE    0.45          0.89  -0.44     0.88
  SINCE MAR 1      0.45          0.89  -0.44     0.88
  SINCE JAN 1      1.30          1.67  -0.37     2.16

DEGREE DAYS
 HEATING
  YESTERDAY       17            27    -10       18
  MONTH TO DATE  675           884   -209      898
  SINCE MAR 1    675           884   -209      898
  SINCE JUL 1   5765          6292   -527     6543

 COOLING
  YESTERDAY        0             0      0        0
  MONTH TO DATE    0             0      0        0
  SINCE MAR 1      0             0      0        0
  SINCE JAN 1      0             0      0        0
......................................................


WIND (MPH)
  HIGHEST WIND SPEED    46   HIGHEST WIND DIRECTION    NW (320)
  HIGHEST GUST SPEED    61   HIGHEST GUST DIRECTION    NW (330)
  AVERAGE WIND SPEED    11.5


SKY COVER
  AVERAGE SKY COVER 0.1


WEATHER CONDITIONS
 THE FOLLOWING WEATHER WAS RECORDED YESTERDAY.
  NO SIGNIFICANT WEATHER WAS OBSERVED.


RELATIVE HUMIDITY (PERCENT)
 HIGHEST    75           500 AM
 LOWEST     22           400 PM
 AVERAGE    49

..........................................................




SUNRISE AND SUNSET
MARCH 30 2015.........SUNRISE   647 AM MDT   SUNSET   727 PM MDT
MARCH 31 2015.........SUNRISE   645 AM MDT   SUNSET   728 PM MDT


-  INDICATES NEGATIVE NUMBERS.
R  INDICATES RECORD WAS SET OR TIED.
MM INDICATES DATA IS MISSING.
T  INDICATES TRACE AMOUNT.




$$
