000
CDUS43 KDDC 311011
CLIGCK


CLIMATE REPORT
NATIONAL WEATHER SERVICE DODGE CITY KS
510 AM CDT FRI JUL 31 2015


...................................

...THE GARDEN CITY REGIONAL ARPT KS CLIMATE SUMMARY FOR JULY 30 2015...

CLIMATE NORMAL PERIOD 1981 TO 2010
CLIMATE RECORD PERIOD 1948 TO 2015


WEATHER ITEM   OBSERVED TIME   RECORD YEAR NORMAL DEPARTURE LAST
                VALUE   (LST)  VALUE       VALUE  FROM      YEAR
                                                  NORMAL
..................................................................
TEMPERATURE (F)
 YESTERDAY
  MAXIMUM         84    319 PM 105    1980  92     -8       71
  MINIMUM         66    630 AM  49    1971  65      1       59
  AVERAGE         75                        78     -3       65

PRECIPITATION (IN)
  YESTERDAY        0.00          1.89 2014   0.09  -0.09     1.89
  MONTH TO DATE    6.53                      2.69   3.84     3.56
  SINCE JUN 1      9.08                      6.17   2.91    14.44
  SINCE JAN 1     17.90                     13.11   4.79    15.80

DEGREE DAYS
 HEATING
  YESTERDAY        0                         0      0
  MONTH TO DATE    0                         0      0
  SINCE JUN 1      0                        16    -16
  SINCE JUL 1      0                         0      0

 COOLING
  YESTERDAY       10                        13     -3
  MONTH TO DATE  398                       398      0
  SINCE JUN 1    744                       650     94
  SINCE JAN 1    774                       739     35
..................................................................


WIND (MPH)
  HIGHEST WIND SPEED    13   HIGHEST WIND DIRECTION    SE (120)
  HIGHEST GUST SPEED    16   HIGHEST GUST DIRECTION    SE (130)
  AVERAGE WIND SPEED     4.7



WEATHER CONDITIONS
 THE FOLLOWING WEATHER WAS RECORDED YESTERDAY.
  FOG
  HAZE


RELATIVE HUMIDITY (PERCENT)
 HIGHEST   100           700 AM
 LOWEST     58           200 PM
 AVERAGE    79

..........................................................


THE GARDEN CITY REGIONAL ARPT KS CLIMATE NORMALS FOR TODAY
                         NORMAL    RECORD    YEAR
 MAXIMUM TEMPERATURE (F)   91       104      1991
 MINIMUM TEMPERATURE (F)   65        54      1971


SUNRISE AND SUNSET
JULY 31 2015..........SUNRISE   645 AM CDT   SUNSET   853 PM CDT
AUGUST  1 2015........SUNRISE   646 AM CDT   SUNSET   852 PM CDT


-  INDICATES NEGATIVE NUMBERS.
R  INDICATES RECORD WAS SET OR TIED.
MM INDICATES DATA IS MISSING.
T  INDICATES TRACE AMOUNT.




$$
