000
CDUS43 KDDC 192328
CLIGCK


CLIMATE REPORT
NATIONAL WEATHER SERVICE DODGE CITY KS
626 PM CDT FRI SEP 19 2014


...................................

...THE GARDEN CITY REGIONAL ARPT KS CLIMATE SUMMARY FOR SEPTEMBER 19 2014...
VALID TODAY AS OF 0500 PM LOCAL TIME.

CLIMATE NORMAL PERIOD 1981 TO 2010
CLIMATE RECORD PERIOD 1948 TO 2014


WEATHER ITEM   OBSERVED TIME   RECORD YEAR NORMAL DEPARTURE LAST
                VALUE   (LST)  VALUE       VALUE  FROM      YEAR
                                                  NORMAL
..................................................................
TEMPERATURE (F)
 TODAY
  MAXIMUM         88    324 PM 101    1980  81      7       81
  MINIMUM         57    629 AM  34    1971  53      4       60
  AVERAGE         73                        67      6       71

PRECIPITATION (IN)
  TODAY            0.00          1.81 1965   0.05  -0.05     0.04
  MONTH TO DATE    1.47                      0.98   0.49     1.22
  SINCE SEP 1      1.47                      0.98   0.49     1.22
  SINCE JAN 1     19.12                     16.63   2.49    11.39

DEGREE DAYS
 HEATING
  TODAY            0                         3     -3        0
  MONTH TO DATE   56                        23     33        4
  SINCE SEP 1     56                        23     33        4
  SINCE JUL 1     66                        27     39        4

 COOLING
  TODAY            8                         4      4        6
  MONTH TO DATE  112                       128    -16      197
  SINCE SEP 1    112                       128    -16      197
  SINCE JAN 1   1272                      1244     28     1539
..................................................................


WIND (MPH)
  HIGHEST WIND SPEED    26   HIGHEST WIND DIRECTION     S (180)
  HIGHEST GUST SPEED    33   HIGHEST GUST DIRECTION     S (180)
  AVERAGE WIND SPEED    13.8



WEATHER CONDITIONS
 THE FOLLOWING WEATHER WAS RECORDED TODAY.
  NO SIGNIFICANT WEATHER WAS OBSERVED.


RELATIVE HUMIDITY (PERCENT)
 HIGHEST   100           600 AM
 LOWEST     35           500 PM
 AVERAGE    68

..........................................................


THE GARDEN CITY REGIONAL ARPT KS CLIMATE NORMALS FOR TOMORROW
                         NORMAL    RECORD    YEAR
 MAXIMUM TEMPERATURE (F)   80        98      1977
 MINIMUM TEMPERATURE (F)   52        32      1983


SUNRISE AND SUNSET
SEPTEMBER 19 2014.....SUNRISE   728 AM CDT   SUNSET   744 PM CDT
SEPTEMBER 20 2014.....SUNRISE   729 AM CDT   SUNSET   743 PM CDT


-  INDICATES NEGATIVE NUMBERS.
R  INDICATES RECORD WAS SET OR TIED.
MM INDICATES DATA IS MISSING.
T  INDICATES TRACE AMOUNT.




$$
