000
CDUS43 KDDC 011007
CLIGCK


CLIMATE REPORT
NATIONAL WEATHER SERVICE DODGE CITY KS
506 AM CDT FRI AUG 1 2014


...................................

...THE GARDEN CITY REGIONAL ARPT KS CLIMATE SUMMARY FOR JULY 31 2014...

CLIMATE NORMAL PERIOD 1981 TO 2010
CLIMATE RECORD PERIOD 1948 TO 2014


WEATHER ITEM   OBSERVED TIME   RECORD YEAR NORMAL DEPARTURE LAST
                VALUE   (LST)  VALUE       VALUE  FROM      YEAR
                                                  NORMAL
..................................................................
TEMPERATURE (F)
 YESTERDAY
  MAXIMUM         82    514 PM 104    1991  91     -9       94
  MINIMUM         56    239 AM  54    1971  65     -9       65
  AVERAGE         69                        78     -9       80

PRECIPITATION (IN)
  YESTERDAY        0.00          0.82 1975   0.09  -0.09     0.47
  MONTH TO DATE    3.56                      2.78   0.78     1.53
  SINCE JUN 1     14.44                      6.26   8.18     3.67
  SINCE JAN 1     15.80                     13.20   2.60     5.24

DEGREE DAYS
 HEATING
  YESTERDAY        0                         0      0
  MONTH TO DATE   10                         0     10
  SINCE JUN 1     21                        17      4
  SINCE JUL 1     10                         1      9

 COOLING
  YESTERDAY        4                        13     -9
  MONTH TO DATE  342                       410    -68
  SINCE JUN 1    616                       662    -46
  SINCE JAN 1    759                       751      8
..................................................................


WIND (MPH)
  HIGHEST WIND SPEED    12   HIGHEST WIND DIRECTION     N (360)
  HIGHEST GUST SPEED    15   HIGHEST GUST DIRECTION     N (10)
  AVERAGE WIND SPEED     5.4



WEATHER CONDITIONS
 THE FOLLOWING WEATHER WAS RECORDED YESTERDAY.
  NO SIGNIFICANT WEATHER WAS OBSERVED.


RELATIVE HUMIDITY (PERCENT)
 HIGHEST    93          1200 AM
 LOWEST     35           400 PM
 AVERAGE    64

..........................................................


THE GARDEN CITY REGIONAL ARPT KS CLIMATE NORMALS FOR TODAY
                         NORMAL    RECORD    YEAR
 MAXIMUM TEMPERATURE (F)   91       107      1980
 MINIMUM TEMPERATURE (F)   65        54      1977


SUNRISE AND SUNSET
AUGUST  1 2014........SUNRISE   646 AM CDT   SUNSET   852 PM CDT
AUGUST  2 2014........SUNRISE   647 AM CDT   SUNSET   851 PM CDT


-  INDICATES NEGATIVE NUMBERS.
R  INDICATES RECORD WAS SET OR TIED.
MM INDICATES DATA IS MISSING.
T  INDICATES TRACE AMOUNT.




$$
