000
CDUS43 KDDC 050716
CLIGCK


CLIMATE REPORT
NATIONAL WEATHER SERVICE DODGE CITY KS
213 AM CDT THU MAY 5 2016


...................................

...THE GARDEN CITY REGIONAL ARPT KS CLIMATE SUMMARY FOR MAY 4 2016...

CLIMATE NORMAL PERIOD 1981 TO 2010
CLIMATE RECORD PERIOD 1948 TO 2016


WEATHER ITEM   OBSERVED TIME   RECORD YEAR NORMAL DEPARTURE LAST
                VALUE   (LST)  VALUE       VALUE  FROM      YEAR
                                                  NORMAL
..................................................................
TEMPERATURE (F)
 YESTERDAY
  MAXIMUM         78    339 PM  97    2014  73      5       81
  MINIMUM         40    540 AM  27    2013  46     -6       55
  AVERAGE         59                        59      0       68

PRECIPITATION (IN)
  YESTERDAY        0.00          0.63 1961   0.08  -0.08     0.52
  MONTH TO DATE    0.00                      0.30  -0.30     0.56
  SINCE MAR 1      4.54                      3.48   1.06     1.24
  SINCE JAN 1      4.76                      4.36   0.40     2.01

DEGREE DAYS
 HEATING
  YESTERDAY        6                         7     -1
  MONTH TO DATE   57                        29     28
  SINCE MAR 1    906                      1067   -161
  SINCE JUL 1   4319                      5091   -772

 COOLING
  YESTERDAY        0                         1     -1
  MONTH TO DATE    0                         4     -4
  SINCE MAR 1      5                        16    -11
  SINCE JAN 1      6                        16    -10
..................................................................


WIND (MPH)
  HIGHEST WIND SPEED    17   HIGHEST WIND DIRECTION     N (10)
  HIGHEST GUST SPEED    25   HIGHEST GUST DIRECTION     N (360)
  AVERAGE WIND SPEED     9.9



WEATHER CONDITIONS
 THE FOLLOWING WEATHER WAS RECORDED YESTERDAY.
  NO SIGNIFICANT WEATHER WAS OBSERVED.


RELATIVE HUMIDITY (PERCENT)
 HIGHEST    89          1200 AM
 LOWEST     27           200 PM
 AVERAGE    58

..........................................................


THE GARDEN CITY REGIONAL ARPT KS CLIMATE NORMALS FOR TODAY
                         NORMAL    RECORD    YEAR
 MAXIMUM TEMPERATURE (F)   73        95      2012
 MINIMUM TEMPERATURE (F)   46        28      2013


SUNRISE AND SUNSET
MAY  5 2016...........SUNRISE   642 AM CDT   SUNSET   838 PM CDT
MAY  6 2016...........SUNRISE   641 AM CDT   SUNSET   839 PM CDT


-  INDICATES NEGATIVE NUMBERS.
R  INDICATES RECORD WAS SET OR TIED.
MM INDICATES DATA IS MISSING.
T  INDICATES TRACE AMOUNT.




$$
