000
CDUS43 KDDC 250706
CLIGCK


CLIMATE REPORT
NATIONAL WEATHER SERVICE DODGE CITY KS
205 AM CDT MON SEP 25 2017


...................................

...THE GARDEN CITY REGIONAL ARPT KS CLIMATE SUMMARY FOR SEPTEMBER 24 2017...

CLIMATE NORMAL PERIOD 1981 TO 2010
CLIMATE RECORD PERIOD 1948 TO 2017


WEATHER ITEM   OBSERVED TIME   RECORD YEAR NORMAL DEPARTURE LAST
                VALUE   (LST)  VALUE       VALUE  FROM      YEAR
                                                  NORMAL
..................................................................
TEMPERATURE (F)
 YESTERDAY
  MAXIMUM         77    430 PM  96    1966  79     -2       80
  MINIMUM         60    611 AM  33    1989  51      9       57
  AVERAGE         69                        64      5       69

PRECIPITATION (IN)
  YESTERDAY        1.22R         1.08 1973   0.04   1.18     0.00
  MONTH TO DATE    2.60                      1.21   1.39     0.19
  SINCE SEP 1      2.60                      1.21   1.39     0.19
  SINCE JAN 1     17.42                     16.86   0.56    20.02

DEGREE DAYS
 HEATING
  YESTERDAY        0                         4     -4
  MONTH TO DATE   12                        40    -28
  SINCE SEP 1     12                        40    -28
  SINCE JUL 1     12                        44    -32

 COOLING
  YESTERDAY        4                         3      1
  MONTH TO DATE  199                       147     52
  SINCE SEP 1    199                       147     52
  SINCE JAN 1   1346                      1263     83
..................................................................


WIND (MPH)
  HIGHEST WIND SPEED    25   HIGHEST WIND DIRECTION    SW (220)
  HIGHEST GUST SPEED    31   HIGHEST GUST DIRECTION    SW (220)
  AVERAGE WIND SPEED    10.3



WEATHER CONDITIONS
 THE FOLLOWING WEATHER WAS RECORDED YESTERDAY.
  THUNDERSTORM
  HEAVY RAIN
  RAIN
  LIGHT RAIN
  FOG


RELATIVE HUMIDITY (PERCENT)
 HIGHEST    97           500 AM
 LOWEST     73           400 PM
 AVERAGE    85

..........................................................


THE GARDEN CITY REGIONAL ARPT KS CLIMATE NORMALS FOR TODAY
                         NORMAL    RECORD    YEAR
 MAXIMUM TEMPERATURE (F)   78        96      1990
 MINIMUM TEMPERATURE (F)   50        32      1961


SUNRISE AND SUNSET
SEPTEMBER 25 2017.....SUNRISE   733 AM CDT   SUNSET   735 PM CDT
SEPTEMBER 26 2017.....SUNRISE   734 AM CDT   SUNSET   733 PM CDT


-  INDICATES NEGATIVE NUMBERS.
R  INDICATES RECORD WAS SET OR TIED.
MM INDICATES DATA IS MISSING.
T  INDICATES TRACE AMOUNT.




$$
