000
CDUS43 KDDC 251008
CLIGCK


CLIMATE REPORT
NATIONAL WEATHER SERVICE DODGE CITY KS
507 AM CDT FRI JUL 25 2014


...................................

...THE GARDEN CITY REGIONAL ARPT KS CLIMATE SUMMARY FOR JULY 24 2014...

CLIMATE NORMAL PERIOD 1981 TO 2010
CLIMATE RECORD PERIOD 1948 TO 2014


WEATHER ITEM   OBSERVED TIME   RECORD YEAR NORMAL DEPARTURE LAST
                VALUE   (LST)  VALUE       VALUE  FROM      YEAR
                                                  NORMAL
..................................................................
TEMPERATURE (F)
 YESTERDAY
  MAXIMUM         97    429 PM 105    1977  92      5       92
  MINIMUM         67    454 AM  57    1991  65      2       66
  AVERAGE         82                        78      4       79

PRECIPITATION (IN)
  YESTERDAY        0.00          0.88 1970   0.09  -0.09     0.00
  MONTH TO DATE    1.18                      2.16  -0.98     0.42
  SINCE JUN 1     12.06                      5.64   6.42     2.56
  SINCE JAN 1     13.42                     12.58   0.84     4.13

DEGREE DAYS
 HEATING
  YESTERDAY        0                         0      0
  MONTH TO DATE   10                         0     10
  SINCE JUN 1     21                        16      5
  SINCE JUL 1     10                         0     10

 COOLING
  YESTERDAY       17                        14      3
  MONTH TO DATE  265                       319    -54
  SINCE JUN 1    539                       571    -32
  SINCE JAN 1    682                       660     22
..................................................................


WIND (MPH)
  HIGHEST WIND SPEED    26   HIGHEST WIND DIRECTION     S (180)
  HIGHEST GUST SPEED    33   HIGHEST GUST DIRECTION     S (180)
  AVERAGE WIND SPEED    12.9



WEATHER CONDITIONS
 THE FOLLOWING WEATHER WAS RECORDED YESTERDAY.
  FOG
  HAZE


RELATIVE HUMIDITY (PERCENT)
 HIGHEST   100           700 AM
 LOWEST     25           300 PM
 AVERAGE    63

..........................................................


THE GARDEN CITY REGIONAL ARPT KS CLIMATE NORMALS FOR TODAY
                         NORMAL    RECORD    YEAR
 MAXIMUM TEMPERATURE (F)   92       106      2006
 MINIMUM TEMPERATURE (F)   65        55      2004


SUNRISE AND SUNSET
JULY 25 2014..........SUNRISE   640 AM CDT   SUNSET   858 PM CDT
JULY 26 2014..........SUNRISE   641 AM CDT   SUNSET   857 PM CDT


-  INDICATES NEGATIVE NUMBERS.
R  INDICATES RECORD WAS SET OR TIED.
MM INDICATES DATA IS MISSING.
T  INDICATES TRACE AMOUNT.




$$
