000
CDUS43 KDDC 270706
CLIGCK


CLIMATE REPORT
NATIONAL WEATHER SERVICE DODGE CITY KS
106 AM CST MON FEB 27 2017


...................................

...THE GARDEN CITY REGIONAL ARPT KS CLIMATE SUMMARY FOR FEBRUARY 26 2017...

CLIMATE NORMAL PERIOD 1981 TO 2010
CLIMATE RECORD PERIOD 1948 TO 2017


WEATHER ITEM   OBSERVED TIME   RECORD YEAR NORMAL DEPARTURE LAST
                VALUE   (LST)  VALUE       VALUE  FROM      YEAR
                                                  NORMAL
..................................................................
TEMPERATURE (F)
 YESTERDAY
  MAXIMUM         51    428 PM  78    1981  52     -1       65
  MINIMUM         13    745 AM   0    2003  25    -12       20
  AVERAGE         32                        38     -6       43

PRECIPITATION (IN)
  YESTERDAY        0.00          0.49 1987   0.02  -0.02     0.00
  MONTH TO DATE    0.01                      0.50  -0.49     0.19
  SINCE DEC 1      1.59                      1.36   0.23     1.32
  SINCE JAN 1      1.29                      0.84   0.45     0.22

DEGREE DAYS
 HEATING
  YESTERDAY       33                        27      6
  MONTH TO DATE  570                       793   -223
  SINCE DEC 1   2744                      2884   -140
  SINCE JUL 1   3432                      3973   -541

 COOLING
  YESTERDAY        0                         0      0
  MONTH TO DATE    0                         0      0
  SINCE DEC 1      0                         0      0
  SINCE JAN 1      0                         0      0
..................................................................


WIND (MPH)
  HIGHEST WIND SPEED    18   HIGHEST WIND DIRECTION    NE (60)
  HIGHEST GUST SPEED    25   HIGHEST GUST DIRECTION    NE (50)
  AVERAGE WIND SPEED     8.8



WEATHER CONDITIONS
 THE FOLLOWING WEATHER WAS RECORDED YESTERDAY.
  NO SIGNIFICANT WEATHER WAS OBSERVED.


RELATIVE HUMIDITY (PERCENT)
 HIGHEST    80           800 AM
 LOWEST     16           400 PM
 AVERAGE    48

..........................................................


THE GARDEN CITY REGIONAL ARPT KS CLIMATE NORMALS FOR TODAY
                         NORMAL    RECORD    YEAR
 MAXIMUM TEMPERATURE (F)   52        78      2016
 MINIMUM TEMPERATURE (F)   25        -4      1962


SUNRISE AND SUNSET
FEBRUARY 27 2017......SUNRISE   717 AM CST   SUNSET   635 PM CST
FEBRUARY 28 2017......SUNRISE   715 AM CST   SUNSET   636 PM CST


-  INDICATES NEGATIVE NUMBERS.
R  INDICATES RECORD WAS SET OR TIED.
MM INDICATES DATA IS MISSING.
T  INDICATES TRACE AMOUNT.




$$
