000
CDUS43 KDDC 012336
CLIGCK


CLIMATE REPORT
NATIONAL WEATHER SERVICE DODGE CITY KS
635 PM CDT MON SEP 1 2014


...................................

...THE GARDEN CITY REGIONAL ARPT KS CLIMATE SUMMARY FOR SEPTEMBER 1 2014...
VALID TODAY AS OF 0500 PM LOCAL TIME.

CLIMATE NORMAL PERIOD 1981 TO 2010
CLIMATE RECORD PERIOD 1948 TO 2014


WEATHER ITEM   OBSERVED TIME   RECORD YEAR NORMAL DEPARTURE LAST
                VALUE   (LST)  VALUE       VALUE  FROM      YEAR
                                                  NORMAL
..................................................................
TEMPERATURE (F)
 TODAY
  MAXIMUM         84    342 PM 106    2011  87     -3       87
  MINIMUM         58    639 AM  48    1949  60     -2       64
  AVERAGE         71                        74     -3       76

PRECIPITATION (IN)
  TODAY            0.00          0.37 1963   0.06  -0.06     0.03
  MONTH TO DATE    0.00                      0.06  -0.06     0.03
  SINCE SEP 1      0.00                      0.06  -0.06     0.03
  SINCE JAN 1     17.65                     15.71   1.94    10.20

DEGREE DAYS
 HEATING
  TODAY            0                         0      0        0
  MONTH TO DATE    0                         0      0        0
  SINCE SEP 1      0                         0      0        0
  SINCE JUL 1     10                         4      6        0

 COOLING
  TODAY            6                         9     -3       11
  MONTH TO DATE    6                         9     -3       11
  SINCE SEP 1      6                         9     -3       11
  SINCE JAN 1   1166                      1125     41     1353
..................................................................


WIND (MPH)
  HIGHEST WIND SPEED    18   HIGHEST WIND DIRECTION    NE (30)
  HIGHEST GUST SPEED    22   HIGHEST GUST DIRECTION    NE (50)
  AVERAGE WIND SPEED    12.1



WEATHER CONDITIONS
 THE FOLLOWING WEATHER WAS RECORDED TODAY.
  NO SIGNIFICANT WEATHER WAS OBSERVED.


RELATIVE HUMIDITY (PERCENT)
 HIGHEST    97           300 AM
 LOWEST     40           400 PM
 AVERAGE    69

..........................................................


THE GARDEN CITY REGIONAL ARPT KS CLIMATE NORMALS FOR TOMORROW
                         NORMAL    RECORD    YEAR
 MAXIMUM TEMPERATURE (F)   87       104      2012
 MINIMUM TEMPERATURE (F)   60        45      1974


SUNRISE AND SUNSET
SEPTEMBER  1 2014.....SUNRISE   713 AM CDT   SUNSET   812 PM CDT
SEPTEMBER  2 2014.....SUNRISE   714 AM CDT   SUNSET   811 PM CDT


-  INDICATES NEGATIVE NUMBERS.
R  INDICATES RECORD WAS SET OR TIED.
MM INDICATES DATA IS MISSING.
T  INDICATES TRACE AMOUNT.




$$
