000
CDUS43 KDDC 272331
CLIGCK


CLIMATE REPORT
NATIONAL WEATHER SERVICE DODGE CITY KS
530 PM CST FRI FEB 27 2015


...................................

...THE GARDEN CITY REGIONAL ARPT KS CLIMATE SUMMARY FOR FEBRUARY 27 2015...
VALID TODAY AS OF 0500 PM LOCAL TIME.

CLIMATE NORMAL PERIOD 1981 TO 2010
CLIMATE RECORD PERIOD 1948 TO 2015


WEATHER ITEM   OBSERVED TIME   RECORD YEAR NORMAL DEPARTURE LAST
                VALUE   (LST)  VALUE       VALUE  FROM      YEAR
                                                  NORMAL
..................................................................
TEMPERATURE (F)
 TODAY
  MAXIMUM         16    102 AM  76    2006  52    -36       59
                                      1976
  MINIMUM         11    859 AM  -4    1962  25    -14       16
  AVERAGE         14                        38    -24       38

PRECIPITATION (IN)
  TODAY            0.03          0.50 1948   0.02   0.01     0.00
  MONTH TO DATE    0.34                      0.52  -0.18     0.13
  SINCE DEC 1      0.77                      1.38  -0.61     0.17
  SINCE JAN 1      0.72                      0.86  -0.14     0.16

DEGREE DAYS
 HEATING
  TODAY           51                        27     24       27
  MONTH TO DATE  845                       820     25      988
  SINCE DEC 1   2818                      2911    -93     3109
  SINCE JUL 1   3857                      4000   -143     4153

 COOLING
  TODAY            0                         0      0        0
  MONTH TO DATE    0                         0      0        0
  SINCE DEC 1      0                         0      0        0
  SINCE JAN 1      0                         0      0        0
..................................................................


WIND (MPH)
  HIGHEST WIND SPEED    20   HIGHEST WIND DIRECTION    SE (150)
  HIGHEST GUST SPEED    24   HIGHEST GUST DIRECTION    SE (150)
  AVERAGE WIND SPEED    12.1



WEATHER CONDITIONS
 THE FOLLOWING WEATHER WAS RECORDED TODAY.
  LIGHT SNOW
  FOG
  HAZE


RELATIVE HUMIDITY (PERCENT)
 HIGHEST    92           600 AM
 LOWEST     51          1200 AM
 AVERAGE    72

..........................................................


THE GARDEN CITY REGIONAL ARPT KS CLIMATE NORMALS FOR TOMORROW
                         NORMAL    RECORD    YEAR
 MAXIMUM TEMPERATURE (F)   52        84      2006
                                             1972
 MINIMUM TEMPERATURE (F)   25        -9      1962


SUNRISE AND SUNSET
FEBRUARY 27 2015......SUNRISE   718 AM CST   SUNSET   634 PM CST
FEBRUARY 28 2015......SUNRISE   716 AM CST   SUNSET   635 PM CST


-  INDICATES NEGATIVE NUMBERS.
R  INDICATES RECORD WAS SET OR TIED.
MM INDICATES DATA IS MISSING.
T  INDICATES TRACE AMOUNT.




$$
