000
CDUS43 KDDC 232328
CLIGCK


CLIMATE REPORT
NATIONAL WEATHER SERVICE DODGE CITY KS
526 PM CST MON JAN 23 2017


...................................

...THE GARDEN CITY REGIONAL ARPT KS CLIMATE SUMMARY FOR JANUARY 23 2017...
VALID TODAY AS OF 0500 PM LOCAL TIME.

CLIMATE NORMAL PERIOD 1981 TO 2010
CLIMATE RECORD PERIOD 1948 TO 2017


WEATHER ITEM   OBSERVED TIME   RECORD YEAR NORMAL DEPARTURE LAST
                VALUE   (LST)  VALUE       VALUE  FROM      YEAR
                                                  NORMAL
..................................................................
TEMPERATURE (F)
 TODAY
  MAXIMUM         59    359 PM  71    1976  44     15       52
  MINIMUM         26    229 AM  -9    1963  18      8       19
  AVERAGE         43                        31     12       36

PRECIPITATION (IN)
  TODAY            0.00          0.18 1965   0.01  -0.01     0.00
  MONTH TO DATE    1.28                      0.24   1.04     0.03
  SINCE DEC 1      1.58                      0.76   0.82     1.13
  SINCE JAN 1      1.28                      0.24   1.04     0.03

DEGREE DAYS
 HEATING
  TODAY           22                        34    -12       29
  MONTH TO DATE  804                       782     22      789
  SINCE DEC 1   1945                      1816    129     1691
  SINCE JUL 1   2633                      2905   -272     2528

 COOLING
  TODAY            0                         0      0        0
  MONTH TO DATE    0                         0      0        0
  SINCE DEC 1      0                         0      0        0
  SINCE JAN 1      0                         0      0        0
..................................................................


WIND (MPH)
  HIGHEST WIND SPEED    21   HIGHEST WIND DIRECTION     S (190)
  HIGHEST GUST SPEED    25   HIGHEST GUST DIRECTION     S (200)
  AVERAGE WIND SPEED     8.6



WEATHER CONDITIONS
 THE FOLLOWING WEATHER WAS RECORDED TODAY.
  NO SIGNIFICANT WEATHER WAS OBSERVED.


RELATIVE HUMIDITY (PERCENT)
 HIGHEST    85          1200 AM
 LOWEST     40           300 PM
 AVERAGE    63

..........................................................


THE GARDEN CITY REGIONAL ARPT KS CLIMATE NORMALS FOR TOMORROW
                         NORMAL    RECORD    YEAR
 MAXIMUM TEMPERATURE (F)   44        72      1981
 MINIMUM TEMPERATURE (F)   18        -1      1969


SUNRISE AND SUNSET
JANUARY 23 2017.......SUNRISE   754 AM CST   SUNSET   556 PM CST
JANUARY 24 2017.......SUNRISE   753 AM CST   SUNSET   558 PM CST


-  INDICATES NEGATIVE NUMBERS.
R  INDICATES RECORD WAS SET OR TIED.
MM INDICATES DATA IS MISSING.
T  INDICATES TRACE AMOUNT.




$$
