000
CDUS43 KDDC 250707
CLIGCK


CLIMATE REPORT
NATIONAL WEATHER SERVICE DODGE CITY KS
106 AM CST SUN FEB 25 2018


...................................

...THE GARDEN CITY REGIONAL ARPT KS CLIMATE SUMMARY FOR FEBRUARY 24 2018...

CLIMATE NORMAL PERIOD 1981 TO 2010
CLIMATE RECORD PERIOD 1948 TO 2018


WEATHER ITEM   OBSERVED TIME   RECORD YEAR NORMAL DEPARTURE LAST
                VALUE   (LST)  VALUE       VALUE  FROM      YEAR
                                                  NORMAL
..................................................................
TEMPERATURE (F)
 YESTERDAY
  MAXIMUM         49    456 PM  80    1981  51     -2       38
  MINIMUM         15   1036 PM  -6    2003  24     -9       14
  AVERAGE         32                        37     -5       26

PRECIPITATION (IN)
  YESTERDAY        0.00          0.55 1951   0.02  -0.02     0.00
  MONTH TO DATE    T                         0.45  -0.45     0.01
  SINCE DEC 1      T                         1.31  -1.31     1.59
  SINCE JAN 1      T                         0.79  -0.79     1.29

DEGREE DAYS
 HEATING
  YESTERDAY       33                        28      5
  MONTH TO DATE  808                       739     69
  SINCE DEC 1   2833                      2830      3
  SINCE JUL 1   3789                      3919   -130

 COOLING
  YESTERDAY        0                         0      0
  MONTH TO DATE    0                         0      0
  SINCE DEC 1      0                         0      0
  SINCE JAN 1      0                         0      0
..................................................................


WIND (MPH)
  HIGHEST WIND SPEED    25   HIGHEST WIND DIRECTION     N (340)
  HIGHEST GUST SPEED    32   HIGHEST GUST DIRECTION    NW (330)
  AVERAGE WIND SPEED    10.1



WEATHER CONDITIONS
 THE FOLLOWING WEATHER WAS RECORDED YESTERDAY.
  FOG


RELATIVE HUMIDITY (PERCENT)
 HIGHEST   100           300 AM
 LOWEST     17           600 PM
 AVERAGE    59

..........................................................


THE GARDEN CITY REGIONAL ARPT KS CLIMATE NORMALS FOR TODAY
                         NORMAL    RECORD    YEAR
 MAXIMUM TEMPERATURE (F)   51        82      1989
 MINIMUM TEMPERATURE (F)   24         0      2003


SUNRISE AND SUNSET
FEBRUARY 25 2018......SUNRISE   720 AM CST   SUNSET   632 PM CST
FEBRUARY 26 2018......SUNRISE   719 AM CST   SUNSET   633 PM CST


-  INDICATES NEGATIVE NUMBERS.
R  INDICATES RECORD WAS SET OR TIED.
MM INDICATES DATA IS MISSING.
T  INDICATES TRACE AMOUNT.




$$
