000
CDUS43 KDDC 241445
CLIGCK


CLIMATE REPORT
NATIONAL WEATHER SERVICE DODGE CITY KS
845 AM CST MON NOV 24 2014


...................................

...THE GARDEN CITY REGIONAL ARPT KS CLIMATE SUMMARY FOR NOVEMBER 24 2014...
VALID AS OF 0800 AM LOCAL TIME.

CLIMATE NORMAL PERIOD 1981 TO 2010
CLIMATE RECORD PERIOD 1948 TO 2014


WEATHER ITEM   OBSERVED TIME   RECORD YEAR NORMAL DEPARTURE LAST
                VALUE   (LST)  VALUE       VALUE  FROM      YEAR
                                                  NORMAL
..................................................................
TEMPERATURE (F)
 TODAY
  MAXIMUM         33    236 AM  81    1990  51    -18       31
  MINIMUM         27    752 AM   2    1982  24      3       24
  AVERAGE         30                        38     -8       28

PRECIPITATION (IN)
  TODAY            0.00          0.39 1992   0.02  -0.02     0.02
  MONTH TO DATE    0.01                      0.45  -0.44     0.98
  SINCE SEP 1      3.74                      3.20   0.54     4.67
  SINCE JAN 1     21.39                     18.85   2.54    14.84

..................................................................


WIND (MPH)
  HIGHEST WIND SPEED    22   HIGHEST WIND DIRECTION    NW (310)
  HIGHEST GUST SPEED    27   HIGHEST GUST DIRECTION    NW (310)



WEATHER CONDITIONS
 THE FOLLOWING WEATHER WAS RECORDED TODAY.
  NO SIGNIFICANT WEATHER WAS OBSERVED.


RELATIVE HUMIDITY (PERCENT)
 HIGHEST    69

..........................................................


THE GARDEN CITY REGIONAL ARPT KS CLIMATE NORMALS FOR TOMORROW
                         NORMAL    RECORD    YEAR
 MAXIMUM TEMPERATURE (F)   51        82      1981
 MINIMUM TEMPERATURE (F)   24         3      1993


SUNRISE AND SUNSET
NOVEMBER 24 2014......SUNRISE   733 AM CST   SUNSET   526 PM CST
NOVEMBER 25 2014......SUNRISE   734 AM CST   SUNSET   526 PM CST


-  INDICATES NEGATIVE NUMBERS.
R  INDICATES RECORD WAS SET OR TIED.
MM INDICATES DATA IS MISSING.
T  INDICATES TRACE AMOUNT.




$$
