000
CDUS41 KPHI 200629
CLIGED


CLIMATE REPORT
NATIONAL WEATHER SERVICE MOUNT HOLLY NJ
229 AM EDT SUN APR 20 2014


...................................

...THE GEORGETOWN DE CLIMATE SUMMARY FOR APRIL 19 2014...

CLIMATE NORMAL PERIOD 1981 TO 2010
CLIMATE RECORD PERIOD 1948 TO 2014


WEATHER ITEM   OBSERVED TIME   RECORD YEAR NORMAL DEPARTURE LAST
                VALUE   (LST)  VALUE       VALUE  FROM      YEAR
                                                  NORMAL
..................................................................
TEMPERATURE (F)
 YESTERDAY
  MAXIMUM         65    358 PM  91    1976  66     -1       83
  MINIMUM         40    511 AM  29    2001  45     -5       61
                                      1990
  AVERAGE         53                        55     -2       72

PRECIPITATION (IN)
  YESTERDAY        0.00          0.87 1978   0.11  -0.11     0.45
  MONTH TO DATE    1.99                      2.47  -0.48     1.98
  SINCE MAR 1      5.35                      6.52  -1.17     5.56
  SINCE JAN 1     12.53                     12.23   0.30    10.53

SNOWFALL (IN)
  YESTERDAY       MM            MM      MM  MM     MM       MM
  MONTH TO DATE   MM                        MM     MM       MM
  SINCE MAR 1     MM                        MM     MM       MM
  SINCE JUL 1     MM                        MM     MM       MM
  SNOW DEPTH      MM

DEGREE DAYS
 HEATING
  YESTERDAY       12                        11      1        0
  MONTH TO DATE  220                       249    -29      171
  SINCE MAR 1    960                       881     79      903
  SINCE JUL 1   4315                      4161    154     3883

 COOLING
  YESTERDAY        0                         1     -1        7
  MONTH TO DATE   12                         9      3       31
  SINCE MAR 1     12                        11      1       31
  SINCE JAN 1     12                        11      1       31
..................................................................


WIND (MPH)
  HIGHEST WIND SPEED    15   HIGHEST WIND DIRECTION    SE (130)
  HIGHEST GUST SPEED    19   HIGHEST GUST DIRECTION    NE (60)
  AVERAGE WIND SPEED     4.6


SKY COVER
  POSSIBLE SUNSHINE  MM
  AVERAGE SKY COVER 0.0


WEATHER CONDITIONS
 THE FOLLOWING WEATHER WAS RECORDED YESTERDAY.
  NO SIGNIFICANT WEATHER WAS OBSERVED.


RELATIVE HUMIDITY (PERCENT)
 HIGHEST    92           500 AM
 LOWEST     34           300 PM
 AVERAGE    63

..........................................................


THE GEORGETOWN DE CLIMATE NORMALS FOR TODAY
                         NORMAL    RECORD    YEAR
 MAXIMUM TEMPERATURE (F)   66        89      1985
 MINIMUM TEMPERATURE (F)   45        29      1974


SUNRISE AND SUNSET
APRIL 20 2014.........SUNRISE   618 AM EDT   SUNSET   743 PM EDT
APRIL 21 2014.........SUNRISE   617 AM EDT   SUNSET   744 PM EDT


-  INDICATES NEGATIVE NUMBERS.
R  INDICATES RECORD WAS SET OR TIED.
MM INDICATES DATA IS MISSING.
T  INDICATES TRACE AMOUNT.




$$
