000
CDUS41 KPHI 180548
CLIGED


CLIMATE REPORT
NATIONAL WEATHER SERVICE MOUNT HOLLY NJ
1247 AM EST MON DEC 18 2017


...................................

...THE GEORGETOWN DE CLIMATE SUMMARY FOR DECEMBER 17 2017...

CLIMATE NORMAL PERIOD 1981 TO 2010
CLIMATE RECORD PERIOD 1948 TO 2017


WEATHER ITEM   OBSERVED TIME   RECORD YEAR NORMAL DEPARTURE LAST
                VALUE   (LST)  VALUE       VALUE  FROM      YEAR
                                                  NORMAL
..................................................................
TEMPERATURE (F)
 YESTERDAY
  MAXIMUM         50    223 PM  74    1971  48      2       53
  MINIMUM         26    713 AM   3    1958  30     -4       27
  AVERAGE         38                        39     -1       40

PRECIPITATION (IN)
  YESTERDAY        T             1.25 1970   0.10  -0.10     0.36
  MONTH TO DATE    0.88                      1.94  -1.06     2.22
  SINCE DEC 1      0.88                      1.94  -1.06     2.22
  SINCE JAN 1     42.61                     42.42   0.19    47.49

DEGREE DAYS
 HEATING
  YESTERDAY       27                        26      1       25
  MONTH TO DATE  439                       406     33      432
  SINCE DEC 1    439                       406     33      432
  SINCE JUL 1   1056                      1190   -134     1066

 COOLING
  YESTERDAY        0                         0      0        0
  MONTH TO DATE    0                         0      0        0
  SINCE DEC 1      0                         0      0        0
  SINCE JAN 1   1517                      1196    321     1506
..................................................................


WIND (MPH)
  HIGHEST WIND SPEED     8   HIGHEST WIND DIRECTION    NE (40)
  HIGHEST GUST SPEED     9   HIGHEST GUST DIRECTION     S (190)
  AVERAGE WIND SPEED     1.2


SKY COVER
  POSSIBLE SUNSHINE  MM
  AVERAGE SKY COVER 0.3


WEATHER CONDITIONS
 THE FOLLOWING WEATHER WAS RECORDED YESTERDAY.
  LIGHT RAIN


RELATIVE HUMIDITY (PERCENT)
 HIGHEST    92           100 AM
 LOWEST     52           200 PM
 AVERAGE    72

..........................................................


THE GEORGETOWN DE CLIMATE NORMALS FOR TODAY
                         NORMAL    RECORD    YEAR
 MAXIMUM TEMPERATURE (F)   47        72      2006
 MINIMUM TEMPERATURE (F)   30        10      1953


SUNRISE AND SUNSET
DECEMBER 18 2017......SUNRISE   714 AM EST   SUNSET   442 PM EST
DECEMBER 19 2017......SUNRISE   715 AM EST   SUNSET   443 PM EST


-  INDICATES NEGATIVE NUMBERS.
R  INDICATES RECORD WAS SET OR TIED.
MM INDICATES DATA IS MISSING.
T  INDICATES TRACE AMOUNT.




$$
