000
CDUS41 KPHI 200629
CLIGED


CLIMATE REPORT
NATIONAL WEATHER SERVICE MOUNT HOLLY NJ
127 AM EST MON FEB 20 2017


...................................

...THE GEORGETOWN DE CLIMATE SUMMARY FOR FEBRUARY 19 2017...

CLIMATE NORMAL PERIOD 1981 TO 2010
CLIMATE RECORD PERIOD 1948 TO 2017


WEATHER ITEM   OBSERVED TIME   RECORD YEAR NORMAL DEPARTURE LAST
                VALUE   (LST)  VALUE       VALUE  FROM      YEAR
                                                  NORMAL
..................................................................
TEMPERATURE (F)
 YESTERDAY
  MAXIMUM         71    326 PM  74    1976  48     23       41
  MINIMUM         51    343 AM  10    2015  29     22       20
  AVERAGE         61                        38     23       31

PRECIPITATION (IN)
  YESTERDAY        0.00          1.03 1962   0.10  -0.10     0.00
  MONTH TO DATE    0.56                      1.87  -1.31     2.78
  SINCE DEC 1      6.49                      8.08  -1.59     9.81
  SINCE JAN 1      3.69                      4.79  -1.10     5.65

DEGREE DAYS
 HEATING
  YESTERDAY        4                        27    -23       34
  MONTH TO DATE  419                       537   -118      546
  SINCE DEC 1   1939                      2263   -324     1861
  SINCE JUL 1   2573                      3047   -474     2501

 COOLING
  YESTERDAY        0                         0      0        0
  MONTH TO DATE    0                         0      0        0
  SINCE DEC 1      0                         0      0        9
  SINCE JAN 1      0                         0      0        0
..................................................................


WIND (MPH)
  HIGHEST WIND SPEED    16   HIGHEST WIND DIRECTION    SW (220)
  HIGHEST GUST SPEED    23   HIGHEST GUST DIRECTION    SW (210)
  AVERAGE WIND SPEED     5.5


SKY COVER
  POSSIBLE SUNSHINE  MM
  AVERAGE SKY COVER 0.3


WEATHER CONDITIONS
 THE FOLLOWING WEATHER WAS RECORDED YESTERDAY.
  NO SIGNIFICANT WEATHER WAS OBSERVED.


RELATIVE HUMIDITY (PERCENT)
 HIGHEST    61           900 PM
 LOWEST     37           200 PM
 AVERAGE    49

..........................................................


THE GEORGETOWN DE CLIMATE NORMALS FOR TODAY
                         NORMAL    RECORD    YEAR
 MAXIMUM TEMPERATURE (F)   48        68      2002
                                             1961
 MINIMUM TEMPERATURE (F)   29        -3      2015


SUNRISE AND SUNSET
FEBRUARY 20 2017......SUNRISE   646 AM EST   SUNSET   545 PM EST
FEBRUARY 21 2017......SUNRISE   644 AM EST   SUNSET   546 PM EST


-  INDICATES NEGATIVE NUMBERS.
R  INDICATES RECORD WAS SET OR TIED.
MM INDICATES DATA IS MISSING.
T  INDICATES TRACE AMOUNT.




$$
