000
CDUS46 KOTX 220827
CLIGEG


CLIMATE REPORT
NATIONAL WEATHER SERVICE SPOKANE, WA
1226 AM PST WED FEB 22 2017


...................................

...THE SPOKANE WA AIRPORT CLIMATE SUMMARY FOR FEBRUARY 21 2017...

CLIMATE NORMAL PERIOD 1981 TO 2010
CLIMATE RECORD PERIOD 1881 TO 2017


WEATHER ITEM   OBSERVED TIME   RECORD YEAR NORMAL DEPARTURE LAST
                VALUE   (LST)  VALUE       VALUE  FROM      YEAR
                                                  NORMAL
..................................................................
TEMPERATURE (F)
 YESTERDAY
  MAXIMUM         35    341 PM  60    1958  41     -6       43
  MINIMUM         32   1159 PM  -2    1894  27      5       26
  AVERAGE         34                        34      0       35

PRECIPITATION (IN)
  YESTERDAY        0.25          0.49 1936   0.04   0.21     0.00
  MONTH TO DATE    4.06                      0.98   3.08     0.70
  SINCE OCT 1     15.20                      8.55   6.65     9.80
  SINCE JAN 1      5.91                      2.77   3.14     3.44

SNOWFALL (IN)
  YESTERDAY        1.6           6.6  1936   0.2    1.4      0.0
  MONTH TO DATE   15.6                       5.4   10.2      1.3
  SINCE DEC 1     48.1                      31.4   16.7     32.1
  SINCE JUL 1     51.4                      38.9   12.5     33.6
  SNOW DEPTH       1

DEGREE DAYS
 HEATING
  YESTERDAY       31                        31      0       30
  MONTH TO DATE  719                       684     35      561
  SINCE DEC 1   3387                      2950    437     2663
  SINCE JUL 1   4720                      4617    103     4097

 COOLING
  YESTERDAY        0                         0      0        0
  MONTH TO DATE    0                         0      0        0
  SINCE DEC 1      0                         0      0        0
  SINCE JAN 1      0                         0      0        0
..................................................................


WIND (MPH)
  HIGHEST WIND SPEED    18   HIGHEST WIND DIRECTION     W (260)
  HIGHEST GUST SPEED    22   HIGHEST GUST DIRECTION     W (260)
  AVERAGE WIND SPEED     6.9


SKY COVER
  POSSIBLE SUNSHINE  MM
  AVERAGE SKY COVER 1.0


WEATHER CONDITIONS
 THE FOLLOWING WEATHER WAS RECORDED YESTERDAY.
  RAIN
  LIGHT RAIN
  LT FREEZING RAIN
  SNOW
  LIGHT SNOW
  FOG
  FOG W/VISIBILITY <= 1/4 MILE


RELATIVE HUMIDITY (PERCENT)
 HIGHEST   100           200 AM
 LOWEST     92           400 AM
 AVERAGE    96

..........................................................


THE SPOKANE WA AIRPORT CLIMATE NORMALS FOR TODAY
                         NORMAL    RECORD    YEAR
 MAXIMUM TEMPERATURE (F)   41        57      1905
 MINIMUM TEMPERATURE (F)   27        -4      1910


SUNRISE AND SUNSET
FEBRUARY 22 2017......SUNRISE   643 AM PST   SUNSET   525 PM PST
FEBRUARY 23 2017......SUNRISE   641 AM PST   SUNSET   526 PM PST


-  INDICATES NEGATIVE NUMBERS.
R  INDICATES RECORD WAS SET OR TIED.
MM INDICATES DATA IS MISSING.
T  INDICATES TRACE AMOUNT.




$$
