000
CDUS46 KOTX 020827
CLIGEG


CLIMATE REPORT
NATIONAL WEATHER SERVICE SPOKANE, WA
125 AM PDT SUN AUG 2 2015


...................................

...THE SPOKANE WA AIRPORT CLIMATE SUMMARY FOR AUGUST 1 2015...

CLIMATE NORMAL PERIOD 1981 TO 2010
CLIMATE RECORD PERIOD 1881 TO 2015


WEATHER ITEM   OBSERVED TIME   RECORD YEAR NORMAL DEPARTURE LAST
                VALUE   (LST)  VALUE       VALUE  FROM      YEAR
                                                  NORMAL
..................................................................
TEMPERATURE (F)
 YESTERDAY
  MAXIMUM         99    334 PM 101    2009  86     13       96
                                      1971
  MINIMUM         67    518 AM  44    1987  58      9       66
  AVERAGE         83                        72     11       81

PRECIPITATION (IN)
  YESTERDAY        0.00          0.51 1976   0.02  -0.02     0.00
  MONTH TO DATE    0.00                      0.02  -0.02     0.00
  SINCE OCT 1     11.75                     15.32  -3.57    11.75
  SINCE JAN 1      7.02                      9.54  -2.52     9.42

SNOWFALL (IN)
  YESTERDAY        0.0           0.0  2002   0.0    0.0      0.0
                                      2001
                                      1999
  MONTH TO DATE    0.0                       0.0    0.0      0.0
  SINCE JUN 1      0.0                       0.0    0.0      0.0
  SINCE JUL 1      0.0                       0.0    0.0      0.0
  SNOW DEPTH       0

DEGREE DAYS
 HEATING
  YESTERDAY        0                         0      0        0
  MONTH TO DATE    0                         0      0        0
  SINCE JUN 1     30                       168   -138      113
  SINCE JUL 1      5                        32    -27        7

 COOLING
  YESTERDAY       18                         7     11       16
  MONTH TO DATE   18                         7     11       16
  SINCE JUN 1    543                       236    307      378
  SINCE JAN 1    575                       250    325      384
..................................................................


WIND (MPH)
  HIGHEST WIND SPEED    20   HIGHEST WIND DIRECTION     W (270)
  HIGHEST GUST SPEED    24   HIGHEST GUST DIRECTION     W (270)
  AVERAGE WIND SPEED     8.3


SKY COVER
  POSSIBLE SUNSHINE  MM
  AVERAGE SKY COVER 0.5


WEATHER CONDITIONS
 THE FOLLOWING WEATHER WAS RECORDED YESTERDAY.
  HAZE


RELATIVE HUMIDITY (PERCENT)
 HIGHEST    26           600 AM
 LOWEST      5           400 PM
 AVERAGE    16

..........................................................


THE SPOKANE WA AIRPORT CLIMATE NORMALS FOR TODAY
                         NORMAL    RECORD    YEAR
 MAXIMUM TEMPERATURE (F)   86       100      1961
                                             1914
 MINIMUM TEMPERATURE (F)   58        43      1956


SUNRISE AND SUNSET
AUGUST  2 2015........SUNRISE   529 AM PDT   SUNSET   823 PM PDT
AUGUST  3 2015........SUNRISE   530 AM PDT   SUNSET   822 PM PDT


-  INDICATES NEGATIVE NUMBERS.
R  INDICATES RECORD WAS SET OR TIED.
MM INDICATES DATA IS MISSING.
T  INDICATES TRACE AMOUNT.




$$
