000
CDUS46 KOTX 122346
CLIGEG


CLIMATE REPORT
NATIONAL WEATHER SERVICE SPOKANE, WA
446 PM PDT SAT JUL 12 2014


...................................

...THE SPOKANE WA AIRPORT CLIMATE SUMMARY FOR JULY 12 2014...
VALID AS OF 0400 PM LOCAL TIME.

CLIMATE NORMAL PERIOD 1981 TO 2010
CLIMATE RECORD PERIOD 1881 TO 2014


WEATHER ITEM   OBSERVED TIME   RECORD YEAR NORMAL DEPARTURE LAST
                VALUE   (LST)  VALUE       VALUE  FROM      YEAR
                                                  NORMAL
..................................................................
TEMPERATURE (F)
 TODAY
  MAXIMUM         95    233 PM 103    1967  83     12       77
  MINIMUM         63    219 AM  41    1887  56      7       53
  AVERAGE         79                        69     10       65

PRECIPITATION (IN)
  TODAY            0.00          0.23 1975   0.02  -0.02     0.00
                                      1920
  MONTH TO DATE    0.00                      0.30  -0.30     0.00
  SINCE OCT 1     11.57                     14.96  -3.39    14.15
  SINCE JAN 1      9.24                      9.18   0.06     6.79

SNOWFALL (IN)
  TODAY            0.0           0.0  2002   0.0    0.0      0.0
                                      2001
                                      2000
  MONTH TO DATE    0.0                       0.0    0.0      0.0
  SINCE JUN 1      0.0                       0.0    0.0      0.0
  SINCE JUL 1      0.0                       0.0    0.0      0.0
  SNOW DEPTH       0

DEGREE DAYS
 HEATING
  TODAY            0                         1     -1        0
  MONTH TO DATE    0                        19    -19        0
  SINCE JUN 1    106                       155    -49      140
  SINCE JUL 1      0                        19    -19        0

 COOLING
  TODAY           14                         5      9        0
  MONTH TO DATE  138                        51     87       98
  SINCE JUN 1    152                       100     52      146
  SINCE JAN 1    158                       114     44      176
..................................................................


WIND (MPH)
  HIGHEST WIND SPEED    12   HIGHEST WIND DIRECTION    NE (40)
  HIGHEST GUST SPEED    16   HIGHEST GUST DIRECTION     N (10)
  AVERAGE WIND SPEED     5.5


SKY COVER
  POSSIBLE SUNSHINE  MM
  AVERAGE SKY COVER 0.3


WEATHER CONDITIONS
 THE FOLLOWING WEATHER WAS RECORDED TODAY.
  NO SIGNIFICANT WEATHER WAS OBSERVED.


RELATIVE HUMIDITY (PERCENT)
 HIGHEST    56           400 AM
 LOWEST      6           100 PM
 AVERAGE    31

..........................................................


THE SPOKANE WA AIRPORT CLIMATE NORMALS FOR TOMORROW
                         NORMAL    RECORD    YEAR
 MAXIMUM TEMPERATURE (F)   83       102      2002
 MINIMUM TEMPERATURE (F)   56        43      1881


SUNRISE AND SUNSET
JULY 12 2014..........SUNRISE   505 AM PDT   SUNSET   846 PM PDT
JULY 13 2014..........SUNRISE   506 AM PDT   SUNSET   845 PM PDT


-  INDICATES NEGATIVE NUMBERS.
R  INDICATES RECORD WAS SET OR TIED.
MM INDICATES DATA IS MISSING.
T  INDICATES TRACE AMOUNT.




$$
