000
CDUS46 KOTX 250833
CLIGEG


CLIMATE REPORT
NATIONAL WEATHER SERVICE SPOKANE, WA
1231 AM PST SUN JAN 25 2015


...................................

...THE SPOKANE WA AIRPORT CLIMATE SUMMARY FOR JANUARY 24 2015...

CLIMATE NORMAL PERIOD 1981 TO 2010
CLIMATE RECORD PERIOD 1881 TO 2015


WEATHER ITEM   OBSERVED TIME   RECORD YEAR NORMAL DEPARTURE LAST
                VALUE   (LST)  VALUE       VALUE  FROM      YEAR
                                                  NORMAL
..................................................................
TEMPERATURE (F)
 YESTERDAY
  MAXIMUM         42   1027 PM  57    1935  36      6       29
  MINIMUM         34    719 AM -14    1950  26      8       27
  AVERAGE         38                        31      7       28

PRECIPITATION (IN)
  YESTERDAY        T             0.81 1882   0.06  -0.06      T
  MONTH TO DATE    1.91                      1.45   0.46     0.59
  SINCE OCT 1      6.64                      7.23  -0.59     2.92
  SINCE JAN 1      1.91                      1.45   0.46     0.59

SNOWFALL (IN)
  YESTERDAY        0.0           7.0  1964   0.3   -0.3       T
  MONTH TO DATE   10.1                       9.5    0.6      2.8
  SINCE DEC 1     13.8                      24.1  -10.3      6.5
  SINCE JUL 1     14.3                      31.6  -17.3      9.6
  SNOW DEPTH       0

DEGREE DAYS
 HEATING
  YESTERDAY       27                        34     -7       37
  MONTH TO DATE  840                       861    -21      817
  SINCE DEC 1   1831                      2028   -197     2030
  SINCE JUL 1   3200                      3695   -495     3685

 COOLING
  YESTERDAY        0                         0      0        0
  MONTH TO DATE    0                         0      0        0
  SINCE DEC 1      0                         0      0        0
  SINCE JAN 1      0                         0      0        0
..................................................................


WIND (MPH)
  HIGHEST WIND SPEED    14   HIGHEST WIND DIRECTION     S (190)
  HIGHEST GUST SPEED    18   HIGHEST GUST DIRECTION     S (200)
  AVERAGE WIND SPEED     3.2


SKY COVER
  POSSIBLE SUNSHINE  MM
  AVERAGE SKY COVER 1.0


WEATHER CONDITIONS
 THE FOLLOWING WEATHER WAS RECORDED YESTERDAY.
  LIGHT RAIN
  FOG
  FOG W/VISIBILITY <= 1/4 MILE


RELATIVE HUMIDITY (PERCENT)
 HIGHEST   100           400 AM
 LOWEST     85          1200 AM
 AVERAGE    93

..........................................................


THE SPOKANE WA AIRPORT CLIMATE NORMALS FOR TODAY
                         NORMAL    RECORD    YEAR
 MAXIMUM TEMPERATURE (F)   36        54      1935
 MINIMUM TEMPERATURE (F)   26       -22      1950


SUNRISE AND SUNSET
JANUARY 25 2015.......SUNRISE   725 AM PST   SUNSET   440 PM PST
JANUARY 26 2015.......SUNRISE   724 AM PST   SUNSET   442 PM PST


-  INDICATES NEGATIVE NUMBERS.
R  INDICATES RECORD WAS SET OR TIED.
MM INDICATES DATA IS MISSING.
T  INDICATES TRACE AMOUNT.




$$
