000
CDUS46 KOTX 010425
CLIGEG


CLIMATE REPORT
NATIONAL WEATHER SERVICE SPOKANE, WA
923 PM PDT MON AUG 31 2015


...................................

...THE SPOKANE WA AIRPORT CLIMATE SUMMARY FOR AUGUST 31 2015...
VALID TODAY AS OF 0800 PM LOCAL TIME.

CLIMATE NORMAL PERIOD 1981 TO 2010
CLIMATE RECORD PERIOD 1881 TO 2015


WEATHER ITEM   OBSERVED TIME   RECORD YEAR NORMAL DEPARTURE LAST
                VALUE   (LST)  VALUE       VALUE  FROM      YEAR
                                                  NORMAL
..................................................................
TEMPERATURE (F)
 TODAY
  MAXIMUM         70    340 PM 100    1967  79     -9       71
  MINIMUM         50    621 AM  35    1964  52     -2       52
  AVERAGE         60                        66     -6       62

PRECIPITATION (IN)
  TODAY            0.00          1.16 1912   0.02  -0.02     0.00
  MONTH TO DATE    0.18                      0.59  -0.41     0.58
  SINCE OCT 1     11.93                     15.89  -3.96    12.33
  SINCE JAN 1      7.20                     10.11  -2.91    10.00

DEGREE DAYS
 HEATING
  TODAY            5                         2      3        3
  MONTH TO DATE   11                        33    -22        5
  SINCE JUN 1     41                       201   -160      118
  SINCE JUL 1     16                        65    -49       12

 COOLING
  TODAY            0                         3     -3        0
  MONTH TO DATE  251                       168     83      238
  SINCE JUN 1    776                       397    379      600
  SINCE JAN 1    808                       411    397      606
..................................................................


WIND (MPH)
  HIGHEST WIND SPEED    21   HIGHEST WIND DIRECTION    SW (220)
  HIGHEST GUST SPEED    26   HIGHEST GUST DIRECTION    SW (220)
  AVERAGE WIND SPEED    12.5


SKY COVER
  POSSIBLE SUNSHINE  MM
  AVERAGE SKY COVER 0.7


WEATHER CONDITIONS
 THE FOLLOWING WEATHER WAS RECORDED TODAY.
  NO SIGNIFICANT WEATHER WAS OBSERVED.


RELATIVE HUMIDITY (PERCENT)
 HIGHEST    80           500 AM
 LOWEST     40           200 PM
 AVERAGE    60

..........................................................


THE SPOKANE WA AIRPORT CLIMATE NORMALS FOR TOMORROW
                         NORMAL    RECORD    YEAR
 MAXIMUM TEMPERATURE (F)   78        98      1888
 MINIMUM TEMPERATURE (F)   52        37      1959


SUNRISE AND SUNSET
AUGUST 31 2015........SUNRISE   607 AM PDT   SUNSET   733 PM PDT
SEPTEMBER  1 2015.....SUNRISE   608 AM PDT   SUNSET   731 PM PDT


-  INDICATES NEGATIVE NUMBERS.
R  INDICATES RECORD WAS SET OR TIED.
MM INDICATES DATA IS MISSING.
T  INDICATES TRACE AMOUNT.




$$
