000
CDUS46 KOTX 290828
CLIGEG


CLIMATE REPORT
NATIONAL WEATHER SERVICE SPOKANE, WA
126 AM PDT FRI MAY 29 2015


...................................

...THE SPOKANE WA AIRPORT CLIMATE SUMMARY FOR MAY 28 2015...

CLIMATE NORMAL PERIOD 1981 TO 2010
CLIMATE RECORD PERIOD 1881 TO 2015


WEATHER ITEM   OBSERVED TIME   RECORD YEAR NORMAL DEPARTURE LAST
                VALUE   (LST)  VALUE       VALUE  FROM      YEAR
                                                  NORMAL
..................................................................
TEMPERATURE (F)
 YESTERDAY
  MAXIMUM         79    328 PM  96    1934  70      9       57
  MINIMUM         53    511 AM  34    1950  47      6       45
  AVERAGE         66                        58      8       51

PRECIPITATION (IN)
  YESTERDAY        0.00          0.79 1988   0.06  -0.06     0.10
  MONTH TO DATE    0.85                      1.43  -0.58     0.56
  SINCE OCT 1     11.49                     13.22  -1.73     9.73
  SINCE JAN 1      6.76                      7.44  -0.68     7.40

SNOWFALL (IN)
  YESTERDAY        0.0           T    1979   0.0    0.0      0.0
  MONTH TO DATE    0.0                       0.1   -0.1      0.0
  SINCE MAR 1      1.9                       4.6   -2.7      5.8
  SINCE JUL 1     17.6                      44.9  -27.3     37.6
  SNOW DEPTH       0

DEGREE DAYS
 HEATING
  YESTERDAY        0                         7     -7       14
  MONTH TO DATE  157                       299   -142      209
  SINCE MAR 1   1273                      1606   -333     1526
  SINCE JUL 1   5395                      6435  -1040     6569

 COOLING
  YESTERDAY        1                         1      0        0
  MONTH TO DATE   16                         7      9        6
  SINCE MAR 1     16                         7      9        6
  SINCE JAN 1     16                         7      9        6
..................................................................


WIND (MPH)
  HIGHEST WIND SPEED    23   HIGHEST WIND DIRECTION     E (90)
  HIGHEST GUST SPEED    29   HIGHEST GUST DIRECTION     E (90)
  AVERAGE WIND SPEED     7.1


SKY COVER
  POSSIBLE SUNSHINE  MM
  AVERAGE SKY COVER 0.6


WEATHER CONDITIONS
 THE FOLLOWING WEATHER WAS RECORDED YESTERDAY.
  THUNDERSTORM


RELATIVE HUMIDITY (PERCENT)
 HIGHEST    83           100 AM
 LOWEST     32           300 PM
 AVERAGE    58

..........................................................


THE SPOKANE WA AIRPORT CLIMATE NORMALS FOR TODAY
                         NORMAL    RECORD    YEAR
 MAXIMUM TEMPERATURE (F)   70        95      1986
                                             1897
 MINIMUM TEMPERATURE (F)   47        34      1979
                                             1951


SUNRISE AND SUNSET
MAY 29 2015...........SUNRISE   459 AM PDT   SUNSET   837 PM PDT
MAY 30 2015...........SUNRISE   458 AM PDT   SUNSET   838 PM PDT


-  INDICATES NEGATIVE NUMBERS.
R  INDICATES RECORD WAS SET OR TIED.
MM INDICATES DATA IS MISSING.
T  INDICATES TRACE AMOUNT.




$$
