000
CDUS46 KOTX 030847
CLIGEG


CLIMATE REPORT
NATIONAL WEATHER SERVICE SPOKANE, WA
1247 AM PST TUE MAR 3 2015


...................................

...THE SPOKANE WA AIRPORT CLIMATE SUMMARY FOR MARCH 2 2015...

CLIMATE NORMAL PERIOD 1981 TO 2010
CLIMATE RECORD PERIOD 1881 TO 2015


WEATHER ITEM   OBSERVED TIME   RECORD YEAR NORMAL DEPARTURE LAST
                VALUE   (LST)  VALUE       VALUE  FROM      YEAR
                                                  NORMAL
..................................................................
TEMPERATURE (F)
 YESTERDAY
  MAXIMUM         42    328 PM  66    1905  44     -2       19
  MINIMUM         24   1159 PM  -4    1891  28     -4       11
  AVERAGE         33                        36     -3       15

PRECIPITATION (IN)
  YESTERDAY        0.04          0.68 1991   0.05  -0.01     0.44
  MONTH TO DATE    0.04                      0.11  -0.07     0.49
  SINCE OCT 1      7.72                      9.01  -1.29     5.64
  SINCE JAN 1      2.99                      3.23  -0.24     3.31

SNOWFALL (IN)
  YESTERDAY        0.9           5.4  1932   0.1    0.8      4.7
  MONTH TO DATE    0.9                       0.3    0.6      5.7
  SINCE MAR 1      0.9                       0.3    0.6      5.7
  SINCE JUL 1     16.6                      40.6  -24.0     37.5
  SNOW DEPTH       0

DEGREE DAYS
 HEATING
  YESTERDAY       32                        29      3       50
  MONTH TO DATE   65                        58      7       99
  SINCE MAR 1     65                        58      7       99
  SINCE JUL 1   4187                      4887   -700     5142

 COOLING
  YESTERDAY        0                         0      0        0
  MONTH TO DATE    0                         0      0        0
  SINCE MAR 1      0                         0      0        0
  SINCE JAN 1      0                         0      0        0
..................................................................


WIND (MPH)
  HIGHEST WIND SPEED    16   HIGHEST WIND DIRECTION     N (20)
  HIGHEST GUST SPEED    22   HIGHEST GUST DIRECTION     N (360)
  AVERAGE WIND SPEED     6.2


SKY COVER
  POSSIBLE SUNSHINE  MM
  AVERAGE SKY COVER 0.9


WEATHER CONDITIONS
 THE FOLLOWING WEATHER WAS RECORDED YESTERDAY.
  SNOW
  LIGHT SNOW
  FOG
  HAZE


RELATIVE HUMIDITY (PERCENT)
 HIGHEST    92           900 PM
 LOWEST     46           300 PM
 AVERAGE    69

..........................................................


THE SPOKANE WA AIRPORT CLIMATE NORMALS FOR TODAY
                         NORMAL    RECORD    YEAR
 MAXIMUM TEMPERATURE (F)   45        63      1905
 MINIMUM TEMPERATURE (F)   28       -10      1891


SUNRISE AND SUNSET
MARCH  3 2015.........SUNRISE   627 AM PST   SUNSET   538 PM PST
MARCH  4 2015.........SUNRISE   625 AM PST   SUNSET   539 PM PST


-  INDICATES NEGATIVE NUMBERS.
R  INDICATES RECORD WAS SET OR TIED.
MM INDICATES DATA IS MISSING.
T  INDICATES TRACE AMOUNT.




$$
