000
CDUS45 KRIW 210729
CLIGEY


CLIMATE REPORT
NATIONAL WEATHER SERVICE RIVERTON WY
129 AM MDT THU SEP 21 2017


...................................

...THE GREYBULL WY CLIMATE SUMMARY FOR SEPTEMBER 20 2017...

CLIMATE NORMAL PERIOD 1981 TO 2010
CLIMATE RECORD PERIOD 1998 TO 2017


WEATHER ITEM   OBSERVED TIME   RECORD YEAR NORMAL DEPARTURE LAST
                VALUE   (LST)  VALUE       VALUE  FROM      YEAR
                                                  NORMAL
..................................................................
TEMPERATURE (F)
 YESTERDAY
  MAXIMUM         70    341 PM  85    2016  72     -2       85
  MINIMUM         37    632 AM  31    1999  41     -4       53
  AVERAGE         54                        57     -3       69

PRECIPITATION (IN)
  YESTERDAY        T             0.30 2004   0.04  -0.04     0.00
  MONTH TO DATE    1.57                      0.59   0.98     0.58
  SINCE SEP 1      1.57                      0.59   0.98     0.58
  SINCE JAN 1      3.55                      6.04  -2.49     3.46

DEGREE DAYS
 HEATING
  YESTERDAY       11                         9      2        0
  MONTH TO DATE   92                       100     -8       77
  SINCE SEP 1     92                       100     -8       77
  SINCE JUL 1     92                       121    -29       96

 COOLING
  YESTERDAY        0                         0      0        4
  MONTH TO DATE   62                        34     28       41
  SINCE SEP 1     62                        34     28       41
  SINCE JAN 1    824                       667    157      886
..................................................................


WIND (MPH)
  HIGHEST WIND SPEED    23   HIGHEST WIND DIRECTION    SW (230)
  HIGHEST GUST SPEED    31   HIGHEST GUST DIRECTION    SW (210)
  AVERAGE WIND SPEED     7.9


SKY COVER
  POSSIBLE SUNSHINE  MM
  AVERAGE SKY COVER 0.2


WEATHER CONDITIONS
 THE FOLLOWING WEATHER WAS RECORDED YESTERDAY.
  LIGHT RAIN


RELATIVE HUMIDITY (PERCENT)
 HIGHEST    92           400 AM
 LOWEST     17           300 PM
 AVERAGE    55

..........................................................


THE GREYBULL WY CLIMATE NORMALS FOR TODAY
                         NORMAL    RECORD    YEAR
 MAXIMUM TEMPERATURE (F)   72        86      2015
                                             2013
 MINIMUM TEMPERATURE (F)   41        32      2000
                                             1999


SUNRISE AND SUNSET
SEPTEMBER 21 2017.....SUNRISE   659 AM MDT   SUNSET   711 PM MDT
SEPTEMBER 22 2017.....SUNRISE   700 AM MDT   SUNSET   709 PM MDT


-  INDICATES NEGATIVE NUMBERS.
R  INDICATES RECORD WAS SET OR TIED.
MM INDICATES DATA IS MISSING.
T  INDICATES TRACE AMOUNT.




$$
