000
CDUS45 KRIW 250753
CLIGEY


CLIMATE REPORT
NATIONAL WEATHER SERVICE RIVERTON WY
146 AM MDT SAT OCT 25 2014


...................................

...THE GREYBULL WY CLIMATE SUMMARY FOR OCTOBER 24 2014...

CLIMATE NORMAL PERIOD 1981 TO 2010
CLIMATE RECORD PERIOD 1998 TO 2014


WEATHER ITEM   OBSERVED TIME   RECORD YEAR NORMAL DEPARTURE LAST
                VALUE   (LST)  VALUE       VALUE  FROM      YEAR
                                                  NORMAL
..................................................................
TEMPERATURE (F)
 YESTERDAY
  MAXIMUM         77R   314 PM  72    2007  57     20       58
  MINIMUM         37    656 AM  22    2006  29      8       31
  AVERAGE         57                        43     14       45

PRECIPITATION (IN)
  YESTERDAY        0.00          0.06 2000   0.01  -0.01     0.00
  MONTH TO DATE    0.01                      0.53  -0.52     1.04
  SINCE SEP 1      0.87                      1.41  -0.54     2.15
  SINCE JAN 1      4.73                      6.86  -2.13     4.77

DEGREE DAYS
 HEATING
  YESTERDAY        8                        22    -14       20
  MONTH TO DATE  275                       423   -148      516
  SINCE SEP 1    427                       633   -206      638
  SINCE JUL 1    454                       654   -200      638

 COOLING
  YESTERDAY        0                         0      0        0
  MONTH TO DATE    0                         0      0        0
  SINCE SEP 1     43                        36      7       96
  SINCE JAN 1    698                       669     29     1005
..................................................................


WIND (MPH)
  HIGHEST WIND SPEED    18   HIGHEST WIND DIRECTION    NW (310)
  HIGHEST GUST SPEED    23   HIGHEST GUST DIRECTION    NW (310)
  AVERAGE WIND SPEED     5.6


SKY COVER
  POSSIBLE SUNSHINE  MM
  AVERAGE SKY COVER 0.3


WEATHER CONDITIONS
 THE FOLLOWING WEATHER WAS RECORDED YESTERDAY.
  NO SIGNIFICANT WEATHER WAS OBSERVED.


RELATIVE HUMIDITY (PERCENT)
 HIGHEST    64           400 AM
 LOWEST     16           300 PM
 AVERAGE    40

..........................................................


THE GREYBULL WY CLIMATE NORMALS FOR TODAY
                         NORMAL    RECORD    YEAR
 MAXIMUM TEMPERATURE (F)   56        72      1999
 MINIMUM TEMPERATURE (F)   29        17      2001


SUNRISE AND SUNSET
OCTOBER 25 2014.......SUNRISE   740 AM MDT   SUNSET   612 PM MDT
OCTOBER 26 2014.......SUNRISE   742 AM MDT   SUNSET   610 PM MDT


-  INDICATES NEGATIVE NUMBERS.
R  INDICATES RECORD WAS SET OR TIED.
MM INDICATES DATA IS MISSING.
T  INDICATES TRACE AMOUNT.




$$
