000
CDUS45 KRIW 010736
CLIGEY


CLIMATE REPORT
NATIONAL WEATHER SERVICE RIVERTON WY
134 AM MDT FRI AUG 1 2014


...................................

...THE GREYBULL WY CLIMATE SUMMARY FOR JULY 31 2014...

CLIMATE NORMAL PERIOD 1981 TO 2010
CLIMATE RECORD PERIOD 1998 TO 2014


WEATHER ITEM   OBSERVED TIME   RECORD YEAR NORMAL DEPARTURE LAST
                VALUE   (LST)  VALUE       VALUE  FROM      YEAR
                                                  NORMAL
..................................................................
TEMPERATURE (F)
 YESTERDAY
  MAXIMUM         92    452 PM 101    2012  92      0       90
                                      2000
  MINIMUM         57    536 AM  49    2009  58     -1       53
  AVERAGE         75                        75      0       72

PRECIPITATION (IN)
  YESTERDAY        0.00          T    2011   0.02  -0.02     0.01
                                      2010
                                      2009
  MONTH TO DATE    0.21                      0.66  -0.45     0.32
  SINCE JUN 1      1.15                      1.86  -0.71     0.72
  SINCE JAN 1      2.85                      5.03  -2.18     2.62

DEGREE DAYS
 HEATING
  YESTERDAY        0                         0      0        0
  MONTH TO DATE    0                         1     -1        0
  SINCE JUN 1     56                        76    -20       36
  SINCE JUL 1      0                         6     -6        0

 COOLING
  YESTERDAY       10                        10      0        7
  MONTH TO DATE  344                       277     67      383
  SINCE JUN 1    393                       383     10      556
  SINCE JAN 1    435                       403     32      583
..................................................................


WIND (MPH)
  HIGHEST WIND SPEED    18   HIGHEST WIND DIRECTION     E (90)
  HIGHEST GUST SPEED    23   HIGHEST GUST DIRECTION     E (110)
  AVERAGE WIND SPEED     5.6


SKY COVER
  POSSIBLE SUNSHINE  MM
  AVERAGE SKY COVER 0.0


WEATHER CONDITIONS
 THE FOLLOWING WEATHER WAS RECORDED YESTERDAY.
  NO SIGNIFICANT WEATHER WAS OBSERVED.


RELATIVE HUMIDITY (PERCENT)
 HIGHEST    55           500 AM
 LOWEST     12           200 PM
 AVERAGE    34

..........................................................


THE GREYBULL WY CLIMATE NORMALS FOR TODAY
                         NORMAL    RECORD    YEAR
 MAXIMUM TEMPERATURE (F)   92       104      2008
 MINIMUM TEMPERATURE (F)   58        48      2009


SUNRISE AND SUNSET
AUGUST  1 2014........SUNRISE   559 AM MDT   SUNSET   837 PM MDT
AUGUST  2 2014........SUNRISE   600 AM MDT   SUNSET   836 PM MDT


-  INDICATES NEGATIVE NUMBERS.
R  INDICATES RECORD WAS SET OR TIED.
MM INDICATES DATA IS MISSING.
T  INDICATES TRACE AMOUNT.




$$
