000
CDUS43 KIND 310533
CLIGEZ


CLIMATE REPORT
NATIONAL WEATHER SERVICE INDIANAPOLIS IN
133 AM EDT THU JUL 31 2014


...................................

...THE SHELBYVILLE IN CLIMATE SUMMARY FOR JULY 30 2014...

CLIMATE NORMAL PERIOD 1981 TO 2010
CLIMATE RECORD PERIOD 9999 TO 9999


WEATHER ITEM   OBSERVED TIME   NORMAL DEPARTURE LAST
                VALUE   (LST)  VALUE  FROM      YEAR
                                      NORMAL
......................................................
TEMPERATURE (F)
 YESTERDAY
  MAXIMUM         80    152 PM  84     -4       76
  MINIMUM         58    554 AM  63     -5       55
  AVERAGE         69            74     -5       66

PRECIPITATION (IN)
  YESTERDAY        0.41          0.14   0.27      T
  MONTH TO DATE    3.53          4.58  -1.05     1.35
  SINCE JUN 1      8.93          8.98  -0.05     5.83
  SINCE JAN 1     24.42         26.76  -2.34    18.14

DEGREE DAYS
 HEATING
  YESTERDAY        0             0      0        0
  MONTH TO DATE    2             0      2        2
  SINCE JUN 1      3            15    -12        7
  SINCE JUL 1      2             0      2        2

 COOLING
  YESTERDAY        4             9     -5        1
  MONTH TO DATE  194           270    -76      285
  SINCE JUN 1    510           479     31      551
  SINCE JAN 1    673           560    113      719
......................................................


WIND (MPH)
  HIGHEST WIND SPEED    24   HIGHEST WIND DIRECTION     W (280)
  HIGHEST GUST SPEED    34   HIGHEST GUST DIRECTION     W (290)
  AVERAGE WIND SPEED     6.2


SKY COVER
  AVERAGE SKY COVER 0.4


WEATHER CONDITIONS
 THE FOLLOWING WEATHER WAS RECORDED YESTERDAY.
  THUNDERSTORM
  HEAVY RAIN
  LIGHT RAIN
  FOG


RELATIVE HUMIDITY (PERCENT)
 HIGHEST    93           400 AM
 LOWEST     54           100 PM
 AVERAGE    74

..........................................................


THE SHELBYVILLE IN CLIMATE NORMALS FOR TODAY
                         NORMAL
 MAXIMUM TEMPERATURE (F)   84
 MINIMUM TEMPERATURE (F)   63


SUNRISE AND SUNSET
JULY 31 2014..........SUNRISE   642 AM EDT   SUNSET   857 PM EDT
AUGUST  1 2014........SUNRISE   643 AM EDT   SUNSET   856 PM EDT


-  INDICATES NEGATIVE NUMBERS.
R  INDICATES RECORD WAS SET OR TIED.
MM INDICATES DATA IS MISSING.
T  INDICATES TRACE AMOUNT.




$$
