000
CDUS43 KIND 130536
CLIGEZ


CLIMATE REPORT
NATIONAL WEATHER SERVICE INDIANAPOLIS IN
1234 AM EST WED DEC 13 2017


...................................

...THE SHELBYVILLE IN CLIMATE SUMMARY FOR DECEMBER 12 2017...

CLIMATE NORMAL PERIOD 1981 TO 2010
CLIMATE RECORD PERIOD 9999 TO 9999


WEATHER ITEM   OBSERVED TIME   NORMAL DEPARTURE LAST
                VALUE   (LST)  VALUE  FROM      YEAR
                                      NORMAL
......................................................
TEMPERATURE (F)
 YESTERDAY
  MAXIMUM         38   1214 AM  40     -2       39
  MINIMUM         17   1159 PM  25     -8       26
  AVERAGE         28            32     -4       33

PRECIPITATION (IN)
  YESTERDAY        T             0.10  -0.10     0.02
  MONTH TO DATE    0.27          1.30  -1.03     0.68
  SINCE DEC 1      0.27          1.30  -1.03     0.68
  SINCE JAN 1     46.31         41.59   4.72    42.03

DEGREE DAYS
 HEATING
  YESTERDAY       37            33      4       32
  MONTH TO DATE  357           367    -10      375
  SINCE DEC 1    357           367    -10      375
  SINCE JUL 1   1250          1442   -192     1061

 COOLING
  YESTERDAY        0             0      0        0
  MONTH TO DATE    0             0      0        0
  SINCE DEC 1      0             0      0        0
  SINCE JAN 1   1132           913    219     1470
......................................................


WIND (MPH)
  HIGHEST WIND SPEED    24   HIGHEST WIND DIRECTION    NW (300)
  HIGHEST GUST SPEED    35   HIGHEST GUST DIRECTION    NW (310)
  AVERAGE WIND SPEED    14.6


SKY COVER
  AVERAGE SKY COVER 0.5


WEATHER CONDITIONS
 THE FOLLOWING WEATHER WAS RECORDED YESTERDAY.
  LT FREEZING RAIN
  LIGHT SNOW
  FOG
  HAZE


RELATIVE HUMIDITY (PERCENT)
 HIGHEST    82           400 AM
 LOWEST     39           400 PM
 AVERAGE    61

..........................................................


THE SHELBYVILLE IN CLIMATE NORMALS FOR TODAY
                         NORMAL
 MAXIMUM TEMPERATURE (F)   40
 MINIMUM TEMPERATURE (F)   25


SUNRISE AND SUNSET
DECEMBER 13 2017......SUNRISE   755 AM EST   SUNSET   520 PM EST
DECEMBER 14 2017......SUNRISE   756 AM EST   SUNSET   520 PM EST


-  INDICATES NEGATIVE NUMBERS.
R  INDICATES RECORD WAS SET OR TIED.
MM INDICATES DATA IS MISSING.
T  INDICATES TRACE AMOUNT.




$$
