760
CDUS43 KIND 070535
CLIGEZ


CLIMATE REPORT
NATIONAL WEATHER SERVICE INDIANAPOLIS IN
1233 AM EST WED DEC 7 2016


...................................

...THE SHELBYVILLE IN CLIMATE SUMMARY FOR DECEMBER 6 2016...

CLIMATE NORMAL PERIOD 1981 TO 2010
CLIMATE RECORD PERIOD 9999 TO 9999


WEATHER ITEM   OBSERVED TIME   NORMAL DEPARTURE LAST
                VALUE   (LST)  VALUE  FROM      YEAR
                                      NORMAL
......................................................
TEMPERATURE (F)
 YESTERDAY
  MAXIMUM         44    424 PM  42      2       54
  MINIMUM         34   1156 PM  27      7       26
  AVERAGE         39            35      4       40

PRECIPITATION (IN)
  YESTERDAY        0.32          0.11   0.21      T
  MONTH TO DATE    0.58          0.66  -0.08     0.23
  SINCE DEC 1      0.58          0.66  -0.08     0.23
  SINCE JAN 1     41.93         40.95   0.98    39.30

DEGREE DAYS
 HEATING
  YESTERDAY       26            30     -4       25
  MONTH TO DATE  160           176    -16      170
  SINCE DEC 1    160           176    -16      170
  SINCE JUL 1    846          1251   -405      897

 COOLING
  YESTERDAY        0             0      0        0
  MONTH TO DATE    0             0      0        0
  SINCE DEC 1      0             0      0        0
  SINCE JAN 1   1470           913    557     1229
......................................................


WIND (MPH)
  HIGHEST WIND SPEED    24   HIGHEST WIND DIRECTION    NW (300)
  HIGHEST GUST SPEED    30   HIGHEST GUST DIRECTION    NW (300)
  AVERAGE WIND SPEED    10.6


SKY COVER
  AVERAGE SKY COVER 0.7


WEATHER CONDITIONS
 THE FOLLOWING WEATHER WAS RECORDED YESTERDAY.
  RAIN
  LIGHT RAIN
  FOG
  HAZE


RELATIVE HUMIDITY (PERCENT)
 HIGHEST    92          1000 AM
 LOWEST     75          1000 PM
 AVERAGE    84

..........................................................


THE SHELBYVILLE IN CLIMATE NORMALS FOR TODAY
                         NORMAL
 MAXIMUM TEMPERATURE (F)   42
 MINIMUM TEMPERATURE (F)   27


SUNRISE AND SUNSET
DECEMBER  7 2016......SUNRISE   751 AM EST   SUNSET   519 PM EST
DECEMBER  8 2016......SUNRISE   752 AM EST   SUNSET   519 PM EST


-  INDICATES NEGATIVE NUMBERS.
R  INDICATES RECORD WAS SET OR TIED.
MM INDICATES DATA IS MISSING.
T  INDICATES TRACE AMOUNT.




$$
