000
CDUS43 KIND 310533
CLIGEZ


CLIMATE REPORT
NATIONAL WEATHER SERVICE INDIANAPOLIS IN
133 AM EDT TUE MAY 31 2016


...................................

...THE SHELBYVILLE IN CLIMATE SUMMARY FOR MAY 30 2016...

CLIMATE NORMAL PERIOD 1981 TO 2010
CLIMATE RECORD PERIOD 9999 TO 9999


WEATHER ITEM   OBSERVED TIME   NORMAL DEPARTURE LAST
                VALUE   (LST)  VALUE  FROM      YEAR
                                      NORMAL
......................................................
TEMPERATURE (F)
 YESTERDAY
  MAXIMUM         89    430 PM  78     11       87
  MINIMUM         61    552 AM  57      4       69
  AVERAGE         75            67      8       78

PRECIPITATION (IN)
  YESTERDAY        0.00          0.14  -0.14     0.44
  MONTH TO DATE    2.24          5.13  -2.89     2.24
  SINCE MAR 1     11.82         12.88  -1.06    10.77
  SINCE JAN 1     16.46         17.63  -1.17    13.79

DEGREE DAYS
 HEATING
  YESTERDAY        0             2     -2        0
  MONTH TO DATE  134           134      0       59
  SINCE MAR 1    902          1231   -329     1113
  SINCE JUL 1   4071          5394  -1323     5554

 COOLING
  YESTERDAY       10             4      6       13
  MONTH TO DATE   90            66     24      180
  SINCE MAR 1    110            79     31      188
  SINCE JAN 1    110            79     31      188
......................................................


WIND (MPH)
  HIGHEST WIND SPEED    13   HIGHEST WIND DIRECTION     W (290)
  HIGHEST GUST SPEED    17   HIGHEST GUST DIRECTION     W (290)
  AVERAGE WIND SPEED     3.2


SKY COVER
  AVERAGE SKY COVER 0.1


WEATHER CONDITIONS
 THE FOLLOWING WEATHER WAS RECORDED YESTERDAY.
  FOG


RELATIVE HUMIDITY (PERCENT)
 HIGHEST    93           400 AM
 LOWEST     29           600 PM
 AVERAGE    61

..........................................................


THE SHELBYVILLE IN CLIMATE NORMALS FOR TODAY
                         NORMAL
 MAXIMUM TEMPERATURE (F)   78
 MINIMUM TEMPERATURE (F)   57


SUNRISE AND SUNSET
MAY 31 2016...........SUNRISE   618 AM EDT   SUNSET   904 PM EDT
JUNE  1 2016..........SUNRISE   618 AM EDT   SUNSET   905 PM EDT


-  INDICATES NEGATIVE NUMBERS.
R  INDICATES RECORD WAS SET OR TIED.
MM INDICATES DATA IS MISSING.
T  INDICATES TRACE AMOUNT.




$$
