000
CDUS43 KFGF 280727
CLIGFK


CLIMATE REPORT
NATIONAL WEATHER SERVICE EASTERN NORTH DAKOTA/GRAND FORKS
227 AM CDT THU MAY 28 2015


...................................

...THE GRAND FORKS INTL AP ND CLIMATE SUMMARY FOR MAY 27 2015...

CLIMATE NORMAL PERIOD 1981 TO 2010
CLIMATE RECORD PERIOD 1941 TO 2015


WEATHER ITEM   OBSERVED TIME   RECORD YEAR NORMAL DEPARTURE LAST
                VALUE   (LST)  VALUE       VALUE  FROM      YEAR
                                                  NORMAL
..................................................................
TEMPERATURE (F)
 YESTERDAY
  MAXIMUM         77    544 PM  99    1934  71      6       86
  MINIMUM         54    359 AM  21    1907  46      8       52
  AVERAGE         66                        58      8       69

PRECIPITATION (IN)
  YESTERDAY        0.00          1.29 1931   0.09  -0.09      T
  MONTH TO DATE    3.80                      2.27   1.53     1.97
  SINCE MAR 1      4.84                      4.24   0.60     5.52
  SINCE JAN 1      5.66                      5.31   0.35     6.59

SNOWFALL (IN)
  YESTERDAY        0.0          MM      MM   0.0    0.0      0.0
  MONTH TO DATE    T                         0.1   -0.1      0.0
  SINCE MAR 1      2.7                      10.2   -7.5     14.6
  SINCE JUL 1     17.0                      47.4  -30.4     60.3
  SNOW DEPTH       0

DEGREE DAYS
 HEATING
  YESTERDAY        0                         7     -7        0
  MONTH TO DATE  327                       307     20      367
  SINCE MAR 1   1985                      2235   -250     2646
  SINCE JUL 1   8902                      9385   -483    10541

 COOLING
  YESTERDAY        1                         1      0        4
  MONTH TO DATE    4                        12     -8       23
  SINCE MAR 1      4                        13     -9       23
  SINCE JAN 1      4                        13     -9       23
..................................................................


WIND (MPH)
  HIGHEST WIND SPEED    17   HIGHEST WIND DIRECTION     N (360)
  HIGHEST GUST SPEED    22   HIGHEST GUST DIRECTION     N (340)
  AVERAGE WIND SPEED     8.4


SKY COVER
  POSSIBLE SUNSHINE  MM
  AVERAGE SKY COVER 0.3


WEATHER CONDITIONS
 THE FOLLOWING WEATHER WAS RECORDED YESTERDAY.
  NO SIGNIFICANT WEATHER WAS OBSERVED.


RELATIVE HUMIDITY (PERCENT)
 HIGHEST    77           400 AM
 LOWEST     36           400 PM
 AVERAGE    57

..........................................................


THE GRAND FORKS INTL AP ND CLIMATE NORMALS FOR TODAY
                         NORMAL    RECORD    YEAR
 MAXIMUM TEMPERATURE (F)   72        95      2006
                                             1934
 MINIMUM TEMPERATURE (F)   46        25      1947


SUNRISE AND SUNSET
MAY 28 2015...........SUNRISE   537 AM CDT   SUNSET   916 PM CDT
MAY 29 2015...........SUNRISE   536 AM CDT   SUNSET   917 PM CDT


-  INDICATES NEGATIVE NUMBERS.
R  INDICATES RECORD WAS SET OR TIED.
MM INDICATES DATA IS MISSING.
T  INDICATES TRACE AMOUNT.




$$
