000
CDUS43 KFGF 270638
CLIGFK


CLIMATE REPORT
NATIONAL WEATHER SERVICE EASTERN NORTH DAKOTA/GRAND FORKS
1235 AM CST SAT DEC 27 2014


...................................

...THE GRAND FORKS INTL AP ND CLIMATE SUMMARY FOR DECEMBER 26 2014...

CLIMATE NORMAL PERIOD 1981 TO 2010
CLIMATE RECORD PERIOD 1941 TO 2014


WEATHER ITEM   OBSERVED TIME   RECORD YEAR NORMAL DEPARTURE LAST
                VALUE   (LST)  VALUE       VALUE  FROM      YEAR
                                                  NORMAL
..................................................................
TEMPERATURE (F)
 YESTERDAY
  MAXIMUM         25    218 AM  49    2011  17      8       23
  MINIMUM          5   1159 PM -27    1990  -1      6        4
                                      1964
  AVERAGE         15                         8      7       14

PRECIPITATION (IN)
  YESTERDAY        T             0.45 1988   0.02  -0.02     0.01
  MONTH TO DATE    0.21                      0.51  -0.30     0.79
  SINCE DEC 1      0.21                      0.51  -0.30     0.79
  SINCE JAN 1     22.86                     20.71   2.15    19.62

SNOWFALL (IN)
  YESTERDAY        T             8.0  1988   0.4   -0.4      0.2
  MONTH TO DATE    1.1                       8.9   -7.8     22.0
  SINCE DEC 1      1.1                       8.9   -7.8     22.0
  SINCE JUL 1      5.1                      18.1  -13.0     23.6
  SNOW DEPTH       T

DEGREE DAYS
 HEATING
  YESTERDAY       50                        57     -7       51
  MONTH TO DATE 1138                      1374   -236     1668
  SINCE DEC 1   1138                      1374   -236     1668
  SINCE JUL 1   3282                      3573   -291     3779

 COOLING
  YESTERDAY        0                         0      0        0
  MONTH TO DATE    0                         0      0        0
  SINCE DEC 1      0                         0      0        0
  SINCE JAN 1    395                       379     16      487
..................................................................


WIND (MPH)
  HIGHEST WIND SPEED    17   HIGHEST WIND DIRECTION    NW (330)
  HIGHEST GUST SPEED    22   HIGHEST GUST DIRECTION     N (350)
  AVERAGE WIND SPEED     9.8


SKY COVER
  POSSIBLE SUNSHINE  MM
  AVERAGE SKY COVER 0.8


WEATHER CONDITIONS
 THE FOLLOWING WEATHER WAS RECORDED YESTERDAY.
  LIGHT SNOW
  FOG


RELATIVE HUMIDITY (PERCENT)
 HIGHEST    88          1200 AM
 LOWEST     67           400 PM
 AVERAGE    78

..........................................................


THE GRAND FORKS INTL AP ND CLIMATE NORMALS FOR TODAY
                         NORMAL    RECORD    YEAR
 MAXIMUM TEMPERATURE (F)   17        42      1999
 MINIMUM TEMPERATURE (F)   -1       -24      1964


SUNRISE AND SUNSET
DECEMBER 27 2014......SUNRISE   818 AM CST   SUNSET   442 PM CST
DECEMBER 28 2014......SUNRISE   818 AM CST   SUNSET   443 PM CST


-  INDICATES NEGATIVE NUMBERS.
R  INDICATES RECORD WAS SET OR TIED.
MM INDICATES DATA IS MISSING.
T  INDICATES TRACE AMOUNT.




$$
