000
CDUS43 KFGF 220633
CLIGFK


CLIMATE REPORT
NATIONAL WEATHER SERVICE EASTERN NORTH DAKOTA/GRAND FORKS
1232 AM CST THU FEB 22 2018


...................................

...THE GRAND FORKS INTL AP ND CLIMATE SUMMARY FOR FEBRUARY 21 2018...

CLIMATE NORMAL PERIOD 1981 TO 2010
CLIMATE RECORD PERIOD 1948 TO 2018


WEATHER ITEM   OBSERVED TIME   RECORD YEAR NORMAL DEPARTURE LAST
                VALUE   (LST)  VALUE       VALUE  FROM      YEAR
                                                  NORMAL
..................................................................
TEMPERATURE (F)
 YESTERDAY
  MAXIMUM         12    447 PM  49    2000  24    -12       46
  MINIMUM         -7    757 AM -30    1956   5    -12       28
  AVERAGE          3                        14    -11       37

PRECIPITATION (IN)
  YESTERDAY        0.00          0.11 1969   0.03  -0.03      T
  MONTH TO DATE    0.21                      0.35  -0.14     0.33
  SINCE DEC 1      1.48                      1.51  -0.03     2.39
  SINCE JAN 1      0.71                      0.90  -0.19     0.78

SNOWFALL (IN)
  YESTERDAY        0.0           1.1  1969   0.3   -0.3      0.0
  MONTH TO DATE    6.0                       4.7    1.3      3.7
  SINCE DEC 1     23.5                      26.1   -2.6     36.2
  SINCE JUL 1     33.7                      35.3   -1.6     37.3
  SNOW DEPTH       8

DEGREE DAYS
 HEATING
  YESTERDAY       62                        51     11       28
  MONTH TO DATE 1293                      1139    154      943
  SINCE DEC 1   4645                      4606     39     4188
  SINCE JUL 1   6630                      6805   -175     5656

 COOLING
  YESTERDAY        0                         0      0        0
  MONTH TO DATE    0                         0      0        0
  SINCE DEC 1      0                         0      0        0
  SINCE JAN 1      0                         0      0        0
..................................................................


WIND (MPH)
  HIGHEST WIND SPEED    18   HIGHEST WIND DIRECTION     S (190)
  HIGHEST GUST SPEED    23   HIGHEST GUST DIRECTION     S (200)
  AVERAGE WIND SPEED     9.6


SKY COVER
  POSSIBLE SUNSHINE  MM
  AVERAGE SKY COVER 0.1


WEATHER CONDITIONS
 THE FOLLOWING WEATHER WAS RECORDED YESTERDAY.
  NO SIGNIFICANT WEATHER WAS OBSERVED.


RELATIVE HUMIDITY (PERCENT)
 HIGHEST    83          1000 PM
 LOWEST     58           300 PM
 AVERAGE    71

..........................................................


THE GRAND FORKS INTL AP ND CLIMATE NORMALS FOR TODAY
                         NORMAL    RECORD    YEAR
 MAXIMUM TEMPERATURE (F)   24        67      2000
 MINIMUM TEMPERATURE (F)    5       -26      2015


SUNRISE AND SUNSET
FEBRUARY 22 2018......SUNRISE   723 AM CST   SUNSET   603 PM CST
FEBRUARY 23 2018......SUNRISE   721 AM CST   SUNSET   604 PM CST


-  INDICATES NEGATIVE NUMBERS.
R  INDICATES RECORD WAS SET OR TIED.
MM INDICATES DATA IS MISSING.
T  INDICATES TRACE AMOUNT.




$$
