120
CDUS43 KFGF 240648
CLIGFK


CLIMATE REPORT
NATIONAL WEATHER SERVICE EASTERN NORTH DAKOTA/GRAND FORKS
141 AM CDT SUN SEP 24 2017


...................................

...THE GRAND FORKS INTL AP ND CLIMATE SUMMARY FOR SEPTEMBER 23 2017...

CLIMATE NORMAL PERIOD 1981 TO 2010
CLIMATE RECORD PERIOD 1948 TO 2017


WEATHER ITEM   OBSERVED TIME   RECORD YEAR NORMAL DEPARTURE LAST
                VALUE   (LST)  VALUE       VALUE  FROM      YEAR
                                                  NORMAL
..................................................................
TEMPERATURE (F)
 YESTERDAY
  MAXIMUM         65    311 PM  93    2007  66     -1       66
  MINIMUM         51    659 AM  24    1989  41     10       54
  AVERAGE         58                        54      4       60

PRECIPITATION (IN)
  YESTERDAY        0.07          1.79 2010   0.06   0.01     0.37
  MONTH TO DATE    2.80                      1.60   1.20     4.06
  SINCE SEP 1      2.80                      1.60   1.20     4.06
  SINCE JAN 1     13.85                     16.83  -2.98    22.58

SNOWFALL (IN)
  YESTERDAY        0.0          MM      MM   0.0    0.0      0.0
  MONTH TO DATE    0.0                       0.0    0.0      0.0
  SINCE SEP 1      0.0                       0.0    0.0      0.0
  SINCE JUL 1      0.0                       0.0    0.0      0.0
  SNOW DEPTH       0

DEGREE DAYS
 HEATING
  YESTERDAY        7                        12     -5        5
  MONTH TO DATE   94                       174    -80      102
  SINCE SEP 1     94                       174    -80      102
  SINCE JUL 1    113                       256   -143      130

 COOLING
  YESTERDAY        0                         0      0        0
  MONTH TO DATE   36                        24     12       23
  SINCE SEP 1     36                        24     12       23
  SINCE JAN 1    411                       376     35      427
..................................................................


WIND (MPH)
  HIGHEST WIND SPEED    22   HIGHEST WIND DIRECTION    NW (330)
  HIGHEST GUST SPEED    26   HIGHEST GUST DIRECTION    NW (330)
  AVERAGE WIND SPEED    11.9


SKY COVER
  POSSIBLE SUNSHINE  MM
  AVERAGE SKY COVER 1.0


WEATHER CONDITIONS
 THE FOLLOWING WEATHER WAS RECORDED YESTERDAY.
  LIGHT RAIN
  FOG


RELATIVE HUMIDITY (PERCENT)
 HIGHEST   100          1000 PM
 LOWEST     63           300 PM
 AVERAGE    82

..........................................................


THE GRAND FORKS INTL AP ND CLIMATE NORMALS FOR TODAY
                         NORMAL    RECORD    YEAR
 MAXIMUM TEMPERATURE (F)   66        87      1997
 MINIMUM TEMPERATURE (F)   41        25      1951


SUNRISE AND SUNSET
SEPTEMBER 24 2017.....SUNRISE   719 AM CDT   SUNSET   722 PM CDT
SEPTEMBER 25 2017.....SUNRISE   720 AM CDT   SUNSET   720 PM CDT


-  INDICATES NEGATIVE NUMBERS.
R  INDICATES RECORD WAS SET OR TIED.
MM INDICATES DATA IS MISSING.
T  INDICATES TRACE AMOUNT.




$$
