223
CDUS43 KFGF 220633
CLIGFK


CLIMATE REPORT
NATIONAL WEATHER SERVICE EASTERN NORTH DAKOTA/GRAND FORKS
1232 AM CST SUN JAN 22 2017


...................................

...THE GRAND FORKS INTL AP ND CLIMATE SUMMARY FOR JANUARY 21 2017...

CLIMATE NORMAL PERIOD 1981 TO 2010
CLIMATE RECORD PERIOD 1941 TO 2017


WEATHER ITEM   OBSERVED TIME   RECORD YEAR NORMAL DEPARTURE LAST
                VALUE   (LST)  VALUE       VALUE  FROM      YEAR
                                                  NORMAL
..................................................................
TEMPERATURE (F)
 YESTERDAY
  MAXIMUM         37    459 PM  45    1942  17     20       18
  MINIMUM         34   1159 PM -35    1970  -4     38       -3
  AVERAGE         36                         6     30        8

PRECIPITATION (IN)
  YESTERDAY        T             0.52 1957   0.02  -0.02      T
  MONTH TO DATE    0.42                      0.39   0.03     0.28
  SINCE DEC 1      2.03                      1.00   1.03     1.34
  SINCE JAN 1      0.42                      0.39   0.03     0.28

SNOWFALL (IN)
  YESTERDAY        0.0           6.4  1952   0.3   -0.3       T
  MONTH TO DATE    7.1                       7.6   -0.5      4.3
  SINCE DEC 1     32.2                      18.3   13.9     19.6
  SINCE JUL 1     33.3                      27.5    5.8     22.3
  SNOW DEPTH       6

DEGREE DAYS
 HEATING
  YESTERDAY       29                        59    -30       57
  MONTH TO DATE 1246                      1231     15     1258
  SINCE DEC 1   2850                      2891    -41     2646
  SINCE JUL 1   4318                      5090   -772     4311

 COOLING
  YESTERDAY        0                         0      0        0
  MONTH TO DATE    0                         0      0        0
  SINCE DEC 1      0                         0      0        0
  SINCE JAN 1      0                         0      0        0
..................................................................


WIND (MPH)
  HIGHEST WIND SPEED    13   HIGHEST WIND DIRECTION    SE (150)
  HIGHEST GUST SPEED    18   HIGHEST GUST DIRECTION     E (110)
  AVERAGE WIND SPEED     5.2


SKY COVER
  POSSIBLE SUNSHINE  MM
  AVERAGE SKY COVER 1.0


WEATHER CONDITIONS
 THE FOLLOWING WEATHER WAS RECORDED YESTERDAY.
  LIGHT RAIN
  FOG
  FOG W/VISIBILITY <= 1/4 MILE


RELATIVE HUMIDITY (PERCENT)
 HIGHEST    96          1100 PM
 LOWEST     82           100 PM
 AVERAGE    89

..........................................................


THE GRAND FORKS INTL AP ND CLIMATE NORMALS FOR TODAY
                         NORMAL    RECORD    YEAR
 MAXIMUM TEMPERATURE (F)   17        48      1942
 MINIMUM TEMPERATURE (F)   -4       -32      1948


SUNRISE AND SUNSET
JANUARY 22 2017.......SUNRISE   807 AM CST   SUNSET   514 PM CST
JANUARY 23 2017.......SUNRISE   806 AM CST   SUNSET   515 PM CST


-  INDICATES NEGATIVE NUMBERS.
R  INDICATES RECORD WAS SET OR TIED.
MM INDICATES DATA IS MISSING.
T  INDICATES TRACE AMOUNT.




$$
