000
CDUS43 KFGF 070726
CLIGFK


CLIMATE REPORT
NATIONAL WEATHER SERVICE EASTERN NORTH DAKOTA/GRAND FORKS
226 AM CDT TUE JUL 7 2015


...................................

...THE GRAND FORKS INTL AP ND CLIMATE SUMMARY FOR JULY 6 2015...

CLIMATE NORMAL PERIOD 1981 TO 2010
CLIMATE RECORD PERIOD 1941 TO 2015


WEATHER ITEM   OBSERVED TIME   RECORD YEAR NORMAL DEPARTURE LAST
                VALUE   (LST)  VALUE       VALUE  FROM      YEAR
                                                  NORMAL
..................................................................
TEMPERATURE (F)
 YESTERDAY
  MAXIMUM         66    417 PM  97    1988  80    -14       83
  MINIMUM         47   1159 PM  42    1942  56     -9       67
  AVERAGE         57                        68    -11       75

PRECIPITATION (IN)
  YESTERDAY        0.00          2.10 1954   0.12  -0.12     0.00
  MONTH TO DATE    0.92                      0.72   0.20     0.18
  SINCE JUN 1      3.43                      4.20  -0.77     6.78
  SINCE JAN 1      9.74                      9.92  -0.18    13.96

SNOWFALL (IN)
  YESTERDAY        0.0          MM      MM   0.0    0.0      0.0
  MONTH TO DATE    0.0                       0.0    0.0      0.0
  SINCE JUN 1      0.0                       0.0    0.0      0.0
  SINCE JUL 1      0.0                       0.0    0.0      0.0
  SNOW DEPTH       0

DEGREE DAYS
 HEATING
  YESTERDAY        8                         1      7        0
  MONTH TO DATE    8                         7      1       14
  SINCE JUN 1     66                       110    -44       60
  SINCE JUL 1      8                         7      1       14

 COOLING
  YESTERDAY        0                         4     -4       10
  MONTH TO DATE   23                        24     -1       28
  SINCE JUN 1     88                        99    -11       95
  SINCE JAN 1     94                       116    -22      148
..................................................................


WIND (MPH)
  HIGHEST WIND SPEED    21   HIGHEST WIND DIRECTION     N (350)
  HIGHEST GUST SPEED    25   HIGHEST GUST DIRECTION    NE (30)
  AVERAGE WIND SPEED    12.4


SKY COVER
  POSSIBLE SUNSHINE  MM
  AVERAGE SKY COVER 0.6


WEATHER CONDITIONS
 THE FOLLOWING WEATHER WAS RECORDED YESTERDAY.
  FOG
  HAZE


RELATIVE HUMIDITY (PERCENT)
 HIGHEST    97          1200 AM
 LOWEST     52           600 PM
 AVERAGE    75

..........................................................


THE GRAND FORKS INTL AP ND CLIMATE NORMALS FOR TODAY
                         NORMAL    RECORD    YEAR
 MAXIMUM TEMPERATURE (F)   80        99      1985
 MINIMUM TEMPERATURE (F)   56        44      2004
                                             1984


SUNRISE AND SUNSET
JULY  7 2015..........SUNRISE   538 AM CDT   SUNSET   929 PM CDT
JULY  8 2015..........SUNRISE   538 AM CDT   SUNSET   929 PM CDT


-  INDICATES NEGATIVE NUMBERS.
R  INDICATES RECORD WAS SET OR TIED.
MM INDICATES DATA IS MISSING.
T  INDICATES TRACE AMOUNT.




$$
