000
CDUS43 KFGF 190641
CLIGFK


CLIMATE REPORT
NATIONAL WEATHER SERVICE EASTERN NORTH DAKOTA/GRAND FORKS
1240 AM CST SUN FEB 19 2017


...................................

...THE GRAND FORKS INTL AP ND CLIMATE SUMMARY FOR FEBRUARY 18 2017...

CLIMATE NORMAL PERIOD 1981 TO 2010
CLIMATE RECORD PERIOD 1941 TO 2017


WEATHER ITEM   OBSERVED TIME   RECORD YEAR NORMAL DEPARTURE LAST
                VALUE   (LST)  VALUE       VALUE  FROM      YEAR
                                                  NORMAL
..................................................................
TEMPERATURE (F)
 YESTERDAY
  MAXIMUM         44    128 PM  45    2002  23     21       36
  MINIMUM         33    738 AM -35    1967   3     30       29
  AVERAGE         39                        13     26       33

PRECIPITATION (IN)
  YESTERDAY        0.00          0.09 1986   0.02  -0.02     0.00
  MONTH TO DATE    0.15                      0.28  -0.13     0.24
  SINCE DEC 1      2.21                      1.44   0.77     1.62
  SINCE JAN 1      0.60                      0.83  -0.23     0.56

SNOWFALL (IN)
  YESTERDAY        0.0           3.4  1986   0.2   -0.2      0.0
  MONTH TO DATE    3.7                       3.9   -0.2      2.6
  SINCE DEC 1     36.2                      25.3   10.9     23.2
  SINCE JUL 1     37.3                      34.5    2.8     25.9
  SNOW DEPTH       3

DEGREE DAYS
 HEATING
  YESTERDAY       26                        52    -26       32
  MONTH TO DATE  861                       985   -124      845
  SINCE DEC 1   4106                      4452   -346     3902
  SINCE JUL 1   5574                      6651  -1077     5567

 COOLING
  YESTERDAY        0                         0      0        0
  MONTH TO DATE    0                         0      0        0
  SINCE DEC 1      0                         0      0        0
  SINCE JAN 1      0                         0      0        0
..................................................................


WIND (MPH)
  HIGHEST WIND SPEED    16   HIGHEST WIND DIRECTION     W (250)
  HIGHEST GUST SPEED    20   HIGHEST GUST DIRECTION     W (260)
  AVERAGE WIND SPEED     7.2


SKY COVER
  POSSIBLE SUNSHINE  MM
  AVERAGE SKY COVER 0.4


WEATHER CONDITIONS
 THE FOLLOWING WEATHER WAS RECORDED YESTERDAY.
  NO SIGNIFICANT WEATHER WAS OBSERVED.


RELATIVE HUMIDITY (PERCENT)
 HIGHEST    82           800 AM
 LOWEST     65           200 PM
 AVERAGE    74

..........................................................


THE GRAND FORKS INTL AP ND CLIMATE NORMALS FOR TODAY
                         NORMAL    RECORD    YEAR
 MAXIMUM TEMPERATURE (F)   23        44      2016
 MINIMUM TEMPERATURE (F)    4       -31      1941


SUNRISE AND SUNSET
FEBRUARY 19 2017......SUNRISE   728 AM CST   SUNSET   558 PM CST
FEBRUARY 20 2017......SUNRISE   726 AM CST   SUNSET   600 PM CST


-  INDICATES NEGATIVE NUMBERS.
R  INDICATES RECORD WAS SET OR TIED.
MM INDICATES DATA IS MISSING.
T  INDICATES TRACE AMOUNT.




$$
