000
CDUS43 KFGF 222323
CLIGFK


CLIMATE REPORT
NATIONAL WEATHER SERVICE EASTERN NORTH DAKOTA/GRAND FORKS
521 PM CST WED NOV 22 2017


...................................

...THE GRAND FORKS INTL AP ND CLIMATE SUMMARY FOR NOVEMBER 22 2017...
VALID TODAY AS OF 0400 PM LOCAL TIME.

CLIMATE NORMAL PERIOD 1981 TO 2010
CLIMATE RECORD PERIOD 1948 TO 2017


WEATHER ITEM   OBSERVED TIME   RECORD YEAR NORMAL DEPARTURE LAST
                VALUE   (LST)  VALUE       VALUE  FROM      YEAR
                                                  NORMAL
..................................................................
TEMPERATURE (F)
 TODAY
  MAXIMUM         28    359 PM  62    2006  31     -3       35
  MINIMUM          7    149 AM -12    1977  13     -6       33
  AVERAGE         18                        22     -4       34

PRECIPITATION (IN)
  TODAY            T             0.39 2016   0.02  -0.02     0.39
  MONTH TO DATE    0.83                      0.77   0.06     0.40
  SINCE SEP 1      5.40                      4.79   0.61     5.66
  SINCE JAN 1     16.45                     20.02  -3.57    24.18

SNOWFALL (IN)
  TODAY           MM             4.0  1959   0.3   MM        0.7
  MONTH TO DATE    4.1                       5.1   -1.0      0.7
  SINCE SEP 1      4.3                       6.6   -2.3      0.7
  SINCE JUL 1      4.3                       6.6   -2.3      0.7
  SNOW DEPTH       3

DEGREE DAYS
 HEATING
  TODAY           47                        43      4       31
  MONTH TO DATE  962                       804    158      487
  SINCE SEP 1   1705                      1753    -48     1211
  SINCE JUL 1   1724                      1835   -111     1239

 COOLING
  TODAY            0                         0      0        0
  MONTH TO DATE    0                         0      0        0
  SINCE SEP 1     36                        27      9       30
  SINCE JAN 1    411                       379     32      434
..................................................................


WIND (MPH)
  HIGHEST WIND SPEED    20   HIGHEST WIND DIRECTION     S (180)
  HIGHEST GUST SPEED    25   HIGHEST GUST DIRECTION     S (160)
  AVERAGE WIND SPEED    10.5


SKY COVER
  POSSIBLE SUNSHINE  MM
  AVERAGE SKY COVER 0.7


WEATHER CONDITIONS
 THE FOLLOWING WEATHER WAS RECORDED TODAY.
  LIGHT SNOW


RELATIVE HUMIDITY (PERCENT)
 HIGHEST    92           600 AM
 LOWEST     63           300 PM
 AVERAGE    78

..........................................................


THE GRAND FORKS INTL AP ND CLIMATE NORMALS FOR TOMORROW
                         NORMAL    RECORD    YEAR
 MAXIMUM TEMPERATURE (F)   30        58      2011
 MINIMUM TEMPERATURE (F)   13       -20      1985


SUNRISE AND SUNSET
NOVEMBER 22 2017......SUNRISE   746 AM CST   SUNSET   444 PM CST
NOVEMBER 23 2017......SUNRISE   747 AM CST   SUNSET   443 PM CST


-  INDICATES NEGATIVE NUMBERS.
R  INDICATES RECORD WAS SET OR TIED.
MM INDICATES DATA IS MISSING.
T  INDICATES TRACE AMOUNT.




$$
