000
CDUS41 KALY 250624
CLIGFL


CLIMATE REPORT
NATIONAL WEATHER SERVICE ALBANY NY
223 AM EDT MON MAY 25 2015


...................................

...THE GLENS FALLS NY CLIMATE SUMMARY FOR MAY 24 2015...

CLIMATE NORMAL PERIOD 1981 TO 2010
CLIMATE RECORD PERIOD 1949 TO 2015


WEATHER ITEM   OBSERVED TIME   RECORD YEAR NORMAL DEPARTURE LAST
                VALUE   (LST)  VALUE       VALUE  FROM      YEAR
                                                  NORMAL
..................................................................
TEMPERATURE (F)
 YESTERDAY
  MAXIMUM         81        MM  88    2007  70     11       70
  MINIMUM         46        MM  30    1963  45      1       53
  AVERAGE         64                        58      6       62

PRECIPITATION (IN)
  YESTERDAY        0.00          1.53 2004   0.12  -0.12     0.17
  MONTH TO DATE    1.27                      2.80  -1.53     2.70
  SINCE MAR 1      3.92                      8.74  -4.82     8.24
  SINCE JAN 1      5.97                     13.68  -7.71    12.77

DEGREE DAYS
 HEATING
  YESTERDAY        1                         8     -7        3
  MONTH TO DATE  128                       264   -136      185
  SINCE MAR 1   1910                      1920    -10     2089
  SINCE JUL 1   7591                      7540     51     7858

 COOLING
  YESTERDAY        0                         1     -1        0
  MONTH TO DATE   38                         1     37       11
  SINCE MAR 1     38                         2     36       11
  SINCE JAN 1     38                         2     36       11
..................................................................


WIND (MPH)
  HIGHEST WIND SPEED    15   HIGHEST WIND DIRECTION    SW (240)
  HIGHEST GUST SPEED    25   HIGHEST GUST DIRECTION    SW (240)
  AVERAGE WIND SPEED     8.3


SKY COVER
  AVERAGE SKY COVER 0.2



RELATIVE HUMIDITY (PERCENT)
 HIGHEST    61           400 AM
 LOWEST     21           300 PM
 AVERAGE    41

..........................................................


THE GLENS FALLS NY CLIMATE NORMALS FOR TODAY
                         NORMAL    RECORD    YEAR
 MAXIMUM TEMPERATURE (F)   71        90      2007
 MINIMUM TEMPERATURE (F)   46        30      1992


SUNRISE AND SUNSET
MAY 25 2015...........SUNRISE   522 AM EDT   SUNSET   822 PM EDT
MAY 26 2015...........SUNRISE   521 AM EDT   SUNSET   823 PM EDT


-  INDICATES NEGATIVE NUMBERS.
R  INDICATES RECORD WAS SET OR TIED.
MM INDICATES DATA IS MISSING.
T  INDICATES TRACE AMOUNT.




$$
