000
CDUS41 KALY 012146
CLIGFL


CLIMATE REPORT
NATIONAL WEATHER SERVICE ALBANY NY
445 PM EST SUN FEB 1 2015


...................................

...THE GLENS FALLS NY CLIMATE SUMMARY FOR FEBRUARY 1 2015...
VALID TODAY AS OF 0400 PM LOCAL TIME.

CLIMATE NORMAL PERIOD 1981 TO 2010
CLIMATE RECORD PERIOD 1949 TO 2015


WEATHER ITEM   OBSERVED TIME   RECORD YEAR NORMAL DEPARTURE LAST
                VALUE   (LST)  VALUE       VALUE  FROM      YEAR
                                                  NORMAL
..................................................................
TEMPERATURE (F)
 TODAY
  MAXIMUM         17    302 PM  56    1989  30    -13       38
  MINIMUM         -5    121 AM -20    1971   7    -12       11
  AVERAGE          6                        18    -12       25

PRECIPITATION (IN)
  TODAY            T             1.70 1951   0.08  -0.08     0.09
  MONTH TO DATE    T                         0.08  -0.08     0.09
  SINCE DEC 1      5.57                      5.99  -0.42     4.41
  SINCE JAN 1      1.49                      2.94  -1.45     2.02

DEGREE DAYS
 HEATING
  TODAY           59                        47     12       40
  MONTH TO DATE   59                        47     12       40
  SINCE DEC 1   2669                      2745    -76     2810
  SINCE JUL 1   4130                      4443   -313     4489

 COOLING
  TODAY            0                         0      0        0
  MONTH TO DATE    0                         0      0        0
  SINCE DEC 1      0                         0      0        0
  SINCE JAN 1      0                         0      0        0
..................................................................


WIND (MPH)
  HIGHEST WIND SPEED    16   HIGHEST WIND DIRECTION    NE (60)
  HIGHEST GUST SPEED    19   HIGHEST GUST DIRECTION     E (70)
  AVERAGE WIND SPEED     4.6


SKY COVER
  AVERAGE SKY COVER 0.5



RELATIVE HUMIDITY (PERCENT)
 HIGHEST    87           800 AM
 LOWEST     53           400 PM
 AVERAGE    70

..........................................................


THE GLENS FALLS NY CLIMATE NORMALS FOR TOMORROW
                         NORMAL    RECORD    YEAR
 MAXIMUM TEMPERATURE (F)   30        54      1981
 MINIMUM TEMPERATURE (F)    7       -18      1984


SUNRISE AND SUNSET
FEBRUARY  1 2015......SUNRISE   711 AM EST   SUNSET   506 PM EST
FEBRUARY  2 2015......SUNRISE   709 AM EST   SUNSET   507 PM EST


-  INDICATES NEGATIVE NUMBERS.
R  INDICATES RECORD WAS SET OR TIED.
MM INDICATES DATA IS MISSING.
T  INDICATES TRACE AMOUNT.




$$
