000
CDUS41 KALY 272152
CLIGFL


CLIMATE REPORT
NATIONAL WEATHER SERVICE ALBANY NY
451 PM EST MON FEB 27 2017


...................................

...THE GLENS FALLS NY CLIMATE SUMMARY FOR FEBRUARY 27 2017...
VALID TODAY AS OF 0400 PM LOCAL TIME.

CLIMATE NORMAL PERIOD 1981 TO 2010
CLIMATE RECORD PERIOD 1949 TO 2017


WEATHER ITEM   OBSERVED TIME   RECORD YEAR NORMAL DEPARTURE LAST
                VALUE   (LST)  VALUE       VALUE  FROM      YEAR
                                                  NORMAL
..................................................................
TEMPERATURE (F)
 TODAY
  MAXIMUM         52R   344 PM  51    2000  36     16       38
  MINIMUM         27    615 AM -16    2006  13     14       12
  AVERAGE         40                        25     15       25

PRECIPITATION (IN)
  TODAY            0.00          0.53 1957   0.08  -0.08     0.00
  MONTH TO DATE    2.51                      2.00   0.51     3.71
  SINCE DEC 1      7.56                      7.91  -0.35     8.82
  SINCE JAN 1      4.69                      4.86  -0.17     4.77

DEGREE DAYS
 HEATING
  TODAY           25                        40    -15       40
  MONTH TO DATE  930                      1184   -254      951
  SINCE DEC 1   3183                      3882   -699     2839
  SINCE JUL 1   4499                      5580  -1081     4130

 COOLING
  TODAY            0                         0      0        0
  MONTH TO DATE    0                         0      0        0
  SINCE DEC 1      0                         0      0        0
  SINCE JAN 1      0                         0      0        0
..................................................................


WIND (MPH)
  HIGHEST WIND SPEED    23   HIGHEST WIND DIRECTION    SW (210)
  HIGHEST GUST SPEED    29   HIGHEST GUST DIRECTION     S (200)
  AVERAGE WIND SPEED    11.0


SKY COVER
  AVERAGE SKY COVER 0.2



RELATIVE HUMIDITY (PERCENT)
 HIGHEST    69          1200 AM
 LOWEST     33           100 PM
 AVERAGE    51

..........................................................


THE GLENS FALLS NY CLIMATE NORMALS FOR TOMORROW
                         NORMAL    RECORD    YEAR
 MAXIMUM TEMPERATURE (F)   36        56      1954
 MINIMUM TEMPERATURE (F)   14       -18      1950


SUNRISE AND SUNSET
FEBRUARY 27 2017......SUNRISE   634 AM EST   SUNSET   541 PM EST
FEBRUARY 28 2017......SUNRISE   632 AM EST   SUNSET   542 PM EST


-  INDICATES NEGATIVE NUMBERS.
R  INDICATES RECORD WAS SET OR TIED.
MM INDICATES DATA IS MISSING.
T  INDICATES TRACE AMOUNT.




$$
