000
CDUS41 KALY 190622
CLIGFL


CLIMATE REPORT
NATIONAL WEATHER SERVICE ALBANY NY
222 AM EDT FRI SEP 19 2014


...................................

...THE GLENS FALLS NY CLIMATE SUMMARY FOR SEPTEMBER 18 2014...

CLIMATE NORMAL PERIOD 1981 TO 2010
CLIMATE RECORD PERIOD 1949 TO 2014


WEATHER ITEM   OBSERVED TIME   RECORD YEAR NORMAL DEPARTURE LAST
                VALUE   (LST)  VALUE       VALUE  FROM      YEAR
                                                  NORMAL
..................................................................
TEMPERATURE (F)
 YESTERDAY
  MAXIMUM         62   1029 AM  82    1992  70     -8       69
  MINIMUM         42   1159 PM  32    1950  46     -4       36
  AVERAGE         52                        58     -6       53

PRECIPITATION (IN)
  YESTERDAY        0.01          2.29 2012   0.12  -0.11     0.00
  MONTH TO DATE    1.11                      1.92  -0.81     1.85
  SINCE SEP 1      1.11                      1.92  -0.81     1.85
  SINCE JAN 1     27.15                     27.73  -0.58    27.12

DEGREE DAYS
 HEATING
  YESTERDAY       13                         8      5       12
  MONTH TO DATE   94                        95     -1      124
  SINCE SEP 1     94                        95     -1      124
  SINCE JUL 1    109                       161    -52      162

 COOLING
  YESTERDAY        0                         1     -1        0
  MONTH TO DATE   46                        23     23       43
  SINCE SEP 1     46                        23     23       43
  SINCE JAN 1    384                       350     34      537
..................................................................


WIND (MPH)
  HIGHEST WIND SPEED    15   HIGHEST WIND DIRECTION    NE (30)
  HIGHEST GUST SPEED    19   HIGHEST GUST DIRECTION    NE (30)
  AVERAGE WIND SPEED     5.7


SKY COVER
  AVERAGE SKY COVER 0.7



RELATIVE HUMIDITY (PERCENT)
 HIGHEST    93           100 AM
 LOWEST     67           200 PM
 AVERAGE    80

..........................................................


THE GLENS FALLS NY CLIMATE NORMALS FOR TODAY
                         NORMAL    RECORD    YEAR
 MAXIMUM TEMPERATURE (F)   69        85      1983
 MINIMUM TEMPERATURE (F)   45        31      1995


SUNRISE AND SUNSET
SEPTEMBER 19 2014.....SUNRISE   638 AM EDT   SUNSET   657 PM EDT
SEPTEMBER 20 2014.....SUNRISE   639 AM EDT   SUNSET   656 PM EDT


-  INDICATES NEGATIVE NUMBERS.
R  INDICATES RECORD WAS SET OR TIED.
MM INDICATES DATA IS MISSING.
T  INDICATES TRACE AMOUNT.




$$
