000
CDUS44 KSHV 260735
CLIGGG


CLIMATE REPORT
NATIONAL WEATHER SERVICE SHREVEPORT, LA
234 AM CDT FRI MAY 26 2017


...................................

...THE LONGVIEW CLIMATE SUMMARY FOR MAY 25 2017...

CLIMATE NORMAL PERIOD 1981 TO 2010
CLIMATE RECORD PERIOD 1902 TO 2017


WEATHER ITEM   OBSERVED TIME   RECORD YEAR NORMAL DEPARTURE LAST
                VALUE   (LST)  VALUE       VALUE  FROM      YEAR
                                                  NORMAL
..................................................................
TEMPERATURE (F)
 YESTERDAY
  MAXIMUM         88    400 PM  99    1937  86      2       88
  MINIMUM         55    240 AM  50    1967  65    -10       75
  AVERAGE         72                        75     -3       82

PRECIPITATION (IN)
  YESTERDAY        0.00          1.63 1907   0.16  -0.16      T
  MONTH TO DATE    3.94                      3.82   0.12     1.83
  SINCE DEC 1     25.74                     23.24   2.50    32.18
  SINCE JAN 1     20.94                     18.75   2.19    26.12

SNOWFALL (IN)
  YESTERDAY        0.0
  MONTH TO DATE    0.0
  SINCE MAR 1      0.0
  SINCE JUL 1      0.0
  SNOW DEPTH       0

DEGREE DAYS
 HEATING
  YESTERDAY        0                         0      0        0
  MONTH TO DATE    7                         8     -1       15
  SINCE MAR 1    190                       353   -163      205
  SINCE JUL 1   1291                      2257   -966     1654

 COOLING
  YESTERDAY        7                        10     -3       17
  MONTH TO DATE  148                       190    -42      158
  SINCE MAR 1    386                       301     85      295
  SINCE JAN 1    457                       313    144      301
..................................................................


WIND (MPH)
  HIGHEST WIND SPEED    23   HIGHEST WIND DIRECTION     S (190)
  HIGHEST GUST SPEED    28   HIGHEST GUST DIRECTION     S (190)
  AVERAGE WIND SPEED    11.8


SKY COVER
  POSSIBLE SUNSHINE  MM
  AVERAGE SKY COVER 0.0


WEATHER CONDITIONS
 THE FOLLOWING WEATHER WAS RECORDED YESTERDAY.
  NO SIGNIFICANT WEATHER WAS OBSERVED.


RELATIVE HUMIDITY (PERCENT)
 HIGHEST    93          1200 AM
 LOWEST     43           300 PM
 AVERAGE    68

..........................................................


THE LONGVIEW CLIMATE NORMALS FOR TODAY
                         NORMAL    RECORD    YEAR
 MAXIMUM TEMPERATURE (F)   86        98      1942
 MINIMUM TEMPERATURE (F)   65        50      1930


SUNRISE AND SUNSET
MAY 26 2017...........SUNRISE   615 AM CDT   SUNSET   818 PM CDT
MAY 27 2017...........SUNRISE   614 AM CDT   SUNSET   818 PM CDT


-  INDICATES NEGATIVE NUMBERS.
R  INDICATES RECORD WAS SET OR TIED.
MM INDICATES DATA IS MISSING.
T  INDICATES TRACE AMOUNT.




$$
