000
CDUS44 KSHV 120838
CLIGGG


CLIMATE REPORT
NATIONAL WEATHER SERVICE SHREVEPORT, LA
233 AM CST TUE DEC 12 2017


...................................

...THE LONGVIEW CLIMATE SUMMARY FOR DECEMBER 11 2017...

CLIMATE NORMAL PERIOD 1981 TO 2010
CLIMATE RECORD PERIOD 1902 TO 2017


WEATHER ITEM   OBSERVED TIME   RECORD YEAR NORMAL DEPARTURE LAST
                VALUE   (LST)  VALUE       VALUE  FROM      YEAR
                                                  NORMAL
..................................................................
TEMPERATURE (F)
 YESTERDAY
  MAXIMUM         77    244 PM  80    2015  59     18       70
                                      2007
  MINIMUM         32    725 AM  20    1995  38     -6       50
  AVERAGE         55                        48      7       60

PRECIPITATION (IN)
  YESTERDAY        0.00          2.62 1985   0.16  -0.16      T
  MONTH TO DATE    0.51                      1.78  -1.27     2.70
  SINCE DEC 1      0.51                      1.78  -1.27     2.70
  SINCE JAN 1     40.01                     44.84  -4.83    47.32

SNOWFALL (IN)
  YESTERDAY        0.0
  MONTH TO DATE    0.0
  SINCE DEC 1      0.0
  SINCE JUL 1      0.0
  SNOW DEPTH       0

DEGREE DAYS
 HEATING
  YESTERDAY       10                        17     -7        5
  MONTH TO DATE  141                       173    -32      192
  SINCE DEC 1    141                       173    -32      192
  SINCE JUL 1    421                       545   -124      352

 COOLING
  YESTERDAY        0                         0      0        0
  MONTH TO DATE    4                         0      4        0
  SINCE DEC 1      4                         0      4        0
  SINCE JAN 1   2703                      2417    286     2729
..................................................................


WIND (MPH)
  HIGHEST WIND SPEED    15   HIGHEST WIND DIRECTION     W (260)
  HIGHEST GUST SPEED    22   HIGHEST GUST DIRECTION     W (250)
  AVERAGE WIND SPEED     6.3


SKY COVER
  POSSIBLE SUNSHINE  MM
  AVERAGE SKY COVER 0.0


WEATHER CONDITIONS
 THE FOLLOWING WEATHER WAS RECORDED YESTERDAY.
  NO SIGNIFICANT WEATHER WAS OBSERVED.


RELATIVE HUMIDITY (PERCENT)
 HIGHEST    92           800 AM
 LOWEST     15           300 PM
 AVERAGE    54

..........................................................


THE LONGVIEW CLIMATE NORMALS FOR TODAY
                         NORMAL    RECORD    YEAR
 MAXIMUM TEMPERATURE (F)   59        82      1949
 MINIMUM TEMPERATURE (F)   38        17      1962


SUNRISE AND SUNSET
DECEMBER 12 2017......SUNRISE   711 AM CST   SUNSET   514 PM CST
DECEMBER 13 2017......SUNRISE   712 AM CST   SUNSET   515 PM CST


-  INDICATES NEGATIVE NUMBERS.
R  INDICATES RECORD WAS SET OR TIED.
MM INDICATES DATA IS MISSING.
T  INDICATES TRACE AMOUNT.




$$
