000
CDUS44 KSHV 230742
CLIGGG


CLIMATE REPORT
NATIONAL WEATHER SERVICE SHREVEPORT, LA
241 AM CDT THU MAR 23 2017


...................................

...THE LONGVIEW CLIMATE SUMMARY FOR MARCH 22 2017...

CLIMATE NORMAL PERIOD 1981 TO 2010
CLIMATE RECORD PERIOD 1902 TO 2017


WEATHER ITEM   OBSERVED TIME   RECORD YEAR NORMAL DEPARTURE LAST
                VALUE   (LST)  VALUE       VALUE  FROM      YEAR
                                                  NORMAL
..................................................................
TEMPERATURE (F)
 YESTERDAY
  MAXIMUM         80    426 PM  88    1941  71      9       74
  MINIMUM         58    650 AM  28    1915  48     10       41
  AVERAGE         69                        59     10       58

PRECIPITATION (IN)
  YESTERDAY        0.00          1.39 1982   0.14  -0.14     0.00
  MONTH TO DATE    0.64                      3.10  -2.46    10.17
  SINCE DEC 1     13.41                     14.95  -1.54    20.51
  SINCE JAN 1      8.61                     10.46  -1.85    14.45

SNOWFALL (IN)
  YESTERDAY        0.0
  MONTH TO DATE    0.0
  SINCE MAR 1      0.0
  SINCE JUL 1      0.0
  SNOW DEPTH       0

DEGREE DAYS
 HEATING
  YESTERDAY        0                         7     -7        7
  MONTH TO DATE  143                       199    -56      104
  SINCE MAR 1    143                       199    -56      104
  SINCE JUL 1   1244                      2103   -859     1553

 COOLING
  YESTERDAY        4                         1      3        0
  MONTH TO DATE   54                        22     32       18
  SINCE MAR 1     54                        22     32       18
  SINCE JAN 1    125                        34     91       24
..................................................................


WIND (MPH)
  HIGHEST WIND SPEED    14   HIGHEST WIND DIRECTION    SE (140)
  HIGHEST GUST SPEED    19   HIGHEST GUST DIRECTION    SE (140)
  AVERAGE WIND SPEED     6.3


SKY COVER
  POSSIBLE SUNSHINE  MM
  AVERAGE SKY COVER 0.3


WEATHER CONDITIONS
 THE FOLLOWING WEATHER WAS RECORDED YESTERDAY.
  FOG
  HAZE


RELATIVE HUMIDITY (PERCENT)
 HIGHEST   100           500 AM
 LOWEST     54           300 PM
 AVERAGE    77

..........................................................


THE LONGVIEW CLIMATE NORMALS FOR TODAY
                         NORMAL    RECORD    YEAR
 MAXIMUM TEMPERATURE (F)   71        89      1995
 MINIMUM TEMPERATURE (F)   48        30      1952


SUNRISE AND SUNSET
MARCH 23 2017.........SUNRISE   718 AM CDT   SUNSET   733 PM CDT
MARCH 24 2017.........SUNRISE   717 AM CDT   SUNSET   733 PM CDT


-  INDICATES NEGATIVE NUMBERS.
R  INDICATES RECORD WAS SET OR TIED.
MM INDICATES DATA IS MISSING.
T  INDICATES TRACE AMOUNT.




$$
