000
CDUS44 KSHV 180852
CLIGGG


CLIMATE REPORT
NATIONAL WEATHER SERVICE SHREVEPORT, LA
247 AM CST SUN FEB 18 2018


...................................

...THE LONGVIEW CLIMATE SUMMARY FOR FEBRUARY 17 2018...

CLIMATE NORMAL PERIOD 1981 TO 2010
CLIMATE RECORD PERIOD 1902 TO 2018


WEATHER ITEM   OBSERVED TIME   RECORD YEAR NORMAL DEPARTURE LAST
                VALUE   (LST)  VALUE       VALUE  FROM      YEAR
                                                  NORMAL
..................................................................
TEMPERATURE (F)
 YESTERDAY
  MAXIMUM         53    608 PM  83    2000  62     -9       70
  MINIMUM         47    849 AM  12    1903  39      8       42
  AVERAGE         50                        51     -1       56

PRECIPITATION (IN)
  YESTERDAY        0.16          1.10 1965   0.16   0.00      T
  MONTH TO DATE    3.10                      2.37   0.73     1.14
  SINCE DEC 1     11.18                     10.18   1.00    11.44
  SINCE JAN 1      5.85                      5.69   0.16     6.64

SNOWFALL (IN)
  YESTERDAY       MM
  MONTH TO DATE    T
  SINCE DEC 1      1.5
  SINCE JUL 1      1.5
  SNOW DEPTH       0

DEGREE DAYS
 HEATING
  YESTERDAY       15                        15      0        9
  MONTH TO DATE  280                       278      2      139
  SINCE DEC 1   1459                      1389     70      905
  SINCE JUL 1   1739                      1761    -22     1065

 COOLING
  YESTERDAY        0                         0      0        0
  MONTH TO DATE    6                         0      6       25
  SINCE DEC 1     13                        10      3       62
  SINCE JAN 1      9                         4      5       44
..................................................................


WIND (MPH)
  HIGHEST WIND SPEED    25   HIGHEST WIND DIRECTION    NW (320)
  HIGHEST GUST SPEED    30   HIGHEST GUST DIRECTION    NW (320)
  AVERAGE WIND SPEED     5.0


SKY COVER
  POSSIBLE SUNSHINE  MM
  AVERAGE SKY COVER 1.0


WEATHER CONDITIONS
 THE FOLLOWING WEATHER WAS RECORDED YESTERDAY.
  RAIN
  LIGHT RAIN
  FOG


RELATIVE HUMIDITY (PERCENT)
 HIGHEST   100           400 AM
 LOWEST     89          1200 AM
 AVERAGE    95

..........................................................


THE LONGVIEW CLIMATE NORMALS FOR TODAY
                         NORMAL    RECORD    YEAR
 MAXIMUM TEMPERATURE (F)   63        83      1911
 MINIMUM TEMPERATURE (F)   39         9      1910


SUNRISE AND SUNSET
FEBRUARY 18 2018......SUNRISE   658 AM CST   SUNSET   607 PM CST
FEBRUARY 19 2018......SUNRISE   657 AM CST   SUNSET   608 PM CST


-  INDICATES NEGATIVE NUMBERS.
R  INDICATES RECORD WAS SET OR TIED.
MM INDICATES DATA IS MISSING.
T  INDICATES TRACE AMOUNT.




$$
