000
CDUS44 KSHV 220735
CLIGGG


CLIMATE REPORT
NATIONAL WEATHER SERVICE SHREVEPORT, LA
234 AM CDT TUE JUL 22 2014


...................................

...THE LONGVIEW CLIMATE SUMMARY FOR JULY 21 2014...

CLIMATE NORMAL PERIOD 1981 TO 2010
CLIMATE RECORD PERIOD 1902 TO 2014


WEATHER ITEM   OBSERVED TIME   RECORD YEAR NORMAL DEPARTURE LAST
                VALUE   (LST)  VALUE       VALUE  FROM      YEAR
                                                  NORMAL
..................................................................
TEMPERATURE (F)
 YESTERDAY
  MAXIMUM         90    425 PM 108    1939  94     -4       95
  MINIMUM         67    448 AM  58    1903  74     -7       72
  AVERAGE         79                        84     -5       84

PRECIPITATION (IN)
  YESTERDAY        0.00          2.85 1970   0.06  -0.06     0.00
  MONTH TO DATE    1.92                      2.20  -0.28     1.11
  SINCE DEC 1     28.24                     31.43  -3.19    23.61
  SINCE JAN 1     24.09                     26.94  -2.85    19.26

SNOWFALL (IN)
  YESTERDAY        0.0
  MONTH TO DATE    0.0
  SINCE JUN 1      0.0
  SINCE JUL 1      0.0
  SNOW DEPTH       0

DEGREE DAYS
 HEATING
  YESTERDAY        0                         0      0        0
  MONTH TO DATE    0                         0      0        0
  SINCE JUN 1      0                         0      0        0
  SINCE JUL 1      0                         0      0        0

 COOLING
  YESTERDAY       14                        19     -5       19
  MONTH TO DATE  322                       386    -64      357
  SINCE JUN 1    782                       825    -43      873
  SINCE JAN 1   1136                      1204    -68     1261
..................................................................


WIND (MPH)
  HIGHEST WIND SPEED     9   HIGHEST WIND DIRECTION     E (70)
  HIGHEST GUST SPEED    13   HIGHEST GUST DIRECTION    NE (60)
  AVERAGE WIND SPEED     2.4


SKY COVER
  POSSIBLE SUNSHINE  MM
  AVERAGE SKY COVER 0.2


WEATHER CONDITIONS
 THE FOLLOWING WEATHER WAS RECORDED YESTERDAY.
  FOG
  HAZE


RELATIVE HUMIDITY (PERCENT)
 HIGHEST    93           400 AM
 LOWEST     56           400 PM
 AVERAGE    75

..........................................................


THE LONGVIEW CLIMATE NORMALS FOR TODAY
                         NORMAL    RECORD    YEAR
 MAXIMUM TEMPERATURE (F)   94       108      1939
 MINIMUM TEMPERATURE (F)   74        64      1915


SUNRISE AND SUNSET
JULY 22 2014..........SUNRISE   627 AM CDT   SUNSET   823 PM CDT
JULY 23 2014..........SUNRISE   628 AM CDT   SUNSET   823 PM CDT


-  INDICATES NEGATIVE NUMBERS.
R  INDICATES RECORD WAS SET OR TIED.
MM INDICATES DATA IS MISSING.
T  INDICATES TRACE AMOUNT.




$$
