000
CDUS44 KSHV 010841
CLIGGG


CLIMATE REPORT
NATIONAL WEATHER SERVICE SHREVEPORT, LA
241 AM CST SUN MAR 1 2015


...................................

...THE LONGVIEW CLIMATE SUMMARY FOR FEBRUARY 28 2015...

CLIMATE NORMAL PERIOD 1981 TO 2010
CLIMATE RECORD PERIOD 1902 TO 2015


WEATHER ITEM   OBSERVED TIME   RECORD YEAR NORMAL DEPARTURE LAST
                VALUE   (LST)  VALUE       VALUE  FROM      YEAR
                                                  NORMAL
..................................................................
TEMPERATURE (F)
 YESTERDAY
  MAXIMUM         45    438 PM  90    1932  65    -20       62
  MINIMUM         32    814 AM  21    2002  42    -10       38
  AVERAGE         39                        54    -15       50

PRECIPITATION (IN)
  YESTERDAY        T             1.25 1927   0.16  -0.16      T
  MONTH TO DATE    3.39                      4.04  -0.65     2.51
  SINCE DEC 1     11.11                     11.85  -0.74     7.13
  SINCE JAN 1      8.81                      7.36   1.45     2.98

SNOWFALL (IN)
  YESTERDAY        T
  MONTH TO DATE    2.9
  SINCE DEC 1      2.9
  SINCE JUL 1      2.9
  SNOW DEPTH       0

DEGREE DAYS
 HEATING
  YESTERDAY       26                        12     14       15
  MONTH TO DATE  519                       422     97      486
  SINCE DEC 1   1568                      1532     36     1696
  SINCE JUL 1   1978                      1904     74     2124

 COOLING
  YESTERDAY        0                         1     -1        0
  MONTH TO DATE    0                         8     -8        5
  SINCE DEC 1      5                        18    -13       16
  SINCE JAN 1      0                        12    -12        5
..................................................................


WIND (MPH)
  HIGHEST WIND SPEED    14   HIGHEST WIND DIRECTION     E (90)
  HIGHEST GUST SPEED    18   HIGHEST GUST DIRECTION     E (80)
  AVERAGE WIND SPEED     7.0


SKY COVER
  POSSIBLE SUNSHINE  MM
  AVERAGE SKY COVER 1.0


WEATHER CONDITIONS
 THE FOLLOWING WEATHER WAS RECORDED YESTERDAY.
  LIGHT RAIN
  SLEET


RELATIVE HUMIDITY (PERCENT)
 HIGHEST    70          1000 PM
 LOWEST     53           200 PM
 AVERAGE    62

..........................................................


THE LONGVIEW CLIMATE NORMALS FOR TODAY
                         NORMAL    RECORD    YEAR
 MAXIMUM TEMPERATURE (F)   65        85      1950
 MINIMUM TEMPERATURE (F)   43        22      1968


SUNRISE AND SUNSET
MARCH  1 2015.........SUNRISE   647 AM CST   SUNSET   616 PM CST
MARCH  2 2015.........SUNRISE   645 AM CST   SUNSET   617 PM CST


-  INDICATES NEGATIVE NUMBERS.
R  INDICATES RECORD WAS SET OR TIED.
MM INDICATES DATA IS MISSING.
T  INDICATES TRACE AMOUNT.




$$
