000
CDUS44 KSHV 040734
CLIGGG


CLIMATE REPORT
NATIONAL WEATHER SERVICE SHREVEPORT, LA
231 AM CDT FRI SEP 4 2015


...................................

...THE LONGVIEW CLIMATE SUMMARY FOR SEPTEMBER 3 2015...

CLIMATE NORMAL PERIOD 1981 TO 2010
CLIMATE RECORD PERIOD 1902 TO 2015


WEATHER ITEM   OBSERVED TIME   RECORD YEAR NORMAL DEPARTURE LAST
                VALUE   (LST)  VALUE       VALUE  FROM      YEAR
                                                  NORMAL
..................................................................
TEMPERATURE (F)
 YESTERDAY
  MAXIMUM         92    518 PM 108    2000  92      0       94
  MINIMUM         70    458 AM  49    1919  69      1       73
  AVERAGE         81                        80      1       84

PRECIPITATION (IN)
  YESTERDAY        0.00          1.45 1970   0.10  -0.10     0.00
  MONTH TO DATE    0.00                      0.30  -0.30     0.16
  SINCE DEC 1     45.70                     35.44  10.26    30.33
  SINCE JAN 1     43.40                     30.95  12.45    26.18

SNOWFALL (IN)
  YESTERDAY        0.0
  MONTH TO DATE    0.0
  SINCE SEP 1      0.0
  SINCE JUL 1      0.0
  SNOW DEPTH       0

DEGREE DAYS
 HEATING
  YESTERDAY        0                         0      0        0
  MONTH TO DATE    0                         0      0        0
  SINCE SEP 1      0                         0      0        0
  SINCE JUL 1      0                         0      0        0

 COOLING
  YESTERDAY       16                        15      1       19
  MONTH TO DATE   49                        46      3       61
  SINCE SEP 1     49                        46      3       61
  SINCE JAN 1   2221                      1986    235     1915
..................................................................


WIND (MPH)
  HIGHEST WIND SPEED    12   HIGHEST WIND DIRECTION     E (100)
  HIGHEST GUST SPEED    15   HIGHEST GUST DIRECTION    SE (150)
  AVERAGE WIND SPEED     3.7


SKY COVER
  POSSIBLE SUNSHINE  MM
  AVERAGE SKY COVER 0.2


WEATHER CONDITIONS
 THE FOLLOWING WEATHER WAS RECORDED YESTERDAY.
  NO SIGNIFICANT WEATHER WAS OBSERVED.


RELATIVE HUMIDITY (PERCENT)
 HIGHEST    97           500 AM
 LOWEST     49           300 PM
 AVERAGE    73

..........................................................


THE LONGVIEW CLIMATE NORMALS FOR TODAY
                         NORMAL    RECORD    YEAR
 MAXIMUM TEMPERATURE (F)   91       109      2000
 MINIMUM TEMPERATURE (F)   68        51      1974


SUNRISE AND SUNSET
SEPTEMBER  4 2015.....SUNRISE   656 AM CDT   SUNSET   740 PM CDT
SEPTEMBER  5 2015.....SUNRISE   656 AM CDT   SUNSET   738 PM CDT


-  INDICATES NEGATIVE NUMBERS.
R  INDICATES RECORD WAS SET OR TIED.
MM INDICATES DATA IS MISSING.
T  INDICATES TRACE AMOUNT.




$$
