639
CDUS45 KGGW 250018
CLIGGW


CLIMATE REPORT
NATIONAL WEATHER SERVICE GLASGOW MT
618 PM MDT WED MAY 24 2017


...................................

...THE GLASGOW MT CLIMATE SUMMARY FOR MAY 24 2017...
VALID TODAY AS OF 0500 PM LOCAL TIME.

CLIMATE NORMAL PERIOD 1981 TO 2010
CLIMATE RECORD PERIOD 1893 TO 2017


WEATHER ITEM   OBSERVED TIME   RECORD YEAR NORMAL DEPARTURE LAST
                VALUE   (LST)  VALUE       VALUE  FROM      YEAR
                                                  NORMAL
..................................................................
TEMPERATURE (F)
 TODAY
  MAXIMUM         84   1037 AM  95    1929  70     14       64
  MINIMUM         55    518 AM  29    1903  45     10       44
  AVERAGE         70                        58     12       54

PRECIPITATION (IN)
  TODAY            T             0.86 2010   0.07  -0.07     0.00
  MONTH TO DATE    0.58                      1.36  -0.78     3.85
  SINCE OCT 1      6.14                      4.81   1.33    10.58
  SINCE JAN 1      2.61                      3.26  -0.65     7.60

SNOWFALL (IN)
  TODAY            0.0           0.0  2002   0.0    0.0      0.0
                                      2000
  MONTH TO DATE    0.0                       1.1   -1.1      0.0
  SINCE MAR 1      6.2                       7.7   -1.5      6.1
  SINCE JUL 1     37.7                      34.7    3.0     27.6
  SNOW DEPTH       0

DEGREE DAYS
 HEATING
  TODAY            0                         8     -8       11
  MONTH TO DATE  221                       274    -53      213
  SINCE MAR 1   1758                      1911   -153     1536
  SINCE JUL 1   7865                      8281   -416     7001

 COOLING
  TODAY            5                         1      4        0
  MONTH TO DATE   20                         4     16       11
  SINCE MAR 1     20                         5     15       11
  SINCE JAN 1     20                         5     15       11
..................................................................


WIND (MPH)
  HIGHEST WIND SPEED    36   HIGHEST WIND DIRECTION    NW (310)
  HIGHEST GUST SPEED    44   HIGHEST GUST DIRECTION     W (280)
  AVERAGE WIND SPEED    19.9


SKY COVER
  POSSIBLE SUNSHINE  MM
  AVERAGE SKY COVER 0.3


WEATHER CONDITIONS
 THE FOLLOWING WEATHER WAS RECORDED TODAY.
  LIGHT RAIN


RELATIVE HUMIDITY (PERCENT)
 HIGHEST    47           200 AM
 LOWEST      9           400 PM
 AVERAGE    28

..........................................................


THE GLASGOW MT CLIMATE NORMALS FOR TOMORROW
                         NORMAL    RECORD    YEAR
 MAXIMUM TEMPERATURE (F)   70        95      1931
 MINIMUM TEMPERATURE (F)   46        22      1903


SUNRISE AND SUNSET
MAY 24 2017...........SUNRISE   517 AM MDT   SUNSET   851 PM MDT
MAY 25 2017...........SUNRISE   516 AM MDT   SUNSET   852 PM MDT


-  INDICATES NEGATIVE NUMBERS.
R  INDICATES RECORD WAS SET OR TIED.
MM INDICATES DATA IS MISSING.
T  INDICATES TRACE AMOUNT.




$$
