000
CDUS45 KGGW 010016
CLIGGW


CLIMATE REPORT
NATIONAL WEATHER SERVICE GLASGOW MT
616 PM MDT MON AUG 31 2015


...................................

...THE GLASGOW MT CLIMATE SUMMARY FOR AUGUST 31 2015...
VALID TODAY AS OF 0500 PM LOCAL TIME.

CLIMATE NORMAL PERIOD 1981 TO 2010
CLIMATE RECORD PERIOD 1893 TO 2015


WEATHER ITEM   OBSERVED TIME   RECORD YEAR NORMAL DEPARTURE LAST
                VALUE   (LST)  VALUE       VALUE  FROM      YEAR
                                                  NORMAL
..................................................................
TEMPERATURE (F)
 TODAY
  MAXIMUM         75    458 PM 104    1929  79     -4       75
                                      1919
  MINIMUM         51    604 AM  36    1949  51      0       50
  AVERAGE         63                        65     -2       63

PRECIPITATION (IN)
  TODAY            0.04          0.47 2011   0.03   0.01     0.01
  MONTH TO DATE    0.84                      1.24  -0.40     6.72
  SINCE OCT 1     10.75                     10.72   0.03    14.40
  SINCE JAN 1      9.49                      9.17   0.32    12.95

SNOWFALL (IN)
  TODAY            0.0           0.0  2002   0.0    0.0      0.0
                                      2001
                                      2000
  MONTH TO DATE    0.0                       0.0    0.0      0.0
  SINCE JUN 1      0.0                       0.0    0.0      0.0
  SINCE JUL 1      0.0                       0.0    0.0      0.0
  SNOW DEPTH       0

DEGREE DAYS
 HEATING
  TODAY            2                         3     -1        2
  MONTH TO DATE   45                        34     11       49
  SINCE JUN 1     96                       158    -62      161
  SINCE JUL 1     50                        53     -3       53

 COOLING
  TODAY            0                         3     -3        0
  MONTH TO DATE  216                       196     20      201
  SINCE JUN 1    564                       478     86      438
  SINCE JAN 1    564                       495     69      472
..................................................................


WIND (MPH)
  HIGHEST WIND SPEED    18   HIGHEST WIND DIRECTION     W (250)
  HIGHEST GUST SPEED    30   HIGHEST GUST DIRECTION    NW (310)
  AVERAGE WIND SPEED    11.8


SKY COVER
  POSSIBLE SUNSHINE  MM
  AVERAGE SKY COVER 0.1


WEATHER CONDITIONS
 THE FOLLOWING WEATHER WAS RECORDED TODAY.
  LIGHT RAIN


RELATIVE HUMIDITY (PERCENT)
 HIGHEST    93           300 AM
 LOWEST     25           400 PM
 AVERAGE    59

..........................................................


THE GLASGOW MT CLIMATE NORMALS FOR TOMORROW
                         NORMAL    RECORD    YEAR
 MAXIMUM TEMPERATURE (F)   79       103      1983
 MINIMUM TEMPERATURE (F)   51        32      1930


SUNRISE AND SUNSET
AUGUST 31 2015........SUNRISE   623 AM MDT   SUNSET   750 PM MDT
SEPTEMBER  1 2015.....SUNRISE   624 AM MDT   SUNSET   748 PM MDT


-  INDICATES NEGATIVE NUMBERS.
R  INDICATES RECORD WAS SET OR TIED.
MM INDICATES DATA IS MISSING.
T  INDICATES TRACE AMOUNT.

$$
