000
CDUS45 KGGW 281231
CLIGGW


CLIMATE REPORT
NATIONAL WEATHER SERVICE GLASGOW MT
631 AM MDT WED JUN 28 2017


...................................

...THE GLASGOW MT CLIMATE SUMMARY FOR JUNE 28 2017...
VALID AS OF 0600 AM LOCAL TIME.

CLIMATE NORMAL PERIOD 1981 TO 2010
CLIMATE RECORD PERIOD 1893 TO 2017


WEATHER ITEM   OBSERVED TIME   RECORD YEAR NORMAL DEPARTURE LAST
                VALUE   (LST)  VALUE       VALUE  FROM      YEAR
                                                  NORMAL
..................................................................
TEMPERATURE (F)
 TODAY
  MINIMUM         49    356 AM  38    1918  54     -5       55

PRECIPITATION (IN)
  TODAY            0.00          1.01 1963   0.06  -0.06     0.00
  MONTH TO DATE    0.13                      2.20  -2.07     3.51
  SINCE OCT 1      6.27                      7.57  -1.30    14.70
  SINCE JAN 1      2.74                      6.02  -3.28    11.72

SNOWFALL (IN)
  TODAY            0.0           T    1990   0.0    0.0      0.0
  MONTH TO DATE    0.0                       0.0    0.0      0.0
  SINCE JUN 1      0.0                       0.0    0.0      0.0
  SINCE JUL 1     37.7                      34.8    2.9     27.6
  SNOW DEPTH       0

DEGREE DAYS
 HEATING
  TODAY           10                         2      8        0
  MONTH TO DATE   51                       103    -52       32
  SINCE JUN 1     51                       103    -52       32
  SINCE JUL 1   7964                      8434   -470     7089

 COOLING
  TODAY            0                         4     -4        2
  MONTH TO DATE   80                        67     13       61
  SINCE JUN 1     80                        67     13       61
  SINCE JAN 1     95                        84     11       72
..................................................................





WEATHER CONDITIONS
 THE FOLLOWING WEATHER WAS RECORDED TODAY.
  NO SIGNIFICANT WEATHER WAS OBSERVED.


RELATIVE HUMIDITY (PERCENT)
 HIGHEST    66           200 AM

..........................................................


THE GLASGOW MT CLIMATE NORMALS FOR TOMORROW
                         NORMAL    RECORD    YEAR
 MAXIMUM TEMPERATURE (F)   81       100      1937
 MINIMUM TEMPERATURE (F)   54        37      1902


SUNRISE AND SUNSET
JUNE 28 2017..........SUNRISE   509 AM MDT   SUNSET   911 PM MDT
JUNE 29 2017..........SUNRISE   509 AM MDT   SUNSET   911 PM MDT


-  INDICATES NEGATIVE NUMBERS.
R  INDICATES RECORD WAS SET OR TIED.
MM INDICATES DATA IS MISSING.
T  INDICATES TRACE AMOUNT.




$$
