000
CDUS45 KGGW 281330
CLIGGW


CLIMATE REPORT
NATIONAL WEATHER SERVICE GLASGOW MT
630 AM MST TUE FEB 28 2017


...................................

...THE GLASGOW MT CLIMATE SUMMARY FOR FEBRUARY 28 2017...
VALID AS OF 0600 AM LOCAL TIME.

CLIMATE NORMAL PERIOD 1981 TO 2010
CLIMATE RECORD PERIOD 1893 TO 2017


WEATHER ITEM   OBSERVED TIME   RECORD YEAR NORMAL DEPARTURE LAST
                VALUE   (LST)  VALUE       VALUE  FROM      YEAR
                                                  NORMAL
..................................................................
TEMPERATURE (F)
 TODAY
  MINIMUM          9    629 AM -37    1962  14     -5       25

PRECIPITATION (IN)
  TODAY            0.00          0.64 2006   0.01  -0.01     0.00
  MONTH TO DATE    0.55                      0.26   0.29     0.24
  SINCE OCT 1      4.55                      2.18   2.37     3.56
  SINCE JAN 1      1.02                      0.63   0.39     0.58

SNOWFALL (IN)
  TODAY            0.0           2.0  2007   0.2   -0.2      0.0
  MONTH TO DATE    9.2                       4.4    4.8      1.6
  SINCE DEC 1     31.1                      20.4   10.7     20.0
  SINCE JUL 1     31.5                      27.0    4.5     21.0
  SNOW DEPTH       1

DEGREE DAYS
 HEATING
  TODAY           54                        41     13       24
  MONTH TO DATE 1182                      1281    -99      916
  SINCE DEC 1   4496                      4377    119     3758
  SINCE JUL 1   6115                      6370   -255     5420

 COOLING
  TODAY            0                         0      0        0
  MONTH TO DATE    0                         0      0        0
  SINCE DEC 1      0                         0      0        0
  SINCE JAN 1      0                         0      0        0
..................................................................





WEATHER CONDITIONS
 THE FOLLOWING WEATHER WAS RECORDED TODAY.
  NO SIGNIFICANT WEATHER WAS OBSERVED.


RELATIVE HUMIDITY (PERCENT)
 HIGHEST    92          1200 AM

..........................................................


THE GLASGOW MT CLIMATE NORMALS FOR TOMORROW
                         NORMAL    RECORD    YEAR
 MAXIMUM TEMPERATURE (F)   35        64      1992
 MINIMUM TEMPERATURE (F)   14       -32      1922


SUNRISE AND SUNSET
FEBRUARY 28 2017......SUNRISE   649 AM MST   SUNSET   550 PM MST
MARCH  1 2017.........SUNRISE   647 AM MST   SUNSET   551 PM MST


-  INDICATES NEGATIVE NUMBERS.
R  INDICATES RECORD WAS SET OR TIED.
MM INDICATES DATA IS MISSING.
T  INDICATES TRACE AMOUNT.




$$
