000
CDUS45 KGGW 230016
CLIGGW


CLIMATE REPORT
NATIONAL WEATHER SERVICE GLASGOW MT
615 PM MDT TUE JUL 22 2014


...................................

...THE GLASGOW MT CLIMATE SUMMARY FOR JULY 22 2014...
VALID TODAY AS OF 0500 PM LOCAL TIME.

CLIMATE NORMAL PERIOD 1981 TO 2010
CLIMATE RECORD PERIOD 1893 TO 2014


WEATHER ITEM   OBSERVED TIME   RECORD YEAR NORMAL DEPARTURE LAST
                VALUE   (LST)  VALUE       VALUE  FROM      YEAR
                                                  NORMAL
..................................................................
TEMPERATURE (F)
 TODAY
  MAXIMUM         86    353 PM 103    2007  87     -1       81
                                      1963
  MINIMUM         55    414 AM  45    1950  58     -3       54
                                      1926
                                      1913
  AVERAGE         71                        72     -1       68

PRECIPITATION (IN)
  TODAY            0.00          1.55 2011   0.06  -0.06     0.00
  MONTH TO DATE    0.54                      1.35  -0.81     0.73
  SINCE OCT 1      7.64                      9.05  -1.41    14.39
  SINCE JAN 1      6.19                      7.50  -1.31    12.19

SNOWFALL (IN)
  TODAY            0.0           0.0  2002   0.0    0.0      0.0
                                      2001
                                      2000
  MONTH TO DATE    0.0                       0.0    0.0      0.0
  SINCE JUN 1      0.0                       0.0    0.0      0.0
  SINCE JUL 1      0.0                       0.0    0.0      0.0
  SNOW DEPTH       0

DEGREE DAYS
 HEATING
  TODAY            0                         0      0        0
  MONTH TO DATE    4                        15    -11        3
  SINCE JUN 1    112                       120     -8       87
  SINCE JUL 1      4                        15    -11        3

 COOLING
  TODAY            6                         8     -2        3
  MONTH TO DATE  143                       135      8      148
  SINCE JUN 1    163                       210    -47      197
  SINCE JAN 1    197                       227    -30      206
..................................................................


WIND (MPH)
  HIGHEST WIND SPEED    10   HIGHEST WIND DIRECTION     N (350)
  HIGHEST GUST SPEED    MM   HIGHEST GUST DIRECTION    MM
  AVERAGE WIND SPEED     5.6


SKY COVER
  POSSIBLE SUNSHINE  MM
  AVERAGE SKY COVER 0.2


WEATHER CONDITIONS
 THE FOLLOWING WEATHER WAS RECORDED TODAY.
  NO SIGNIFICANT WEATHER WAS OBSERVED.


RELATIVE HUMIDITY (PERCENT)
 HIGHEST    93           400 AM
 LOWEST     29           400 PM
 AVERAGE    61

..........................................................


THE GLASGOW MT CLIMATE NORMALS FOR TOMORROW
                         NORMAL    RECORD    YEAR
 MAXIMUM TEMPERATURE (F)   87       106      1931
 MINIMUM TEMPERATURE (F)   58        36      1911


SUNRISE AND SUNSET
JULY 22 2014..........SUNRISE   530 AM MDT   SUNSET   856 PM MDT
JULY 23 2014..........SUNRISE   531 AM MDT   SUNSET   854 PM MDT


-  INDICATES NEGATIVE NUMBERS.
R  INDICATES RECORD WAS SET OR TIED.
MM INDICATES DATA IS MISSING.
T  INDICATES TRACE AMOUNT.

$$
