000
CDUS45 KGGW 190015
CLIGGW


CLIMATE REPORT
NATIONAL WEATHER SERVICE GLASGOW MT
615 PM MDT FRI AUG 18 2017


...................................

...THE GLASGOW MT CLIMATE SUMMARY FOR AUGUST 18 2017...
VALID TODAY AS OF 0500 PM LOCAL TIME.

CLIMATE NORMAL PERIOD 1981 TO 2010
CLIMATE RECORD PERIOD 1893 TO 2017


WEATHER ITEM   OBSERVED TIME   RECORD YEAR NORMAL DEPARTURE LAST
                VALUE   (LST)  VALUE       VALUE  FROM      YEAR
                                                  NORMAL
..................................................................
TEMPERATURE (F)
 TODAY
  MAXIMUM         90        MM 107    1948  85      5       76
  MINIMUM         54        MM  40    1905  56     -2       56
  AVERAGE         72                        70      2       66

PRECIPITATION (IN)
  TODAY            0.00          1.48 1914   0.03  -0.03     0.22
  MONTH TO DATE    0.26                      0.77  -0.51     0.49
  SINCE OCT 1      7.23                     10.25  -3.02    18.61
  SINCE JAN 1      3.70                      8.70  -5.00    15.63

SNOWFALL (IN)
  TODAY            0.0           T    1953   0.0    0.0      0.0
  MONTH TO DATE    0.0                       0.0    0.0      0.0
  SINCE JUN 1      0.0                       0.0    0.0      0.0
  SINCE JUL 1      0.0                       0.0    0.0      0.0
  SNOW DEPTH       0

DEGREE DAYS
 HEATING
  TODAY            0                         1     -1        0
  MONTH TO DATE    6                        10     -4        0
  SINCE JUN 1     53                       133    -80       40
  SINCE JUL 1      6                        28    -22        8

 COOLING
  TODAY            7                         6      1        1
  MONTH TO DATE   48                       135    -87      110
  SINCE JUN 1    511                       417     94      345
  SINCE JAN 1    526                       434     92      356
..................................................................


WIND (MPH)
  HIGHEST WIND SPEED    12   HIGHEST WIND DIRECTION     E (110)
  HIGHEST GUST SPEED    MM   HIGHEST GUST DIRECTION    MM
  AVERAGE WIND SPEED     6.1


SKY COVER
  POSSIBLE SUNSHINE  MM
  AVERAGE SKY COVER 0.0


WEATHER CONDITIONS
 THE FOLLOWING WEATHER WAS RECORDED TODAY.
  HAZE


RELATIVE HUMIDITY (PERCENT)
 HIGHEST    77           600 AM
 LOWEST     15           100 PM
 AVERAGE    46

..........................................................


THE GLASGOW MT CLIMATE NORMALS FOR TOMORROW
                         NORMAL    RECORD    YEAR
 MAXIMUM TEMPERATURE (F)   84       103      2008
 MINIMUM TEMPERATURE (F)   56        33      1950


SUNRISE AND SUNSET
AUGUST 18 2017........SUNRISE   605 AM MDT   SUNSET   814 PM MDT
AUGUST 19 2017........SUNRISE   607 AM MDT   SUNSET   812 PM MDT


-  INDICATES NEGATIVE NUMBERS.
R  INDICATES RECORD WAS SET OR TIED.
MM INDICATES DATA IS MISSING.
T  INDICATES TRACE AMOUNT.




$$
