000
CDUS45 KGGW 301230
CLIGGW


CLIMATE REPORT
NATIONAL WEATHER SERVICE GLASGOW MT
630 AM MDT SAT MAY 30 2015


...................................

...THE GLASGOW MT CLIMATE SUMMARY FOR MAY 30 2015...
VALID AS OF 0600 AM LOCAL TIME.

CLIMATE NORMAL PERIOD 1981 TO 2010
CLIMATE RECORD PERIOD 1893 TO 2015


WEATHER ITEM   OBSERVED TIME   RECORD YEAR NORMAL DEPARTURE LAST
                VALUE   (LST)  VALUE       VALUE  FROM      YEAR
                                                  NORMAL
..................................................................
TEMPERATURE (F)
 TODAY
  MINIMUM         44    500 AM  30    1913  47     -3       39

PRECIPITATION (IN)
  TODAY            0.00          1.60 1985   0.08  -0.08     0.00
  MONTH TO DATE    1.24                      1.83  -0.59     1.34
  SINCE OCT 1      5.50                      5.28   0.22     4.78
  SINCE JAN 1      4.24                      3.73   0.51     3.33

SNOWFALL (IN)
  TODAY            0.0           T    1982   0.0    0.0      0.0
  MONTH TO DATE    0.0                       1.2   -1.2       T
  SINCE MAR 1      8.1                       7.8    0.3      6.6
  SINCE JUL 1     43.2                      34.8    8.4     30.4
  SNOW DEPTH       0

DEGREE DAYS
 HEATING
  TODAY           20                         7     13        6
  MONTH TO DATE  353                       318     35      338
  SINCE MAR 1   1694                      1955   -261     2159
  SINCE JUL 1   7778                      8325   -547     8807

 COOLING
  TODAY            0                         1     -1        0
  MONTH TO DATE    0                        10    -10       34
  SINCE MAR 1      0                        11    -11       34
  SINCE JAN 1      0                        11    -11       34
..................................................................





WEATHER CONDITIONS
 THE FOLLOWING WEATHER WAS RECORDED TODAY.
  NO SIGNIFICANT WEATHER WAS OBSERVED.


RELATIVE HUMIDITY (PERCENT)
 HIGHEST    65           200 AM

..........................................................


THE GLASGOW MT CLIMATE NORMALS FOR TOMORROW
                         NORMAL    RECORD    YEAR
 MAXIMUM TEMPERATURE (F)   72        94      1936
 MINIMUM TEMPERATURE (F)   47        31      1954


SUNRISE AND SUNSET
MAY 30 2015...........SUNRISE   512 AM MDT   SUNSET   857 PM MDT
MAY 31 2015...........SUNRISE   511 AM MDT   SUNSET   858 PM MDT


-  INDICATES NEGATIVE NUMBERS.
R  INDICATES RECORD WAS SET OR TIED.
MM INDICATES DATA IS MISSING.
T  INDICATES TRACE AMOUNT.




$$
