179
CDUS45 KGGW 190741
CLIGGW


CLIMATE REPORT
NATIONAL WEATHER SERVICE GLASGOW MT
140 AM MDT THU OCT 19 2017


...................................

...THE GLASGOW MT CLIMATE SUMMARY FOR OCTOBER 18 2017...

CLIMATE NORMAL PERIOD 1981 TO 2010
CLIMATE RECORD PERIOD 1893 TO 2017


WEATHER ITEM   OBSERVED TIME   RECORD YEAR NORMAL DEPARTURE LAST
                VALUE   (LST)  VALUE       VALUE  FROM      YEAR
                                                  NORMAL
..................................................................
TEMPERATURE (F)
 YESTERDAY
  MAXIMUM         60    308 PM  84    2003  56      4       46
  MINIMUM         36    615 AM   1    1930  32      4       36
  AVERAGE         48                        44      4       41

PRECIPITATION (IN)
  YESTERDAY        0.00          0.74 1971   0.02  -0.02      T
  MONTH TO DATE    0.82                      0.51   0.31     2.37
  SINCE OCT 1      0.82                      0.51   0.31     2.37
  SINCE JAN 1      5.66                     10.62  -4.96    19.70

SNOWFALL (IN)
  YESTERDAY        0.0           1.5  1949   0.0    0.0      0.0
  MONTH TO DATE    0.7                       0.6    0.1      0.4
  SINCE SEP 1      0.7                       0.8   -0.1      0.4
  SINCE JUL 1      0.7                       0.8   -0.1      0.4
  SNOW DEPTH       0

DEGREE DAYS
 HEATING
  YESTERDAY       17                        21     -4       24
  MONTH TO DATE  351                       314     37      357
  SINCE SEP 1    577                       555     22      581
  SINCE JUL 1    584                       608    -24      615

 COOLING
  YESTERDAY        0                         0      0        0
  MONTH TO DATE    0                         0      0        0
  SINCE SEP 1     54                        37     17       29
  SINCE JAN 1    684                       532    152      434
..................................................................


WIND (MPH)
  HIGHEST WIND SPEED    30   HIGHEST WIND DIRECTION    NW (310)
  HIGHEST GUST SPEED    39   HIGHEST GUST DIRECTION    NW (310)
  AVERAGE WIND SPEED    11.7


SKY COVER
  POSSIBLE SUNSHINE  MM
  AVERAGE SKY COVER 0.0


WEATHER CONDITIONS
 THE FOLLOWING WEATHER WAS RECORDED YESTERDAY.
  NO SIGNIFICANT WEATHER WAS OBSERVED.


RELATIVE HUMIDITY (PERCENT)
 HIGHEST    70           700 AM
 LOWEST     19           100 PM
 AVERAGE    45

..........................................................


THE GLASGOW MT CLIMATE NORMALS FOR TODAY
                         NORMAL    RECORD    YEAR
 MAXIMUM TEMPERATURE (F)   56        85      1927
 MINIMUM TEMPERATURE (F)   31        -8      1905


SUNRISE AND SUNSET
OCTOBER 19 2017.......SUNRISE   733 AM MDT   SUNSET   609 PM MDT
OCTOBER 20 2017.......SUNRISE   734 AM MDT   SUNSET   608 PM MDT


-  INDICATES NEGATIVE NUMBERS.
R  INDICATES RECORD WAS SET OR TIED.
MM INDICATES DATA IS MISSING.
T  INDICATES TRACE AMOUNT.




$$
