000
CDUS45 KGGW 280015
CLIGGW


CLIMATE REPORT
NATIONAL WEATHER SERVICE GLASGOW MT
615 PM MDT SAT AUG 27 2016


...................................

...THE GLASGOW MT CLIMATE SUMMARY FOR AUGUST 27 2016...
VALID TODAY AS OF 0500 PM LOCAL TIME.

CLIMATE NORMAL PERIOD 1981 TO 2010
CLIMATE RECORD PERIOD 1893 TO 2016


WEATHER ITEM   OBSERVED TIME   RECORD YEAR NORMAL DEPARTURE LAST
                VALUE   (LST)  VALUE       VALUE  FROM      YEAR
                                                  NORMAL
..................................................................
TEMPERATURE (F)
 TODAY
  MAXIMUM         86        MM 102    1971  81      5       90
  MINIMUM         46        MM  35    1935  53     -7       56
                                      1895
  AVERAGE         66                        67     -1       73

PRECIPITATION (IN)
  TODAY            0.00          0.38 1903   0.04  -0.04     0.00
  MONTH TO DATE    0.52                      1.10  -0.58     0.65
  SINCE OCT 1     18.64                     10.58   8.06    10.56
  SINCE JAN 1     15.66                      9.03   6.63     9.30

SNOWFALL (IN)
  TODAY            0.0           T    1989   0.0    0.0      0.0
  MONTH TO DATE    0.0                       0.0    0.0      0.0
  SINCE JUN 1      0.0                       0.0    0.0      0.0
  SINCE JUL 1      0.0                       0.0    0.0      0.0
  SNOW DEPTH       0

DEGREE DAYS
 HEATING
  TODAY            0                         2     -2        0
  MONTH TO DATE   26                        23      3       43
  SINCE JUN 1     66                       146    -80       94
  SINCE JUL 1     34                        41     -7       48

 COOLING
  TODAY            1                         4     -3        8
  MONTH TO DATE  126                       181    -55      189
  SINCE JUN 1    361                       463   -102      537
  SINCE JAN 1    372                       480   -108      537
..................................................................


WIND (MPH)
  HIGHEST WIND SPEED    17   HIGHEST WIND DIRECTION    SE (150)
  HIGHEST GUST SPEED    25   HIGHEST GUST DIRECTION    SE (150)
  AVERAGE WIND SPEED    10.7


SKY COVER
  POSSIBLE SUNSHINE  MM
  AVERAGE SKY COVER 0.0


WEATHER CONDITIONS
 THE FOLLOWING WEATHER WAS RECORDED TODAY.
  NO SIGNIFICANT WEATHER WAS OBSERVED.


RELATIVE HUMIDITY (PERCENT)
 HIGHEST    86           400 AM
 LOWEST     19           300 PM
 AVERAGE    53

..........................................................


THE GLASGOW MT CLIMATE NORMALS FOR TOMORROW
                         NORMAL    RECORD    YEAR
 MAXIMUM TEMPERATURE (F)   81       100      2012
 MINIMUM TEMPERATURE (F)   53        32      1911


SUNRISE AND SUNSET
AUGUST 27 2016........SUNRISE   618 AM MDT   SUNSET   757 PM MDT
AUGUST 28 2016........SUNRISE   620 AM MDT   SUNSET   755 PM MDT


-  INDICATES NEGATIVE NUMBERS.
R  INDICATES RECORD WAS SET OR TIED.
MM INDICATES DATA IS MISSING.
T  INDICATES TRACE AMOUNT.




$$
