000
CDUS45 KGGW 220019
CLIGGW


CLIMATE REPORT
NATIONAL WEATHER SERVICE GLASGOW MT
518 PM MST SUN DEC 21 2014


...................................

...THE GLASGOW MT CLIMATE SUMMARY FOR DECEMBER 21 2014...
VALID TODAY AS OF 0500 PM LOCAL TIME.

CLIMATE NORMAL PERIOD 1981 TO 2010
CLIMATE RECORD PERIOD 1893 TO 2014


WEATHER ITEM   OBSERVED TIME   RECORD YEAR NORMAL DEPARTURE LAST
                VALUE   (LST)  VALUE       VALUE  FROM      YEAR
                                                  NORMAL
..................................................................
TEMPERATURE (F)
 TODAY
  MAXIMUM         33        MM  57    1954  24      9        6
  MINIMUM         22        MM -39    1924   5     17      -12
  AVERAGE         28                        15     13       -3

PRECIPITATION (IN)
  TODAY            0.05          0.20 1969   0.01   0.04     0.04
  MONTH TO DATE    0.08                      0.25  -0.17     0.56
  SINCE OCT 1      1.23                      1.40  -0.17     1.15
  SINCE JAN 1     14.97                     11.51   3.46    15.57

SNOWFALL (IN)
  TODAY            0.0           3.3  1980   0.3   -0.3      0.6
  MONTH TO DATE    0.1                       4.9   -4.8     10.5
  SINCE DEC 1      0.1                       4.9   -4.8     10.5
  SINCE JUL 1     11.5                      11.5    0.0     14.2
  SNOW DEPTH       0   (12Z/5AM MST)

DEGREE DAYS
 HEATING
  TODAY           37                        50    -13       68
  MONTH TO DATE  857                       998   -141     1259
  SINCE DEC 1    857                       998   -141     1259
  SINCE JUL 1   2942                      2991    -49     3170

 COOLING
  TODAY            0                         0      0        0
  MONTH TO DATE    0                         0      0        0
  SINCE DEC 1      0                         0      0        0
  SINCE JAN 1    495                       533    -38      563
..................................................................


WIND (MPH)
  HIGHEST WIND SPEED    15   HIGHEST WIND DIRECTION     E (110)
  HIGHEST GUST SPEED    MM   HIGHEST GUST DIRECTION    MM
  AVERAGE WIND SPEED     9.8


SKY COVER
  POSSIBLE SUNSHINE  MM
  AVERAGE SKY COVER 0.6


WEATHER CONDITIONS
 THE FOLLOWING WEATHER WAS RECORDED TODAY.
  LIGHT RAIN
  FOG


RELATIVE HUMIDITY (PERCENT)
 HIGHEST    89           200 PM
 LOWEST     78          1200 PM
 AVERAGE    84

..........................................................


THE GLASGOW MT CLIMATE NORMALS FOR TOMORROW
                         NORMAL    RECORD    YEAR
 MAXIMUM TEMPERATURE (F)   24        59      1954
 MINIMUM TEMPERATURE (F)    5       -38      1916


SUNRISE AND SUNSET
DECEMBER 21 2014......SUNRISE   754 AM MST   SUNSET   415 PM MST
DECEMBER 22 2014......SUNRISE   755 AM MST   SUNSET   415 PM MST


-  INDICATES NEGATIVE NUMBERS.
R  INDICATES RECORD WAS SET OR TIED.
MM INDICATES DATA IS MISSING.
T  INDICATES TRACE AMOUNT.




$$
