000
CDUS45 KGGW 020743
CLIGGW


CLIMATE REPORT
NATIONAL WEATHER SERVICE GLASGOW MT
142 AM MDT SUN AUG 2 2015


...................................

...THE GLASGOW MT CLIMATE SUMMARY FOR AUGUST 1 2015...

CLIMATE NORMAL PERIOD 1981 TO 2010
CLIMATE RECORD PERIOD 1893 TO 2015


WEATHER ITEM   OBSERVED TIME   RECORD YEAR NORMAL DEPARTURE LAST
                VALUE   (LST)  VALUE       VALUE  FROM      YEAR
                                                  NORMAL
..................................................................
TEMPERATURE (F)
 YESTERDAY
  MAXIMUM         98    328 PM 104    1900  87     11       92
  MINIMUM         57    500 AM  39    1923  59     -2       62
  AVERAGE         78                        73      5       77

PRECIPITATION (IN)
  YESTERDAY        0.00          0.90 1914   0.05  -0.05     0.08
  MONTH TO DATE    0.00                      0.05  -0.05     0.08
  SINCE OCT 1      9.91                      9.53   0.38     7.76
  SINCE JAN 1      8.65                      7.98   0.67     6.31

SNOWFALL (IN)
  YESTERDAY        0.0           T    2000   0.0    0.0      0.0
  MONTH TO DATE    0.0                       0.0    0.0      0.0
  SINCE JUN 1      0.0                       0.0    0.0      0.0
  SINCE JUL 1      0.0                       0.0    0.0      0.0
  SNOW DEPTH       0

DEGREE DAYS
 HEATING
  YESTERDAY        0                         0      0        0
  MONTH TO DATE    0                         0      0        0
  SINCE JUN 1     51                       123    -72      112
  SINCE JUL 1      5                        18    -13        4

 COOLING
  YESTERDAY       13                         8      5       12
  MONTH TO DATE   13                         8      5       12
  SINCE JUN 1    361                       290     71      249
  SINCE JAN 1    361                       307     54      283
..................................................................


WIND (MPH)
  HIGHEST WIND SPEED    26   HIGHEST WIND DIRECTION     W (270)
  HIGHEST GUST SPEED    32   HIGHEST GUST DIRECTION     W (270)
  AVERAGE WIND SPEED    12.8


SKY COVER
  POSSIBLE SUNSHINE  MM
  AVERAGE SKY COVER 0.0


WEATHER CONDITIONS
 THE FOLLOWING WEATHER WAS RECORDED YESTERDAY.
  NO SIGNIFICANT WEATHER WAS OBSERVED.


RELATIVE HUMIDITY (PERCENT)
 HIGHEST    77           300 AM
 LOWEST      9           300 PM
 AVERAGE    43

..........................................................


THE GLASGOW MT CLIMATE NORMALS FOR TODAY
                         NORMAL    RECORD    YEAR
 MAXIMUM TEMPERATURE (F)   87       102      1973
 MINIMUM TEMPERATURE (F)   59        39      1923


SUNRISE AND SUNSET
AUGUST  2 2015........SUNRISE   543 AM MDT   SUNSET   842 PM MDT
AUGUST  3 2015........SUNRISE   545 AM MDT   SUNSET   840 PM MDT


-  INDICATES NEGATIVE NUMBERS.
R  INDICATES RECORD WAS SET OR TIED.
MM INDICATES DATA IS MISSING.
T  INDICATES TRACE AMOUNT.

$$
