000
CDUS45 KGJT 022331
CLIGJT


CLIMATE REPORT
NATIONAL WEATHER SERVICE GRAND JUNCTION CO
526 PM MDT SUN AUG 2 2015


...................................

...THE GRAND JUNCTION CO CLIMATE SUMMARY FOR AUGUST 2 2015...
VALID TODAY AS OF 0500 PM LOCAL TIME.

CLIMATE NORMAL PERIOD 1981 TO 2010
CLIMATE RECORD PERIOD 1893 TO 2015


WEATHER ITEM   OBSERVED TIME   RECORD YEAR NORMAL DEPARTURE LAST
                VALUE   (LST)  VALUE       VALUE  FROM      YEAR
                                                  NORMAL
..................................................................
TEMPERATURE (F)
 TODAY
  MAXIMUM         81    311 PM 103    2000  92    -11       91
                                      1902
  MINIMUM         68   1257 AM  54    1998  64      4       58
                                      1906
  AVERAGE         75                        78     -3       75

PRECIPITATION (IN)
  TODAY            T             0.42 1899   0.03  -0.03     0.00
  MONTH TO DATE    T                         0.06  -0.06     0.00
  SINCE JUN 1      2.44                      1.13   1.31     1.15
  SINCE JAN 1      7.54                      4.96   2.58     4.93

SNOWFALL (IN)
  TODAY            0.0           0.0  2014   0.0    0.0      0.0
  MONTH TO DATE    0.0                       0.0    0.0      0.0
  SINCE JUN 1      T                         0.0    0.0      0.0
  SINCE JUL 1      T                         0.0    0.0      0.0
  SNOW DEPTH       0

DEGREE DAYS
 HEATING
  TODAY            0                         0      0        0
  MONTH TO DATE    0                         0      0        0
  SINCE JUN 1     12                        23    -11       19
  SINCE JUL 1      0                         1     -1        0

 COOLING
  TODAY           10                        13     -3       10
  MONTH TO DATE   23                        26     -3       20
  SINCE JUN 1    590                       667    -77      668
  SINCE JAN 1    598                       718   -120      727
..................................................................


WIND (MPH)
  HIGHEST WIND SPEED    15   HIGHEST WIND DIRECTION    SE (120)
  HIGHEST GUST SPEED    21   HIGHEST GUST DIRECTION     S (180)
  AVERAGE WIND SPEED     9.1


SKY COVER
  POSSIBLE SUNSHINE  MM
  AVERAGE SKY COVER 0.3


WEATHER CONDITIONS
 THE FOLLOWING WEATHER WAS RECORDED TODAY.
  LIGHT RAIN


RELATIVE HUMIDITY (PERCENT)
 HIGHEST    54           100 PM
 LOWEST     39           400 PM
 AVERAGE    47

..........................................................


THE GRAND JUNCTION CO CLIMATE NORMALS FOR TOMORROW
                         NORMAL    RECORD    YEAR
 MAXIMUM TEMPERATURE (F)   92       101      1977
                                             1902
 MINIMUM TEMPERATURE (F)   63        53      1928


SUNRISE AND SUNSET
AUGUST  2 2015........SUNRISE   615 AM MDT   SUNSET   825 PM MDT
AUGUST  3 2015........SUNRISE   616 AM MDT   SUNSET   824 PM MDT


-  INDICATES NEGATIVE NUMBERS.
R  INDICATES RECORD WAS SET OR TIED.
MM INDICATES DATA IS MISSING.
T  INDICATES TRACE AMOUNT.




$$
