000
CDUS45 KGJT 292323
CLIGJT


CLIMATE REPORT
NATIONAL WEATHER SERVICE GRAND JUNCTION CO
522 PM MDT MON MAY 29 2017


...................................

...THE GRAND JUNCTION CO CLIMATE SUMMARY FOR MAY 29 2017...
VALID TODAY AS OF 0500 PM LOCAL TIME.

CLIMATE NORMAL PERIOD 1981 TO 2010
CLIMATE RECORD PERIOD 1893 TO 2017


WEATHER ITEM   OBSERVED TIME   RECORD YEAR NORMAL DEPARTURE LAST
                VALUE   (LST)  VALUE       VALUE  FROM      YEAR
                                                  NORMAL
..................................................................
TEMPERATURE (F)
 TODAY
  MAXIMUM         83    347 PM 101    2000  81      2       81
  MINIMUM         50    520 AM  34    2006  51     -1       48
  AVERAGE         67                        66      1       65

PRECIPITATION (IN)
  TODAY            0.00          0.51 1943   0.02  -0.02     0.00
  MONTH TO DATE    0.66                      0.83  -0.17     0.91
  SINCE MAR 1      1.28                      2.66  -1.38     3.60
  SINCE JAN 1      2.83                      3.78  -0.95     4.97

SNOWFALL (IN)
  TODAY            0.0           0.0  2002   0.0    0.0      0.0
                                      2001
                                      2000
  MONTH TO DATE    T                         0.1   -0.1       T
  SINCE MAR 1      T                         3.6   -3.6      1.1
  SINCE JUL 1     13.9                      19.1   -5.2     28.5
  SNOW DEPTH       0

DEGREE DAYS
 HEATING
  TODAY            0                         2     -2        0
  MONTH TO DATE  161                       150     11      191
  SINCE MAR 1    974                      1205   -231     1235
  SINCE JUL 1   4621                      5584   -963     5713

 COOLING
  TODAY            2                         3     -1        0
  MONTH TO DATE   33                        41     -8       12
  SINCE MAR 1     34                        44    -10       12
  SINCE JAN 1     34                        44    -10       12
..................................................................


WIND (MPH)
  HIGHEST WIND SPEED    15   HIGHEST WIND DIRECTION    SE (130)
  HIGHEST GUST SPEED    19   HIGHEST GUST DIRECTION     W (270)
  AVERAGE WIND SPEED     7.5


SKY COVER
  POSSIBLE SUNSHINE  MM
  AVERAGE SKY COVER 0.0


WEATHER CONDITIONS
 THE FOLLOWING WEATHER WAS RECORDED TODAY.
  NO SIGNIFICANT WEATHER WAS OBSERVED.


RELATIVE HUMIDITY (PERCENT)
 HIGHEST    41           400 AM
 LOWEST     12           300 PM
 AVERAGE    27

..........................................................


THE GRAND JUNCTION CO CLIMATE NORMALS FOR TOMORROW
                         NORMAL    RECORD    YEAR
 MAXIMUM TEMPERATURE (F)   81        99      2000
 MINIMUM TEMPERATURE (F)   51        34      2004


SUNRISE AND SUNSET
MAY 29 2017...........SUNRISE   551 AM MDT   SUNSET   832 PM MDT
MAY 30 2017...........SUNRISE   551 AM MDT   SUNSET   833 PM MDT


-  INDICATES NEGATIVE NUMBERS.
R  INDICATES RECORD WAS SET OR TIED.
MM INDICATES DATA IS MISSING.
T  INDICATES TRACE AMOUNT.




$$
