000
CDUS45 KGJT 192341
CLIGJT


CLIMATE REPORT
NATIONAL WEATHER SERVICE GRAND JUNCTION CO
440 PM MST SUN NOV 19 2017


...................................

...THE GRAND JUNCTION CO CLIMATE SUMMARY FOR NOVEMBER 19 2017...
VALID TODAY AS OF 0400 PM LOCAL TIME.

CLIMATE NORMAL PERIOD 1981 TO 2010
CLIMATE RECORD PERIOD 1893 TO 2017


WEATHER ITEM   OBSERVED TIME   RECORD YEAR NORMAL DEPARTURE LAST
                VALUE   (LST)  VALUE       VALUE  FROM      YEAR
                                                  NORMAL
..................................................................
TEMPERATURE (F)
 TODAY
  MAXIMUM         45    359 PM  65    2007  48     -3       49
                                      1898
  MINIMUM         14    701 AM   8    1985  26    -12       20
  AVERAGE         30                        37     -7       35

PRECIPITATION (IN)
  TODAY            0.00          0.55 1973   0.03  -0.03     0.00
  MONTH TO DATE    0.01                      0.49  -0.48     0.24
  SINCE SEP 1      1.03                      2.74  -1.71     1.28
  SINCE JAN 1      5.04                      8.59  -3.55     7.53

SNOWFALL (IN)
  TODAY            0.0           4.7  1979   0.1   -0.1      0.0
  MONTH TO DATE    T                         1.0   -1.0      0.1
  SINCE SEP 1      T                         1.4   -1.4      0.1
  SINCE JUL 1      T                         1.4   -1.4      0.1
  SNOW DEPTH       0

DEGREE DAYS
 HEATING
  TODAY           35                        28      7       30
  MONTH TO DATE  357                       442    -85      299
  SINCE SEP 1    888                       887      1      574
  SINCE JUL 1    888                       890     -2      574

 COOLING
  TODAY            0                         0      0        0
  MONTH TO DATE    0                         0      0        0
  SINCE SEP 1    183                       106     77      131
  SINCE JAN 1   1479                      1125    354     1245
..................................................................


WIND (MPH)
  HIGHEST WIND SPEED     8   HIGHEST WIND DIRECTION     S (180)
  HIGHEST GUST SPEED    10   HIGHEST GUST DIRECTION    NW (320)
  AVERAGE WIND SPEED     3.5


SKY COVER
  POSSIBLE SUNSHINE  MM
  AVERAGE SKY COVER 0.0


WEATHER CONDITIONS
 THE FOLLOWING WEATHER WAS RECORDED TODAY.
  NO SIGNIFICANT WEATHER WAS OBSERVED.


RELATIVE HUMIDITY (PERCENT)
 HIGHEST    88           500 AM
 LOWEST     33           200 PM
 AVERAGE    61

..........................................................


THE GRAND JUNCTION CO CLIMATE NORMALS FOR TOMORROW
                         NORMAL    RECORD    YEAR
 MAXIMUM TEMPERATURE (F)   48        67      1898
 MINIMUM TEMPERATURE (F)   26        13      1956
                                             1906


SUNRISE AND SUNSET
NOVEMBER 19 2017......SUNRISE   702 AM MST   SUNSET   457 PM MST
NOVEMBER 20 2017......SUNRISE   703 AM MST   SUNSET   456 PM MST


-  INDICATES NEGATIVE NUMBERS.
R  INDICATES RECORD WAS SET OR TIED.
MM INDICATES DATA IS MISSING.
T  INDICATES TRACE AMOUNT.




$$
