000
CDUS45 KGJT 190749
CLIGJT


CLIMATE REPORT
NATIONAL WEATHER SERVICE GRAND JUNCTION CO
1248 AM MST FRI JAN 19 2018


...................................

...THE GRAND JUNCTION CO CLIMATE SUMMARY FOR JANUARY 18 2018...

CLIMATE NORMAL PERIOD 1981 TO 2010
CLIMATE RECORD PERIOD 1893 TO 2018


WEATHER ITEM   OBSERVED TIME   RECORD YEAR NORMAL DEPARTURE LAST
                VALUE   (LST)  VALUE       VALUE  FROM      YEAR
                                                  NORMAL
..................................................................
TEMPERATURE (F)
 YESTERDAY
  MAXIMUM         48    317 PM  58    1921  38     10       43
                                      1914
  MINIMUM         18    728 AM -11    1930  17      1       24
  AVERAGE         33                        27      6       34

PRECIPITATION (IN)
  YESTERDAY        0.00          0.34 1963   0.01  -0.01     0.00
  MONTH TO DATE    0.30                      0.35  -0.05     0.73
  SINCE DEC 1      0.34                      0.94  -0.60     1.46
  SINCE JAN 1      0.30                      0.35  -0.05     0.73

SNOWFALL (IN)
  YESTERDAY        0.0           6.5  1963   0.2   -0.2      0.0
  MONTH TO DATE    0.9                       3.2   -2.3      3.9
  SINCE DEC 1      1.0                       8.1   -7.1      7.4
  SINCE JUL 1      1.0                      10.6   -9.6      7.9
  SNOW DEPTH       0

DEGREE DAYS
 HEATING
  YESTERDAY       32                        38     -6       31
  MONTH TO DATE  581                       688   -107      615
  SINCE DEC 1   1611                      1819   -208     1692
  SINCE JUL 1   2725                      3047   -322     2562

 COOLING
  YESTERDAY        0                         0      0        0
  MONTH TO DATE    0                         0      0        0
  SINCE DEC 1      0                         0      0        0
  SINCE JAN 1      0                         0      0        0
..................................................................


WIND (MPH)
  HIGHEST WIND SPEED    14   HIGHEST WIND DIRECTION    SE (120)
  HIGHEST GUST SPEED    16   HIGHEST GUST DIRECTION    SE (120)
  AVERAGE WIND SPEED     4.7


SKY COVER
  POSSIBLE SUNSHINE  MM
  AVERAGE SKY COVER 0.0


WEATHER CONDITIONS
 THE FOLLOWING WEATHER WAS RECORDED YESTERDAY.
  NO SIGNIFICANT WEATHER WAS OBSERVED.


RELATIVE HUMIDITY (PERCENT)
 HIGHEST    84           800 AM
 LOWEST     28           200 PM
 AVERAGE    56

..........................................................


THE GRAND JUNCTION CO CLIMATE NORMALS FOR TODAY
                         NORMAL    RECORD    YEAR
 MAXIMUM TEMPERATURE (F)   38        56      1971
 MINIMUM TEMPERATURE (F)   17        -8      1984


SUNRISE AND SUNSET
JANUARY 19 2018.......SUNRISE   730 AM MST   SUNSET   520 PM MST
JANUARY 20 2018.......SUNRISE   729 AM MST   SUNSET   521 PM MST


-  INDICATES NEGATIVE NUMBERS.
R  INDICATES RECORD WAS SET OR TIED.
MM INDICATES DATA IS MISSING.
T  INDICATES TRACE AMOUNT.




$$
