000
CDUS45 KGJT 170753
CLIGJT


CLIMATE REPORT
NATIONAL WEATHER SERVICE GRAND JUNCTION CO
1230 AM MST WED DEC 17 2014


...................................

...THE GRAND JUNCTION CO CLIMATE SUMMARY FOR DECEMBER 16 2014...

CLIMATE NORMAL PERIOD 1981 TO 2010
CLIMATE RECORD PERIOD 1893 TO 2014


WEATHER ITEM   OBSERVED TIME   RECORD YEAR NORMAL DEPARTURE LAST
                VALUE   (LST)  VALUE       VALUE  FROM      YEAR
                                                  NORMAL
..................................................................
TEMPERATURE (F)
 YESTERDAY
  MAXIMUM         42    257 PM  55    1939  38      4       30
  MINIMUM         27    102 AM -10    1919  18      9        3
  AVERAGE         35                        28      7       17

PRECIPITATION (IN)
  YESTERDAY        0.00          0.52 1938   0.02  -0.02     0.00
  MONTH TO DATE    0.39                      0.31   0.08     0.93
  SINCE DEC 1      0.39                      0.31   0.08     0.93
  SINCE JAN 1     11.29                      9.14   2.15    12.40

SNOWFALL (IN)
  YESTERDAY        0.0           5.0  1938   0.1   -0.1      0.0
  MONTH TO DATE    T                         2.1   -2.1     10.0
  SINCE DEC 1      T                         2.1   -2.1     10.0
  SINCE JUL 1      T                         4.6   -4.6     14.8
  SNOW DEPTH       0

DEGREE DAYS
 HEATING
  YESTERDAY       30                        37     -7       48
  MONTH TO DATE  431                       563   -132      835
  SINCE DEC 1    431                       563   -132      835
  SINCE JUL 1   1655                      1791   -136     2174

 COOLING
  YESTERDAY        0                         0      0        0
  MONTH TO DATE    0                         0      0        0
  SINCE DEC 1      0                         0      0        0
  SINCE JAN 1   1046                      1125    -79     1269
..................................................................


WIND (MPH)
  HIGHEST WIND SPEED    17   HIGHEST WIND DIRECTION     E (70)
  HIGHEST GUST SPEED    20   HIGHEST GUST DIRECTION     E (70)
  AVERAGE WIND SPEED     3.5


SKY COVER
  POSSIBLE SUNSHINE  MM
  AVERAGE SKY COVER 0.7


WEATHER CONDITIONS
 THE FOLLOWING WEATHER WAS RECORDED YESTERDAY.
  NO SIGNIFICANT WEATHER WAS OBSERVED.


RELATIVE HUMIDITY (PERCENT)
 HIGHEST    92           700 PM
 LOWEST     53           300 PM
 AVERAGE    73

..........................................................


THE GRAND JUNCTION CO CLIMATE NORMALS FOR TODAY
                         NORMAL    RECORD    YEAR
 MAXIMUM TEMPERATURE (F)   38        54      1980
                                             1970
                                             1939
 MINIMUM TEMPERATURE (F)   18        -6      1919


SUNRISE AND SUNSET
DECEMBER 17 2014......SUNRISE   727 AM MST   SUNSET   453 PM MST
DECEMBER 18 2014......SUNRISE   728 AM MST   SUNSET   454 PM MST


-  INDICATES NEGATIVE NUMBERS.
R  INDICATES RECORD WAS SET OR TIED.
MM INDICATES DATA IS MISSING.
T  INDICATES TRACE AMOUNT.




$$
