000
CDUS45 KGJT 300732
CLIGJT


CLIMATE REPORT
NATIONAL WEATHER SERVICE GRAND JUNCTION CO
124 AM MDT SAT JUL 30 2016


...................................

...THE GRAND JUNCTION CO CLIMATE SUMMARY FOR JULY 29 2016...

CLIMATE NORMAL PERIOD 1981 TO 2010
CLIMATE RECORD PERIOD 1893 TO 2016


WEATHER ITEM   OBSERVED TIME   RECORD YEAR NORMAL DEPARTURE LAST
                VALUE   (LST)  VALUE       VALUE  FROM      YEAR
                                                  NORMAL
..................................................................
TEMPERATURE (F)
 YESTERDAY
  MAXIMUM        102    343 PM 104    1995  93      9       92
  MINIMUM         66    554 AM  54    2015  64      2       54
  AVERAGE         84                        78      6       73

PRECIPITATION (IN)
  YESTERDAY        0.00          0.90 2014   0.03  -0.03     0.00
  MONTH TO DATE    0.60                      0.56   0.04     1.25
  SINCE JUN 1      0.73                      1.02  -0.29     2.44
  SINCE JAN 1      5.70                      4.85   0.85     7.54

SNOWFALL (IN)
  YESTERDAY        0.0           0.0  2015   0.0    0.0      0.0
  MONTH TO DATE    0.0                       0.0    0.0       T
  SINCE JUN 1      0.0                       0.0    0.0       T
  SINCE JUL 1      0.0                       0.0    0.0       T
  SNOW DEPTH       0

DEGREE DAYS
 HEATING
  YESTERDAY        0                         0      0        0
  MONTH TO DATE    0                         0      0        0
  SINCE JUN 1      1                        22    -21       12
  SINCE JUL 1      0                         0      0        0

 COOLING
  YESTERDAY       19                        13      6        8
  MONTH TO DATE  410                       386     24      256
  SINCE JUN 1    760                       617    143      546
  SINCE JAN 1    773                       668    105      554
..................................................................


WIND (MPH)
  HIGHEST WIND SPEED    35   HIGHEST WIND DIRECTION     N (350)
  HIGHEST GUST SPEED    41   HIGHEST GUST DIRECTION     N (350)
  AVERAGE WIND SPEED     7.9


SKY COVER
  POSSIBLE SUNSHINE  MM
  AVERAGE SKY COVER 0.0


WEATHER CONDITIONS
 THE FOLLOWING WEATHER WAS RECORDED YESTERDAY.
  NO SIGNIFICANT WEATHER WAS OBSERVED.


RELATIVE HUMIDITY (PERCENT)
 HIGHEST    32           600 AM
 LOWEST      9           200 PM
 AVERAGE    21

..........................................................


THE GRAND JUNCTION CO CLIMATE NORMALS FOR TODAY
                         NORMAL    RECORD    YEAR
 MAXIMUM TEMPERATURE (F)   93       104      1972
 MINIMUM TEMPERATURE (F)   64        55      2015


SUNRISE AND SUNSET
JULY 30 2016..........SUNRISE   613 AM MDT   SUNSET   827 PM MDT
JULY 31 2016..........SUNRISE   614 AM MDT   SUNSET   826 PM MDT


-  INDICATES NEGATIVE NUMBERS.
R  INDICATES RECORD WAS SET OR TIED.
MM INDICATES DATA IS MISSING.
T  INDICATES TRACE AMOUNT.




$$
