000
CDUS45 KGJT 070756
CLIGJT


CLIMATE REPORT
NATIONAL WEATHER SERVICE GRAND JUNCTION CO
130 AM MDT TUE JUL 7 2015


...................................

...THE GRAND JUNCTION CO CLIMATE SUMMARY FOR JULY 6 2015...

CLIMATE NORMAL PERIOD 1981 TO 2010
CLIMATE RECORD PERIOD 1893 TO 2015


WEATHER ITEM   OBSERVED TIME   RECORD YEAR NORMAL DEPARTURE LAST
                VALUE   (LST)  VALUE       VALUE  FROM      YEAR
                                                  NORMAL
..................................................................
TEMPERATURE (F)
 YESTERDAY
  MAXIMUM         87    425 PM 104    1989  93     -6      100
  MINIMUM         60    511 AM  46    1982  62     -2       63
  AVERAGE         74                        78     -4       82

PRECIPITATION (IN)
  YESTERDAY        T             0.20 1937   0.02  -0.02     0.00
  MONTH TO DATE    0.23                      0.09   0.14      T
  SINCE JUN 1      1.42                      0.55   0.87     0.13
  SINCE JAN 1      6.52                      4.38   2.14     3.91

SNOWFALL (IN)
  YESTERDAY        0.0           0.0  2014   0.0    0.0      0.0
  MONTH TO DATE    0.0                       0.0    0.0      0.0
  SINCE JUN 1      0.0                       0.0    0.0      0.0
  SINCE JUL 1      0.0                       0.0    0.0      0.0
  SNOW DEPTH       0

DEGREE DAYS
 HEATING
  YESTERDAY        0                         0      0        0
  MONTH TO DATE    0                         0      0        0
  SINCE JUN 1     12                        22    -10       19
  SINCE JUL 1      0                         0      0        0

 COOLING
  YESTERDAY        9                        13     -4       17
  MONTH TO DATE   86                        74     12       92
  SINCE JUN 1    376                       305     71      290
  SINCE JAN 1    384                       356     28      349
..................................................................


WIND (MPH)
  HIGHEST WIND SPEED    30   HIGHEST WIND DIRECTION    NE (30)
  HIGHEST GUST SPEED    36   HIGHEST GUST DIRECTION    NE (30)
  AVERAGE WIND SPEED     6.8


SKY COVER
  POSSIBLE SUNSHINE  MM
  AVERAGE SKY COVER 0.2


WEATHER CONDITIONS
 THE FOLLOWING WEATHER WAS RECORDED YESTERDAY.
  THUNDERSTORM
  LIGHT RAIN


RELATIVE HUMIDITY (PERCENT)
 HIGHEST    97           300 AM
 LOWEST     21           400 PM
 AVERAGE    59

..........................................................


THE GRAND JUNCTION CO CLIMATE NORMALS FOR TODAY
                         NORMAL    RECORD    YEAR
 MAXIMUM TEMPERATURE (F)   93       103      1989
 MINIMUM TEMPERATURE (F)   62        53      1902


SUNRISE AND SUNSET
JULY  7 2015..........SUNRISE   555 AM MDT   SUNSET   843 PM MDT
JULY  8 2015..........SUNRISE   556 AM MDT   SUNSET   843 PM MDT


-  INDICATES NEGATIVE NUMBERS.
R  INDICATES RECORD WAS SET OR TIED.
MM INDICATES DATA IS MISSING.
T  INDICATES TRACE AMOUNT.




$$
