000
CDUS45 KGJT 290737
CLIGJT


CLIMATE REPORT
NATIONAL WEATHER SERVICE GRAND JUNCTION CO
130 AM MDT MON AUG 29 2016


...................................

...THE GRAND JUNCTION CO CLIMATE SUMMARY FOR AUGUST 28 2016...

CLIMATE NORMAL PERIOD 1981 TO 2010
CLIMATE RECORD PERIOD 1893 TO 2016


WEATHER ITEM   OBSERVED TIME   RECORD YEAR NORMAL DEPARTURE LAST
                VALUE   (LST)  VALUE       VALUE  FROM      YEAR
                                                  NORMAL
..................................................................
TEMPERATURE (F)
 YESTERDAY
  MAXIMUM         81    430 PM  97    1948  87     -6       87
  MINIMUM         59    537 AM  48    1964  59      0       55
                                      1920
  AVERAGE         70                        73     -3       71

PRECIPITATION (IN)
  YESTERDAY        T             0.47 1939   0.03  -0.03     0.00
  MONTH TO DATE    0.55                      0.84  -0.29     0.46
  SINCE JUN 1      1.28                      1.91  -0.63     2.90
  SINCE JAN 1      6.25                      5.74   0.51     8.00

SNOWFALL (IN)
  YESTERDAY        0.0           0.0  2015   0.0    0.0      0.0
  MONTH TO DATE    0.0                       0.0    0.0       T
  SINCE JUN 1      0.0                       0.0    0.0       T
  SINCE JUL 1      0.0                       0.0    0.0       T
  SNOW DEPTH       0

DEGREE DAYS
 HEATING
  YESTERDAY        0                         0      0        0
  MONTH TO DATE    0                         0      0        0
  SINCE JUN 1      1                        23    -22       12
  SINCE JUL 1      0                         1     -1        0

 COOLING
  YESTERDAY        5                         8     -3        6
  MONTH TO DATE  283                       304    -21      295
  SINCE JUN 1   1077                       945    132      862
  SINCE JAN 1   1090                       996     94      870
..................................................................


WIND (MPH)
  HIGHEST WIND SPEED    25   HIGHEST WIND DIRECTION     E (80)
  HIGHEST GUST SPEED    29   HIGHEST GUST DIRECTION     E (80)
  AVERAGE WIND SPEED     7.5


SKY COVER
  POSSIBLE SUNSHINE  MM
  AVERAGE SKY COVER 0.3


WEATHER CONDITIONS
 THE FOLLOWING WEATHER WAS RECORDED YESTERDAY.
  LIGHT RAIN


RELATIVE HUMIDITY (PERCENT)
 HIGHEST    78          1100 AM
 LOWEST     28           500 PM
 AVERAGE    53

..........................................................


THE GRAND JUNCTION CO CLIMATE NORMALS FOR TODAY
                         NORMAL    RECORD    YEAR
 MAXIMUM TEMPERATURE (F)   87        98      1990
 MINIMUM TEMPERATURE (F)   58        49      2004


SUNRISE AND SUNSET
AUGUST 29 2016........SUNRISE   641 AM MDT   SUNSET   748 PM MDT
AUGUST 30 2016........SUNRISE   642 AM MDT   SUNSET   747 PM MDT


-  INDICATES NEGATIVE NUMBERS.
R  INDICATES RECORD WAS SET OR TIED.
MM INDICATES DATA IS MISSING.
T  INDICATES TRACE AMOUNT.




$$
