000
CDUS45 KGJT 290740
CLIGJT


CLIMATE REPORT
NATIONAL WEATHER SERVICE GRAND JUNCTION CO
130 AM MDT SUN MAY 29 2016


...................................

...THE GRAND JUNCTION CO CLIMATE SUMMARY FOR MAY 28 2016...

CLIMATE NORMAL PERIOD 1981 TO 2010
CLIMATE RECORD PERIOD 1893 TO 2016


WEATHER ITEM   OBSERVED TIME   RECORD YEAR NORMAL DEPARTURE LAST
                VALUE   (LST)  VALUE       VALUE  FROM      YEAR
                                                  NORMAL
..................................................................
TEMPERATURE (F)
 YESTERDAY
  MAXIMUM         77    334 PM  96    2000  81     -4       74
  MINIMUM         43    251 AM  35    1908  50     -7       48
  AVERAGE         60                        66     -6       61

PRECIPITATION (IN)
  YESTERDAY        0.00          0.56 1924   0.02  -0.02     0.03
  MONTH TO DATE    0.91                      0.81   0.10     1.85
  SINCE MAR 1      3.60                      2.64   0.96     4.24
  SINCE JAN 1      4.97                      3.76   1.21     5.10

SNOWFALL (IN)
  YESTERDAY        0.0           0.0  2015   0.0    0.0      0.0
  MONTH TO DATE    T                         0.1   -0.1      0.1
  SINCE MAR 1      1.1                       3.6   -2.5      4.0
  SINCE JUL 1     28.5                      19.1    9.4     12.6
  SNOW DEPTH       0

DEGREE DAYS
 HEATING
  YESTERDAY        5                         2      3        4
  MONTH TO DATE  191                       148     43      220
  SINCE MAR 1   1235                      1203     32     1175
  SINCE JUL 1   5713                      5582    131     5160

 COOLING
  YESTERDAY        0                         3     -3        0
  MONTH TO DATE   12                        38    -26        2
  SINCE MAR 1     12                        41    -29        2
  SINCE JAN 1     12                        41    -29        2
..................................................................


WIND (MPH)
  HIGHEST WIND SPEED    20   HIGHEST WIND DIRECTION    NW (310)
  HIGHEST GUST SPEED    27   HIGHEST GUST DIRECTION    NW (300)
  AVERAGE WIND SPEED     5.2


SKY COVER
  POSSIBLE SUNSHINE  MM
  AVERAGE SKY COVER 0.1


WEATHER CONDITIONS
 THE FOLLOWING WEATHER WAS RECORDED YESTERDAY.
  NO SIGNIFICANT WEATHER WAS OBSERVED.


RELATIVE HUMIDITY (PERCENT)
 HIGHEST    92           300 AM
 LOWEST     19           600 PM
 AVERAGE    56

..........................................................


THE GRAND JUNCTION CO CLIMATE NORMALS FOR TODAY
                         NORMAL    RECORD    YEAR
 MAXIMUM TEMPERATURE (F)   81       101      2000
 MINIMUM TEMPERATURE (F)   51        34      2006


SUNRISE AND SUNSET
MAY 29 2016...........SUNRISE   551 AM MDT   SUNSET   833 PM MDT
MAY 30 2016...........SUNRISE   551 AM MDT   SUNSET   833 PM MDT


-  INDICATES NEGATIVE NUMBERS.
R  INDICATES RECORD WAS SET OR TIED.
MM INDICATES DATA IS MISSING.
T  INDICATES TRACE AMOUNT.




$$
