000
CDUS45 KGJT 220735
CLIGJT


CLIMATE REPORT
NATIONAL WEATHER SERVICE GRAND JUNCTION CO
133 AM MDT TUE JUL 22 2014


...................................

...THE GRAND JUNCTION CO CLIMATE SUMMARY FOR JULY 21 2014...

CLIMATE NORMAL PERIOD 1981 TO 2010
CLIMATE RECORD PERIOD 1893 TO 2014


WEATHER ITEM   OBSERVED TIME   RECORD YEAR NORMAL DEPARTURE LAST
                VALUE   (LST)  VALUE       VALUE  FROM      YEAR
                                                  NORMAL
..................................................................
TEMPERATURE (F)
 YESTERDAY
  MAXIMUM         96    500 PM 106    2005  93      3       98
  MINIMUM         63    438 AM  53    1897  64     -1       61
  AVERAGE         80                        79      1       80

PRECIPITATION (IN)
  YESTERDAY        0.00          0.38 1977   0.02  -0.02     0.00
  MONTH TO DATE    0.05                      0.37  -0.32     0.64
  SINCE JUN 1      0.18                      0.83  -0.65     0.65
  SINCE JAN 1      3.96                      4.66  -0.70     4.06

SNOWFALL (IN)
  YESTERDAY        0.0           0.0  2013   0.0    0.0      0.0
  MONTH TO DATE    0.0                       0.0    0.0      0.0
  SINCE JUN 1      0.0                       0.0    0.0      0.0
  SINCE JUL 1      0.0                       0.0    0.0      0.0
  SNOW DEPTH       0

DEGREE DAYS
 HEATING
  YESTERDAY        0                         0      0        0
  MONTH TO DATE    0                         0      0        0
  SINCE JUN 1     19                        22     -3        5
  SINCE JUL 1      0                         0      0        0

 COOLING
  YESTERDAY       15                        14      1       15
  MONTH TO DATE  323                       278     45      325
  SINCE JUN 1    521                       509     12      639
  SINCE JAN 1    580                       560     20      694
..................................................................


WIND (MPH)
  HIGHEST WIND SPEED    18   HIGHEST WIND DIRECTION    NW (330)
  HIGHEST GUST SPEED    22   HIGHEST GUST DIRECTION    NW (310)
  AVERAGE WIND SPEED     8.7


SKY COVER
  POSSIBLE SUNSHINE  MM
  AVERAGE SKY COVER 0.0


WEATHER CONDITIONS
 THE FOLLOWING WEATHER WAS RECORDED YESTERDAY.
  NO SIGNIFICANT WEATHER WAS OBSERVED.


RELATIVE HUMIDITY (PERCENT)
 HIGHEST    48           500 AM
 LOWEST      7           500 PM
 AVERAGE    28

..........................................................


THE GRAND JUNCTION CO CLIMATE NORMALS FOR TODAY
                         NORMAL    RECORD    YEAR
 MAXIMUM TEMPERATURE (F)   93       103      2005
                                             1931
 MINIMUM TEMPERATURE (F)   64        56      1961
                                             1948


SUNRISE AND SUNSET
JULY 22 2014..........SUNRISE   606 AM MDT   SUNSET   835 PM MDT
JULY 23 2014..........SUNRISE   607 AM MDT   SUNSET   834 PM MDT


-  INDICATES NEGATIVE NUMBERS.
R  INDICATES RECORD WAS SET OR TIED.
MM INDICATES DATA IS MISSING.
T  INDICATES TRACE AMOUNT.




$$
