000
CDUS43 KGLD 250038
CLIGLD

CLIMATE REPORT
NATIONAL WEATHER SERVICE GOODLAND
636 PM MDT SAT JUN 24 2017

...................................

...THE GOODLAND KS CLIMATE SUMMARY FOR JUNE 24 2017...
VALID TODAY AS OF 0600 PM LOCAL TIME.

CLIMATE NORMAL PERIOD 1981 TO 2010
CLIMATE RECORD PERIOD 1895 TO 2017

WEATHER ITEM   OBSERVED TIME   RECORD YEAR NORMAL DEPARTURE LAST
                VALUE   (LST)  VALUE       VALUE  FROM      YEAR
                                                  NORMAL
..................................................................
TEMPERATURE (F)
 TODAY
  MAXIMUM         75    428 PM 109    2012  87    -12       98
  MINIMUM         50    436 AM  42    1940  58     -8       66
  AVERAGE         63                        73    -10       82

PRECIPITATION (IN)
  TODAY            0.00          1.92 1989   0.12  -0.12     0.06
  MONTH TO DATE    2.87                      2.63   0.24     0.54
  SINCE JUN 1      2.87                      2.63   0.24     0.54
  SINCE JAN 1     15.26                      9.11   6.15     7.90

SNOWFALL (IN)
  TODAY            0.0                       0.0    0.0      0.0
  MONTH TO DATE    T                         0.0    0.0      0.0
  SINCE JUN 1      T                         0.0    0.0      0.0
  SINCE JUL 1     14.2                      35.5  -21.3     30.1
  SNOW DEPTH       0

DEGREE DAYS
 HEATING
  TODAY            2                         0      2        0
  MONTH TO DATE    6                        36    -30        2
  SINCE JUN 1      6                        36    -30        2
  SINCE JUL 1   5124                      5902   -778     5131

 COOLING
  TODAY            0                         8     -8       17
  MONTH TO DATE  182                       127     55      225
  SINCE JUN 1    182                       127     55      225
  SINCE JAN 1    220                       168     52      249
..................................................................

WIND (MPH)
  HIGHEST WIND SPEED    18   HIGHEST WIND DIRECTION    SE (150)
  HIGHEST GUST SPEED    22   HIGHEST GUST DIRECTION    SE (150)
  AVERAGE WIND SPEED     8.4


SKY COVER
  AVERAGE SKY COVER 0.7


WEATHER CONDITIONS
 THE FOLLOWING WEATHER WAS RECORDED TODAY.
  NO SIGNIFICANT WEATHER WAS OBSERVED.


RELATIVE HUMIDITY (PERCENT)
 HIGHEST    89           100 AM
 LOWEST     44           200 PM
 AVERAGE    67

..........................................................


THE GOODLAND KS CLIMATE NORMALS FOR TOMORROW
                         NORMAL    RECORD    YEAR
 MAXIMUM TEMPERATURE (F)   88       107      2012
 MINIMUM TEMPERATURE (F)   58        42      1958


SUNRISE AND SUNSET
JUNE 24 2017..........SUNRISE   521 AM MDT   SUNSET   818 PM MDT
JUNE 25 2017..........SUNRISE   521 AM MDT   SUNSET   818 PM MDT


-  INDICATES NEGATIVE NUMBERS.
R  INDICATES RECORD WAS SET OR TIED.
MM INDICATES DATA IS MISSING.
T  INDICATES TRACE AMOUNT.

&&

THE AVERAGE SOIL TEMPERATURE AT THE FOUR INCH DEPTH... 63

$$
