000
CDUS43 KGLD 290749
CLIGLD

CLIMATE REPORT
NATIONAL WEATHER SERVICE GOODLAND
145 AM MDT SAT APR 29 2017

...................................

...THE GOODLAND KS CLIMATE SUMMARY FOR APRIL 28 2017...

CLIMATE NORMAL PERIOD 1981 TO 2010
CLIMATE RECORD PERIOD 1895 TO 2017

WEATHER ITEM   OBSERVED TIME   RECORD YEAR NORMAL DEPARTURE LAST
                VALUE   (LST)  VALUE       VALUE  FROM      YEAR
                                                  NORMAL
..................................................................
TEMPERATURE (F)
 YESTERDAY
  MAXIMUM         53   1119 AM  87    2013  68    -15       51
                                      1967
                                      1915
  MINIMUM         33   1159 PM  23    1908  39     -6       32
  AVERAGE         43                        53    -10       42

PRECIPITATION (IN)
  YESTERDAY        0.04          0.90 1925   0.06  -0.02     0.00
  MONTH TO DATE    1.58                      1.46   0.12     2.86
  SINCE MAR 1      3.26                      2.53   0.73     3.41
  SINCE JAN 1      4.19                      3.40   0.79     4.27

SNOWFALL (IN)
  YESTERDAY        T                         0.0    0.0      0.0
  MONTH TO DATE    T                         4.1   -4.1      0.0
  SINCE MAR 1      T                        10.9  -10.9      4.4
  SINCE JUL 1      9.4                      34.9  -25.5     27.8
  SNOW DEPTH       0

DEGREE DAYS
 HEATING
  YESTERDAY       22                        12     10       23
  MONTH TO DATE  355                       456   -101      379
  SINCE MAR 1    950                      1214   -264      984
  SINCE JUL 1   4835                      5631   -796     4830

 COOLING
  YESTERDAY        0                         0      0        0
  MONTH TO DATE    7                         0      7        0
  SINCE MAR 1      7                         0      7        0
  SINCE JAN 1      7                         0      7        0
..................................................................

WIND (MPH)
  HIGHEST WIND SPEED    24   HIGHEST WIND DIRECTION    NE (30)
  HIGHEST GUST SPEED    28   HIGHEST GUST DIRECTION    NE (30)
  AVERAGE WIND SPEED    15.5


SKY COVER
  AVERAGE SKY COVER 0.8


WEATHER CONDITIONS
 THE FOLLOWING WEATHER WAS RECORDED YESTERDAY.
  LIGHT SNOW
  FOG


RELATIVE HUMIDITY (PERCENT)
 HIGHEST   100
 LOWEST     63
 AVERAGE    82

..........................................................


THE GOODLAND KS CLIMATE NORMALS FOR TODAY
                         NORMAL    RECORD    YEAR
 MAXIMUM TEMPERATURE (F)   68        88      1967
 MINIMUM TEMPERATURE (F)   40        17      1908


SUNRISE AND SUNSET
APRIL 29 2017.........SUNRISE   550 AM MDT   SUNSET   739 PM MDT
APRIL 30 2017.........SUNRISE   549 AM MDT   SUNSET   740 PM MDT


-  INDICATES NEGATIVE NUMBERS.
R  INDICATES RECORD WAS SET OR TIED.
MM INDICATES DATA IS MISSING.
T  INDICATES TRACE AMOUNT.

&&

THE AVERAGE SOIL TEMPERATURE AT THE FOUR INCH DEPTH... 50

$$
