000
CDUS43 KGLD 030752
CLIGLD

CLIMATE REPORT
NATIONAL WEATHER SERVICE GOODLAND
150 AM MDT THU SEP 3 2015

...................................

...THE GOODLAND KS CLIMATE SUMMARY FOR SEPTEMBER 2 2015...

CLIMATE NORMAL PERIOD 1981 TO 2010
CLIMATE RECORD PERIOD 1895 TO 2015

WEATHER ITEM   OBSERVED TIME   RECORD YEAR NORMAL DEPARTURE LAST
                VALUE   (LST)  VALUE       VALUE  FROM      YEAR
                                                  NORMAL
..................................................................
TEMPERATURE (F)
 YESTERDAY
  MAXIMUM         97    337 PM 105    1939  85     12       85
  MINIMUM         60    309 AM  38    1974  56      4       53
  AVERAGE         79                        70      9       69

PRECIPITATION (IN)
  YESTERDAY        0.00          0.55 1911   0.05  -0.05     0.00
  MONTH TO DATE    0.00                      0.10  -0.10     0.00
  SINCE SEP 1      0.00                      0.10  -0.10     0.00
  SINCE JAN 1     16.75                     16.00   0.75    13.90

SNOWFALL (IN)
  YESTERDAY        0.0                       0.0    0.0      0.0
  MONTH TO DATE    0.0                       0.0    0.0      0.0
  SINCE SEP 1      0.0                       0.0    0.0      0.0
  SINCE JUL 1      0.0                       0.0    0.0      0.0
  SNOW DEPTH       0

DEGREE DAYS
 HEATING
  YESTERDAY        0                         1     -1        0
  MONTH TO DATE    0                         2     -2        0
  SINCE SEP 1      0                         2     -2        0
  SINCE JUL 1      6                        14     -8       13

 COOLING
  YESTERDAY       14                         6      8        4
  MONTH TO DATE   26                        12     14        5
  SINCE SEP 1     26                        12     14        5
  SINCE JAN 1    934                       845     89      807
..................................................................

WIND (MPH)
  HIGHEST WIND SPEED    16   HIGHEST WIND DIRECTION     S (200)
  HIGHEST GUST SPEED    22   HIGHEST GUST DIRECTION    SW (210)
  AVERAGE WIND SPEED     7.5


SKY COVER
  AVERAGE SKY COVER 0.0


WEATHER CONDITIONS
 THE FOLLOWING WEATHER WAS RECORDED YESTERDAY.
  NO SIGNIFICANT WEATHER WAS OBSERVED.


RELATIVE HUMIDITY (PERCENT)
 HIGHEST    84
 LOWEST     17
 AVERAGE    51

..........................................................


THE GOODLAND KS CLIMATE NORMALS FOR TODAY
                         NORMAL    RECORD    YEAR
 MAXIMUM TEMPERATURE (F)   84       102      1947
 MINIMUM TEMPERATURE (F)   56        34      1974


SUNRISE AND SUNSET
SEPTEMBER  3 2015.....SUNRISE   617 AM MDT   SUNSET   715 PM MDT
SEPTEMBER  4 2015.....SUNRISE   618 AM MDT   SUNSET   713 PM MDT


-  INDICATES NEGATIVE NUMBERS.
R  INDICATES RECORD WAS SET OR TIED.
MM INDICATES DATA IS MISSING.
T  INDICATES TRACE AMOUNT.

&&

THE AVERAGE SOIL TEMPERATURE AT THE FOUR INCH DEPTH... 78

$$
