000
CDUS44 KJAN 162206
CLIGLH


CLIMATE REPORT
NATIONAL WEATHER SERVICE JACKSON MS
505 PM CDT MON OCT 16 2017


...................................

...THE GREENVILLE CLIMATE SUMMARY FOR OCTOBER 16 2017...
VALID AS OF 0500 PM LOCAL TIME.

CLIMATE NORMAL PERIOD 1981 TO 2010
CLIMATE RECORD PERIOD 1903 TO 2017


WEATHER ITEM   OBSERVED TIME   RECORD YEAR NORMAL DEPARTURE LAST
                VALUE   (LST)  VALUE       VALUE  FROM      YEAR
                                                  NORMAL
..................................................................
TEMPERATURE (F)
 TODAY
  MAXIMUM         69    332 PM  90    1915  77     -8
  MINIMUM         50    640 AM  37    1943  52     -2
                                      1907
  AVERAGE         60                        65     -5       75

PRECIPITATION (IN)
  TODAY            0.00          3.98 2006   0.15  -0.15     0.00
  MONTH TO DATE    0.42                      2.31  -1.89     0.10
  SINCE SEP 1      2.14                      5.39  -3.25     0.78
  SINCE JAN 1     31.33                     39.95  -8.62    42.67

SNOWFALL (IN)
  TODAY            0.0

DEGREE DAYS
 HEATING
  TODAY            5                         3      2        0
  MONTH TO DATE    5                        31    -26        0
  SINCE SEP 1      8                        37    -29        0
  SINCE JUL 1      8                        37    -29        0

 COOLING
  TODAY            0                         3     -3       10
  MONTH TO DATE  133                        62     71      107
  SINCE SEP 1    443                       363     80      561
  SINCE JAN 1   2186                      2142     44     2573
..................................................................


WIND (MPH)
  HIGHEST WIND SPEED    23   HIGHEST WIND DIRECTION    NE (30)
  HIGHEST GUST SPEED    29   HIGHEST GUST DIRECTION    NE (30)
  AVERAGE WIND SPEED    11.9


SKY COVER
  POSSIBLE SUNSHINE  MM
  AVERAGE SKY COVER 0.0


WEATHER CONDITIONS
 THE FOLLOWING WEATHER WAS RECORDED TODAY.
  NO SIGNIFICANT WEATHER WAS OBSERVED.


RELATIVE HUMIDITY (PERCENT)
 HIGHEST    89           100 AM
 LOWEST     33           300 PM
 AVERAGE    61

..........................................................


THE GREENVILLE CLIMATE NORMALS FOR TOMORROW
                         NORMAL    RECORD    YEAR
 MAXIMUM TEMPERATURE (F)   77        90      1929
                                             1915
 MINIMUM TEMPERATURE (F)   52        32      1948


SUNRISE AND SUNSET
OCTOBER 16 2017.......SUNRISE   710 AM CDT   SUNSET   629 PM CDT
OCTOBER 17 2017.......SUNRISE   710 AM CDT   SUNSET   628 PM CDT


-  INDICATES NEGATIVE NUMBERS.
R  INDICATES RECORD WAS SET OR TIED.
MM INDICATES DATA IS MISSING.
T  INDICATES TRACE AMOUNT.




$$
