116
CDUS44 KJAN 210649
CLIGLH


CLIMATE REPORT
NATIONAL WEATHER SERVICE JACKSON MS
147 AM CDT MON AUG 21 2017


...................................

...THE GREENVILLE CLIMATE SUMMARY FOR AUGUST 20 2017...

CLIMATE NORMAL PERIOD 1981 TO 2010
CLIMATE RECORD PERIOD 1903 TO 2017


WEATHER ITEM   OBSERVED TIME   RECORD YEAR NORMAL DEPARTURE LAST
                VALUE   (LST)  VALUE       VALUE  FROM      YEAR
                                                  NORMAL
..................................................................
TEMPERATURE (F)
 YESTERDAY
  MAXIMUM         96    419 PM 105    1925  92      4       90
  MINIMUM         73    551 AM  59    1940  71      2       75
  AVERAGE         85                        81      4       83

PRECIPITATION (IN)
  YESTERDAY        0.00          2.30 1928   0.11  -0.11      T
  MONTH TO DATE    4.18                      1.35   2.83     4.45
  SINCE JUN 1     11.01                      9.19   1.82    10.85
  SINCE JAN 1     27.39                     33.45  -6.06    39.38

SNOWFALL (IN)
  YESTERDAY        0.0

DEGREE DAYS
 HEATING
  YESTERDAY        0                         0      0        0
  MONTH TO DATE    0                         0      0        0
  SINCE JUN 1      0                         0      0        0
  SINCE JUL 1      0                         0      0        0

 COOLING
  YESTERDAY       20                        16      4       18
  MONTH TO DATE  319                       339    -20      369
  SINCE JUN 1   1201                      1286    -85     1464
  SINCE JAN 1   1598                      1608    -10     1806
..................................................................


WIND (MPH)
  HIGHEST WIND SPEED    10   HIGHEST WIND DIRECTION    SE (150)
  HIGHEST GUST SPEED    13   HIGHEST GUST DIRECTION    SE (150)
  AVERAGE WIND SPEED     2.2


SKY COVER
  POSSIBLE SUNSHINE  MM
  AVERAGE SKY COVER 0.0


WEATHER CONDITIONS
 THE FOLLOWING WEATHER WAS RECORDED YESTERDAY.
  NO SIGNIFICANT WEATHER WAS OBSERVED.


RELATIVE HUMIDITY (PERCENT)
 HIGHEST    93           600 AM
 LOWEST     43           300 PM
 AVERAGE    68

..........................................................


THE GREENVILLE CLIMATE NORMALS FOR TODAY
                         NORMAL    RECORD    YEAR
 MAXIMUM TEMPERATURE (F)   92       103      1980
 MINIMUM TEMPERATURE (F)   71        59      1956


SUNRISE AND SUNSET
AUGUST 21 2017........SUNRISE   631 AM CDT   SUNSET   743 PM CDT
AUGUST 22 2017........SUNRISE   631 AM CDT   SUNSET   741 PM CDT


-  INDICATES NEGATIVE NUMBERS.
R  INDICATES RECORD WAS SET OR TIED.
MM INDICATES DATA IS MISSING.
T  INDICATES TRACE AMOUNT.




$$
