000
CDUS44 KJAN 270657
CLIGLH


CLIMATE REPORT
NATIONAL WEATHER SERVICE JACKSON MS
156 AM CDT SAT AUG 27 2016


...................................

...THE GREENVILLE CLIMATE SUMMARY FOR AUGUST 26 2016...

CLIMATE NORMAL PERIOD 1981 TO 2010
CLIMATE RECORD PERIOD 1920 TO 2016


WEATHER ITEM   OBSERVED TIME   RECORD YEAR NORMAL DEPARTURE LAST
                VALUE   (LST)  VALUE       VALUE  FROM      YEAR
                                                  NORMAL
..................................................................
TEMPERATURE (F)
 YESTERDAY
  MAXIMUM         93    251 PM 102    1983  92      1       87
                                      1943
                                      1938
  MINIMUM         74    621 AM  57    1958  70      4       60
  AVERAGE         84                        81      3       74

PRECIPITATION (IN)
  YESTERDAY        0.15          2.20 1934   0.10   0.05     0.00
  MONTH TO DATE    6.89                      1.96   4.93     1.76
  SINCE JUN 1     13.29                      9.80   3.49     7.36
  SINCE JAN 1     41.82                     34.06   7.76    27.33

SNOWFALL (IN)
  YESTERDAY        0.0

DEGREE DAYS
 HEATING
  YESTERDAY        0                         0      0        0
  MONTH TO DATE    0                         0      0        0
  SINCE JUN 1      0                         0      0        0
  SINCE JUL 1      0                         0      0        0

 COOLING
  YESTERDAY       19                        16      3        9
  MONTH TO DATE  477                       435     42      443
  SINCE JUN 1   1572                      1382    190     1519
  SINCE JAN 1   1914                      1704    210     1900
..................................................................


WIND (MPH)
  HIGHEST WIND SPEED    22   HIGHEST WIND DIRECTION     E (110)
  HIGHEST GUST SPEED    31   HIGHEST GUST DIRECTION     E (110)
  AVERAGE WIND SPEED     3.7


SKY COVER
  POSSIBLE SUNSHINE  MM
  AVERAGE SKY COVER 0.3


WEATHER CONDITIONS
 THE FOLLOWING WEATHER WAS RECORDED YESTERDAY.
  THUNDERSTORM
  RAIN
  LIGHT RAIN
  FOG
  HAZE


RELATIVE HUMIDITY (PERCENT)
 HIGHEST    94           100 AM
 LOWEST     52           200 PM
 AVERAGE    73

..........................................................


THE GREENVILLE CLIMATE NORMALS FOR TODAY
                         NORMAL    RECORD    YEAR
 MAXIMUM TEMPERATURE (F)   92       103      1943
 MINIMUM TEMPERATURE (F)   69        56      2015


SUNRISE AND SUNSET
AUGUST 27 2016........SUNRISE   635 AM CDT   SUNSET   735 PM CDT
AUGUST 28 2016........SUNRISE   636 AM CDT   SUNSET   734 PM CDT


-  INDICATES NEGATIVE NUMBERS.
R  INDICATES RECORD WAS SET OR TIED.
MM INDICATES DATA IS MISSING.
T  INDICATES TRACE AMOUNT.




$$
