000
CDUS44 KJAN 261047
CLIGLH


CLIMATE REPORT
NATIONAL WEATHER SERVICE JACKSON MS
445 AM CST MON JAN 26 2015


...................................

...THE GREENVILLE CLIMATE SUMMARY FOR JANUARY 25 2015...

CLIMATE NORMAL PERIOD 1981 TO 2010
CLIMATE RECORD PERIOD 1920 TO 2015


WEATHER ITEM   OBSERVED TIME   RECORD YEAR NORMAL DEPARTURE LAST
                VALUE   (LST)  VALUE       VALUE  FROM      YEAR
                                                  NORMAL
..................................................................
TEMPERATURE (F)
 YESTERDAY
  MAXIMUM         62    324 PM  90    1950  52     10       56
  MINIMUM         39    720 AM   8    1963  32      7       27
  AVERAGE         51                        42      9       42

PRECIPITATION (IN)
  YESTERDAY        T             2.55 1937   0.17  -0.17     0.00
  MONTH TO DATE    2.59                      3.89  -1.30     0.84
  SINCE DEC 1      6.70                      9.51  -2.81     5.37
  SINCE JAN 1      2.59                      3.89  -1.30     0.84

SNOWFALL (IN)
  YESTERDAY        0.0

DEGREE DAYS
 HEATING
  YESTERDAY       14                        23     -9       23
  MONTH TO DATE  607                       572     35      634
  SINCE DEC 1   1134                      1194    -60     1276
  SINCE JUL 1   1674                      1656     18     1810

 COOLING
  YESTERDAY        0                         0      0        0
  MONTH TO DATE    0                         0      0        0
  SINCE DEC 1      0                         3     -3        9
  SINCE JAN 1      0                         0      0        0
..................................................................


WIND (MPH)
  HIGHEST WIND SPEED    25   HIGHEST WIND DIRECTION    NW (320)
  HIGHEST GUST SPEED    35   HIGHEST GUST DIRECTION     W (290)
  AVERAGE WIND SPEED    13.8


SKY COVER
  POSSIBLE SUNSHINE  MM
  AVERAGE SKY COVER 0.4


WEATHER CONDITIONS
 THE FOLLOWING WEATHER WAS RECORDED YESTERDAY.
  LIGHT RAIN
  HAZE


RELATIVE HUMIDITY (PERCENT)
 HIGHEST    79           300 AM
 LOWEST     43           600 PM
 AVERAGE    61

..........................................................


THE GREENVILLE CLIMATE NORMALS FOR TODAY
                         NORMAL    RECORD    YEAR
 MAXIMUM TEMPERATURE (F)   52        79      1950
 MINIMUM TEMPERATURE (F)   33         8      1940


SUNRISE AND SUNSET
JANUARY 26 2015.......SUNRISE   704 AM CST   SUNSET   529 PM CST
JANUARY 27 2015.......SUNRISE   703 AM CST   SUNSET   530 PM CST


-  INDICATES NEGATIVE NUMBERS.
R  INDICATES RECORD WAS SET OR TIED.
MM INDICATES DATA IS MISSING.
T  INDICATES TRACE AMOUNT.




$$
