668
CDUS44 KJAN 202214
CLIGLH


CLIMATE REPORT
NATIONAL WEATHER SERVICE JACKSON MS
412 PM CST MON FEB 20 2017


...................................

...THE GREENVILLE CLIMATE SUMMARY FOR FEBRUARY 20 2017...
VALID TODAY AS OF 0400 PM LOCAL TIME.

CLIMATE NORMAL PERIOD 1981 TO 2010
CLIMATE RECORD PERIOD 1920 TO 2017


WEATHER ITEM   OBSERVED TIME   RECORD YEAR NORMAL DEPARTURE LAST
                VALUE   (LST)  VALUE       VALUE  FROM      YEAR
                                                  NORMAL
..................................................................
TEMPERATURE (F)
 TODAY
  MAXIMUM         79R   311 PM  79    1956  58     21       72
                                      1922
  MINIMUM         55    722 AM  21    1958  38     17       59
  AVERAGE         67                        48     19       66

PRECIPITATION (IN)
  TODAY            0.00          2.75 1967   0.15  -0.15     0.00
  MONTH TO DATE    2.07                      3.87  -1.80     2.45
  SINCE DEC 1     10.04                     14.46  -4.42     9.33
  SINCE JAN 1      7.18                      8.84  -1.66     5.52

SNOWFALL (IN)
  TODAY            0.0

DEGREE DAYS
 HEATING
  TODAY            0                        17    -17        0
  MONTH TO DATE  222                       394   -172      308
  SINCE DEC 1   1202                      1721   -519     1315
  SINCE JUL 1   1471                      2183   -712     1565

 COOLING
  TODAY            2                         0      2        1
  MONTH TO DATE   12                         0     12        3
  SINCE DEC 1     35                         4     31       38
  SINCE JAN 1     23                         1     22        3
..................................................................


WIND (MPH)
  HIGHEST WIND SPEED    18   HIGHEST WIND DIRECTION     S (190)
  HIGHEST GUST SPEED    21   HIGHEST GUST DIRECTION     S (170)
  AVERAGE WIND SPEED     8.3


SKY COVER
  POSSIBLE SUNSHINE  MM
  AVERAGE SKY COVER 0.1


WEATHER CONDITIONS
 THE FOLLOWING WEATHER WAS RECORDED TODAY.
  FOG
  HAZE


RELATIVE HUMIDITY (PERCENT)
 HIGHEST    86           800 AM
 LOWEST     48           400 PM
 AVERAGE    67

..........................................................


THE GREENVILLE CLIMATE NORMALS FOR TOMORROW
                         NORMAL    RECORD    YEAR
 MAXIMUM TEMPERATURE (F)   59        81      1922
 MINIMUM TEMPERATURE (F)   38        20      1959


SUNRISE AND SUNSET
FEBRUARY 20 2017......SUNRISE   642 AM CST   SUNSET   553 PM CST
FEBRUARY 21 2017......SUNRISE   641 AM CST   SUNSET   554 PM CST


-  INDICATES NEGATIVE NUMBERS.
R  INDICATES RECORD WAS SET OR TIED.
MM INDICATES DATA IS MISSING.
T  INDICATES TRACE AMOUNT.




$$
