000
CDUS44 KJAN 040729
CLIGLH


CLIMATE REPORT
NATIONAL WEATHER SERVICE JACKSON MS
227 AM CDT FRI SEP 4 2015


...................................

...THE GREENVILLE CLIMATE SUMMARY FOR SEPTEMBER 3 2015...

CLIMATE NORMAL PERIOD 1981 TO 2010
CLIMATE RECORD PERIOD 1920 TO 2015


WEATHER ITEM   OBSERVED TIME   RECORD YEAR NORMAL DEPARTURE LAST
                VALUE   (LST)  VALUE       VALUE  FROM      YEAR
                                                  NORMAL
..................................................................
TEMPERATURE (F)
 YESTERDAY
  MAXIMUM         97    306 PM 102    1925  90      7       91
  MINIMUM         69    550 AM  55    1952  68      1       71
  AVERAGE         83                        79      4       81

PRECIPITATION (IN)
  YESTERDAY        T             8.94 2008   0.09  -0.09      T
  MONTH TO DATE    T                         0.29  -0.29     0.18
  SINCE SEP 1      T                         0.29  -0.29     0.18
  SINCE JAN 1     27.33                     34.85  -7.52    39.90

SNOWFALL (IN)
  YESTERDAY        0.0

DEGREE DAYS
 HEATING
  YESTERDAY        0                         0      0        0
  MONTH TO DATE    0                         0      0        0
  SINCE SEP 1      0                         0      0        0
  SINCE JUL 1      0                         0      0        0

 COOLING
  YESTERDAY       18                        14      4       16
  MONTH TO DATE   52                        42     10       48
  SINCE SEP 1     52                        42     10       48
  SINCE JAN 1   2016                      1821    195     1715
..................................................................


WIND (MPH)
  HIGHEST WIND SPEED    12   HIGHEST WIND DIRECTION    NE (40)
  HIGHEST GUST SPEED    15   HIGHEST GUST DIRECTION    NE (40)
  AVERAGE WIND SPEED     2.8


SKY COVER
  POSSIBLE SUNSHINE  MM
  AVERAGE SKY COVER 0.2


WEATHER CONDITIONS
 THE FOLLOWING WEATHER WAS RECORDED YESTERDAY.
  LIGHT RAIN
  FOG
  HAZE


RELATIVE HUMIDITY (PERCENT)
 HIGHEST    97           600 AM
 LOWEST     39           300 PM
 AVERAGE    68

..........................................................


THE GREENVILLE CLIMATE NORMALS FOR TODAY
                         NORMAL    RECORD    YEAR
 MAXIMUM TEMPERATURE (F)   90       105      1925
 MINIMUM TEMPERATURE (F)   67        54      2010


SUNRISE AND SUNSET
SEPTEMBER  4 2015.....SUNRISE   640 AM CDT   SUNSET   726 PM CDT
SEPTEMBER  5 2015.....SUNRISE   640 AM CDT   SUNSET   724 PM CDT


-  INDICATES NEGATIVE NUMBERS.
R  INDICATES RECORD WAS SET OR TIED.
MM INDICATES DATA IS MISSING.
T  INDICATES TRACE AMOUNT.




$$
