000
CDUS44 KJAN 180736
CLIGLH


CLIMATE REPORT
NATIONAL WEATHER SERVICE JACKSON MS
134 AM CST MON DEC 18 2017


...................................

...THE GREENVILLE CLIMATE SUMMARY FOR DECEMBER 17 2017...

CLIMATE NORMAL PERIOD 1981 TO 2010
CLIMATE RECORD PERIOD 1903 TO 2017


WEATHER ITEM   OBSERVED TIME   RECORD YEAR NORMAL DEPARTURE LAST
                VALUE   (LST)  VALUE       VALUE  FROM      YEAR
                                                  NORMAL
..................................................................
TEMPERATURE (F)
 YESTERDAY
  MAXIMUM         49    315 PM  80    1924  54     -5       78
  MINIMUM         42    538 AM  14    1932  35      7       42
  AVERAGE         46                        45      1       60

PRECIPITATION (IN)
  YESTERDAY        0.81          4.05 1931   0.18   0.63     0.49
  MONTH TO DATE    1.42                      3.35  -1.93     2.02
  SINCE DEC 1      1.42                      3.35  -1.93     2.02
  SINCE JAN 1     34.99                     50.37 -15.38    49.28

SNOWFALL (IN)
  YESTERDAY        0.0

DEGREE DAYS
 HEATING
  YESTERDAY       19                        20     -1        5
  MONTH TO DATE  317                       321     -4      330
  SINCE DEC 1    317                       321     -4      330
  SINCE JUL 1    731                       783    -52      599

 COOLING
  YESTERDAY        0                         0      0        0
  MONTH TO DATE    0                         0      0        0
  SINCE DEC 1      0                         0      0        0
  SINCE JAN 1   2244                      2186     58     2672
..................................................................


WIND (MPH)
  HIGHEST WIND SPEED    31   HIGHEST WIND DIRECTION     W (280)
  HIGHEST GUST SPEED    38   HIGHEST GUST DIRECTION     W (280)
  AVERAGE WIND SPEED     4.6


SKY COVER
  POSSIBLE SUNSHINE  MM
  AVERAGE SKY COVER 1.0


WEATHER CONDITIONS
 THE FOLLOWING WEATHER WAS RECORDED YESTERDAY.
  HEAVY RAIN
  RAIN
  LIGHT RAIN


RELATIVE HUMIDITY (PERCENT)
 HIGHEST   100           700 PM
 LOWEST     50          1200 AM
 AVERAGE    75

..........................................................


THE GREENVILLE CLIMATE NORMALS FOR TODAY
                         NORMAL    RECORD    YEAR
 MAXIMUM TEMPERATURE (F)   54        79      1908
 MINIMUM TEMPERATURE (F)   35        17      1979
                                             1964


SUNRISE AND SUNSET
DECEMBER 18 2017......SUNRISE   703 AM CST   SUNSET   459 PM CST
DECEMBER 19 2017......SUNRISE   703 AM CST   SUNSET   459 PM CST


-  INDICATES NEGATIVE NUMBERS.
R  INDICATES RECORD WAS SET OR TIED.
MM INDICATES DATA IS MISSING.
T  INDICATES TRACE AMOUNT.




$$
