000
CDUS44 KJAN 222217
CLIGLH


CLIMATE REPORT
NATIONAL WEATHER SERVICE JACKSON MS
414 PM CST MON DEC 22 2014


...................................

...THE GREENVILLE CLIMATE SUMMARY FOR DECEMBER 22 2014...
VALID TODAY AS OF 0400 PM LOCAL TIME.

CLIMATE NORMAL PERIOD 1981 TO 2010
CLIMATE RECORD PERIOD 1920 TO 2014


WEATHER ITEM   OBSERVED TIME   RECORD YEAR NORMAL DEPARTURE LAST
                VALUE   (LST)  VALUE       VALUE  FROM      YEAR
                                                  NORMAL
..................................................................
TEMPERATURE (F)
 TODAY
  MAXIMUM         63    320 PM  75    1984  53     10       58
                                      1967
  MINIMUM         49    120 AM   1    1989  35     14       41
  AVERAGE         56                        44     12       50

PRECIPITATION (IN)
  TODAY            0.00          3.91 1920   0.18  -0.18     0.01
  MONTH TO DATE    1.53                      4.22  -2.69     4.50
  SINCE DEC 1      1.53                      4.22  -2.69     4.50
  SINCE JAN 1     50.45                     51.24  -0.79    52.81

SNOWFALL (IN)
  TODAY            0.0

DEGREE DAYS
 HEATING
  TODAY            9                        21    -12       15
  MONTH TO DATE  353                       426    -73      409
  SINCE DEC 1    353                       426    -73      409
  SINCE JUL 1    893                       888      5      943

 COOLING
  TODAY            0                         0      0        0
  MONTH TO DATE    0                         0      0        9
  SINCE DEC 1      0                         0      0        9
  SINCE JAN 1   2177                      2186     -9     2256
..................................................................


WIND (MPH)
  HIGHEST WIND SPEED    17   HIGHEST WIND DIRECTION     S (180)
  HIGHEST GUST SPEED    23   HIGHEST GUST DIRECTION    SE (150)
  AVERAGE WIND SPEED    11.6


SKY COVER
  POSSIBLE SUNSHINE  MM
  AVERAGE SKY COVER 1.0


WEATHER CONDITIONS
 THE FOLLOWING WEATHER WAS RECORDED TODAY.
  FOG
  HAZE


RELATIVE HUMIDITY (PERCENT)
 HIGHEST   100           100 AM
 LOWEST     78           300 PM
 AVERAGE    89

..........................................................


THE GREENVILLE CLIMATE NORMALS FOR TOMORROW
                         NORMAL    RECORD    YEAR
 MAXIMUM TEMPERATURE (F)   53        77      1931
 MINIMUM TEMPERATURE (F)   35         1      1989


SUNRISE AND SUNSET
DECEMBER 22 2014......SUNRISE   705 AM CST   SUNSET   501 PM CST
DECEMBER 23 2014......SUNRISE   705 AM CST   SUNSET   501 PM CST


-  INDICATES NEGATIVE NUMBERS.
R  INDICATES RECORD WAS SET OR TIED.
MM INDICATES DATA IS MISSING.
T  INDICATES TRACE AMOUNT.




$$
