000
CDUS44 KJAN 250627
CLIGLH


CLIMATE REPORT
NATIONAL WEATHER SERVICE JACKSON MS
125 AM CDT SUN SEP 25 2016


...................................

...THE GREENVILLE CLIMATE SUMMARY FOR SEPTEMBER 24 2016...

CLIMATE NORMAL PERIOD 1981 TO 2010
CLIMATE RECORD PERIOD 1920 TO 2016


WEATHER ITEM   OBSERVED TIME   RECORD YEAR NORMAL DEPARTURE LAST
                VALUE   (LST)  VALUE       VALUE  FROM      YEAR
                                                  NORMAL
..................................................................
TEMPERATURE (F)
 YESTERDAY
  MAXIMUM         96    147 PM  99    1931  84     12       93
                                      1921
  MINIMUM         70    600 AM  44    1983  60     10       62
  AVERAGE         83                        72     11       78

PRECIPITATION (IN)
  YESTERDAY        T             3.69 2005   0.09  -0.09     0.00
  MONTH TO DATE    0.20                      2.41  -2.21     0.50
  SINCE SEP 1      0.20                      2.41  -2.21     0.50
  SINCE JAN 1     42.09                     36.97   5.12    27.83

SNOWFALL (IN)
  YESTERDAY        0.0

DEGREE DAYS
 HEATING
  YESTERDAY        0                         0      0        0
  MONTH TO DATE    0                         0      0        0
  SINCE SEP 1      0                         0      0        0
  SINCE JUL 1      0                         0      0        0

 COOLING
  YESTERDAY       18                         7     11       13
  MONTH TO DATE  410                       264    146      318
  SINCE SEP 1    410                       264    146      318
  SINCE JAN 1   2422                      2043    379     2282
..................................................................


WIND (MPH)
  HIGHEST WIND SPEED    18   HIGHEST WIND DIRECTION     S (200)
  HIGHEST GUST SPEED    23   HIGHEST GUST DIRECTION    SW (210)
  AVERAGE WIND SPEED     2.5


SKY COVER
  POSSIBLE SUNSHINE  MM
  AVERAGE SKY COVER 0.1


WEATHER CONDITIONS
 THE FOLLOWING WEATHER WAS RECORDED YESTERDAY.
  LIGHT RAIN
  FOG
  HAZE


RELATIVE HUMIDITY (PERCENT)
 HIGHEST    84           400 AM
 LOWEST     39          1200 PM
 AVERAGE    62

..........................................................


THE GREENVILLE CLIMATE NORMALS FOR TODAY
                         NORMAL    RECORD    YEAR
 MAXIMUM TEMPERATURE (F)   84        98      1931
 MINIMUM TEMPERATURE (F)   59        43      2001


SUNRISE AND SUNSET
SEPTEMBER 25 2016.....SUNRISE   654 AM CDT   SUNSET   656 PM CDT
SEPTEMBER 26 2016.....SUNRISE   655 AM CDT   SUNSET   654 PM CDT


-  INDICATES NEGATIVE NUMBERS.
R  INDICATES RECORD WAS SET OR TIED.
MM INDICATES DATA IS MISSING.
T  INDICATES TRACE AMOUNT.




$$
