000
CDUS44 KJAN 050753
CLIGLH


CLIMATE REPORT
NATIONAL WEATHER SERVICE JACKSON MS
150 AM CST MON DEC 5 2016


...................................

...THE GREENVILLE CLIMATE SUMMARY FOR DECEMBER 4 2016...

CLIMATE NORMAL PERIOD 1981 TO 2010
CLIMATE RECORD PERIOD 1920 TO 2016


WEATHER ITEM   OBSERVED TIME   RECORD YEAR NORMAL DEPARTURE LAST
                VALUE   (LST)  VALUE       VALUE  FROM      YEAR
                                                  NORMAL
..................................................................
TEMPERATURE (F)
 YESTERDAY
  MAXIMUM         49    431 PM  81    1933  57     -8       54
  MINIMUM         45   1159 PM  21    1989  38      7       33
  AVERAGE         47                        47      0       44

PRECIPITATION (IN)
  YESTERDAY        0.04          5.35 1982   0.20  -0.16     0.00
  MONTH TO DATE    1.04                      0.82   0.22     0.02
  SINCE DEC 1      1.04                      0.82   0.22     0.02
  SINCE JAN 1     48.30                     47.84   0.46    40.35

SNOWFALL (IN)
  YESTERDAY        0.0

DEGREE DAYS
 HEATING
  YESTERDAY       18                        18      0       21
  MONTH TO DATE   69                        70     -1       71
  SINCE DEC 1     69                        70     -1       71
  SINCE JUL 1    338                       532   -194      321

 COOLING
  YESTERDAY        0                         0      0        0
  MONTH TO DATE    0                         0      0        0
  SINCE DEC 1      0                         0      0        0
  SINCE JAN 1   2672                      2186    486     2504
..................................................................


WIND (MPH)
  HIGHEST WIND SPEED    29   HIGHEST WIND DIRECTION     E (110)
  HIGHEST GUST SPEED    37   HIGHEST GUST DIRECTION     E (110)
  AVERAGE WIND SPEED     7.3


SKY COVER
  POSSIBLE SUNSHINE  MM
  AVERAGE SKY COVER 0.9


WEATHER CONDITIONS
 THE FOLLOWING WEATHER WAS RECORDED YESTERDAY.
  HEAVY RAIN
  RAIN
  LIGHT RAIN
  FOG


RELATIVE HUMIDITY (PERCENT)
 HIGHEST    92           600 AM
 LOWEST     80          1100 AM
 AVERAGE    86

..........................................................


THE GREENVILLE CLIMATE NORMALS FOR TODAY
                         NORMAL    RECORD    YEAR
 MAXIMUM TEMPERATURE (F)   57        79      1933
 MINIMUM TEMPERATURE (F)   37        23      2009
                                             1989


SUNRISE AND SUNSET
DECEMBER  5 2016......SUNRISE   654 AM CST   SUNSET   456 PM CST
DECEMBER  6 2016......SUNRISE   655 AM CST   SUNSET   456 PM CST


-  INDICATES NEGATIVE NUMBERS.
R  INDICATES RECORD WAS SET OR TIED.
MM INDICATES DATA IS MISSING.
T  INDICATES TRACE AMOUNT.




$$
