000
CDUS44 KJAN 240627
CLIGLH


CLIMATE REPORT
NATIONAL WEATHER SERVICE JACKSON MS
124 AM CDT SUN MAY 24 2015


...................................

...THE GREENVILLE CLIMATE SUMMARY FOR MAY 23 2015...

CLIMATE NORMAL PERIOD 1981 TO 2010
CLIMATE RECORD PERIOD 1920 TO 2015


WEATHER ITEM   OBSERVED TIME   RECORD YEAR NORMAL DEPARTURE LAST
                VALUE   (LST)  VALUE       VALUE  FROM      YEAR
                                                  NORMAL
..................................................................
TEMPERATURE (F)
 YESTERDAY
  MAXIMUM         86    254 PM  94    1972  84      2       90
                                      1941
  MINIMUM         58    507 AM  48    1963  64     -6       64
  AVERAGE         72                        74     -2       77

PRECIPITATION (IN)
  YESTERDAY        0.00          2.14 1944   0.15  -0.15     0.00
  MONTH TO DATE    2.78                      3.91  -1.13     1.69
  SINCE MAR 1     11.67                     13.27  -1.60    16.27
  SINCE JAN 1     18.12                     23.26  -5.14    20.57

SNOWFALL (IN)
  YESTERDAY        0.0

DEGREE DAYS
 HEATING
  YESTERDAY        0                         0      0        0
  MONTH TO DATE    8                        10     -2       32
  SINCE MAR 1    382                       462    -80      600
  SINCE JUL 1   2869                      2771     98     3207

 COOLING
  YESTERDAY        7                         9     -2       12
  MONTH TO DATE  199                       156     43      147
  SINCE MAR 1    297                       237     60      221
  SINCE JAN 1    297                       242     55      221
..................................................................


WIND (MPH)
  HIGHEST WIND SPEED    14   HIGHEST WIND DIRECTION    SE (140)
  HIGHEST GUST SPEED    19   HIGHEST GUST DIRECTION    SE (130)
  AVERAGE WIND SPEED     7.0


SKY COVER
  POSSIBLE SUNSHINE  MM
  AVERAGE SKY COVER 0.1


WEATHER CONDITIONS
 THE FOLLOWING WEATHER WAS RECORDED YESTERDAY.
  NO SIGNIFICANT WEATHER WAS OBSERVED.


RELATIVE HUMIDITY (PERCENT)
 HIGHEST    84           200 AM
 LOWEST     51           400 PM
 AVERAGE    68

..........................................................


THE GREENVILLE CLIMATE NORMALS FOR TODAY
                         NORMAL    RECORD    YEAR
 MAXIMUM TEMPERATURE (F)   84        94      2005
                                             1996
                                             1972
 MINIMUM TEMPERATURE (F)   64        46      1931


SUNRISE AND SUNSET
MAY 24 2015...........SUNRISE   558 AM CDT   SUNSET   804 PM CDT
MAY 25 2015...........SUNRISE   558 AM CDT   SUNSET   804 PM CDT


-  INDICATES NEGATIVE NUMBERS.
R  INDICATES RECORD WAS SET OR TIED.
MM INDICATES DATA IS MISSING.
T  INDICATES TRACE AMOUNT.




$$
