000
CDUS44 KHGX 220835
CLIGLS


CLIMATE REPORT
NATIONAL WEATHER SERVICE HOUSTON/GALVESTON TX
235 AM CST SAT NOV 22 2014


...................................

...THE GALVESTON CLIMATE SUMMARY FOR NOVEMBER 21 2014...

CLIMATE NORMAL PERIOD 1981 TO 2010
CLIMATE RECORD PERIOD 1875 TO 2014


WEATHER ITEM   OBSERVED TIME   RECORD YEAR NORMAL DEPARTURE LAST
                VALUE   (LST)  VALUE       VALUE  FROM      YEAR
                                                  NORMAL
..................................................................
TEMPERATURE (F)
 YESTERDAY
  MAXIMUM         68    256 PM  81    2004  70     -2       77
  MINIMUM         64   1150 PM  36    1906  57      7       70
  AVERAGE         66                        63      3       74

PRECIPITATION (IN)
  YESTERDAY        0.11          2.97 1977   0.14  -0.03     0.00
  MONTH TO DATE    1.85                      3.20  -1.35     0.31
  SINCE SEP 1      9.71                     14.75  -5.04    12.22
  SINCE JAN 1     25.96                     45.93 -19.97    36.45

SNOWFALL (IN)
  YESTERDAY        0.0           0.0  2002  MM     MM        0.0
                                      2001
  MONTH TO DATE    0.0                      MM     MM        0.0
  SINCE SEP 1      0.0                      MM     MM        0.0
  SINCE JUL 1      0.0                      MM     MM        0.0
  SNOW DEPTH       0

DEGREE DAYS
 HEATING
  YESTERDAY        0                         4     -4        0
  MONTH TO DATE  127                        48     79       45
  SINCE SEP 1    127                        57     70       45
  SINCE JUL 1    127                        57     70       45

 COOLING
  YESTERDAY        1                         2     -1        9
  MONTH TO DATE   43                        82    -39       66
  SINCE SEP 1    901                       880     21      917
  SINCE JAN 1   3228                      3274    -46     3311
..................................................................


WIND (MPH)
  RESULTANT WIND SPEED  11   RESULTANT WIND DIRECTION   E (110)
  HIGHEST WIND SPEED    20   HIGHEST WIND DIRECTION    SE (120)
  HIGHEST GUST SPEED    24   HIGHEST GUST DIRECTION    SE (130)
  AVERAGE WIND SPEED    11.6


SKY COVER
  AVERAGE SKY COVER 0.9


WEATHER CONDITIONS
 THE FOLLOWING WEATHER WAS RECORDED YESTERDAY.
  LIGHT RAIN
  FOG


RELATIVE HUMIDITY (PERCENT)
 HIGHEST   100
 LOWEST     81
 AVERAGE    91

..........................................................


THE GALVESTON CLIMATE NORMALS FOR TODAY
                         NORMAL    RECORD    YEAR
 MAXIMUM TEMPERATURE (F)   69        80      2003
 MINIMUM TEMPERATURE (F)   56        34      1898


SUNRISE AND SUNSET
NOVEMBER 22 2014......SUNRISE   649 AM CST   SUNSET   522 PM CST
NOVEMBER 23 2014......SUNRISE   650 AM CST   SUNSET   522 PM CST


-  INDICATES NEGATIVE NUMBERS.
R  INDICATES RECORD WAS SET OR TIED.
MM INDICATES DATA IS MISSING.
T  INDICATES TRACE AMOUNT.




$$
