411
CDUS44 KHGX 300744
CLIGLS


CLIMATE REPORT
NATIONAL WEATHER SERVICE HOUSTON/GALVESTON TX
244 AM CDT SAT APR 30 2016


...................................

...THE GALVESTON CLIMATE SUMMARY FOR APRIL 29 2016...

CLIMATE NORMAL PERIOD 1981 TO 2010
CLIMATE RECORD PERIOD 1875 TO 2016


WEATHER ITEM   OBSERVED TIME   RECORD YEAR NORMAL DEPARTURE LAST
                VALUE   (LST)  VALUE       VALUE  FROM      YEAR
                                                  NORMAL
..................................................................
TEMPERATURE (F)
 YESTERDAY
  MAXIMUM         80    314 PM  88    2014  79      1       76
  MINIMUM         75    629 AM  53    1908  68      7       57
  AVERAGE         78                        74      4       67

PRECIPITATION (IN)
  YESTERDAY        0.00          5.00 1988   0.09  -0.09     0.00
  MONTH TO DATE    5.75                      2.93   2.82     5.30
  SINCE MAR 1      8.91                      6.09   2.82    12.99
  SINCE JAN 1     12.87                     12.86   0.01    19.13

SNOWFALL (IN)
  YESTERDAY        0.0          MM      MM  MM     MM        0.0
  MONTH TO DATE    0.0                      MM     MM        0.0
  SINCE MAR 1      0.0                      MM     MM        0.0
  SINCE JUL 1      0.0                       0.0    0.0      0.0
  SNOW DEPTH       0

DEGREE DAYS
 HEATING
  YESTERDAY        0                         0      0        0
  MONTH TO DATE    6                        16    -10        0
  SINCE MAR 1     41                       119    -78      120
  SINCE JUL 1    745                      1007   -262     1182

 COOLING
  YESTERDAY       13                         8      5        2
  MONTH TO DATE  183                       163     20      226
  SINCE MAR 1    280                       216     64      272
  SINCE JAN 1    292                       233     59      278
..................................................................


WIND (MPH)
  RESULTANT WIND SPEED  17   RESULTANT WIND DIRECTION   S (160)
  HIGHEST WIND SPEED    25   HIGHEST WIND DIRECTION     S (160)
  HIGHEST GUST SPEED    31   HIGHEST GUST DIRECTION     S (160)
  AVERAGE WIND SPEED    17.5


SKY COVER
  AVERAGE SKY COVER 0.9


WEATHER CONDITIONS
 THE FOLLOWING WEATHER WAS RECORDED YESTERDAY.
  FOG


RELATIVE HUMIDITY (PERCENT)
 HIGHEST   100
 LOWEST     85
 AVERAGE    93

..........................................................


THE GALVESTON CLIMATE NORMALS FOR TODAY
                         NORMAL    RECORD    YEAR
 MAXIMUM TEMPERATURE (F)   79        92      1953
 MINIMUM TEMPERATURE (F)   68        46      1925


SUNRISE AND SUNSET
APRIL 30 2016.........SUNRISE   638 AM CDT   SUNSET   755 PM CDT
MAY  1 2016...........SUNRISE   637 AM CDT   SUNSET   756 PM CDT


-  INDICATES NEGATIVE NUMBERS.
R  INDICATES RECORD WAS SET OR TIED.
MM INDICATES DATA IS MISSING.
T  INDICATES TRACE AMOUNT.




$$
