000
CDUS44 KHGX 300735
CLIGLS


CLIMATE REPORT
NATIONAL WEATHER SERVICE HOUSTON/GALVESTON TX
235 AM CDT MON MAR 30 2015


...................................

...THE GALVESTON CLIMATE SUMMARY FOR MARCH 29 2015...

CLIMATE NORMAL PERIOD 1981 TO 2010
CLIMATE RECORD PERIOD 1875 TO 2015


WEATHER ITEM   OBSERVED TIME   RECORD YEAR NORMAL DEPARTURE LAST
                VALUE   (LST)  VALUE       VALUE  FROM      YEAR
                                                  NORMAL
..................................................................
TEMPERATURE (F)
 YESTERDAY
  MAXIMUM         76   1225 PM  81    1974  73      3       75
                                      1879
  MINIMUM         64    631 AM  39    1894  60      4       60
  AVERAGE         70                        66      4       68

PRECIPITATION (IN)
  YESTERDAY        0.00          1.68 1926   0.08  -0.08     0.00
  MONTH TO DATE    7.69                      2.99   4.70     1.82
  SINCE MAR 1      7.69                      2.99   4.70     1.82
  SINCE JAN 1     13.83                      9.76   4.07     4.87

SNOWFALL (IN)
  YESTERDAY        0.0          MM      MM  MM     MM        0.0
  MONTH TO DATE    0.0                      MM     MM        0.0
  SINCE MAR 1      0.0                      MM     MM        0.0
  SINCE JUL 1      0.0                      MM     MM         T
  SNOW DEPTH       0

DEGREE DAYS
 HEATING
  YESTERDAY        0                         2     -2        0
  MONTH TO DATE  120                       100     20      166
  SINCE MAR 1    120                       100     20      166
  SINCE JUL 1   1182                       988    194     1405

 COOLING
  YESTERDAY        5                         3      2        3
  MONTH TO DATE   35                        47    -12       19
  SINCE MAR 1     35                        47    -12       19
  SINCE JAN 1     41                        64    -23       26
..................................................................


WIND (MPH)
  RESULTANT WIND SPEED  11   RESULTANT WIND DIRECTION   S (170)
  HIGHEST WIND SPEED    17   HIGHEST WIND DIRECTION     S (180)
  HIGHEST GUST SPEED    22   HIGHEST GUST DIRECTION     S (200)
  AVERAGE WIND SPEED    11.2


SKY COVER
  AVERAGE SKY COVER 0.1


WEATHER CONDITIONS
 THE FOLLOWING WEATHER WAS RECORDED YESTERDAY.
  NO SIGNIFICANT WEATHER WAS OBSERVED.


RELATIVE HUMIDITY (PERCENT)
 HIGHEST   100
 LOWEST     79
 AVERAGE    90

..........................................................


THE GALVESTON CLIMATE NORMALS FOR TODAY
                         NORMAL    RECORD    YEAR
 MAXIMUM TEMPERATURE (F)   73        85      1879
 MINIMUM TEMPERATURE (F)   60        37      1987


SUNRISE AND SUNSET
MARCH 30 2015.........SUNRISE   712 AM CDT   SUNSET   737 PM CDT
MARCH 31 2015.........SUNRISE   711 AM CDT   SUNSET   737 PM CDT


-  INDICATES NEGATIVE NUMBERS.
R  INDICATES RECORD WAS SET OR TIED.
MM INDICATES DATA IS MISSING.
T  INDICATES TRACE AMOUNT.




$$
