000
CDUS44 KHGX 280727
CLIGLS


CLIMATE REPORT
NATIONAL WEATHER SERVICE HOUSTON/GALVESTON TX
226 AM CDT TUE JUL 28 2015


...................................

...THE GALVESTON CLIMATE SUMMARY FOR JULY 27 2015...

CLIMATE NORMAL PERIOD 1981 TO 2010
CLIMATE RECORD PERIOD 1875 TO 2015


WEATHER ITEM   OBSERVED TIME   RECORD YEAR NORMAL DEPARTURE LAST
                VALUE   (LST)  VALUE       VALUE  FROM      YEAR
                                                  NORMAL
..................................................................
TEMPERATURE (F)
 YESTERDAY
  MAXIMUM         92    403 PM  96    1960  90      2       92
  MINIMUM         83    613 AM  70    1943  80      3       83
                                      1897
  AVERAGE         88                        85      3       88

PRECIPITATION (IN)
  YESTERDAY        0.00          8.82 1943   0.10  -0.10     0.00
  MONTH TO DATE    0.23                      3.49  -3.26     1.08
  SINCE JUN 1      2.98                      9.18  -6.20     2.61
  SINCE JAN 1     25.16                     26.48  -1.32    11.30

SNOWFALL (IN)
  YESTERDAY        0.0          MM      MM  MM     MM        0.0
  MONTH TO DATE    0.0                      MM     MM        0.0
  SINCE JUN 1      0.0                      MM     MM        0.0
  SINCE JUL 1      0.0                      MM     MM        0.0
  SNOW DEPTH       0

DEGREE DAYS
 HEATING
  YESTERDAY        0                         0      0        0
  MONTH TO DATE    0                         0      0        0
  SINCE JUN 1      0                         0      0        0
  SINCE JUL 1      0                         0      0        0

 COOLING
  YESTERDAY       23                        20      3       23
  MONTH TO DATE  581                       524     57      536
  SINCE JUN 1   1132                      1059     73     1094
  SINCE JAN 1   1834                      1694    140     1602
..................................................................


WIND (MPH)
  RESULTANT WIND SPEED   8   RESULTANT WIND DIRECTION   S (180)
  HIGHEST WIND SPEED    16   HIGHEST WIND DIRECTION     S (170)
  HIGHEST GUST SPEED    18   HIGHEST GUST DIRECTION     S (160)
  AVERAGE WIND SPEED     9.5


SKY COVER
  AVERAGE SKY COVER 0.1


WEATHER CONDITIONS
 THE FOLLOWING WEATHER WAS RECORDED YESTERDAY.
  NO SIGNIFICANT WEATHER WAS OBSERVED.


RELATIVE HUMIDITY (PERCENT)
 HIGHEST    85
 LOWEST     60
 AVERAGE    73

..........................................................


THE GALVESTON CLIMATE NORMALS FOR TODAY
                         NORMAL    RECORD    YEAR
 MAXIMUM TEMPERATURE (F)   90        95      2005
                                             1995
                                             1989
 MINIMUM TEMPERATURE (F)   80        70      1903


SUNRISE AND SUNSET
JULY 28 2015..........SUNRISE   637 AM CDT   SUNSET   814 PM CDT
JULY 29 2015..........SUNRISE   638 AM CDT   SUNSET   814 PM CDT


-  INDICATES NEGATIVE NUMBERS.
R  INDICATES RECORD WAS SET OR TIED.
MM INDICATES DATA IS MISSING.
T  INDICATES TRACE AMOUNT.




$$
