000
CDUS44 KHGX 110723
CLIGLS


CLIMATE REPORT
NATIONAL WEATHER SERVICE HOUSTON/GALVESTON TX
122 AM CST SUN DEC 11 2016


...................................

...THE GALVESTON CLIMATE SUMMARY FOR DECEMBER 10 2016...

CLIMATE NORMAL PERIOD 1981 TO 2010
CLIMATE RECORD PERIOD 1875 TO 2016


WEATHER ITEM   OBSERVED TIME   RECORD YEAR NORMAL DEPARTURE LAST
                VALUE   (LST)  VALUE       VALUE  FROM      YEAR
                                                  NORMAL
..................................................................
TEMPERATURE (F)
 YESTERDAY
  MAXIMUM         65   1159 PM  80    1918  65      0       74
  MINIMUM         45    745 AM  28    1898  52     -7       61
  AVERAGE         55                        58     -3       68

PRECIPITATION (IN)
  YESTERDAY        0.00          4.74 1964   0.13  -0.13     0.00
  MONTH TO DATE    9.84                      1.34   8.50     0.29
  SINCE DEC 1      9.84                      1.34   8.50     0.29
  SINCE JAN 1     55.26                     48.58   6.68    58.33

SNOWFALL (IN)
  YESTERDAY        0.0           1.0  2008  MM     MM        0.0
  MONTH TO DATE    0.0                      MM     MM        0.0
  SINCE DEC 1      0.0                      MM     MM        0.0
  SINCE JUL 1      0.0                      MM     MM        0.0
  SNOW DEPTH       0

DEGREE DAYS
 HEATING
  YESTERDAY       10                         8      2        0
  MONTH TO DATE   65                        71     -6       63
  SINCE DEC 1     65                        71     -6       63
  SINCE JUL 1     77                       174    -97      116

 COOLING
  YESTERDAY        0                         1     -1        3
  MONTH TO DATE    2                        10     -8        3
  SINCE DEC 1      2                        10     -8        3
  SINCE JAN 1   3680                      3299    381     3568
..................................................................


WIND (MPH)
  RESULTANT WIND SPEED  12   RESULTANT WIND DIRECTION   E (70)
  HIGHEST WIND SPEED    21   HIGHEST WIND DIRECTION     E (80)
  HIGHEST GUST SPEED    26   HIGHEST GUST DIRECTION     E (70)
  AVERAGE WIND SPEED    14.6


SKY COVER
  AVERAGE SKY COVER 0.9


WEATHER CONDITIONS
 THE FOLLOWING WEATHER WAS RECORDED YESTERDAY.
  NO SIGNIFICANT WEATHER WAS OBSERVED.


RELATIVE HUMIDITY (PERCENT)
 HIGHEST    80
 LOWEST     56
 AVERAGE    68

..........................................................


THE GALVESTON CLIMATE NORMALS FOR TODAY
                         NORMAL    RECORD    YEAR
 MAXIMUM TEMPERATURE (F)   64        78      2007
 MINIMUM TEMPERATURE (F)   51        30      1898


SUNRISE AND SUNSET
DECEMBER 11 2016......SUNRISE   704 AM CST   SUNSET   522 PM CST
DECEMBER 12 2016......SUNRISE   704 AM CST   SUNSET   522 PM CST


-  INDICATES NEGATIVE NUMBERS.
R  INDICATES RECORD WAS SET OR TIED.
MM INDICATES DATA IS MISSING.
T  INDICATES TRACE AMOUNT.




$$
