000
CDUS42 KJAX 220626
CLIGNV


CLIMATE REPORT
NATIONAL WEATHER SERVICE JACKSONVILLE FL
125 AM EST WED NOV 22 2017


...................................

...THE GAINESVILLE CLIMATE SUMMARY FOR NOVEMBER 21 2017...

CLIMATE NORMAL PERIOD 1981 TO 2010
CLIMATE RECORD PERIOD 1890 TO 2017


WEATHER ITEM   OBSERVED TIME   RECORD YEAR NORMAL DEPARTURE LAST
                VALUE   (LST)  VALUE       VALUE  FROM      YEAR
                                                  NORMAL
..................................................................
TEMPERATURE (F)
 YESTERDAY
  MAXIMUM         76    205 PM  86    1973  73      3       70
                                      1906
  MINIMUM         50    412 AM  22    1914  50      0       31
  AVERAGE         63                        61      2       51

PRECIPITATION (IN)
  YESTERDAY        0.15          0.80 1999   0.07   0.08     0.00
  MONTH TO DATE    0.20                      1.45  -1.25     0.02
  SINCE SEP 1     17.05                      8.75   8.30     9.64
  SINCE JAN 1     66.10                     44.32  21.78    39.36

SNOWFALL (IN)
  YESTERDAY        0.0           0.0    MM   0.0    0.0      0.0
  MONTH TO DATE    0.0                       0.0    0.0      0.0
  SINCE SEP 1      0.0                       0.0    0.0      0.0
  SINCE JUL 1      0.0                       0.0    0.0      0.0
  SNOW DEPTH       0

DEGREE DAYS
 HEATING
  YESTERDAY        2                         5     -3       14
  MONTH TO DATE   58                        78    -20       66
  SINCE SEP 1    110                       105      5       82
  SINCE JUL 1    110                       105      5       82

 COOLING
  YESTERDAY        0                         2     -2        0
  MONTH TO DATE   41                        55    -14       52
  SINCE SEP 1    724                       661     63      770
  SINCE JAN 1   2884                      2605    279     3013
..................................................................


WIND (MPH)
  HIGHEST WIND SPEED    15   HIGHEST WIND DIRECTION     S (180)
  HIGHEST GUST SPEED    20   HIGHEST GUST DIRECTION     S (190)
  AVERAGE WIND SPEED     4.5


SKY COVER
  POSSIBLE SUNSHINE  MM
  AVERAGE SKY COVER 0.5


WEATHER CONDITIONS
 THE FOLLOWING WEATHER WAS RECORDED YESTERDAY.
  THUNDERSTORM
  LIGHT RAIN
  FOG


RELATIVE HUMIDITY (PERCENT)
 HIGHEST   100          1200 AM
 LOWEST     60          1200 PM
 AVERAGE    80

..........................................................


THE GAINESVILLE CLIMATE NORMALS FOR TODAY
                         NORMAL    RECORD    YEAR
 MAXIMUM TEMPERATURE (F)   73        86      1906
 MINIMUM TEMPERATURE (F)   49        25      2008
                                             2000


SUNRISE AND SUNSET
NOVEMBER 22 2017......SUNRISE   700 AM EST   SUNSET   531 PM EST
NOVEMBER 23 2017......SUNRISE   700 AM EST   SUNSET   531 PM EST


-  INDICATES NEGATIVE NUMBERS.
R  INDICATES RECORD WAS SET OR TIED.
MM INDICATES DATA IS MISSING.
T  INDICATES TRACE AMOUNT.




$$
