000
CDUS42 KJAX 022138
CLIGNV


CLIMATE REPORT
NATIONAL WEATHER SERVICE JACKSONVILLE FL
538 PM EDT TUE SEP 2 2014


...................................

...THE GAINESVILLE CLIMATE SUMMARY FOR SEPTEMBER 2 2014...
VALID TODAY AS OF 0500 PM LOCAL TIME.

CLIMATE NORMAL PERIOD 1981 TO 2010
CLIMATE RECORD PERIOD 1890 TO 2014


WEATHER ITEM   OBSERVED TIME   RECORD YEAR NORMAL DEPARTURE LAST
                VALUE   (LST)  VALUE       VALUE  FROM      YEAR
                                                  NORMAL
..................................................................
TEMPERATURE (F)
 TODAY
  MAXIMUM         91   1247 PM  99    1907  89      2       91
  MINIMUM         72    625 AM  62    1891  71      1       71
  AVERAGE         82                        80      2       81

PRECIPITATION (IN)
  TODAY            T             2.85 1975   0.18  -0.18     0.06
  MONTH TO DATE    0.43                      0.35   0.08     0.06
  SINCE SEP 1      0.43                      0.35   0.08     0.06
  SINCE JAN 1     37.49                     35.92   1.57    36.76

SNOWFALL (IN)
  TODAY            0.0           0.0    MM   0.0    0.0      0.0
  MONTH TO DATE    0.0                       0.0    0.0      0.0
  SINCE SEP 1      0.0                       0.0    0.0      0.0
  SINCE JUL 1      0.0                       0.0    0.0      0.0
  SNOW DEPTH       0

DEGREE DAYS
 HEATING
  TODAY            0                         0      0        0
  MONTH TO DATE    0                         0      0        0
  SINCE SEP 1      0                         0      0        0
  SINCE JUL 1      0                         0      0        0

 COOLING
  TODAY           17                        15      2       16
  MONTH TO DATE   35                        30      5       33
  SINCE SEP 1     35                        30      5       33
  SINCE JAN 1   1981                      1974      7     2095
..................................................................


WIND (MPH)
  HIGHEST WIND SPEED    10   HIGHEST WIND DIRECTION     N (350)
  HIGHEST GUST SPEED    12   HIGHEST GUST DIRECTION     N (350)
  AVERAGE WIND SPEED     1.1


SKY COVER
  POSSIBLE SUNSHINE  MM
  AVERAGE SKY COVER 0.2


WEATHER CONDITIONS
 THE FOLLOWING WEATHER WAS RECORDED TODAY.
  THUNDERSTORM
  LIGHT RAIN


RELATIVE HUMIDITY (PERCENT)
 HIGHEST   100           200 AM
 LOWEST     63          1200 PM
 AVERAGE    82

..........................................................


THE GAINESVILLE CLIMATE NORMALS FOR TOMORROW
                         NORMAL    RECORD    YEAR
 MAXIMUM TEMPERATURE (F)   89        97      1912
                                             1907
 MINIMUM TEMPERATURE (F)   71        61      1972
                                             1891


SUNRISE AND SUNSET
SEPTEMBER  2 2014.....SUNRISE   707 AM EDT   SUNSET   750 PM EDT
SEPTEMBER  3 2014.....SUNRISE   707 AM EDT   SUNSET   749 PM EDT


-  INDICATES NEGATIVE NUMBERS.
R  INDICATES RECORD WAS SET OR TIED.
MM INDICATES DATA IS MISSING.
T  INDICATES TRACE AMOUNT.




$$
