000
CDUS42 KJAX 300532
CLIGNV


CLIMATE REPORT
NATIONAL WEATHER SERVICE JACKSONVILLE FL
131 AM EDT SAT APR 30 2016


...................................

...THE GAINESVILLE CLIMATE SUMMARY FOR APRIL 29 2016...

CLIMATE NORMAL PERIOD 1981 TO 2010
CLIMATE RECORD PERIOD 1890 TO 2016


WEATHER ITEM   OBSERVED TIME   RECORD YEAR NORMAL DEPARTURE LAST
                VALUE   (LST)  VALUE       VALUE  FROM      YEAR
                                                  NORMAL
..................................................................
TEMPERATURE (F)
 YESTERDAY
  MAXIMUM         90    258 PM  95    1914  83      7       85
  MINIMUM         64    303 AM  39    1928  58      6       62
  AVERAGE         77                        70      7       74

PRECIPITATION (IN)
  YESTERDAY        0.00          1.31 1939   0.08  -0.08     0.26
  MONTH TO DATE    1.66                      2.60  -0.94     3.22
  SINCE MAR 1      4.01                      6.93  -2.92     4.39
  SINCE JAN 1     10.86                     13.44  -2.58     9.65

SNOWFALL (IN)
  YESTERDAY        0.0           0.0    MM   0.0    0.0      0.0
  MONTH TO DATE    0.0                       0.0    0.0      0.0
  SINCE MAR 1      0.0                       0.0    0.0      0.0
  SINCE JUL 1      0.0                       0.0    0.0      0.0
  SNOW DEPTH       0

DEGREE DAYS
 HEATING
  YESTERDAY        0                         1     -1        0
  MONTH TO DATE    9                        44    -35        0
  SINCE MAR 1     83                       181    -98       60
  SINCE JUL 1    848                      1215   -367     1211

 COOLING
  YESTERDAY       12                         6      6        9
  MONTH TO DATE  126                       115     11      243
  SINCE MAR 1    255                       169     86      382
  SINCE JAN 1    280                       201     79      397
..................................................................


WIND (MPH)
  HIGHEST WIND SPEED    12   HIGHEST WIND DIRECTION     W (250)
  HIGHEST GUST SPEED    15   HIGHEST GUST DIRECTION     S (170)
  AVERAGE WIND SPEED     4.3


SKY COVER
  POSSIBLE SUNSHINE  MM
  AVERAGE SKY COVER 0.4


WEATHER CONDITIONS
 THE FOLLOWING WEATHER WAS RECORDED YESTERDAY.
  THUNDERSTORM
  FOG
  FOG W/VISIBILITY <= 1/4 MILE


RELATIVE HUMIDITY (PERCENT)
 HIGHEST   100           200 AM
 LOWEST     44           400 PM
 AVERAGE    72

..........................................................


THE GAINESVILLE CLIMATE NORMALS FOR TODAY
                         NORMAL    RECORD    YEAR
 MAXIMUM TEMPERATURE (F)   84        95      1906
 MINIMUM TEMPERATURE (F)   58        42      2008


SUNRISE AND SUNSET
APRIL 30 2016.........SUNRISE   647 AM EDT   SUNSET   806 PM EDT
MAY  1 2016...........SUNRISE   646 AM EDT   SUNSET   806 PM EDT


-  INDICATES NEGATIVE NUMBERS.
R  INDICATES RECORD WAS SET OR TIED.
MM INDICATES DATA IS MISSING.
T  INDICATES TRACE AMOUNT.




$$
