000
CDUS42 KJAX 280534
CLIGNV


CLIMATE REPORT
NATIONAL WEATHER SERVICE JACKSONVILLE FL
1233 AM EST TUE FEB 28 2017


...................................

...THE GAINESVILLE CLIMATE SUMMARY FOR FEBRUARY 27 2017...

CLIMATE NORMAL PERIOD 1981 TO 2010
CLIMATE RECORD PERIOD 1890 TO 2017


WEATHER ITEM   OBSERVED TIME   RECORD YEAR NORMAL DEPARTURE LAST
                VALUE   (LST)  VALUE       VALUE  FROM      YEAR
                                                  NORMAL
..................................................................
TEMPERATURE (F)
 YESTERDAY
  MAXIMUM         85    401 PM  87    2011  72     13       66
                                      1997
                                      1971
  MINIMUM         43    547 AM  25    1974  47     -4       30
  AVERAGE         64                        60      4       48

PRECIPITATION (IN)
  YESTERDAY        0.00          4.40 1939   0.12  -0.12     0.00
  MONTH TO DATE    0.39                      3.08  -2.69     4.12
  SINCE DEC 1      4.53                      8.87  -4.34     8.82
  SINCE JAN 1      1.84                      6.39  -4.55     6.85

SNOWFALL (IN)
  YESTERDAY        0.0           0.0    MM   0.0    0.0      0.0
  MONTH TO DATE    0.0                       0.0    0.0      0.0
  SINCE DEC 1      0.0                       0.0    0.0      0.0
  SINCE JUL 1      0.0                       0.0    0.0      0.0
  SNOW DEPTH       0

DEGREE DAYS
 HEATING
  YESTERDAY        1                         7     -6       17
  MONTH TO DATE   84                       226   -142      248
  SINCE DEC 1    397                       867   -470      706
  SINCE JUL 1    503                      1028   -525      745

 COOLING
  YESTERDAY        0                         1     -1        0
  MONTH TO DATE   33                        23     10       23
  SINCE DEC 1    155                        57     98      171
  SINCE JAN 1     79                        35     44       25
..................................................................


WIND (MPH)
  HIGHEST WIND SPEED    17   HIGHEST WIND DIRECTION    SE (150)
  HIGHEST GUST SPEED    23   HIGHEST GUST DIRECTION    SE (150)
  AVERAGE WIND SPEED     4.6


SKY COVER
  POSSIBLE SUNSHINE  MM
  AVERAGE SKY COVER 0.3


WEATHER CONDITIONS
 THE FOLLOWING WEATHER WAS RECORDED YESTERDAY.
  NO SIGNIFICANT WEATHER WAS OBSERVED.


RELATIVE HUMIDITY (PERCENT)
 HIGHEST    92           600 AM
 LOWEST     40           400 PM
 AVERAGE    66

..........................................................


THE GAINESVILLE CLIMATE NORMALS FOR TODAY
                         NORMAL    RECORD    YEAR
 MAXIMUM TEMPERATURE (F)   72        87      1997
 MINIMUM TEMPERATURE (F)   47        25      2002


SUNRISE AND SUNSET
FEBRUARY 28 2017......SUNRISE   656 AM EST   SUNSET   628 PM EST
MARCH  1 2017.........SUNRISE   654 AM EST   SUNSET   629 PM EST


-  INDICATES NEGATIVE NUMBERS.
R  INDICATES RECORD WAS SET OR TIED.
MM INDICATES DATA IS MISSING.
T  INDICATES TRACE AMOUNT.




$$
