000
CDUS42 KJAX 300528
CLIGNV


CLIMATE REPORT
NATIONAL WEATHER SERVICE JACKSONVILLE FL
127 AM EDT SUN APR 30 2017


...................................

...THE GAINESVILLE CLIMATE SUMMARY FOR APRIL 29 2017...

CLIMATE NORMAL PERIOD 1981 TO 2010
CLIMATE RECORD PERIOD 1890 TO 2017


WEATHER ITEM   OBSERVED TIME   RECORD YEAR NORMAL DEPARTURE LAST
                VALUE   (LST)  VALUE       VALUE  FROM      YEAR
                                                  NORMAL
..................................................................
TEMPERATURE (F)
 YESTERDAY
  MAXIMUM         95R   221 PM  95    1914  83     12       90
  MINIMUM         73    352 AM  39    1928  58     15       64
  AVERAGE         84                        70     14       77

PRECIPITATION (IN)
  YESTERDAY        T             1.31 1939   0.08  -0.08     0.00
  MONTH TO DATE    2.74                      2.60   0.14     1.66
  SINCE MAR 1      3.41                      6.93  -3.52     4.01
  SINCE JAN 1      5.25                     13.44  -8.19    10.86

SNOWFALL (IN)
  YESTERDAY        0.0           0.0    MM   0.0    0.0      0.0
  MONTH TO DATE    0.0                       0.0    0.0      0.0
  SINCE MAR 1      0.0                       0.0    0.0      0.0
  SINCE JUL 1      0.0                       0.0    0.0      0.0
  SNOW DEPTH       0

DEGREE DAYS
 HEATING
  YESTERDAY        0                         1     -1        0
  MONTH TO DATE   18                        44    -26        9
  SINCE MAR 1    143                       181    -38       83
  SINCE JUL 1    646                      1215   -569      848

 COOLING
  YESTERDAY       19                         6     13       12
  MONTH TO DATE  166                       115     51      126
  SINCE MAR 1    239                       169     70      255
  SINCE JAN 1    323                       201    122      280
..................................................................


WIND (MPH)
  HIGHEST WIND SPEED    21   HIGHEST WIND DIRECTION     E (110)
  HIGHEST GUST SPEED    26   HIGHEST GUST DIRECTION     E (110)
  AVERAGE WIND SPEED    11.0


SKY COVER
  POSSIBLE SUNSHINE  MM
  AVERAGE SKY COVER 0.4


WEATHER CONDITIONS
 THE FOLLOWING WEATHER WAS RECORDED YESTERDAY.
  LIGHT RAIN


RELATIVE HUMIDITY (PERCENT)
 HIGHEST    93           700 AM
 LOWEST     33           200 PM
 AVERAGE    63

..........................................................


THE GAINESVILLE CLIMATE NORMALS FOR TODAY
                         NORMAL    RECORD    YEAR
 MAXIMUM TEMPERATURE (F)   84        95      1906
 MINIMUM TEMPERATURE (F)   58        42      2008


SUNRISE AND SUNSET
APRIL 30 2017.........SUNRISE   647 AM EDT   SUNSET   806 PM EDT
MAY  1 2017...........SUNRISE   646 AM EDT   SUNSET   806 PM EDT


-  INDICATES NEGATIVE NUMBERS.
R  INDICATES RECORD WAS SET OR TIED.
MM INDICATES DATA IS MISSING.
T  INDICATES TRACE AMOUNT.




$$
