000
CDUS45 KMSO 110857
CLIGPI


CLIMATE REPORT
NATIONAL WEATHER SERVICE MISSOULA, MT
157 AM MST THU FEB 11 2016


...................................

...THE KALISPELL MT CLIMATE SUMMARY FOR FEBRUARY 10 2016...

CLIMATE NORMAL PERIOD 1981 TO 2010
CLIMATE RECORD PERIOD 1894 TO 2016


WEATHER ITEM   OBSERVED TIME   RECORD YEAR NORMAL DEPARTURE LAST
                VALUE   (LST)  VALUE       VALUE  FROM      YEAR
                                                  NORMAL
..................................................................
TEMPERATURE (F)
 YESTERDAY
  MAXIMUM         43    204 PM  54    1918  35      8       41
  MINIMUM         17    346 AM -21    1981  18     -1       34
  AVERAGE         30                        26      4       38

PRECIPITATION (IN)
  YESTERDAY        0.00          0.35 1973   0.03  -0.03     0.02
  MONTH TO DATE    0.19                      0.34  -0.15     1.02
  SINCE OCT 1      5.72                      5.67   0.05     9.51
  SINCE JAN 1      1.67                      1.67   0.00     3.43

SNOWFALL (IN)
  YESTERDAY        0.0
  MONTH TO DATE    2.5
  SINCE JAN 1     14.1
  SINCE JUL 1     40.9
  SNOW DEPTH       0

DEGREE DAYS
 HEATING
  YESTERDAY       35                        39     -4       27
  MONTH TO DATE  378                       390    -12      303
  SINCE DEC 1   2757                      2977   -220     2834
  SINCE JUL 1   4776                      5181   -405     4832

 COOLING
  YESTERDAY        0                         0      0        0
  MONTH TO DATE    0                         0      0        0
  SINCE DEC 1      0                         0      0        0
  SINCE JAN 1      0                         0      0        0
..................................................................


WIND (MPH)
  HIGHEST WIND SPEED     9   HIGHEST WIND DIRECTION     N (20)
  HIGHEST GUST SPEED    10   HIGHEST GUST DIRECTION     N (20)
  AVERAGE WIND SPEED     0.5


SKY COVER
  POSSIBLE SUNSHINE  MM
  AVERAGE SKY COVER 0.6


WEATHER CONDITIONS
 THE FOLLOWING WEATHER WAS RECORDED YESTERDAY.
  FOG
  FOG W/VISIBILITY <= 1/4 MILE
  HAZE


RELATIVE HUMIDITY (PERCENT)
 HIGHEST    92          1200 AM
 LOWEST     64           200 PM
 AVERAGE    78

..........................................................


THE KALISPELL MT CLIMATE NORMALS FOR TODAY
                         NORMAL    RECORD    YEAR
 MAXIMUM TEMPERATURE (F)   35        51      1990
 MINIMUM TEMPERATURE (F)   18       -28      1905


SUNRISE AND SUNSET
FEBRUARY 11 2016......SUNRISE   751 AM MST   SUNSET   552 PM MST
FEBRUARY 12 2016......SUNRISE   750 AM MST   SUNSET   554 PM MST


-  INDICATES NEGATIVE NUMBERS.
R  INDICATES RECORD WAS SET OR TIED.
MM INDICATES DATA IS MISSING.
T  INDICATES TRACE AMOUNT.




$$
