000
CDUS45 KMSO 250738
CLIGPI


CLIMATE REPORT
NATIONAL WEATHER SERVICE MISSOULA, MT
1237 AM MST SAT NOV 25 2017


...................................

...THE KALISPELL MT CLIMATE SUMMARY FOR NOVEMBER 24 2017...

CLIMATE NORMAL PERIOD 1981 TO 2010
CLIMATE RECORD PERIOD 1894 TO 2017


WEATHER ITEM   OBSERVED TIME   RECORD YEAR NORMAL DEPARTURE LAST
                VALUE   (LST)  VALUE       VALUE  FROM      YEAR
                                                  NORMAL
..................................................................
TEMPERATURE (F)
 YESTERDAY
  MAXIMUM         47   1218 PM  56    1933  36     11       46
  MINIMUM         33   1007 PM -14    1993  22     11       30
  AVERAGE         40                        29     11       38

PRECIPITATION (IN)
  YESTERDAY        0.00          0.71 1958   0.05  -0.05      T
  MONTH TO DATE    1.42                      1.14   0.28     0.58
  SINCE OCT 1      2.65                      2.15   0.50     5.44
  SINCE JAN 1     14.50                     15.14  -0.64    18.53

SNOWFALL (IN)
  YESTERDAY        0.0
  MONTH TO DATE    8.3
  SINCE JAN 1     62.8
  SINCE JUL 1      8.3
  SNOW DEPTH       0

DEGREE DAYS
 HEATING
  YESTERDAY       25                        36    -11       27
  MONTH TO DATE  770                       772     -2      604
  SINCE SEP 1   1796                      1810    -14     1613
  SINCE JUL 1   1845                      1980   -135     1760

 COOLING
  YESTERDAY        0                         0      0        0
  MONTH TO DATE    0                         0      0        0
  SINCE SEP 1      4                         4      0        1
  SINCE JAN 1    228                       147     81      157
..................................................................


WIND (MPH)
  HIGHEST WIND SPEED    18   HIGHEST WIND DIRECTION    SW (210)
  HIGHEST GUST SPEED    24   HIGHEST GUST DIRECTION    SW (220)
  AVERAGE WIND SPEED     9.3


SKY COVER
  POSSIBLE SUNSHINE  MM
  AVERAGE SKY COVER 0.7


WEATHER CONDITIONS
 THE FOLLOWING WEATHER WAS RECORDED YESTERDAY.
  NO SIGNIFICANT WEATHER WAS OBSERVED.


RELATIVE HUMIDITY (PERCENT)
 HIGHEST    82          1200 AM
 LOWEST     53          1200 PM
 AVERAGE    68

..........................................................


THE KALISPELL MT CLIMATE NORMALS FOR TODAY
                         NORMAL    RECORD    YEAR
 MAXIMUM TEMPERATURE (F)   35        56      1949
 MINIMUM TEMPERATURE (F)   22       -14      1993


SUNRISE AND SUNSET
NOVEMBER 25 2017......SUNRISE   759 AM MST   SUNSET   449 PM MST
NOVEMBER 26 2017......SUNRISE   801 AM MST   SUNSET   448 PM MST


-  INDICATES NEGATIVE NUMBERS.
R  INDICATES RECORD WAS SET OR TIED.
MM INDICATES DATA IS MISSING.
T  INDICATES TRACE AMOUNT.




$$
