000
CDUS45 KMSO 280838
CLIGPI


CLIMATE REPORT
NATIONAL WEATHER SERVICE MISSOULA, MT
138 AM MST TUE FEB 28 2017


...................................

...THE KALISPELL MT CLIMATE SUMMARY FOR FEBRUARY 27 2017...

CLIMATE NORMAL PERIOD 1981 TO 2010
CLIMATE RECORD PERIOD 1894 TO 2017


WEATHER ITEM   OBSERVED TIME   RECORD YEAR NORMAL DEPARTURE LAST
                VALUE   (LST)  VALUE       VALUE  FROM      YEAR
                                                  NORMAL
..................................................................
TEMPERATURE (F)
 YESTERDAY
  MAXIMUM         28    119 PM  62    1932  39    -11       53
  MINIMUM         14    706 AM -19    1960  20     -6       30
  AVERAGE         21                        30     -9       42

PRECIPITATION (IN)
  YESTERDAY        0.03          0.77 1997   0.03   0.00      T
  MONTH TO DATE    2.68                      0.93   1.75     0.82
  SINCE OCT 1     10.88                      6.26   4.62     6.35
  SINCE JAN 1      3.65                      2.26   1.39     2.30

SNOWFALL (IN)
  YESTERDAY        0.6
  MONTH TO DATE   28.4
  SINCE JAN 1     42.2
  SINCE JUL 1     77.5
  SNOW DEPTH      15

DEGREE DAYS
 HEATING
  YESTERDAY       44                        35      9       23
  MONTH TO DATE 1130                      1024    106      846
  SINCE DEC 1   4200                      3611    589     3225
  SINCE JUL 1   6159                      5815    344     5244

 COOLING
  YESTERDAY        0                         0      0        0
  MONTH TO DATE    0                         0      0        0
  SINCE DEC 1      0                         0      0        0
  SINCE JAN 1      0                         0      0        0
..................................................................


WIND (MPH)
  HIGHEST WIND SPEED    15   HIGHEST WIND DIRECTION     N (10)
  HIGHEST GUST SPEED    18   HIGHEST GUST DIRECTION     N (20)
  AVERAGE WIND SPEED     4.9


SKY COVER
  POSSIBLE SUNSHINE  MM
  AVERAGE SKY COVER 0.9


WEATHER CONDITIONS
 THE FOLLOWING WEATHER WAS RECORDED YESTERDAY.
  LIGHT SNOW
  FOG
  HAZE


RELATIVE HUMIDITY (PERCENT)
 HIGHEST    96          1100 PM
 LOWEST     62           100 PM
 AVERAGE    79

..........................................................


THE KALISPELL MT CLIMATE NORMALS FOR TODAY
                         NORMAL    RECORD    YEAR
 MAXIMUM TEMPERATURE (F)   40        57      1988
 MINIMUM TEMPERATURE (F)   20       -22      1960


SUNRISE AND SUNSET
FEBRUARY 28 2017......SUNRISE   720 AM MST   SUNSET   620 PM MST
MARCH  1 2017.........SUNRISE   718 AM MST   SUNSET   622 PM MST


-  INDICATES NEGATIVE NUMBERS.
R  INDICATES RECORD WAS SET OR TIED.
MM INDICATES DATA IS MISSING.
T  INDICATES TRACE AMOUNT.




$$
