000
CDUS45 KMSO 282332
CLIGPI


CLIMATE REPORT
NATIONAL WEATHER SERVICE MISSOULA, MT
432 PM MST FRI NOV 28 2014


...................................

...THE KALISPELL MT CLIMATE SUMMARY FOR NOVEMBER 28 2014...
VALID TODAY AS OF 0400 PM LOCAL TIME.

CLIMATE NORMAL PERIOD 1981 TO 2010
CLIMATE RECORD PERIOD 1894 TO 2014


WEATHER ITEM   OBSERVED TIME   RECORD YEAR NORMAL DEPARTURE LAST
                VALUE   (LST)  VALUE       VALUE  FROM      YEAR
                                                  NORMAL
..................................................................
TEMPERATURE (F)
 TODAY
  MAXIMUM         48    143 PM  51    1899  34     14       27
  MINIMUM         41    418 AM -16    1985  21     20       22
  AVERAGE         45                        27     18       25

PRECIPITATION (IN)
  TODAY            T             0.52 1995   0.05  -0.05     0.01
  MONTH TO DATE    2.40                      1.33   1.07     2.41
  SINCE OCT 1      3.59                      2.34   1.25     2.74
  SINCE JAN 1     19.07                     15.33   3.74    15.77

SNOWFALL (IN)
  TODAY            0.0
  MONTH TO DATE    2.3
  SINCE JAN 1     40.5
  SINCE JUL 1      2.3
  SNOW DEPTH       0

DEGREE DAYS
 HEATING
  TODAY           20                        38    -18       40
  MONTH TO DATE  987                       921     66      940
  SINCE SEP 1   1814                      1959   -145     1965
  SINCE JUL 1   1891                      2129   -238     2006

 COOLING
  TODAY            0                         0      0        0
  MONTH TO DATE    0                         0      0        0
  SINCE SEP 1      2                         4     -2       29
  SINCE JAN 1    217                       147     70      264
..................................................................


WIND (MPH)
  HIGHEST WIND SPEED    16   HIGHEST WIND DIRECTION     S (160)
  HIGHEST GUST SPEED    23   HIGHEST GUST DIRECTION    SE (130)
  AVERAGE WIND SPEED     8.7


SKY COVER
  POSSIBLE SUNSHINE  MM
  AVERAGE SKY COVER 1.0


WEATHER CONDITIONS
 THE FOLLOWING WEATHER WAS RECORDED TODAY.
  LIGHT RAIN


RELATIVE HUMIDITY (PERCENT)
 HIGHEST    83           800 AM
 LOWEST     71           400 PM
 AVERAGE    77

..........................................................


THE KALISPELL MT CLIMATE NORMALS FOR TOMORROW
                         NORMAL    RECORD    YEAR
 MAXIMUM TEMPERATURE (F)   34        56      1932
 MINIMUM TEMPERATURE (F)   20       -14      1985


SUNRISE AND SUNSET
NOVEMBER 28 2014......SUNRISE   803 AM MST   SUNSET   447 PM MST
NOVEMBER 29 2014......SUNRISE   804 AM MST   SUNSET   446 PM MST


-  INDICATES NEGATIVE NUMBERS.
R  INDICATES RECORD WAS SET OR TIED.
MM INDICATES DATA IS MISSING.
T  INDICATES TRACE AMOUNT.




$$
