000
CDUS45 KMSO 312232
CLIGPI


CLIMATE REPORT
NATIONAL WEATHER SERVICE MISSOULA, MT
431 PM MDT MON AUG 31 2015


...................................

...THE KALISPELL MT CLIMATE SUMMARY FOR AUGUST 31 2015...
VALID TODAY AS OF 0400 PM LOCAL TIME.

CLIMATE NORMAL PERIOD 1981 TO 2010
CLIMATE RECORD PERIOD 1894 TO 2015


WEATHER ITEM   OBSERVED TIME   RECORD YEAR NORMAL DEPARTURE LAST
                VALUE   (LST)  VALUE       VALUE  FROM      YEAR
                                                  NORMAL
..................................................................
TEMPERATURE (F)
 TODAY
  MAXIMUM         70    250 PM  91    1998  77     -7       67
  MINIMUM         42    612 AM  31    1999  43     -1       47
  AVERAGE         56                        60     -4       57

PRECIPITATION (IN)
  TODAY            0.00          0.56 1926   0.04  -0.04     0.08
  MONTH TO DATE    0.13                      0.99  -0.86     1.46
  SINCE OCT 1     12.93                     15.61  -2.68    18.79
  SINCE JAN 1      6.85                     11.61  -4.76    14.34

SNOWFALL (IN)
  TODAY            0.0
  MONTH TO DATE    0.0
  SINCE JAN 1     32.9
  SINCE JUL 1      0.0
  SNOW DEPTH       0

DEGREE DAYS
 HEATING
  TODAY            9                         6      3        8
  MONTH TO DATE   74                        96    -22       63
  SINCE JUN 1    215                       386   -171      330
  SINCE JUL 1    134                       170    -36       77

 COOLING
  TODAY            0                         1     -1        0
  MONTH TO DATE   81                        60     21       85
  SINCE JUN 1    246                       140    106      215
  SINCE JAN 1    246                       143    103      215
..................................................................


WIND (MPH)
  HIGHEST WIND SPEED    20   HIGHEST WIND DIRECTION    SW (230)
  HIGHEST GUST SPEED    27   HIGHEST GUST DIRECTION    SW (220)
  AVERAGE WIND SPEED     8.6


SKY COVER
  POSSIBLE SUNSHINE  MM
  AVERAGE SKY COVER 0.7


WEATHER CONDITIONS
 THE FOLLOWING WEATHER WAS RECORDED TODAY.
  NO SIGNIFICANT WEATHER WAS OBSERVED.


RELATIVE HUMIDITY (PERCENT)
 HIGHEST    92           300 AM
 LOWEST     33           200 PM
 AVERAGE    63

..........................................................


THE KALISPELL MT CLIMATE NORMALS FOR TOMORROW
                         NORMAL    RECORD    YEAR
 MAXIMUM TEMPERATURE (F)   76        99      1967
 MINIMUM TEMPERATURE (F)   43        32      2006
                                             1999


SUNRISE AND SUNSET
AUGUST 31 2015........SUNRISE   653 AM MDT   SUNSET   821 PM MDT
SEPTEMBER  1 2015.....SUNRISE   654 AM MDT   SUNSET   819 PM MDT


-  INDICATES NEGATIVE NUMBERS.
R  INDICATES RECORD WAS SET OR TIED.
MM INDICATES DATA IS MISSING.
T  INDICATES TRACE AMOUNT.




$$
