000
CDUS45 KMSO 202231
CLIGPI


CLIMATE REPORT
NATIONAL WEATHER SERVICE MISSOULA, MT
430 PM MDT SUN APR 20 2014


...................................

...THE KALISPELL MT CLIMATE SUMMARY FOR APRIL 20 2014...
VALID TODAY AS OF 0400 PM LOCAL TIME.

CLIMATE NORMAL PERIOD 1981 TO 2010
CLIMATE RECORD PERIOD 1894 TO 2014


WEATHER ITEM   OBSERVED TIME   RECORD YEAR NORMAL DEPARTURE LAST
                VALUE   (LST)  VALUE       VALUE  FROM      YEAR
                                                  NORMAL
..................................................................
TEMPERATURE (F)
 TODAY
  MAXIMUM         58    249 PM  80    2010  58      0       57
  MINIMUM         38    443 AM   9    1927  32      6       35
  AVERAGE         48                        45      3       46

PRECIPITATION (IN)
  TODAY            0.01          0.46 2013   0.05  -0.04     0.46
  MONTH TO DATE    0.37                      0.81  -0.44     1.32
  SINCE OCT 1      9.70                      8.20   1.50     8.65
  SINCE JAN 1      5.25                      4.20   1.05     3.27

SNOWFALL (IN)
  TODAY            0.0
  MONTH TO DATE    T
  SINCE JAN 1     38.2
  SINCE JUL 1     71.7
  SNOW DEPTH       0

DEGREE DAYS
 HEATING
  TODAY           17                        20     -3       19
  MONTH TO DATE  444                       450     -6      497
  SINCE MAR 1   1399                      1369     30     1390
  SINCE JUL 1   7333                      7221    112     6677

 COOLING
  TODAY            0                         0      0        0
  MONTH TO DATE    0                         0      0        0
  SINCE MAR 1      0                         0      0        0
  SINCE JAN 1      0                         0      0        0
..................................................................


WIND (MPH)
  HIGHEST WIND SPEED    21   HIGHEST WIND DIRECTION    SW (220)
  HIGHEST GUST SPEED    30   HIGHEST GUST DIRECTION    SW (220)
  AVERAGE WIND SPEED    11.7


SKY COVER
  POSSIBLE SUNSHINE  MM
  AVERAGE SKY COVER 0.8


WEATHER CONDITIONS
 THE FOLLOWING WEATHER WAS RECORDED TODAY.
  LIGHT RAIN


RELATIVE HUMIDITY (PERCENT)
 HIGHEST    79           500 AM
 LOWEST     32           100 PM
 AVERAGE    56

..........................................................


THE KALISPELL MT CLIMATE NORMALS FOR TOMORROW
                         NORMAL    RECORD    YEAR
 MAXIMUM TEMPERATURE (F)   58        82      1906
 MINIMUM TEMPERATURE (F)   32        18      1951


SUNRISE AND SUNSET
APRIL 20 2014.........SUNRISE   637 AM MDT   SUNSET   835 PM MDT
APRIL 21 2014.........SUNRISE   636 AM MDT   SUNSET   837 PM MDT


-  INDICATES NEGATIVE NUMBERS.
R  INDICATES RECORD WAS SET OR TIED.
MM INDICATES DATA IS MISSING.
T  INDICATES TRACE AMOUNT.




$$
