000
CDUS45 KMSO 242231
CLIGPI


CLIMATE REPORT
NATIONAL WEATHER SERVICE MISSOULA, MT
431 PM MDT MON JUL 24 2017


...................................

...THE KALISPELL MT CLIMATE SUMMARY FOR JULY 24 2017...
VALID TODAY AS OF 0400 PM LOCAL TIME.

CLIMATE NORMAL PERIOD 1981 TO 2010
CLIMATE RECORD PERIOD 1894 TO 2017


WEATHER ITEM   OBSERVED TIME   RECORD YEAR NORMAL DEPARTURE LAST
                VALUE   (LST)  VALUE       VALUE  FROM      YEAR
                                                  NORMAL
..................................................................
TEMPERATURE (F)
 TODAY
  MAXIMUM         91    252 PM  96    2003  84      7       82
  MINIMUM         50    439 AM  37    1960  49      1       42
  AVERAGE         71                        66      5       62

PRECIPITATION (IN)
  TODAY            0.00          0.48 1925   0.04  -0.04     0.00
  MONTH TO DATE    0.07                      1.23  -1.16     1.51
  SINCE OCT 1     18.40                     14.40   4.00    15.19
  SINCE JAN 1     11.17                     10.40   0.77    11.14

SNOWFALL (IN)
  TODAY            0.0
  MONTH TO DATE    0.0
  SINCE JAN 1     54.5
  SINCE JUL 1      0.0
  SNOW DEPTH       0

DEGREE DAYS
 HEATING
  TODAY            0                         2     -2        3
  MONTH TO DATE    6                        68    -62       79
  SINCE JUN 1    164                       284   -120      258
  SINCE JUL 1      6                        68    -62       79

 COOLING
  TODAY            6                         3      3        0
  MONTH TO DATE   93                        46     47       14
  SINCE JUN 1    109                        59     50       61
  SINCE JAN 1    114                        62     52       61
..................................................................


WIND (MPH)
  HIGHEST WIND SPEED    18   HIGHEST WIND DIRECTION     W (270)
  HIGHEST GUST SPEED    24   HIGHEST GUST DIRECTION     W (290)
  AVERAGE WIND SPEED     4.2


SKY COVER
  POSSIBLE SUNSHINE  MM
  AVERAGE SKY COVER 0.0


WEATHER CONDITIONS
 THE FOLLOWING WEATHER WAS RECORDED TODAY.
  HAZE


RELATIVE HUMIDITY (PERCENT)
 HIGHEST    89           500 AM
 LOWEST      9           200 PM
 AVERAGE    49

..........................................................


THE KALISPELL MT CLIMATE NORMALS FOR TOMORROW
                         NORMAL    RECORD    YEAR
 MAXIMUM TEMPERATURE (F)   84        97      1931
 MINIMUM TEMPERATURE (F)   49        38      1949


SUNRISE AND SUNSET
JULY 24 2017..........SUNRISE   603 AM MDT   SUNSET   924 PM MDT
JULY 25 2017..........SUNRISE   604 AM MDT   SUNSET   923 PM MDT


-  INDICATES NEGATIVE NUMBERS.
R  INDICATES RECORD WAS SET OR TIED.
MM INDICATES DATA IS MISSING.
T  INDICATES TRACE AMOUNT.




$$
