000
CDUS43 KGRB 240727
CLIGRB


CLIMATE REPORT
NATIONAL WEATHER SERVICE GREEN BAY
225 AM CDT MON JUL 24 2017


...................................

...THE GREEN BAY WI CLIMATE SUMMARY FOR JULY 23 2017...

CLIMATE NORMAL PERIOD 1981 TO 2010
CLIMATE RECORD PERIOD 1886 TO 2017


WEATHER ITEM   OBSERVED TIME   RECORD YEAR NORMAL DEPARTURE LAST
                VALUE   (LST)  VALUE       VALUE  FROM      YEAR
                                                  NORMAL
..................................................................
TEMPERATURE (F)
 YESTERDAY
  MAXIMUM         80    351 PM  96    1940  80      0       88
  MINIMUM         62   1159 PM  46    2000  59      3       64
                                      1985
                                      1887
  AVERAGE         71                        69      2       76

PRECIPITATION (IN)
  YESTERDAY        0.05          4.39 1912   0.11  -0.06     0.13
  MONTH TO DATE    4.07                      2.65   1.42     2.15
  SINCE JUN 1      7.85                      6.53   1.32     6.59
  SINCE JAN 1     20.85                     16.18   4.67    17.77

SNOWFALL (IN)
  YESTERDAY        0.0           0.0  2010   0.0    0.0      0.0
  MONTH TO DATE    0.0                       0.0    0.0      0.0
  SINCE JUN 1      0.0                       0.0    0.0      0.0
  SINCE JUL 1      0.0                       0.0    0.0      0.0
  SNOW DEPTH       0

DEGREE DAYS
 HEATING
  YESTERDAY        0                         1     -1        0
  MONTH TO DATE    1                        23    -22        6
  SINCE JUN 1     28                       115    -87       31
  SINCE JUL 1      1                        23    -22        6

 COOLING
  YESTERDAY        6                         5      1       11
  MONTH TO DATE  149                       115     34      150
  SINCE JUN 1    264                       198     66      250
  SINCE JAN 1    272                       216     56      283
..................................................................


WIND (MPH)
  HIGHEST WIND SPEED    24   HIGHEST WIND DIRECTION     N (20)
  HIGHEST GUST SPEED    29   HIGHEST GUST DIRECTION     N (10)
  AVERAGE WIND SPEED     8.0


SKY COVER
  POSSIBLE SUNSHINE  MM
  AVERAGE SKY COVER 0.7


WEATHER CONDITIONS
 THE FOLLOWING WEATHER WAS RECORDED YESTERDAY.
  THUNDERSTORM
  LIGHT RAIN
  FOG
  FOG W/VISIBILITY <= 1/4 MILE


RELATIVE HUMIDITY (PERCENT)
 HIGHEST   100           100 AM
 LOWEST     67           400 PM
 AVERAGE    84

..........................................................


THE GREEN BAY WI CLIMATE NORMALS FOR TODAY
                         NORMAL    RECORD    YEAR
 MAXIMUM TEMPERATURE (F)   80        95      1945
 MINIMUM TEMPERATURE (F)   59        45      1953


SUNRISE AND SUNSET
JULY 24 2017..........SUNRISE   531 AM CDT   SUNSET   826 PM CDT
JULY 25 2017..........SUNRISE   532 AM CDT   SUNSET   825 PM CDT


-  INDICATES NEGATIVE NUMBERS.
R  INDICATES RECORD WAS SET OR TIED.
MM INDICATES DATA IS MISSING.
T  INDICATES TRACE AMOUNT.

$$
