000
CDUS43 KGRB 290637
CLIGRB


CLIMATE REPORT
NATIONAL WEATHER SERVICE GREEN BAY
136 AM CDT SUN MAR 29 2015


...................................

...THE GREEN BAY WI CLIMATE SUMMARY FOR MARCH 28 2015...

CLIMATE NORMAL PERIOD 1981 TO 2010
CLIMATE RECORD PERIOD 1886 TO 2015


WEATHER ITEM   OBSERVED TIME   RECORD YEAR NORMAL DEPARTURE LAST
                VALUE   (LST)  VALUE       VALUE  FROM      YEAR
                                                  NORMAL
..................................................................
TEMPERATURE (F)
 YESTERDAY
  MAXIMUM         38    521 PM  74    1946  45     -7       41
                                      1910
                                      1905
  MINIMUM         17    557 AM  -2    1923  27    -10       31
  AVERAGE         28                        36     -8       36

PRECIPITATION (IN)
  YESTERDAY        0.00          1.14 1931   0.06  -0.06     0.02
  MONTH TO DATE    0.67                      1.64  -0.97     0.91
  SINCE MAR 1      0.67                      1.64  -0.97     0.91
  SINCE JAN 1      1.64                      3.88  -2.24     3.70

SNOWFALL (IN)
  YESTERDAY        0.0          11.5  1931   0.2   -0.2       T
  MONTH TO DATE    4.2                       7.6   -3.4      6.1
  SINCE MAR 1      4.2                       7.6   -3.4      6.1
  SINCE JUL 1     32.7                      47.8  -15.1     68.4
  SNOW DEPTH       0

DEGREE DAYS
 HEATING
  YESTERDAY       37                        29      8       29
  MONTH TO DATE  899                       975    -76     1214
  SINCE MAR 1    899                       975    -76     1214
  SINCE JUL 1   6937                      6815    122     7695

 COOLING
  YESTERDAY        0                         0      0        0
  MONTH TO DATE    0                         0      0        0
  SINCE MAR 1      0                         0      0        0
  SINCE JAN 1      0                         0      0        0
..................................................................


WIND (MPH)
  HIGHEST WIND SPEED    14   HIGHEST WIND DIRECTION    SW (210)
  HIGHEST GUST SPEED    19   HIGHEST GUST DIRECTION    SW (210)
  AVERAGE WIND SPEED     6.3


SKY COVER
  POSSIBLE SUNSHINE  MM
  AVERAGE SKY COVER 0.0


WEATHER CONDITIONS
 THE FOLLOWING WEATHER WAS RECORDED YESTERDAY.
  NO SIGNIFICANT WEATHER WAS OBSERVED.


RELATIVE HUMIDITY (PERCENT)
 HIGHEST    80           600 AM
 LOWEST     40           500 PM
 AVERAGE    60

..........................................................


THE GREEN BAY WI CLIMATE NORMALS FOR TODAY
                         NORMAL    RECORD    YEAR
 MAXIMUM TEMPERATURE (F)   45        82      1910
 MINIMUM TEMPERATURE (F)   27         1      1887


SUNRISE AND SUNSET
MARCH 29 2015.........SUNRISE   640 AM CDT   SUNSET   716 PM CDT
MARCH 30 2015.........SUNRISE   638 AM CDT   SUNSET   717 PM CDT


-  INDICATES NEGATIVE NUMBERS.
R  INDICATES RECORD WAS SET OR TIED.
MM INDICATES DATA IS MISSING.
T  INDICATES TRACE AMOUNT.




$$
