000
CDUS43 KGRB 290828
CLIGRB


CLIMATE REPORT
NATIONAL WEATHER SERVICE GREEN BAY
326 AM CDT WED MAR 29 2017


...................................

...THE GREEN BAY WI CLIMATE SUMMARY FOR MARCH 28 2017...

CLIMATE NORMAL PERIOD 1981 TO 2010
CLIMATE RECORD PERIOD 1886 TO 2017


WEATHER ITEM   OBSERVED TIME   RECORD YEAR NORMAL DEPARTURE LAST
                VALUE   (LST)  VALUE       VALUE  FROM      YEAR
                                                  NORMAL
..................................................................
TEMPERATURE (F)
 YESTERDAY
  MAXIMUM         50    517 PM  74    1946  45      5       54
                                      1910
                                      1905
  MINIMUM         31    434 AM  -2    1923  27      4       35
  AVERAGE         41                        36      5       45

PRECIPITATION (IN)
  YESTERDAY        0.00          1.14 1931   0.06  -0.06     0.00
  MONTH TO DATE    1.95                      1.64   0.31     2.86
  SINCE MAR 1      1.95                      1.64   0.31     2.86
  SINCE JAN 1      5.20                      3.88   1.32     5.34

SNOWFALL (IN)
  YESTERDAY        0.0          11.5  1931   0.2   -0.2      0.0
  MONTH TO DATE    8.9                       7.6    1.3     11.8
  SINCE MAR 1      8.9                       7.6    1.3     11.8
  SINCE JUL 1     53.1                      47.8    5.3     45.6
  SNOW DEPTH       0

DEGREE DAYS
 HEATING
  YESTERDAY       24                        29     -5       20
  MONTH TO DATE  944                       975    -31      796
  SINCE MAR 1    944                       975    -31      796
  SINCE JUL 1   5517                      6815  -1298     5607

 COOLING
  YESTERDAY        0                         0      0        0
  MONTH TO DATE    0                         0      0        0
  SINCE MAR 1      0                         0      0        0
  SINCE JAN 1      0                         0      0        0
..................................................................


WIND (MPH)
  HIGHEST WIND SPEED    14   HIGHEST WIND DIRECTION    NE (40)
  HIGHEST GUST SPEED    16   HIGHEST GUST DIRECTION    NE (40)
  AVERAGE WIND SPEED     5.9


SKY COVER
  POSSIBLE SUNSHINE  MM
  AVERAGE SKY COVER 0.1


WEATHER CONDITIONS
 THE FOLLOWING WEATHER WAS RECORDED YESTERDAY.
  FOG


RELATIVE HUMIDITY (PERCENT)
 HIGHEST   100           100 AM
 LOWEST     61           400 PM
 AVERAGE    81

..........................................................


THE GREEN BAY WI CLIMATE NORMALS FOR TODAY
                         NORMAL    RECORD    YEAR
 MAXIMUM TEMPERATURE (F)   45        82      1910
 MINIMUM TEMPERATURE (F)   27         1      1887


SUNRISE AND SUNSET
MARCH 29 2017.........SUNRISE   639 AM CDT   SUNSET   717 PM CDT
MARCH 30 2017.........SUNRISE   637 AM CDT   SUNSET   718 PM CDT


-  INDICATES NEGATIVE NUMBERS.
R  INDICATES RECORD WAS SET OR TIED.
MM INDICATES DATA IS MISSING.
T  INDICATES TRACE AMOUNT.

$$
