000
CDUS43 KGRB 180636
CLIGRB


CLIMATE REPORT
NATIONAL WEATHER SERVICE GREEN BAY
1236 AM CST SUN FEB 18 2018


...................................

...THE GREEN BAY WI CLIMATE SUMMARY FOR FEBRUARY 17 2018...

CLIMATE NORMAL PERIOD 1981 TO 2010
CLIMATE RECORD PERIOD 1886 TO 2018


WEATHER ITEM   OBSERVED TIME   RECORD YEAR NORMAL DEPARTURE LAST
                VALUE   (LST)  VALUE       VALUE  FROM      YEAR
                                                  NORMAL
..................................................................
TEMPERATURE (F)
 YESTERDAY
  MAXIMUM         28    817 PM  52    2017  29     -1       52
                                      1981
  MINIMUM         16    403 AM -19    1979  13      3       28
  AVERAGE         22                        21      1       40

PRECIPITATION (IN)
  YESTERDAY        0.05          1.09 2008   0.04   0.01     0.00
  MONTH TO DATE    0.46                      0.60  -0.14     0.02
  SINCE DEC 1      2.79                      3.24  -0.45     4.70
  SINCE JAN 1      1.50                      1.73  -0.23     2.45

SNOWFALL (IN)
  YESTERDAY        0.5           6.6  2008   0.3    0.2      0.0
  MONTH TO DATE    6.7                       6.1    0.6       T
  SINCE DEC 1     23.8                      32.2   -8.4     37.7
  SINCE JUL 1     24.4                      36.4  -12.0     38.6
  SNOW DEPTH       T

DEGREE DAYS
 HEATING
  YESTERDAY       43                        44     -1       25
  MONTH TO DATE  862                       786     76      693
  SINCE DEC 1   3679                      3635     44     3224
  SINCE JUL 1   5095                      5375   -280     4286

 COOLING
  YESTERDAY        0                         0      0        0
  MONTH TO DATE    0                         0      0        0
  SINCE DEC 1      0                         0      0        0
  SINCE JAN 1      0                         0      0        0
..................................................................


WIND (MPH)
  HIGHEST WIND SPEED    17   HIGHEST WIND DIRECTION    SW (210)
  HIGHEST GUST SPEED    23   HIGHEST GUST DIRECTION     S (200)
  AVERAGE WIND SPEED     9.5


SKY COVER
  POSSIBLE SUNSHINE  MM
  AVERAGE SKY COVER 0.4


WEATHER CONDITIONS
 THE FOLLOWING WEATHER WAS RECORDED YESTERDAY.
  LIGHT SNOW
  FOG


RELATIVE HUMIDITY (PERCENT)
 HIGHEST    81           200 PM
 LOWEST     50          1100 AM
 AVERAGE    66

..........................................................


THE GREEN BAY WI CLIMATE NORMALS FOR TODAY
                         NORMAL    RECORD    YEAR
 MAXIMUM TEMPERATURE (F)   29        57      2017
 MINIMUM TEMPERATURE (F)   13       -21      1936


SUNRISE AND SUNSET
FEBRUARY 18 2018......SUNRISE   648 AM CST   SUNSET   526 PM CST
FEBRUARY 19 2018......SUNRISE   646 AM CST   SUNSET   527 PM CST


-  INDICATES NEGATIVE NUMBERS.
R  INDICATES RECORD WAS SET OR TIED.
MM INDICATES DATA IS MISSING.
T  INDICATES TRACE AMOUNT.




$$
