000
CDUS43 KGID 292224
CLIGRI


CLIMATE REPORT
NATIONAL WEATHER SERVICE HASTINGS NE
523 PM CDT SUN MAR 29 2015


...................................

...THE GRAND ISLAND NE CLIMATE SUMMARY FOR MARCH 29 2015...
VALID TODAY AS OF 0500 PM LOCAL TIME.

CLIMATE NORMAL PERIOD 1981 TO 2010
CLIMATE RECORD PERIOD 1895 TO 2015


WEATHER ITEM   OBSERVED TIME   RECORD YEAR NORMAL DEPARTURE LAST
                VALUE   (LST)  VALUE       VALUE  FROM      YEAR
                                                  NORMAL
..................................................................
TEMPERATURE (F)
 TODAY
  MAXIMUM         64    347 PM  90    1986  57      7       63
  MINIMUM         39    438 AM  10    1987  32      7       20
  AVERAGE         52                        44      8       42

PRECIPITATION (IN)
  TODAY            0.00          1.18 1924   0.08  -0.08     0.00
  MONTH TO DATE    0.16                      1.64  -1.48     0.19
  SINCE MAR 1      0.16                      1.64  -1.48     0.19
  SINCE JAN 1      1.33                      2.85  -1.52     0.84

SNOWFALL (IN)
  TODAY            0.0           9.5  1901   0.2   -0.2      0.0
  MONTH TO DATE    0.6                       5.1   -4.5      1.2
  SINCE MAR 1      0.6                       5.1   -4.5      1.2
  SINCE JUL 1     23.5                      27.2   -3.7     14.7
  SNOW DEPTH       0

DEGREE DAYS
 HEATING
  TODAY           13                        21     -8       23
  MONTH TO DATE  629                       755   -126      833
  SINCE MAR 1    629                       755   -126      833
  SINCE JUL 1   5366                      5516   -150     5668

 COOLING
  TODAY            0                         0      0        0
  MONTH TO DATE    0                         0      0        0
  SINCE MAR 1      0                         0      0        0
  SINCE JAN 1      0                         0      0        0
..................................................................


WIND (MPH)
  HIGHEST WIND SPEED    41   HIGHEST WIND DIRECTION    NW (320)
  HIGHEST GUST SPEED    50   HIGHEST GUST DIRECTION    NW (330)
  AVERAGE WIND SPEED    21.0


SKY COVER
  POSSIBLE SUNSHINE  MM
  AVERAGE SKY COVER 0.0


WEATHER CONDITIONS
 THE FOLLOWING WEATHER WAS RECORDED TODAY.
  NO SIGNIFICANT WEATHER WAS OBSERVED.


RELATIVE HUMIDITY (PERCENT)
 HIGHEST    76           500 AM
 LOWEST     16           400 PM
 AVERAGE    46

..........................................................


THE GRAND ISLAND NE CLIMATE NORMALS FOR TOMORROW
                         NORMAL    RECORD    YEAR
 MAXIMUM TEMPERATURE (F)   57        90      1943
 MINIMUM TEMPERATURE (F)   32         2      1987


SUNRISE AND SUNSET
MARCH 29 2015.........SUNRISE   722 AM CDT   SUNSET   755 PM CDT
MARCH 30 2015.........SUNRISE   720 AM CDT   SUNSET   756 PM CDT


-  INDICATES NEGATIVE NUMBERS.
R  INDICATES RECORD WAS SET OR TIED.
MM INDICATES DATA IS MISSING.
T  INDICATES TRACE AMOUNT.




$$
