000
CDUS43 KGID 010639
CLIGRI


CLIMATE REPORT
NATIONAL WEATHER SERVICE HASTINGS NE
139 AM CDT WED OCT 1 2014


...................................

...THE GRAND ISLAND NE CLIMATE SUMMARY FOR SEPTEMBER 30 2014...

CLIMATE NORMAL PERIOD 1981 TO 2010
CLIMATE RECORD PERIOD 1895 TO 2014


WEATHER ITEM   OBSERVED TIME   RECORD YEAR NORMAL DEPARTURE LAST
                VALUE   (LST)  VALUE       VALUE  FROM      YEAR
                                                  NORMAL
..................................................................
TEMPERATURE (F)
 YESTERDAY
  MAXIMUM         76    121 PM  94    1952  72      4       84
  MINIMUM         62    751 PM  20    1920  46     16       56
  AVERAGE         69                        59     10       70

PRECIPITATION (IN)
  YESTERDAY        0.02          0.68 1907   0.06  -0.04     0.00
  MONTH TO DATE    3.03                      2.23   0.80     2.38
  SINCE SEP 1      3.03                      2.23   0.80     2.38
  SINCE JAN 1     25.23                     23.00   2.23    21.79

SNOWFALL (IN)
  YESTERDAY        0.0           T    1961   0.0    0.0      0.0
  MONTH TO DATE    0.0                       0.1   -0.1      0.0
  SINCE SEP 1      0.0                       0.1   -0.1      0.0
  SINCE JUL 1      0.0                       0.1   -0.1      0.0
  SNOW DEPTH       0

DEGREE DAYS
 HEATING
  YESTERDAY        0                         7     -7        0
  MONTH TO DATE  102                       105     -3       21
  SINCE SEP 1    102                       105     -3       21
  SINCE JUL 1    106                       115     -9       24

 COOLING
  YESTERDAY        4                         1      3        5
  MONTH TO DATE   97                       109    -12      187
  SINCE SEP 1     97                       109    -12      187
  SINCE JAN 1   1027                      1023      4     1250
..................................................................


WIND (MPH)
  HIGHEST WIND SPEED    21   HIGHEST WIND DIRECTION    SW (210)
  HIGHEST GUST SPEED    27   HIGHEST GUST DIRECTION    SW (210)
  AVERAGE WIND SPEED    12.7


SKY COVER
  AVERAGE SKY COVER 0.4


WEATHER CONDITIONS
 THE FOLLOWING WEATHER WAS RECORDED YESTERDAY.
  LIGHT RAIN
  FOG


RELATIVE HUMIDITY (PERCENT)
 HIGHEST    93           900 PM
 LOWEST     60           100 PM
 AVERAGE    77

..........................................................


THE GRAND ISLAND NE CLIMATE NORMALS FOR TODAY
                         NORMAL    RECORD    YEAR
 MAXIMUM TEMPERATURE (F)   71        92      1963
                                             1951
 MINIMUM TEMPERATURE (F)   45        28      1985


SUNRISE AND SUNSET
OCTOBER  1 2014.......SUNRISE   730 AM CDT   SUNSET   715 PM CDT
OCTOBER  2 2014.......SUNRISE   731 AM CDT   SUNSET   714 PM CDT


-  INDICATES NEGATIVE NUMBERS.
R  INDICATES RECORD WAS SET OR TIED.
MM INDICATES DATA IS MISSING.
T  INDICATES TRACE AMOUNT.




$$
