000
CDUS43 KGID 250821
CLIGRI


CLIMATE REPORT
NATIONAL WEATHER SERVICE HASTINGS NE
221 AM CST SUN JAN 25 2015


...................................

...THE GRAND ISLAND NE CLIMATE SUMMARY FOR JANUARY 24 2015...

CLIMATE NORMAL PERIOD 1981 TO 2010
CLIMATE RECORD PERIOD 1895 TO 2015


WEATHER ITEM   OBSERVED TIME   RECORD YEAR NORMAL DEPARTURE LAST
                VALUE   (LST)  VALUE       VALUE  FROM      YEAR
                                                  NORMAL
..................................................................
TEMPERATURE (F)
 YESTERDAY
  MAXIMUM         53    235 PM  72    1981  36     17       55
  MINIMUM         29    814 AM -20    1963  14     15       13
  AVERAGE         41                        25     16       34

PRECIPITATION (IN)
  YESTERDAY        T             0.35 1936   0.02  -0.02     0.00
  MONTH TO DATE    0.03                      0.40  -0.37     0.14
  SINCE DEC 1      0.79                      1.03  -0.24     0.25
  SINCE JAN 1      0.03                      0.40  -0.37     0.14

SNOWFALL (IN)
  YESTERDAY        0.0           5.0  1936   0.2   -0.2      0.0
  MONTH TO DATE    0.9                       4.8   -3.9      2.4
  SINCE DEC 1      6.8                       9.9   -3.1      4.6
  SINCE JUL 1      9.0                      14.1   -5.1      4.8
  SNOW DEPTH       0

DEGREE DAYS
 HEATING
  YESTERDAY       24                        40    -16       31
  MONTH TO DATE  971                       960     11      936
  SINCE DEC 1   2076                      2149    -73     2172
  SINCE JUL 1   3409                      3479    -70     3400

 COOLING
  YESTERDAY        0                         0      0        0
  MONTH TO DATE    0                         0      0        0
  SINCE DEC 1      0                         0      0        0
  SINCE JAN 1      0                         0      0        0
..................................................................


WIND (MPH)
  HIGHEST WIND SPEED    30   HIGHEST WIND DIRECTION    NW (310)
  HIGHEST GUST SPEED    40   HIGHEST GUST DIRECTION    NW (310)
  AVERAGE WIND SPEED    14.0


SKY COVER
  AVERAGE SKY COVER 0.3


WEATHER CONDITIONS
 THE FOLLOWING WEATHER WAS RECORDED YESTERDAY.
  LIGHT RAIN


RELATIVE HUMIDITY (PERCENT)
 HIGHEST    85          1200 AM
 LOWEST     35           200 PM
 AVERAGE    60

..........................................................


THE GRAND ISLAND NE CLIMATE NORMALS FOR TODAY
                         NORMAL    RECORD    YEAR
 MAXIMUM TEMPERATURE (F)   36        65      2005
                                             1944
                                             1931
 MINIMUM TEMPERATURE (F)   15       -19      1936


SUNRISE AND SUNSET
JANUARY 25 2015.......SUNRISE   750 AM CST   SUNSET   542 PM CST
JANUARY 26 2015.......SUNRISE   749 AM CST   SUNSET   543 PM CST


-  INDICATES NEGATIVE NUMBERS.
R  INDICATES RECORD WAS SET OR TIED.
MM INDICATES DATA IS MISSING.
T  INDICATES TRACE AMOUNT.




$$
