000
CDUS43 KGID 280632
CLIGRI


CLIMATE REPORT
NATIONAL WEATHER SERVICE HASTINGS NE
130 AM CDT SUN MAY 28 2017


...................................

...THE GRAND ISLAND NE CLIMATE SUMMARY FOR MAY 27 2017...

CLIMATE NORMAL PERIOD 1981 TO 2010
CLIMATE RECORD PERIOD 1895 TO 2017


WEATHER ITEM   OBSERVED TIME   RECORD YEAR NORMAL DEPARTURE LAST
                VALUE   (LST)  VALUE       VALUE  FROM      YEAR
                                                  NORMAL
..................................................................
TEMPERATURE (F)
 YESTERDAY
  MAXIMUM         75    223 PM  97    1912  76     -1       70
  MINIMUM         53   1159 PM  37    1918  53      0       57
                                      1906
  AVERAGE         64                        65     -1       64

PRECIPITATION (IN)
  YESTERDAY        0.09          2.70 1899   0.15  -0.06     1.09
  MONTH TO DATE    5.28                      3.81   1.47     6.58
  SINCE MAR 1      8.73                      8.14   0.59    12.24
  SINCE JAN 1     10.05                      9.35   0.70    14.42

SNOWFALL (IN)
  YESTERDAY        0.0           T    1953   0.0    0.0      0.0
  MONTH TO DATE    0.3                       0.1    0.2      0.0
  SINCE MAR 1      1.5                       7.0   -5.5      2.6
  SINCE JUL 1      9.2                      29.1  -19.9     33.8
  SNOW DEPTH       0

DEGREE DAYS
 HEATING
  YESTERDAY        1                         3     -2        1
  MONTH TO DATE  176                       162     14      176
  SINCE MAR 1   1286                      1403   -117     1133
  SINCE JUL 1   5352                      6164   -812     5131

 COOLING
  YESTERDAY        0                         3     -3        0
  MONTH TO DATE   43                        42      1       21
  SINCE MAR 1     48                        53     -5       21
  SINCE JAN 1     48                        53     -5       21
..................................................................


WIND (MPH)
  HIGHEST WIND SPEED    23   HIGHEST WIND DIRECTION    NW (310)
  HIGHEST GUST SPEED    28   HIGHEST GUST DIRECTION    SE (120)
  AVERAGE WIND SPEED    11.6


SKY COVER
  AVERAGE SKY COVER 0.4


WEATHER CONDITIONS
 THE FOLLOWING WEATHER WAS RECORDED YESTERDAY.
  LIGHT RAIN


RELATIVE HUMIDITY (PERCENT)
 HIGHEST    93           500 AM
 LOWEST     41           100 PM
 AVERAGE    67

..........................................................


THE GRAND ISLAND NE CLIMATE NORMALS FOR TODAY
                         NORMAL    RECORD    YEAR
 MAXIMUM TEMPERATURE (F)   77        98      2006
 MINIMUM TEMPERATURE (F)   54        31      1947


SUNRISE AND SUNSET
MAY 28 2017...........SUNRISE   605 AM CDT   SUNSET   856 PM CDT
MAY 29 2017...........SUNRISE   605 AM CDT   SUNSET   857 PM CDT


-  INDICATES NEGATIVE NUMBERS.
R  INDICATES RECORD WAS SET OR TIED.
MM INDICATES DATA IS MISSING.
T  INDICATES TRACE AMOUNT.

$$

KELLEY
