000
CDUS43 KGID 170631
CLIGRI


CLIMATE REPORT
NATIONAL WEATHER SERVICE HASTINGS NE
1230 AM CST TUE JAN 17 2017


...................................

...THE GRAND ISLAND NE CLIMATE SUMMARY FOR JANUARY 16 2017...

CLIMATE NORMAL PERIOD 1981 TO 2010
CLIMATE RECORD PERIOD 1895 TO 2017


WEATHER ITEM   OBSERVED TIME   RECORD YEAR NORMAL DEPARTURE LAST
                VALUE   (LST)  VALUE       VALUE  FROM      YEAR
                                                  NORMAL
..................................................................
TEMPERATURE (F)
 YESTERDAY
  MAXIMUM         MM        MM  69    1938  36     MM       32
  MINIMUM         MM        MM -18    1930  14     MM        9
  AVERAGE         MM                        25     MM       21

PRECIPITATION (IN)
  YESTERDAY        0.58R         0.30 1932   0.01   0.57     0.03
  MONTH TO DATE    0.90                      0.25   0.65     0.12
  SINCE DEC 1      1.71                      0.88   0.83     2.00
  SINCE JAN 1      0.90                      0.25   0.65     0.12

SNOWFALL (IN)
  YESTERDAY        0.0           3.1  1956   0.2   -0.2      0.2
  MONTH TO DATE    1.7                       3.0   -1.3      1.6
  SINCE DEC 1      3.1                       8.1   -5.0      4.0
  SINCE JUL 1      3.5                      12.3   -8.8      9.6
  SNOW DEPTH       T

DEGREE DAYS
 HEATING
  YESTERDAY       MM                        40     MM       44
  MONTH TO DATE  698                       640     58      622
  SINCE DEC 1   1899                      1829     70     1630
  SINCE JUL 1   2819                      3159   -340     2596

 COOLING
  YESTERDAY       MM                         0     MM        0
  MONTH TO DATE    0                         0      0        0
  SINCE DEC 1      0                         0      0        0
  SINCE JAN 1      0                         0      0        0
..................................................................


WIND (MPH)
  HIGHEST WIND SPEED    16   HIGHEST WIND DIRECTION    NE (30)
  HIGHEST GUST SPEED    MM   HIGHEST GUST DIRECTION    MM
  AVERAGE WIND SPEED    10.4


SKY COVER
  AVERAGE SKY COVER 1.0


WEATHER CONDITIONS
 THE FOLLOWING WEATHER WAS RECORDED YESTERDAY.
  FREEZING RAIN
  LT FREEZING RAIN
  LIGHT SNOW
  FOG
  HAZE


RELATIVE HUMIDITY (PERCENT)
 HIGHEST   100          1200 AM
 LOWEST    100          1200 AM
 AVERAGE   100

..........................................................


THE GRAND ISLAND NE CLIMATE NORMALS FOR TODAY
                         NORMAL    RECORD    YEAR
 MAXIMUM TEMPERATURE (F)   36        60      1986
                                             1972
 MINIMUM TEMPERATURE (F)   14       -20      1930


SUNRISE AND SUNSET
JANUARY 17 2017.......SUNRISE   755 AM CST   SUNSET   533 PM CST
JANUARY 18 2017.......SUNRISE   754 AM CST   SUNSET   534 PM CST


-  INDICATES NEGATIVE NUMBERS.
R  INDICATES RECORD WAS SET OR TIED.
MM INDICATES DATA IS MISSING.
T  INDICATES TRACE AMOUNT.




$$
