000
CDUS43 KGID 220644
CLIGRI


CLIMATE REPORT
NATIONAL WEATHER SERVICE HASTINGS NE
141 AM CDT SAT JUL 22 2017


...................................

...THE GRAND ISLAND NE CLIMATE SUMMARY FOR JULY 21 2017...

CLIMATE NORMAL PERIOD 1981 TO 2010
CLIMATE RECORD PERIOD 1895 TO 2017


WEATHER ITEM   OBSERVED TIME   RECORD YEAR NORMAL DEPARTURE LAST
                VALUE   (LST)  VALUE       VALUE  FROM      YEAR
                                                  NORMAL
..................................................................
TEMPERATURE (F)
 YESTERDAY
  MAXIMUM         99    450 PM 110    1934  88     11       99
  MINIMUM         74   1159 PM  48    1970  65      9       78
  AVERAGE         87                        76     11       89

PRECIPITATION (IN)
  YESTERDAY        0.00          1.28 1992   0.11  -0.11     0.00
  MONTH TO DATE    2.37                      2.36   0.01     2.20
  SINCE JUN 1      4.47                      6.66  -2.19     2.25
  SINCE JAN 1     14.52                     16.61  -2.09    16.93

SNOWFALL (IN)
  YESTERDAY        0.0                       0.0    0.0      0.0
  MONTH TO DATE    0.0                       0.0    0.0      0.0
  SINCE JUN 1      0.0                       0.0    0.0      0.0
  SINCE JUL 1      0.0                       0.0    0.0      0.0
  SNOW DEPTH       0

DEGREE DAYS
 HEATING
  YESTERDAY        0                         0      0        0
  MONTH TO DATE    0                         0      0        6
  SINCE JUN 1      3                        24    -21        6
  SINCE JUL 1      0                         0      0        6

 COOLING
  YESTERDAY       22                        11     11       24
  MONTH TO DATE  298                       240     58      237
  SINCE JUN 1    590                       453    137      586
  SINCE JAN 1    640                       518    122      620
..................................................................


WIND (MPH)
  HIGHEST WIND SPEED    22   HIGHEST WIND DIRECTION     S (190)
  HIGHEST GUST SPEED    32   HIGHEST GUST DIRECTION     S (200)
  AVERAGE WIND SPEED    12.2


SKY COVER
  AVERAGE SKY COVER 0.0


WEATHER CONDITIONS
 THE FOLLOWING WEATHER WAS RECORDED YESTERDAY.
  THUNDERSTORM


RELATIVE HUMIDITY (PERCENT)
 HIGHEST    94          1100 PM
 LOWEST     42           500 PM
 AVERAGE    68

..........................................................


THE GRAND ISLAND NE CLIMATE NORMALS FOR TODAY
                         NORMAL    RECORD    YEAR
 MAXIMUM TEMPERATURE (F)   88       107      1934
 MINIMUM TEMPERATURE (F)   65        53      2009
                                             1970
                                             1953


SUNRISE AND SUNSET
JULY 22 2017..........SUNRISE   620 AM CDT   SUNSET   859 PM CDT
JULY 23 2017..........SUNRISE   621 AM CDT   SUNSET   858 PM CDT


-  INDICATES NEGATIVE NUMBERS.
R  INDICATES RECORD WAS SET OR TIED.
MM INDICATES DATA IS MISSING.
T  INDICATES TRACE AMOUNT.

$$

KELLEY
