911
CDUS43 KGID 230622
CLIGRI


CLIMATE REPORT
NATIONAL WEATHER SERVICE HASTINGS NE
121 AM CDT SAT SEP 23 2017


...................................

...THE GRAND ISLAND NE CLIMATE SUMMARY FOR SEPTEMBER 22 2017...

CLIMATE NORMAL PERIOD 1981 TO 2010
CLIMATE RECORD PERIOD 1895 TO 2017


WEATHER ITEM   OBSERVED TIME   RECORD YEAR NORMAL DEPARTURE LAST
                VALUE   (LST)  VALUE       VALUE  FROM      YEAR
                                                  NORMAL
..................................................................
TEMPERATURE (F)
 YESTERDAY
  MAXIMUM         96    224 PM  98    1937  76     20       80
  MINIMUM         75    737 AM  25    1995  49     26       62
  AVERAGE         86                        62     24       71

PRECIPITATION (IN)
  YESTERDAY        0.00          2.99 1902   0.07  -0.07     0.00
  MONTH TO DATE    0.81                      1.67  -0.86     2.32
  SINCE SEP 1      0.81                      1.67  -0.86     2.32
  SINCE JAN 1     22.20                     22.44  -0.24    21.72

SNOWFALL (IN)
  YESTERDAY        0.0                       0.0    0.0      0.0
  MONTH TO DATE    0.0                       0.0    0.0      0.0
  SINCE SEP 1      0.0                       0.0    0.0      0.0
  SINCE JUL 1      0.0                       0.0    0.0      0.0
  SNOW DEPTH       0

DEGREE DAYS
 HEATING
  YESTERDAY        0                         5     -5        0
  MONTH TO DATE   28                        56    -28       23
  SINCE SEP 1     28                        56    -28       23
  SINCE JUL 1     32                        66    -34       30

 COOLING
  YESTERDAY       21                         2     19        6
  MONTH TO DATE  134                        96     38      115
  SINCE SEP 1    134                        96     38      115
  SINCE JAN 1   1045                      1010     35     1129
..................................................................


WIND (MPH)
  HIGHEST WIND SPEED    30   HIGHEST WIND DIRECTION     S (190)
  HIGHEST GUST SPEED    40   HIGHEST GUST DIRECTION     S (190)
  AVERAGE WIND SPEED    19.8


SKY COVER
  AVERAGE SKY COVER 0.0


WEATHER CONDITIONS
 THE FOLLOWING WEATHER WAS RECORDED YESTERDAY.
  NO SIGNIFICANT WEATHER WAS OBSERVED.


RELATIVE HUMIDITY (PERCENT)
 HIGHEST    87           400 AM
 LOWEST     30           400 PM
 AVERAGE    59

..........................................................


THE GRAND ISLAND NE CLIMATE NORMALS FOR TODAY
                         NORMAL    RECORD    YEAR
 MAXIMUM TEMPERATURE (F)   75        95      1904
 MINIMUM TEMPERATURE (F)   49        29      1989


SUNRISE AND SUNSET
SEPTEMBER 23 2017.....SUNRISE   722 AM CDT   SUNSET   728 PM CDT
SEPTEMBER 24 2017.....SUNRISE   723 AM CDT   SUNSET   727 PM CDT


-  INDICATES NEGATIVE NUMBERS.
R  INDICATES RECORD WAS SET OR TIED.
MM INDICATES DATA IS MISSING.
T  INDICATES TRACE AMOUNT.




$$
