133
CDUS43 KGID 220630
CLIGRI


CLIMATE REPORT
NATIONAL WEATHER SERVICE HASTINGS NE
130 AM CDT FRI MAY 22 2015


...................................

...THE GRAND ISLAND NE CLIMATE SUMMARY FOR MAY 21 2015...

CLIMATE NORMAL PERIOD 1981 TO 2010
CLIMATE RECORD PERIOD 1895 TO 2015


WEATHER ITEM   OBSERVED TIME   RECORD YEAR NORMAL DEPARTURE LAST
                VALUE   (LST)  VALUE       VALUE  FROM      YEAR
                                                  NORMAL
..................................................................
TEMPERATURE (F)
 YESTERDAY
  MAXIMUM         67    416 PM  95    1934  74     -7       82
                                      1925
  MINIMUM         36    440 AM  33    1963  51    -15       55
                                      1931
  AVERAGE         52                        63    -11       69

PRECIPITATION (IN)
  YESTERDAY        0.00          2.93 1961   0.16  -0.16     0.00
  MONTH TO DATE    3.34                      2.89   0.45     0.48
  SINCE MAR 1      5.64                      7.22  -1.58     3.58
  SINCE JAN 1      6.81                      8.43  -1.62     4.23

SNOWFALL (IN)
  YESTERDAY        0.0          MM      MM   0.0    0.0      0.0
  MONTH TO DATE    0.0                       0.1   -0.1      0.0
  SINCE MAR 1      1.4                       7.0   -5.6      2.9
  SINCE JUL 1     24.3                      29.1   -4.8     16.4
  SNOW DEPTH       0

DEGREE DAYS
 HEATING
  YESTERDAY       13                         4      9        0
  MONTH TO DATE  156                       141     15      171
  SINCE MAR 1   1182                      1382   -200     1421
  SINCE JUL 1   5919                      6143   -224     6256

 COOLING
  YESTERDAY        0                         2     -2        4
  MONTH TO DATE   16                        27    -11       28
  SINCE MAR 1     20                        38    -18       32
  SINCE JAN 1     20                        38    -18       32
..................................................................


WIND (MPH)
  HIGHEST WIND SPEED    12   HIGHEST WIND DIRECTION    NW (310)
  HIGHEST GUST SPEED    17   HIGHEST GUST DIRECTION     W (250)
  AVERAGE WIND SPEED     5.7


SKY COVER
  AVERAGE SKY COVER 0.0


WEATHER CONDITIONS
 THE FOLLOWING WEATHER WAS RECORDED YESTERDAY.
  NO SIGNIFICANT WEATHER WAS OBSERVED.


RELATIVE HUMIDITY (PERCENT)
 HIGHEST    92          1200 AM
 LOWEST     30           400 PM
 AVERAGE    61

..........................................................


THE GRAND ISLAND NE CLIMATE NORMALS FOR TODAY
                         NORMAL    RECORD    YEAR
 MAXIMUM TEMPERATURE (F)   75        97      1964
 MINIMUM TEMPERATURE (F)   52        29      1963


SUNRISE AND SUNSET
MAY 22 2015...........SUNRISE   610 AM CDT   SUNSET   851 PM CDT
MAY 23 2015...........SUNRISE   609 AM CDT   SUNSET   852 PM CDT


-  INDICATES NEGATIVE NUMBERS.
R  INDICATES RECORD WAS SET OR TIED.
MM INDICATES DATA IS MISSING.
T  INDICATES TRACE AMOUNT.




$$
