000
CDUS43 KGID 242322
CLIGRI


CLIMATE REPORT
NATIONAL WEATHER SERVICE HASTINGS NE
521 PM CST MON NOV 24 2014


...................................

...THE GRAND ISLAND NE CLIMATE SUMMARY FOR NOVEMBER 24 2014...
VALID TODAY AS OF 0500 PM LOCAL TIME.

CLIMATE NORMAL PERIOD 1981 TO 2010
CLIMATE RECORD PERIOD 1895 TO 2014


WEATHER ITEM   OBSERVED TIME   RECORD YEAR NORMAL DEPARTURE LAST
                VALUE   (LST)  VALUE       VALUE  FROM      YEAR
                                                  NORMAL
..................................................................
TEMPERATURE (F)
 TODAY
  MAXIMUM         40    247 PM  72    1990  45     -5       38
  MINIMUM         26    617 AM  -2    1938  23      3       15
  AVERAGE         33                        34     -1       27

PRECIPITATION (IN)
  TODAY            0.00          0.64 2001   0.04  -0.04     0.00
  MONTH TO DATE    0.29                      0.97  -0.68     0.97
  SINCE SEP 1      4.60                      5.06  -0.46     7.40
  SINCE JAN 1     26.80                     25.83   0.97    26.81

SNOWFALL (IN)
  TODAY            0.0           3.0  1895   0.2   -0.2      0.0
  MONTH TO DATE    2.2                       2.3   -0.1      0.2
  SINCE SEP 1      2.2                       3.4   -1.2      0.2
  SINCE JUL 1      2.2                       3.4   -1.2      0.2
  SNOW DEPTH      MM

DEGREE DAYS
 HEATING
  TODAY           32                        31      1       38
  MONTH TO DATE  728                       608    120      599
  SINCE SEP 1   1140                      1121     19     1023
  SINCE JUL 1   1144                      1131     13     1026

 COOLING
  TODAY            0                         0      0        0
  MONTH TO DATE    0                         0      0        0
  SINCE SEP 1    101                       120    -19      202
  SINCE JAN 1   1031                      1034     -3     1265
..................................................................


WIND (MPH)
  HIGHEST WIND SPEED    33   HIGHEST WIND DIRECTION    NW (320)
  HIGHEST GUST SPEED    42   HIGHEST GUST DIRECTION    NW (320)
  AVERAGE WIND SPEED    22.2


SKY COVER
  POSSIBLE SUNSHINE  MM
  AVERAGE SKY COVER 0.0


WEATHER CONDITIONS
 THE FOLLOWING WEATHER WAS RECORDED TODAY.
  NO SIGNIFICANT WEATHER WAS OBSERVED.


RELATIVE HUMIDITY (PERCENT)
 HIGHEST    32           500 PM
 LOWEST     27           200 PM
 AVERAGE    30

..........................................................


THE GRAND ISLAND NE CLIMATE NORMALS FOR TOMORROW
                         NORMAL    RECORD    YEAR
 MAXIMUM TEMPERATURE (F)   44        78      1960
 MINIMUM TEMPERATURE (F)   22        -2      1938


SUNRISE AND SUNSET
NOVEMBER 24 2014......SUNRISE   731 AM CST   SUNSET   509 PM CST
NOVEMBER 25 2014......SUNRISE   732 AM CST   SUNSET   508 PM CST


-  INDICATES NEGATIVE NUMBERS.
R  INDICATES RECORD WAS SET OR TIED.
MM INDICATES DATA IS MISSING.
T  INDICATES TRACE AMOUNT.




$$
