000
CDUS43 KGID 300704
CLIGRI


CLIMATE REPORT
NATIONAL WEATHER SERVICE HASTINGS NE
203 AM CDT THU MAR 30 2017


...................................

...THE GRAND ISLAND NE CLIMATE SUMMARY FOR MARCH 29 2017...

CLIMATE NORMAL PERIOD 1981 TO 2010
CLIMATE RECORD PERIOD 1895 TO 2017


WEATHER ITEM   OBSERVED TIME   RECORD YEAR NORMAL DEPARTURE LAST
                VALUE   (LST)  VALUE       VALUE  FROM      YEAR
                                                  NORMAL
..................................................................
TEMPERATURE (F)
 YESTERDAY
  MAXIMUM         44   1119 AM  90    1986  57    -13       59
  MINIMUM         36   1159 PM  10    1987  32      4       44
  AVERAGE         40                        44     -4       52

PRECIPITATION (IN)
  YESTERDAY        0.30          1.18 1924   0.08   0.22     0.08
  MONTH TO DATE    0.81                      1.64  -0.83     0.54
  SINCE MAR 1      0.81                      1.64  -0.83     0.54
  SINCE JAN 1      2.13                      2.85  -0.72     2.72

SNOWFALL (IN)
  YESTERDAY        0.0           9.5  1901   0.2   -0.2      0.0
  MONTH TO DATE    1.2                       5.1   -3.9      2.6
  SINCE MAR 1      1.2                       5.1   -3.9      2.6
  SINCE JUL 1      8.9                      27.2  -18.3     33.8
  SNOW DEPTH       0

DEGREE DAYS
 HEATING
  YESTERDAY       25                        21      4       13
  MONTH TO DATE  653                       755   -102      557
  SINCE MAR 1    653                       755   -102      557
  SINCE JUL 1   4719                      5516   -797     4555

 COOLING
  YESTERDAY        0                         0      0        0
  MONTH TO DATE    0                         0      0        0
  SINCE MAR 1      0                         0      0        0
  SINCE JAN 1      0                         0      0        0
..................................................................


WIND (MPH)
  HIGHEST WIND SPEED    25   HIGHEST WIND DIRECTION    NE (40)
  HIGHEST GUST SPEED    34   HIGHEST GUST DIRECTION    NE (40)
  AVERAGE WIND SPEED    17.4


SKY COVER
  AVERAGE SKY COVER 1.0


WEATHER CONDITIONS
 THE FOLLOWING WEATHER WAS RECORDED YESTERDAY.
  LIGHT RAIN
  FOG


RELATIVE HUMIDITY (PERCENT)
 HIGHEST   100          1200 AM
 LOWEST     92          1000 AM
 AVERAGE    96

..........................................................


THE GRAND ISLAND NE CLIMATE NORMALS FOR TODAY
                         NORMAL    RECORD    YEAR
 MAXIMUM TEMPERATURE (F)   57        90      1943
 MINIMUM TEMPERATURE (F)   32         2      1987


SUNRISE AND SUNSET
MARCH 30 2017.........SUNRISE   719 AM CDT   SUNSET   756 PM CDT
MARCH 31 2017.........SUNRISE   718 AM CDT   SUNSET   757 PM CDT


-  INDICATES NEGATIVE NUMBERS.
R  INDICATES RECORD WAS SET OR TIED.
MM INDICATES DATA IS MISSING.
T  INDICATES TRACE AMOUNT.




$$
