000
CDUS43 KGID 220631
CLIGRI


CLIMATE REPORT
NATIONAL WEATHER SERVICE HASTINGS NE
1229 AM CST SAT NOV 22 2014


...................................

...THE GRAND ISLAND NE CLIMATE SUMMARY FOR NOVEMBER 21 2014...

CLIMATE NORMAL PERIOD 1981 TO 2010
CLIMATE RECORD PERIOD 1895 TO 2014


WEATHER ITEM   OBSERVED TIME   RECORD YEAR NORMAL DEPARTURE LAST
                VALUE   (LST)  VALUE       VALUE  FROM      YEAR
                                                  NORMAL
..................................................................
TEMPERATURE (F)
 YESTERDAY
  MAXIMUM         48    353 PM  74    2012  46      2       37
  MINIMUM         20    551 AM  -4    1964  24     -4       18
  AVERAGE         34                        35     -1       28

PRECIPITATION (IN)
  YESTERDAY        0.00          0.91 1899   0.03  -0.03     0.02
  MONTH TO DATE    0.18                      0.85  -0.67     0.97
  SINCE SEP 1      4.49                      4.94  -0.45     7.40
  SINCE JAN 1     26.69                     25.71   0.98    26.81

SNOWFALL (IN)
  YESTERDAY        0.0           3.1  1898   0.1   -0.1      0.2
  MONTH TO DATE    2.2                       1.9    0.3      0.2
  SINCE SEP 1      2.2                       3.0   -0.8      0.2
  SINCE JUL 1      2.2                       3.0   -0.8      0.2
  SNOW DEPTH       0

DEGREE DAYS
 HEATING
  YESTERDAY       31                        30      1       37
  MONTH TO DATE  653                       516    137      475
  SINCE SEP 1   1065                      1029     36      899
  SINCE JUL 1   1069                      1039     30      902

 COOLING
  YESTERDAY        0                         0      0        0
  MONTH TO DATE    0                         0      0        0
  SINCE SEP 1    101                       120    -19      202
  SINCE JAN 1   1031                      1034     -3     1265
..................................................................


WIND (MPH)
  HIGHEST WIND SPEED    15   HIGHEST WIND DIRECTION    SW (220)
  HIGHEST GUST SPEED    19   HIGHEST GUST DIRECTION     S (170)
  AVERAGE WIND SPEED     9.7


SKY COVER
  AVERAGE SKY COVER 0.2


WEATHER CONDITIONS
 THE FOLLOWING WEATHER WAS RECORDED YESTERDAY.
  FOG


RELATIVE HUMIDITY (PERCENT)
 HIGHEST    85          1000 PM
 LOWEST     42           400 PM
 AVERAGE    64

..........................................................


THE GRAND ISLAND NE CLIMATE NORMALS FOR TODAY
                         NORMAL    RECORD    YEAR
 MAXIMUM TEMPERATURE (F)   46        69      2006
                                             1974
 MINIMUM TEMPERATURE (F)   24        -4      1898


SUNRISE AND SUNSET
NOVEMBER 22 2014......SUNRISE   729 AM CST   SUNSET   510 PM CST
NOVEMBER 23 2014......SUNRISE   730 AM CST   SUNSET   509 PM CST


-  INDICATES NEGATIVE NUMBERS.
R  INDICATES RECORD WAS SET OR TIED.
MM INDICATES DATA IS MISSING.
T  INDICATES TRACE AMOUNT.

$$

HALBLAUB
