844
CDUS43 KGID 050657
CLIGRI


CLIMATE REPORT
NATIONAL WEATHER SERVICE HASTINGS NE
155 AM CDT THU MAY 5 2016


...................................

...THE GRAND ISLAND NE CLIMATE SUMMARY FOR MAY 4 2016...

CLIMATE NORMAL PERIOD 1981 TO 2010
CLIMATE RECORD PERIOD 1895 TO 2016


WEATHER ITEM   OBSERVED TIME   RECORD YEAR NORMAL DEPARTURE LAST
                VALUE   (LST)  VALUE       VALUE  FROM      YEAR
                                                  NORMAL
..................................................................
TEMPERATURE (F)
 YESTERDAY
  MAXIMUM         71    418 PM  92    2012  69      2       62
                                      1962
  MINIMUM         43    538 AM  25    1967  45     -2       50
  AVERAGE         57                        57      0       56

PRECIPITATION (IN)
  YESTERDAY        0.00          2.59 2001   0.12  -0.12     0.86
  MONTH TO DATE    0.08                      0.48  -0.40     1.70
  SINCE MAR 1      5.74                      4.81   0.93     4.00
  SINCE JAN 1      7.92                      6.02   1.90     5.17

SNOWFALL (IN)
  YESTERDAY        0.0           T    2003   0.0    0.0      0.0
                                      1991
                                      1967
  MONTH TO DATE    0.0                       0.0    0.0      0.0
  SINCE MAR 1      2.6                       6.9   -4.3      1.4
  SINCE JUL 1     33.8                      29.0    4.8     24.3
  6 AM SNOW DEPTH  0

DEGREE DAYS
 HEATING
  YESTERDAY        8                         9     -1        9
  MONTH TO DATE   55                        37     18        9
  SINCE MAR 1   1012                      1278   -266     1035
  SINCE JUL 1   5010                      6039  -1029     5772

 COOLING
  YESTERDAY        0                         1     -1        0
  MONTH TO DATE    0                         4     -4       14
  SINCE MAR 1      0                        15    -15       18
  SINCE JAN 1      0                        15    -15       18
..................................................................


WIND (MPH)
  HIGHEST WIND SPEED    18   HIGHEST WIND DIRECTION     N (360)
  HIGHEST GUST SPEED    23   HIGHEST GUST DIRECTION     N (350)
  AVERAGE WIND SPEED    10.0


SKY COVER
  AVERAGE SKY COVER 0.0


WEATHER CONDITIONS
 THE FOLLOWING WEATHER WAS RECORDED YESTERDAY.
  HAZE


RELATIVE HUMIDITY (PERCENT)
 HIGHEST    80           200 AM
 LOWEST     23           200 PM
 AVERAGE    52

..........................................................


THE GRAND ISLAND NE CLIMATE NORMALS FOR TODAY
                         NORMAL    RECORD    YEAR
 MAXIMUM TEMPERATURE (F)   69        95      2012
 MINIMUM TEMPERATURE (F)   46        29      1944


SUNRISE AND SUNSET
MAY  5 2016...........SUNRISE   626 AM CDT   SUNSET   835 PM CDT
MAY  6 2016...........SUNRISE   625 AM CDT   SUNSET   836 PM CDT


-  INDICATES NEGATIVE NUMBERS.
R  INDICATES RECORD WAS SET OR TIED.
MM INDICATES DATA IS MISSING.
T  INDICATES TRACE AMOUNT.




$$
