000
CDUS43 KGID 310629
CLIGRI


CLIMATE REPORT
NATIONAL WEATHER SERVICE HASTINGS NE
126 AM CDT MON AUG 31 2015


...................................

...THE GRAND ISLAND NE CLIMATE SUMMARY FOR AUGUST 30 2015...

CLIMATE NORMAL PERIOD 1981 TO 2010
CLIMATE RECORD PERIOD 1895 TO 2015


WEATHER ITEM   OBSERVED TIME   RECORD YEAR NORMAL DEPARTURE LAST
                VALUE   (LST)  VALUE       VALUE  FROM      YEAR
                                                  NORMAL
..................................................................
TEMPERATURE (F)
 YESTERDAY
  MAXIMUM         81    213 PM 102    1947  84     -3       82
                                      1898
  MINIMUM         61    543 AM  40    1935  59      2       59
  AVERAGE         71                        72     -1       71

PRECIPITATION (IN)
  YESTERDAY        0.00          4.12 1977   0.08  -0.08     0.00
  MONTH TO DATE    1.24                      3.03  -1.79     5.87
  SINCE JUN 1      9.49                     10.73  -1.24    17.71
  SINCE JAN 1     16.65                     20.68  -4.03    22.20

SNOWFALL (IN)
  YESTERDAY        0.0                       0.0    0.0      0.0
  MONTH TO DATE    0.0                       0.0    0.0      0.0
  SINCE JUN 1      0.0                       0.0    0.0      0.0
  SINCE JUL 1      0.0                       0.0    0.0      0.0
  SNOW DEPTH       0

DEGREE DAYS
 HEATING
  YESTERDAY        0                         1     -1        0
  MONTH TO DATE    8                         3      5        0
  SINCE JUN 1     18                        29    -11       14
  SINCE JUL 1     13                         5      8        4

 COOLING
  YESTERDAY        6                         7     -1        6
  MONTH TO DATE  231                       280    -49      280
  SINCE JUN 1    784                       842    -58      802
  SINCE JAN 1    811                       907    -96      921
..................................................................


WIND (MPH)
  HIGHEST WIND SPEED    18   HIGHEST WIND DIRECTION     S (160)
  HIGHEST GUST SPEED    24   HIGHEST GUST DIRECTION    SE (150)
  AVERAGE WIND SPEED    11.5


SKY COVER
  AVERAGE SKY COVER 0.4


WEATHER CONDITIONS
 THE FOLLOWING WEATHER WAS RECORDED YESTERDAY.
  FOG


RELATIVE HUMIDITY (PERCENT)
 HIGHEST   100           200 AM
 LOWEST     58           300 PM
 AVERAGE    79

..........................................................


THE GRAND ISLAND NE CLIMATE NORMALS FOR TODAY
                         NORMAL    RECORD    YEAR
 MAXIMUM TEMPERATURE (F)   83       103      1922
 MINIMUM TEMPERATURE (F)   59        43      1967


SUNRISE AND SUNSET
AUGUST 31 2015........SUNRISE   659 AM CDT   SUNSET   808 PM CDT
SEPTEMBER  1 2015.....SUNRISE   700 AM CDT   SUNSET   806 PM CDT


-  INDICATES NEGATIVE NUMBERS.
R  INDICATES RECORD WAS SET OR TIED.
MM INDICATES DATA IS MISSING.
T  INDICATES TRACE AMOUNT.

$$

HALBLAUB
