000
CDUS43 KGID 050633
CLIGRI


CLIMATE REPORT
NATIONAL WEATHER SERVICE HASTINGS NE
1232 AM CST MON DEC 5 2016


...................................

...THE GRAND ISLAND NE CLIMATE SUMMARY FOR DECEMBER 4 2016...

CLIMATE NORMAL PERIOD 1981 TO 2010
CLIMATE RECORD PERIOD 1895 TO 2016


WEATHER ITEM   OBSERVED TIME   RECORD YEAR NORMAL DEPARTURE LAST
                VALUE   (LST)  VALUE       VALUE  FROM      YEAR
                                                  NORMAL
..................................................................
TEMPERATURE (F)
 YESTERDAY
  MAXIMUM         51    337 PM  71    1965  40     11       55
  MINIMUM         28    802 AM  -6    1902  19      9       29
  AVERAGE         40                        29     11       42

PRECIPITATION (IN)
  YESTERDAY        0.00          0.94 1924   0.03  -0.03     0.00
  MONTH TO DATE    0.09                      0.10  -0.01     0.01
  SINCE DEC 1      0.09                      0.10  -0.01     0.01
  SINCE JAN 1     23.51                     26.13  -2.62    24.11

SNOWFALL (IN)
  YESTERDAY        0.0           3.0  1924   0.2   -0.2      0.0
  MONTH TO DATE    0.3                       0.6   -0.3      0.1
  SINCE DEC 1      0.3                       0.6   -0.3      0.1
  SINCE JUL 1      0.7                       4.8   -4.1      5.7
  6 AM SNOW DEPTH  0

DEGREE DAYS
 HEATING
  YESTERDAY       25                        36    -11       23
  MONTH TO DATE  129                       141    -12      128
  SINCE DEC 1    129                       141    -12      128
  SINCE JUL 1   1049                      1471   -422     1094

 COOLING
  YESTERDAY        0                         0      0        0
  MONTH TO DATE    0                         0      0        0
  SINCE DEC 1      0                         0      0        0
  SINCE JAN 1   1146                      1034    112     1048
..................................................................


WIND (MPH)
  HIGHEST WIND SPEED    16   HIGHEST WIND DIRECTION     S (200)
  HIGHEST GUST SPEED    21   HIGHEST GUST DIRECTION     S (190)
  AVERAGE WIND SPEED    10.1


SKY COVER
  AVERAGE SKY COVER 0.2


WEATHER CONDITIONS
 THE FOLLOWING WEATHER WAS RECORDED YESTERDAY.
  FOG


RELATIVE HUMIDITY (PERCENT)
 HIGHEST   100          1200 AM
 LOWEST     38           300 PM
 AVERAGE    69

..........................................................


THE GRAND ISLAND NE CLIMATE NORMALS FOR TODAY
                         NORMAL    RECORD    YEAR
 MAXIMUM TEMPERATURE (F)   39        69      1989
 MINIMUM TEMPERATURE (F)   19        -7      2005


SUNRISE AND SUNSET
DECEMBER  5 2016......SUNRISE   743 AM CST   SUNSET   505 PM CST
DECEMBER  6 2016......SUNRISE   744 AM CST   SUNSET   505 PM CST


-  INDICATES NEGATIVE NUMBERS.
R  INDICATES RECORD WAS SET OR TIED.
MM INDICATES DATA IS MISSING.
T  INDICATES TRACE AMOUNT.




$$
