000
CDUS42 KRAH 282057
CLIGSO


CLIMATE REPORT
NATIONAL WEATHER SERVICE RALEIGH NC
455 PM EDT FRI APR 28 2017


...................................

...THE PIEDMONT TRIAD INTL AIRPORT NC CLIMATE SUMMARY FOR APRIL 28 2017...
VALID TODAY AS OF 0455 PM LOCAL TIME.

CLIMATE NORMAL PERIOD 1981 TO 2010
CLIMATE RECORD PERIOD 1903 TO 2017


WEATHER ITEM   OBSERVED TIME   RECORD YEAR NORMAL DEPARTURE LAST
                VALUE   (LST)  VALUE       VALUE  FROM      YEAR
                                                  NORMAL
..................................................................
TEMPERATURE (F)
 TODAY
  MAXIMUM         84    314 PM  95    1915  74     10       83
  MINIMUM         65    533 AM  32    1931  51     14       64
  AVERAGE         75                        62     13       74

PRECIPITATION (IN)
  TODAY            T             2.32 1997   0.11  -0.11     0.44
  MONTH TO DATE    5.72                      3.35   2.37     2.05
  SINCE MAR 1      8.28                      7.08   1.20     4.01
  SINCE JAN 1     13.89                     13.10   0.79    10.15

SNOWFALL (IN)
  TODAY            0.0           0.0    MM   0.0    0.0      0.0
  MONTH TO DATE    0.0                       0.1   -0.1      0.0
  SINCE MAR 1      T                         0.9   -0.9      0.0
  SINCE JUL 1      8.0                       7.6    0.4      4.5
  SNOW DEPTH       0

DEGREE DAYS
 HEATING
  TODAY            0                         5     -5        0
  MONTH TO DATE  116                       212    -96      182
  SINCE MAR 1    552                       682   -130      450
  SINCE JUL 1   2722                      3537   -815     2836

 COOLING
  TODAY           10                         2      8        9
  MONTH TO DATE   64                        33     31       45
  SINCE MAR 1     72                        38     34       71
  SINCE JAN 1     76                        38     38       71
..................................................................


WIND (MPH)
  HIGHEST WIND SPEED    17   HIGHEST WIND DIRECTION     S (200)
  HIGHEST GUST SPEED    24   HIGHEST GUST DIRECTION    SW (220)
  AVERAGE WIND SPEED     5.4


SKY COVER
  POSSIBLE SUNSHINE  MM
  AVERAGE SKY COVER 0.8


WEATHER CONDITIONS
 THE FOLLOWING WEATHER WAS RECORDED TODAY.
  LIGHT RAIN
  FOG


RELATIVE HUMIDITY (PERCENT)
 HIGHEST   100          1200 AM
 LOWEST     58           100 PM
 AVERAGE    79

..........................................................


THE PIEDMONT TRIAD INTL AIRPORT NC CLIMATE NORMALS FOR TOMORROW
                         NORMAL    RECORD    YEAR
 MAXIMUM TEMPERATURE (F)   74        93      1915
 MINIMUM TEMPERATURE (F)   51        35      1973


SUNRISE AND SUNSET
APRIL 28 2017.........SUNRISE   630 AM EDT   SUNSET   805 PM EDT
APRIL 29 2017.........SUNRISE   629 AM EDT   SUNSET   806 PM EDT


-  INDICATES NEGATIVE NUMBERS.
R  INDICATES RECORD WAS SET OR TIED.
MM INDICATES DATA IS MISSING.
T  INDICATES TRACE AMOUNT.




$$
