000
CDUS42 KRAH 270902
CLIGSO


CLIMATE REPORT
NATIONAL WEATHER SERVICE RALEIGH NC
401 AM EST SAT DEC 27 2014


...................................

...THE PIEDMONT TRIAD INTL AIRPORT NC CLIMATE SUMMARY FOR DECEMBER 26 2014...

CLIMATE NORMAL PERIOD 1981 TO 2010
CLIMATE RECORD PERIOD 1903 TO 2014


WEATHER ITEM   OBSERVED TIME   RECORD YEAR NORMAL DEPARTURE LAST
                VALUE   (LST)  VALUE       VALUE  FROM      YEAR
                                                  NORMAL
..................................................................
TEMPERATURE (F)
 YESTERDAY
  MAXIMUM         58    249 PM  72    1982  49      9       50
  MINIMUM         28    803 AM   5    1983  30     -2       22
  AVERAGE         43                        39      4       36

PRECIPITATION (IN)
  YESTERDAY        0.00          1.32 1943   0.09  -0.09     0.00
  MONTH TO DATE    1.63                      2.53  -0.90     4.03
  SINCE DEC 1      1.63                      2.53  -0.90     4.03
  SINCE JAN 1     35.78                     41.75  -5.97    49.27

SNOWFALL (IN)
  YESTERDAY        0.0           1.6  2010   0.0    0.0      0.0
  MONTH TO DATE    T                         0.5   -0.5      0.0
  SINCE DEC 1      T                         0.5   -0.5      0.0
  SINCE JUL 1      T                         0.6   -0.6       T
  SNOW DEPTH       0

DEGREE DAYS
 HEATING
  YESTERDAY       22                        26     -4       29
  MONTH TO DATE  541                       605    -64      521
  SINCE DEC 1    541                       605    -64      521
  SINCE JUL 1   1291                      1285      6     1255

 COOLING
  YESTERDAY        0                         0      0        0
  MONTH TO DATE    0                         0      0        8
  SINCE DEC 1      0                         0      0        8
  SINCE JAN 1   1499                      1483     16     1389
..................................................................


WIND (MPH)
  HIGHEST WIND SPEED    12   HIGHEST WIND DIRECTION    SW (240)
  HIGHEST GUST SPEED    15   HIGHEST GUST DIRECTION     W (260)
  AVERAGE WIND SPEED     3.7


SKY COVER
  POSSIBLE SUNSHINE  MM
  AVERAGE SKY COVER 0.3


WEATHER CONDITIONS
 THE FOLLOWING WEATHER WAS RECORDED YESTERDAY.
  NO SIGNIFICANT WEATHER WAS OBSERVED.


RELATIVE HUMIDITY (PERCENT)
 HIGHEST    92           400 AM
 LOWEST     41           200 PM
 AVERAGE    67

..........................................................


THE PIEDMONT TRIAD INTL AIRPORT NC CLIMATE NORMALS FOR TODAY
                         NORMAL    RECORD    YEAR
 MAXIMUM TEMPERATURE (F)   48        71      1971
 MINIMUM TEMPERATURE (F)   30         8      1935


SUNRISE AND SUNSET
DECEMBER 27 2014......SUNRISE   729 AM EST   SUNSET   513 PM EST
DECEMBER 28 2014......SUNRISE   730 AM EST   SUNSET   513 PM EST


-  INDICATES NEGATIVE NUMBERS.
R  INDICATES RECORD WAS SET OR TIED.
MM INDICATES DATA IS MISSING.
T  INDICATES TRACE AMOUNT.




$$
