000
CDUS42 KRAH 260739
CLIGSO


CLIMATE REPORT
NATIONAL WEATHER SERVICE RALEIGH NC
336 AM EDT TUE JUL 26 2016


...................................

...THE PIEDMONT TRIAD INTL AIRPORT NC CLIMATE SUMMARY FOR JULY 25 2016...

CLIMATE NORMAL PERIOD 1981 TO 2010
CLIMATE RECORD PERIOD 1903 TO 2016


WEATHER ITEM   OBSERVED TIME   RECORD YEAR NORMAL DEPARTURE LAST
                VALUE   (LST)  VALUE       VALUE  FROM      YEAR
                                                  NORMAL
..................................................................
TEMPERATURE (F)
 YESTERDAY
  MAXIMUM         98    238 PM 101    1914  88     10       88
  MINIMUM         75    543 AM  56    1947  69      6       68
  AVERAGE         87                        78      9       78

PRECIPITATION (IN)
  YESTERDAY        0.00          2.79 1926   0.15  -0.15     0.00
  MONTH TO DATE    4.31                      3.54   0.77     2.63
  SINCE JUN 1      6.09                      7.27  -1.18     4.69
  SINCE JAN 1     25.06                     23.97   1.09    17.65

DEGREE DAYS
 HEATING
  YESTERDAY        0                         0      0        0
  MONTH TO DATE    0                         0      0        0
  SINCE JUN 1      0                         6     -6        3
  SINCE JUL 1      0                         0      0        0

 COOLING
  YESTERDAY       22                        14      8       13
  MONTH TO DATE  402                       344     58      372
  SINCE JUN 1    769                       651    118      791
  SINCE JAN 1    969                       810    159     1025
..................................................................


WIND (MPH)
  HIGHEST WIND SPEED    14   HIGHEST WIND DIRECTION     S (180)
  HIGHEST GUST SPEED    21   HIGHEST GUST DIRECTION    SW (230)
  AVERAGE WIND SPEED     8.5


SKY COVER
  POSSIBLE SUNSHINE  MM
  AVERAGE SKY COVER 0.6


WEATHER CONDITIONS
 THE FOLLOWING WEATHER WAS RECORDED YESTERDAY.
  NO SIGNIFICANT WEATHER WAS OBSERVED.


RELATIVE HUMIDITY (PERCENT)
 HIGHEST    94           500 AM
 LOWEST     35           300 PM
 AVERAGE    65

..........................................................


THE PIEDMONT TRIAD INTL AIRPORT NC CLIMATE NORMALS FOR TODAY
                         NORMAL    RECORD    YEAR
 MAXIMUM TEMPERATURE (F)   88       102      1914
 MINIMUM TEMPERATURE (F)   69        57      1947


SUNRISE AND SUNSET
JULY 26 2016..........SUNRISE   623 AM EDT   SUNSET   829 PM EDT
JULY 27 2016..........SUNRISE   623 AM EDT   SUNSET   829 PM EDT


-  INDICATES NEGATIVE NUMBERS.
R  INDICATES RECORD WAS SET OR TIED.
MM INDICATES DATA IS MISSING.
T  INDICATES TRACE AMOUNT.




$$
