000
CDUS42 KRAH 181540
CLIGSO


CLIMATE REPORT
NATIONAL WEATHER SERVICE RALEIGH NC
1038 AM EST MON DEC 18 2017


...................................

...THE PIEDMONT TRIAD INTL AIRPORT NC CLIMATE SUMMARY FOR DECEMBER 18 2017...
VALID AS OF 1000 AM LOCAL TIME.

CLIMATE NORMAL PERIOD 1981 TO 2010
CLIMATE RECORD PERIOD 1903 TO 2017


WEATHER ITEM   OBSERVED TIME   RECORD YEAR NORMAL DEPARTURE LAST
                VALUE   (LST)  VALUE       VALUE  FROM      YEAR
                                                  NORMAL
..................................................................
TEMPERATURE (F)
 TODAY

  MINIMUM         32    706 AM   7    1973  31      1       42
  AVERAGE         37                        41     -4       57

PRECIPITATION (IN)
  TODAY            0.00          1.36 1959   0.10  -0.10     0.23
  MONTH TO DATE    1.14                      1.76  -0.62     1.44
  SINCE DEC 1      1.14                      1.76  -0.62     1.44
  SINCE JAN 1     42.37                     40.98   1.39    39.39

SNOWFALL (IN)
  TODAY            0.0           3.0  2009   0.0    0.0      0.0
  MONTH TO DATE    2.2                       0.2    2.0      0.0
  SINCE DEC 1      2.2                       0.2    2.0      0.0
  SINCE JUL 1      2.2                       0.3    1.9      0.0
  SNOW DEPTH       0

..................................................................


WIND (MPH)
  HIGHEST WIND SPEED     5   HIGHEST WIND DIRECTION     W (250)
  HIGHEST GUST SPEED     7   HIGHEST GUST DIRECTION     W (270)
  AVERAGE WIND SPEED     2.7


SKY COVER
  POSSIBLE SUNSHINE  MM
  AVERAGE SKY COVER 0.5


WEATHER CONDITIONS
 THE FOLLOWING WEATHER WAS RECORDED TODAY.
  FOG
  HAZE


RELATIVE HUMIDITY (PERCENT)
 HIGHEST   100           600 AM
 LOWEST     79          1200 AM
 AVERAGE    90

..........................................................


THE PIEDMONT TRIAD INTL AIRPORT NC CLIMATE NORMALS FOR TOMORROW
                         NORMAL    RECORD    YEAR
 MAXIMUM TEMPERATURE (F)   50        77      1924
 MINIMUM TEMPERATURE (F)   31         9      1973
                                             1950


SUNRISE AND SUNSET
DECEMBER 18 2017......SUNRISE   725 AM EST   SUNSET   508 PM EST
DECEMBER 19 2017......SUNRISE   726 AM EST   SUNSET   508 PM EST


-  INDICATES NEGATIVE NUMBERS.
R  INDICATES RECORD WAS SET OR TIED.
MM INDICATES DATA IS MISSING.
T  INDICATES TRACE AMOUNT.




$$
