406
CDUS42 KRAH 252038
CLIGSO


CLIMATE REPORT
NATIONAL WEATHER SERVICE RALEIGH NC
437 PM EDT WED MAY 25 2016


...................................

...THE PIEDMONT TRIAD INTL AIRPORT NC CLIMATE SUMMARY FOR MAY 25 2016...
VALID TODAY AS OF 0437 PM LOCAL TIME.

CLIMATE NORMAL PERIOD 1981 TO 2010
CLIMATE RECORD PERIOD 1903 TO 2016


WEATHER ITEM   OBSERVED TIME   RECORD YEAR NORMAL DEPARTURE LAST
                VALUE   (LST)  VALUE       VALUE  FROM      YEAR
                                                  NORMAL
..................................................................
TEMPERATURE (F)
 TODAY
  MAXIMUM         86    227 PM  96    1926  80      6       82
  MINIMUM         56    438 AM  43    2013  59     -3       59
                                      1956
                                      1935
  AVERAGE         71                        69      2       71

PRECIPITATION (IN)
  TODAY            0.00          1.38 2003   0.12  -0.12     0.00
  MONTH TO DATE    8.49                      2.65   5.84     2.64
  SINCE MAR 1     12.65                      9.95   2.70     7.86
  SINCE JAN 1     18.79                     15.97   2.82    12.54

DEGREE DAYS
 HEATING
  TODAY            0                         1     -1        0
  MONTH TO DATE   67                        61      6       20
  SINCE MAR 1    520                       752   -232      610
  SINCE JUL 1   2906                      3607   -701     3695

 COOLING
  TODAY            6                         5      1        6
  MONTH TO DATE   68                        84    -16      131
  SINCE MAR 1    145                       122     23      168
  SINCE JAN 1    145                       122     23      168
..................................................................


WIND (MPH)
  HIGHEST WIND SPEED    15   HIGHEST WIND DIRECTION     W (280)
  HIGHEST GUST SPEED    17   HIGHEST GUST DIRECTION     W (290)
  AVERAGE WIND SPEED     3.0


SKY COVER
  POSSIBLE SUNSHINE  MM
  AVERAGE SKY COVER 0.4


WEATHER CONDITIONS
 THE FOLLOWING WEATHER WAS RECORDED TODAY.
  NO SIGNIFICANT WEATHER WAS OBSERVED.


RELATIVE HUMIDITY (PERCENT)
 HIGHEST    93           500 AM
 LOWEST     29           200 PM
 AVERAGE    61

..........................................................


THE PIEDMONT TRIAD INTL AIRPORT NC CLIMATE NORMALS FOR TOMORROW
                         NORMAL    RECORD    YEAR
 MAXIMUM TEMPERATURE (F)   80        95      1926
                                             1914
                                             1911
 MINIMUM TEMPERATURE (F)   59        42      1930
                                             1925


SUNRISE AND SUNSET
MAY 25 2016...........SUNRISE   607 AM EDT   SUNSET   827 PM EDT
MAY 26 2016...........SUNRISE   606 AM EDT   SUNSET   828 PM EDT


-  INDICATES NEGATIVE NUMBERS.
R  INDICATES RECORD WAS SET OR TIED.
MM INDICATES DATA IS MISSING.
T  INDICATES TRACE AMOUNT.




$$
