215
CDUS42 KRAH 052159
CLIGSO


CLIMATE REPORT
NATIONAL WEATHER SERVICE RALEIGH NC
457 PM EST MON DEC 5 2016


...................................

...THE PIEDMONT TRIAD INTL AIRPORT NC CLIMATE SUMMARY FOR DECEMBER 5 2016...
VALID TODAY AS OF 0455 PM LOCAL TIME.

CLIMATE NORMAL PERIOD 1981 TO 2010
CLIMATE RECORD PERIOD 1903 TO 2016


WEATHER ITEM   OBSERVED TIME   RECORD YEAR NORMAL DEPARTURE LAST
                VALUE   (LST)  VALUE       VALUE  FROM      YEAR
                                                  NORMAL
..................................................................
TEMPERATURE (F)
 TODAY
  MAXIMUM         59    303 PM  74    2001  53      6       54
  MINIMUM         40   1215 AM  17    1935  34      6       30
  AVERAGE         50                        44      6       42

PRECIPITATION (IN)
  TODAY            0.05          1.92 1914   0.11  -0.06     0.00
  MONTH TO DATE    0.42                      0.52  -0.10     0.63
  SINCE DEC 1      0.42                      0.52  -0.10     0.63
  SINCE JAN 1     38.37                     39.74  -1.37    42.47

SNOWFALL (IN)
  TODAY            0.0           1.2  2002   0.0    0.0      0.0
  MONTH TO DATE    0.0                       0.0    0.0      0.0
  SINCE DEC 1      0.0                       0.0    0.0      0.0
  SINCE JUL 1      0.0                       0.1   -0.1      0.0
  SNOW DEPTH       0

DEGREE DAYS
 HEATING
  TODAY           15                        21     -6       23
  MONTH TO DATE   92                       103    -11       95
  SINCE DEC 1     92                       103    -11       95
  SINCE JUL 1    542                       783   -241      609

 COOLING
  TODAY            0                         0      0        0
  MONTH TO DATE    0                         0      0        0
  SINCE DEC 1      0                         0      0        0
  SINCE JAN 1   1974                      1483    491     1766
..................................................................


WIND (MPH)
  HIGHEST WIND SPEED    10   HIGHEST WIND DIRECTION    NE (40)
  HIGHEST GUST SPEED    14   HIGHEST GUST DIRECTION    NE (50)
  AVERAGE WIND SPEED     4.1


SKY COVER
  POSSIBLE SUNSHINE  MM
  AVERAGE SKY COVER 0.8


WEATHER CONDITIONS
 THE FOLLOWING WEATHER WAS RECORDED TODAY.
  LIGHT RAIN
  FOG


RELATIVE HUMIDITY (PERCENT)
 HIGHEST   100          1200 AM
 LOWEST     57           300 PM
 AVERAGE    79

..........................................................


THE PIEDMONT TRIAD INTL AIRPORT NC CLIMATE NORMALS FOR TOMORROW
                         NORMAL    RECORD    YEAR
 MAXIMUM TEMPERATURE (F)   53        76      2013
                                             1998
 MINIMUM TEMPERATURE (F)   34        16      1992


SUNRISE AND SUNSET
DECEMBER  5 2016......SUNRISE   716 AM EST   SUNSET   505 PM EST
DECEMBER  6 2016......SUNRISE   717 AM EST   SUNSET   505 PM EST


-  INDICATES NEGATIVE NUMBERS.
R  INDICATES RECORD WAS SET OR TIED.
MM INDICATES DATA IS MISSING.
T  INDICATES TRACE AMOUNT.

$$
