000
CDUS42 KRAH 290840
CLIGSO


CLIMATE REPORT
NATIONAL WEATHER SERVICE RALEIGH NC
339 AM EST THU JAN 29 2015


...................................

...THE PIEDMONT TRIAD INTL AIRPORT NC CLIMATE SUMMARY FOR JANUARY 28 2015...

CLIMATE NORMAL PERIOD 1981 TO 2010
CLIMATE RECORD PERIOD 1903 TO 2015


WEATHER ITEM   OBSERVED TIME   RECORD YEAR NORMAL DEPARTURE LAST
                VALUE   (LST)  VALUE       VALUE  FROM      YEAR
                                                  NORMAL
..................................................................
TEMPERATURE (F)
 YESTERDAY
  MAXIMUM         46    433 PM  78    1944  49     -3       30
  MINIMUM         21    730 AM  -2    1940  30     -9       17
  AVERAGE         34                        40     -6       24

PRECIPITATION (IN)
  YESTERDAY        0.00          1.08 1952   0.10  -0.10     0.11
  MONTH TO DATE    2.04                      2.77  -0.73     3.98
  SINCE DEC 1      4.25                      5.75  -1.50     9.17
  SINCE JAN 1      2.04                      2.77  -0.73     3.98

SNOWFALL (IN)
  YESTERDAY        0.0           4.8  1922   0.1   -0.1      1.2
  MONTH TO DATE    T                         3.1   -3.1      1.6
  SINCE DEC 1      T                         3.9   -3.9      1.6
  SINCE JUL 1      T                         4.0   -4.0      1.6
  SNOW DEPTH       0

DEGREE DAYS
 HEATING
  YESTERDAY       31                        25      6       41
  MONTH TO DATE  732                       727      5      849
  SINCE DEC 1   1383                      1461    -78     1485
  SINCE JUL 1   2133                      2141     -8     2219

 COOLING
  YESTERDAY        0                         0      0        0
  MONTH TO DATE    0                         0      0        0
  SINCE DEC 1      0                         1     -1        8
  SINCE JAN 1      0                         0      0        0
..................................................................


WIND (MPH)
  HIGHEST WIND SPEED    12   HIGHEST WIND DIRECTION    NE (50)
  HIGHEST GUST SPEED    15   HIGHEST GUST DIRECTION     N (350)
  AVERAGE WIND SPEED     2.5


SKY COVER
  POSSIBLE SUNSHINE  MM
  AVERAGE SKY COVER 0.0


WEATHER CONDITIONS
 THE FOLLOWING WEATHER WAS RECORDED YESTERDAY.
  NO SIGNIFICANT WEATHER WAS OBSERVED.


RELATIVE HUMIDITY (PERCENT)
 HIGHEST    65           400 AM
 LOWEST     25           300 PM
 AVERAGE    45

..........................................................


THE PIEDMONT TRIAD INTL AIRPORT NC CLIMATE NORMALS FOR TODAY
                         NORMAL    RECORD    YEAR
 MAXIMUM TEMPERATURE (F)   49        78      1975
                                             1914
 MINIMUM TEMPERATURE (F)   30        -7      1940


SUNRISE AND SUNSET
JANUARY 29 2015.......SUNRISE   723 AM EST   SUNSET   543 PM EST
JANUARY 30 2015.......SUNRISE   722 AM EST   SUNSET   544 PM EST


-  INDICATES NEGATIVE NUMBERS.
R  INDICATES RECORD WAS SET OR TIED.
MM INDICATES DATA IS MISSING.
T  INDICATES TRACE AMOUNT.




$$
