000
CDUS42 KGSP 292045
CLIGSP

CLIMATE REPORT
NATIONAL WEATHER SERVICE GREENVILLE-SPARTANBURG SC
444 PM EDT WED MAR 29 2017


...................................

...THE GREENVILLE-SPARTANBURG SC CLIMATE SUMMARY FOR MARCH 29 2017...
VALID TODAY AS OF 0430 PM LOCAL TIME.

CLIMATE NORMAL PERIOD 1981 TO 2010
CLIMATE RECORD PERIOD 1884 TO 2017


WEATHER ITEM   OBSERVED TIME   RECORD YEAR NORMAL DEPARTURE LAST
                VALUE   (LST)  VALUE       VALUE  FROM      YEAR
                                                  NORMAL
..................................................................
TEMPERATURE (F)
 TODAY
  MAXIMUM         79    301 PM  85    1907  68     11       68
  MINIMUM         52    626 AM  25    2015  44      8       41
  AVERAGE         66                        56     10       55

PRECIPITATION (IN)
  TODAY            0.00          2.30 1991   0.15  -0.15     0.00
  MONTH TO DATE    6.45                      4.24   2.21     1.69
  SINCE MAR 1      6.45                      4.24   2.21     1.69
  SINCE JAN 1     12.17                     12.03   0.14     9.95

SNOWFALL (IN)
  TODAY            0.0           T    1959   0.0    0.0      0.0
  MONTH TO DATE    0.5                       0.9   -0.4       T
  SINCE MAR 1      0.5                       0.9   -0.4       T
  SINCE JUL 1      3.6                       4.7   -1.1      2.6
  SNOW DEPTH       0

DEGREE DAYS
 HEATING
  TODAY            0                         9     -9       10
  MONTH TO DATE  351                       366    -15      218
  SINCE MAR 1    351                       366    -15      218
  SINCE JUL 1   2077                      2815   -738     2315

 COOLING
  TODAY            1                         0      1        0
  MONTH TO DATE   15                         0     15       25
  SINCE MAR 1     15                         0     15       25
  SINCE JAN 1     21                         0     21       25
..................................................................


WIND (MPH)
  HIGHEST WIND SPEED    12   HIGHEST WIND DIRECTION    SE (130)
  HIGHEST GUST SPEED    18   HIGHEST GUST DIRECTION    SE (150)
  AVERAGE WIND SPEED     3.6


SKY COVER
  POSSIBLE SUNSHINE  MM
  AVERAGE SKY COVER 0.0


WEATHER CONDITIONS
 THE FOLLOWING WEATHER WAS RECORDED TODAY.
  NO SIGNIFICANT WEATHER WAS OBSERVED.


RELATIVE HUMIDITY (PERCENT)
 HIGHEST    83           600 AM
 LOWEST     35           300 PM
 AVERAGE    59

..........................................................


THE GREENVILLE-SPARTANBURG SC CLIMATE NORMALS FOR TOMORROW
                         NORMAL    RECORD    YEAR
 MAXIMUM TEMPERATURE (F)   69        88      1907
 MINIMUM TEMPERATURE (F)   44        25      1964


SUNRISE AND SUNSET
MARCH 29 2017.........SUNRISE   720 AM EDT   SUNSET   748 PM EDT
MARCH 30 2017.........SUNRISE   718 AM EDT   SUNSET   749 PM EDT


-  INDICATES NEGATIVE NUMBERS.
R  INDICATES RECORD WAS SET OR TIED.
MM INDICATES DATA IS MISSING.
T  INDICATES TRACE AMOUNT.




$$
