000
CDUS42 KGSP 200630
CLIGSP

CLIMATE REPORT
NATIONAL WEATHER SERVICE GREENVILLE-SPARTANBURG SC
230 AM EDT WED SEP 20 2017

...................................

...THE GREENVILLE-SPARTANBURG SC CLIMATE SUMMARY FOR SEPTEMBER 19 2017...

CLIMATE NORMAL PERIOD 1981 TO 2010
CLIMATE RECORD PERIOD 1884 TO 2017


WEATHER ITEM   OBSERVED TIME   RECORD YEAR NORMAL DEPARTURE LAST
                VALUE   (LST)  VALUE       VALUE  FROM      YEAR
                                                  NORMAL
..................................................................
TEMPERATURE (F)
 YESTERDAY
  MAXIMUM         85    404 PM  99    1925  81      4       91
  MINIMUM         66    650 AM  41    1981  61      5       71
  AVERAGE         76                        71      5       81

PRECIPITATION (IN)
  YESTERDAY        0.00          2.11 1966   0.10  -0.10     0.01
  MONTH TO DATE    4.14                      2.20   1.94     0.73
  SINCE SEP 1      4.14                      2.20   1.94     0.73
  SINCE JAN 1     42.11                     34.71   7.40    28.96

SNOWFALL (IN)
  YESTERDAY        0.0           0.0    MM   0.0    0.0      0.0
  MONTH TO DATE    0.0                       0.0    0.0      0.0
  SINCE SEP 1      0.0                       0.0    0.0      0.0
  SINCE JUL 1      0.0                       0.0    0.0      0.0
  SNOW DEPTH       0

DEGREE DAYS
 HEATING
  YESTERDAY        0                         1     -1        0
  MONTH TO DATE   11                         2      9        0
  SINCE SEP 1     11                         2      9        0
  SINCE JUL 1     11                         2      9        0

 COOLING
  YESTERDAY       11                         7      4       16
  MONTH TO DATE  101                       173    -72      252
  SINCE SEP 1    101                       173    -72      252
  SINCE JAN 1   1567                      1608    -41     1971
..................................................................


WIND (MPH)
  HIGHEST WIND SPEED     9   HIGHEST WIND DIRECTION     S (180)
  HIGHEST GUST SPEED    11   HIGHEST GUST DIRECTION     S (200)
  AVERAGE WIND SPEED     3.3


SKY COVER
  POSSIBLE SUNSHINE  MM
  AVERAGE SKY COVER 0.4


WEATHER CONDITIONS
 THE FOLLOWING WEATHER WAS RECORDED YESTERDAY.
  NO SIGNIFICANT WEATHER WAS OBSERVED.


RELATIVE HUMIDITY (PERCENT)
 HIGHEST    97          1200 AM
 LOWEST     58           400 PM
 AVERAGE    78

..........................................................


THE GREENVILLE-SPARTANBURG SC CLIMATE NORMALS FOR TODAY
                         NORMAL    RECORD    YEAR
 MAXIMUM TEMPERATURE (F)   81        98      1925
 MINIMUM TEMPERATURE (F)   60        42      1889


SUNRISE AND SUNSET
SEPTEMBER 20 2017.....SUNRISE   716 AM EDT   SUNSET   728 PM EDT
SEPTEMBER 21 2017.....SUNRISE   716 AM EDT   SUNSET   727 PM EDT


-  INDICATES NEGATIVE NUMBERS.
R  INDICATES RECORD WAS SET OR TIED.
MM INDICATES DATA IS MISSING.
T  INDICATES TRACE AMOUNT.

$$
