000
CDUS42 KGSP 260633
CLIGSP

CLIMATE REPORT
NATIONAL WEATHER SERVICE GREENVILLE-SPARTANBURG SC
232 AM EDT FRI MAY 26 2017


...................................

...THE GREENVILLE-SPARTANBURG SC CLIMATE SUMMARY FOR MAY 25 2017...

CLIMATE NORMAL PERIOD 1981 TO 2010
CLIMATE RECORD PERIOD 1884 TO 2017


WEATHER ITEM   OBSERVED TIME   RECORD YEAR NORMAL DEPARTURE LAST
                VALUE   (LST)  VALUE       VALUE  FROM      YEAR
                                                  NORMAL
..................................................................
TEMPERATURE (F)
 YESTERDAY
  MAXIMUM         73   1248 PM  96    1962  83    -10       85
                                      1953
  MINIMUM         55    558 AM  46    2005  60     -5       57
  AVERAGE         64                        71     -7       71

PRECIPITATION (IN)
  YESTERDAY        0.00          1.51 1959   0.12  -0.12     0.00
  MONTH TO DATE    4.40                      3.02   1.38     4.77
  SINCE MAR 1     19.05                     10.90   8.15     8.78
  SINCE JAN 1     24.77                     18.69   6.08    17.04

SNOWFALL (IN)
  YESTERDAY        0.0           0.0    MM   0.0    0.0      0.0
  MONTH TO DATE    0.0                       0.0    0.0      0.0
  SINCE MAR 1      0.5                       0.9   -0.4       T
  SINCE JUL 1      3.6                       4.7   -1.1      2.6
  SNOW DEPTH       0

DEGREE DAYS
 HEATING
  YESTERDAY        1                         1      0        0
  MONTH TO DATE   31                        38     -7       34
  SINCE MAR 1    460                       595   -135      401
  SINCE JUL 1   2186                      3044   -858     2498

 COOLING
  YESTERDAY        0                         7     -7        6
  MONTH TO DATE  106                       108     -2      100
  SINCE MAR 1    211                       156     55      185
  SINCE JAN 1    217                       156     61      185
..................................................................


WIND (MPH)
  HIGHEST WIND SPEED    25   HIGHEST WIND DIRECTION     W (250)
  HIGHEST GUST SPEED    36   HIGHEST GUST DIRECTION    SW (240)
  AVERAGE WIND SPEED    11.3


SKY COVER
  POSSIBLE SUNSHINE  MM
  AVERAGE SKY COVER 0.5


WEATHER CONDITIONS
 THE FOLLOWING WEATHER WAS RECORDED YESTERDAY.
  NO SIGNIFICANT WEATHER WAS OBSERVED.


RELATIVE HUMIDITY (PERCENT)
 HIGHEST    97           100 AM
 LOWEST     47           100 PM
 AVERAGE    72

..........................................................


THE GREENVILLE-SPARTANBURG SC CLIMATE NORMALS FOR TODAY
                         NORMAL    RECORD    YEAR
 MAXIMUM TEMPERATURE (F)   83        96      1953
                                             1926
                                             1912
 MINIMUM TEMPERATURE (F)   60        45      1979


SUNRISE AND SUNSET
MAY 26 2017...........SUNRISE   619 AM EDT   SUNSET   834 PM EDT
MAY 27 2017...........SUNRISE   618 AM EDT   SUNSET   834 PM EDT


-  INDICATES NEGATIVE NUMBERS.
R  INDICATES RECORD WAS SET OR TIED.
MM INDICATES DATA IS MISSING.
T  INDICATES TRACE AMOUNT.




$$
