000
CDUS42 KGSP 240632
CLIGSP

CLIMATE REPORT
NATIONAL WEATHER SERVICE GREENVILLE-SPARTANBURG SC
230 AM EDT THU APR 24 2014


...................................

...THE GREENVILLE-SPARTANBURG SC CLIMATE SUMMARY FOR APRIL 23 2014...

CLIMATE NORMAL PERIOD 1981 TO 2010
CLIMATE RECORD PERIOD 1884 TO 2014


WEATHER ITEM   OBSERVED TIME   RECORD YEAR NORMAL DEPARTURE LAST
                VALUE   (LST)  VALUE       VALUE  FROM      YEAR
                                                  NORMAL
..................................................................
TEMPERATURE (F)
 YESTERDAY
  MAXIMUM         80    448 PM  91    1980  75      5       72
                                      1963
                                      1960
  MINIMUM         51    632 AM  32    1982  50      1       43
  AVERAGE         66                        62      4       58

PRECIPITATION (IN)
  YESTERDAY        0.00          1.76 1912   0.11  -0.11     0.00
  MONTH TO DATE    4.87                      2.58   2.29     2.61
  SINCE MAR 1      8.96                      7.10   1.86     6.13
  SINCE JAN 1     15.20                     14.89   0.31    15.28

SNOWFALL (IN)
  YESTERDAY        0.0           0.0    MM   0.0    0.0      0.0
  MONTH TO DATE    0.0                       0.0    0.0      0.0
  SINCE MAR 1      T                         0.9   -0.9       T
  SINCE JUL 1      7.2                       4.7    2.5      2.0
  SNOW DEPTH       0

DEGREE DAYS
 HEATING
  YESTERDAY        0                         4     -4        7
  MONTH TO DATE  133                       148    -15      124
  SINCE MAR 1    610                       532     78      678
  SINCE JUL 1   3169                      2981    188     2864

 COOLING
  YESTERDAY        1                         2     -1        0
  MONTH TO DATE   23                        27     -4       35
  SINCE MAR 1     23                        35    -12       37
  SINCE JAN 1     23                        35    -12       37
..................................................................


WIND (MPH)
  HIGHEST WIND SPEED    15   HIGHEST WIND DIRECTION     N (10)
  HIGHEST GUST SPEED    19   HIGHEST GUST DIRECTION     N (10)
  AVERAGE WIND SPEED     6.6


SKY COVER
  POSSIBLE SUNSHINE  MM
  AVERAGE SKY COVER 0.0


WEATHER CONDITIONS
 THE FOLLOWING WEATHER WAS RECORDED YESTERDAY.
  FOG
  FOG W/VISIBILITY <= 1/4 MILE


RELATIVE HUMIDITY (PERCENT)
 HIGHEST   100          1200 AM
 LOWEST     12           500 PM
 AVERAGE    56

..........................................................


THE GREENVILLE-SPARTANBURG SC CLIMATE NORMALS FOR TODAY
                         NORMAL    RECORD    YEAR
 MAXIMUM TEMPERATURE (F)   75        92      1925
 MINIMUM TEMPERATURE (F)   51        31      1986
                                             1903


SUNRISE AND SUNSET
APRIL 24 2014.........SUNRISE   646 AM EDT   SUNSET   808 PM EDT
APRIL 25 2014.........SUNRISE   645 AM EDT   SUNSET   809 PM EDT


-  INDICATES NEGATIVE NUMBERS.
R  INDICATES RECORD WAS SET OR TIED.
MM INDICATES DATA IS MISSING.
T  INDICATES TRACE AMOUNT.




$$
