000
CDUS42 KGSP 010629
CLIGSP

CLIMATE REPORT
NATIONAL WEATHER SERVICE GREENVILLE-SPARTANBURG SC
127 AM EST SUN MAR 1 2015


...................................

...THE GREENVILLE-SPARTANBURG SC CLIMATE SUMMARY FOR FEBRUARY 28 2015...

CLIMATE NORMAL PERIOD 1981 TO 2010
CLIMATE RECORD PERIOD 1884 TO 2015


WEATHER ITEM   OBSERVED TIME   RECORD YEAR NORMAL DEPARTURE LAST
                VALUE   (LST)  VALUE       VALUE  FROM      YEAR
                                                  NORMAL
..................................................................
TEMPERATURE (F)
 YESTERDAY
  MAXIMUM         45    347 PM  77    1961  60    -15       51
  MINIMUM         31    814 AM  16    2002  38     -7       28
  AVERAGE         38                        49    -11       40

PRECIPITATION (IN)
  YESTERDAY        0.00          3.42 1987   0.15  -0.15     0.00
  MONTH TO DATE    3.46                      3.97  -0.51     3.08
  SINCE DEC 1     10.95                     11.90  -0.95    12.91
  SINCE JAN 1      7.32                      7.79  -0.47     6.24

SNOWFALL (IN)
  YESTERDAY        0.0           2.5  1938   0.0    0.0      0.0
  MONTH TO DATE    3.7                       1.0    2.7      6.3
  SINCE DEC 1      3.7                       3.7    0.0      7.1
  SINCE JUL 1      3.7                       3.8   -0.1      7.2
  SNOW DEPTH       0

DEGREE DAYS
 HEATING
  YESTERDAY       27                        16     11       25
  MONTH TO DATE  736                       539    197      508
  SINCE DEC 1   1977                      1896     81     1955
  SINCE JUL 1   2614                      2449    165     2559

 COOLING
  YESTERDAY        0                         0      0        0
  MONTH TO DATE    0                         0      0        0
  SINCE DEC 1      0                         1     -1        6
  SINCE JAN 1      0                         0      0        0
..................................................................


WIND (MPH)
  HIGHEST WIND SPEED    17   HIGHEST WIND DIRECTION    NE (50)
  HIGHEST GUST SPEED    22   HIGHEST GUST DIRECTION    NE (40)
  AVERAGE WIND SPEED     9.4


SKY COVER
  POSSIBLE SUNSHINE  MM
  AVERAGE SKY COVER 0.4


WEATHER CONDITIONS
 THE FOLLOWING WEATHER WAS RECORDED YESTERDAY.
  NO SIGNIFICANT WEATHER WAS OBSERVED.


RELATIVE HUMIDITY (PERCENT)
 HIGHEST    61           100 AM
 LOWEST     40           300 PM
 AVERAGE    51

..........................................................


THE GREENVILLE-SPARTANBURG SC CLIMATE NORMALS FOR TODAY
                         NORMAL    RECORD    YEAR
 MAXIMUM TEMPERATURE (F)   60        80      1918
 MINIMUM TEMPERATURE (F)   38        19      1906


SUNRISE AND SUNSET
MARCH  1 2015.........SUNRISE   659 AM EST   SUNSET   624 PM EST
MARCH  2 2015.........SUNRISE   657 AM EST   SUNSET   625 PM EST


-  INDICATES NEGATIVE NUMBERS.
R  INDICATES RECORD WAS SET OR TIED.
MM INDICATES DATA IS MISSING.
T  INDICATES TRACE AMOUNT.

$$
07
