000
CDUS42 KGSP 162036
CLIGSP

CLIMATE REPORT
NATIONAL WEATHER SERVICE GREENVILLE-SPARTANBURG SC
436 PM EDT WED APR 16 2014


...................................

...THE GREENVILLE-SPARTANBURG SC CLIMATE SUMMARY FOR APRIL 16 2014...
VALID TODAY AS OF 0435 PM LOCAL TIME.

CLIMATE NORMAL PERIOD 1981 TO 2010
CLIMATE RECORD PERIOD 1884 TO 2014


WEATHER ITEM   OBSERVED TIME   RECORD YEAR NORMAL DEPARTURE LAST
                VALUE   (LST)  VALUE       VALUE  FROM      YEAR
                                                  NORMAL
..................................................................
TEMPERATURE (F)
 TODAY
  MAXIMUM         58    320 PM  88    1888  73    -15       78
  MINIMUM         32    537 AM  24    1907  48    -16       59
  AVERAGE         45                        61    -16       69

PRECIPITATION (IN)
  TODAY            0.00          1.90 1912   0.11  -0.11     0.00
  MONTH TO DATE    3.60                      1.80   1.80     1.96
  SINCE MAR 1      7.69                      6.32   1.37     5.48
  SINCE JAN 1     13.93                     14.11  -0.18    14.63

SNOWFALL (IN)
  TODAY            0.0           0.0    MM   0.0    0.0      0.0
  MONTH TO DATE    0.0                       0.0    0.0      0.0
  SINCE MAR 1      T                         0.9   -0.9       T
  SINCE JUL 1      7.2                       4.7    2.5      2.0
  SNOW DEPTH       0

DEGREE DAYS
 HEATING
  TODAY           20                         6     14        0
  MONTH TO DATE   83                       114    -31       80
  SINCE MAR 1    560                       498     62      634
  SINCE JUL 1   3119                      2947    172     2820

 COOLING
  TODAY            0                         1     -1        4
  MONTH TO DATE   20                        16      4       24
  SINCE MAR 1     20                        24     -4       26
  SINCE JAN 1     20                        24     -4       26
..................................................................


WIND (MPH)
  HIGHEST WIND SPEED    15   HIGHEST WIND DIRECTION     E (70)
  HIGHEST GUST SPEED    24   HIGHEST GUST DIRECTION     E (70)
  AVERAGE WIND SPEED     8.8


SKY COVER
  POSSIBLE SUNSHINE  MM
  AVERAGE SKY COVER 0.0


WEATHER CONDITIONS
 THE FOLLOWING WEATHER WAS RECORDED TODAY.
  NO SIGNIFICANT WEATHER WAS OBSERVED.


RELATIVE HUMIDITY (PERCENT)
 HIGHEST    69           400 AM
 LOWEST     27           300 PM
 AVERAGE    48

..........................................................


THE GREENVILLE-SPARTANBURG SC CLIMATE NORMALS FOR TOMORROW
                         NORMAL    RECORD    YEAR
 MAXIMUM TEMPERATURE (F)   73        92      2006
 MINIMUM TEMPERATURE (F)   49        25      1905


SUNRISE AND SUNSET
APRIL 16 2014.........SUNRISE   656 AM EDT   SUNSET   802 PM EDT
APRIL 17 2014.........SUNRISE   655 AM EDT   SUNSET   803 PM EDT


-  INDICATES NEGATIVE NUMBERS.
R  INDICATES RECORD WAS SET OR TIED.
MM INDICATES DATA IS MISSING.
T  INDICATES TRACE AMOUNT.

$$

OUTLAW
