000
CDUS45 KTFX 311017
CLIGTF


CLIMATE REPORT
NATIONAL WEATHER SERVICE GREAT FALLS MT
415 AM MDT FRI JUL 31 2015


...................................

...THE GREAT FALLS MT CLIMATE SUMMARY FOR JULY 30 2015...

CLIMATE NORMAL PERIOD 1981 TO 2010
CLIMATE RECORD PERIOD 1886 TO 2015


WEATHER ITEM   OBSERVED TIME   RECORD YEAR NORMAL DEPARTURE LAST
                VALUE   (LST)  VALUE       VALUE  FROM      YEAR
                                                  NORMAL
..................................................................
TEMPERATURE (F)
 YESTERDAY
  MAXIMUM         88    324 PM 102    1934  86      2       94
  MINIMUM         47    527 AM  43    1892  53     -6       62
  AVERAGE         68                        69     -1       78

PRECIPITATION (IN)
  YESTERDAY        0.00          1.27 1950   0.03  -0.03     0.00
  MONTH TO DATE    1.43                      1.46  -0.03     0.78
  SINCE OCT 1     10.62                     11.72  -1.10    14.12
  SINCE JAN 1      7.67                      9.72  -2.05    12.07

SNOWFALL (IN)
  YESTERDAY        0.0           0.0  2002   0.0    0.0      0.0
  MONTH TO DATE    0.0                       0.0    0.0      0.0
  SINCE JUN 1      0.0                       0.3   -0.3      0.0
  SINCE JUL 1      0.0                       0.0    0.0      0.0
  SNOW DEPTH       0

DEGREE DAYS
 HEATING
  YESTERDAY        0                         1     -1        0
  MONTH TO DATE   47                        49     -2        5
  SINCE JUN 1    129                       240   -111      228
  SINCE JUL 1     47                        49     -2        5

 COOLING
  YESTERDAY        3                         5     -2       13
  MONTH TO DATE  122                       120      2      168
  SINCE JUN 1    216                       152     64      168
  SINCE JAN 1    216                       159     57      168
..................................................................


WIND (MPH)
  HIGHEST WIND SPEED    14   HIGHEST WIND DIRECTION     S (200)
  HIGHEST GUST SPEED    19   HIGHEST GUST DIRECTION    SW (210)
  AVERAGE WIND SPEED     6.9


SKY COVER
  AVERAGE SKY COVER 0.0


WEATHER CONDITIONS
 THE FOLLOWING WEATHER WAS RECORDED YESTERDAY.
  NO SIGNIFICANT WEATHER WAS OBSERVED.


RELATIVE HUMIDITY (PERCENT)
 HIGHEST    80           500 AM
 LOWEST     16           200 PM
 AVERAGE    48

..........................................................


THE GREAT FALLS MT CLIMATE NORMALS FOR TODAY
                         NORMAL    RECORD    YEAR
 MAXIMUM TEMPERATURE (F)   86       100      1930
 MINIMUM TEMPERATURE (F)   53        42      1968


SUNRISE AND SUNSET
JULY 31 2015..........SUNRISE   602 AM MDT   SUNSET   901 PM MDT
AUGUST  1 2015........SUNRISE   603 AM MDT   SUNSET   900 PM MDT


-  INDICATES NEGATIVE NUMBERS.
R  INDICATES RECORD WAS SET OR TIED.
MM INDICATES DATA IS MISSING.
T  INDICATES TRACE AMOUNT.




$$
