000
CDUS45 KTFX 240914
CLIGTF


CLIMATE REPORT
NATIONAL WEATHER SERVICE GREAT FALLS MT
312 AM MDT FRI MAR 24 2017


...................................

...THE GREAT FALLS MT CLIMATE SUMMARY FOR MARCH 23 2017...

CLIMATE NORMAL PERIOD 1981 TO 2010
CLIMATE RECORD PERIOD 1886 TO 2017


WEATHER ITEM   OBSERVED TIME   RECORD YEAR NORMAL DEPARTURE LAST
                VALUE   (LST)  VALUE       VALUE  FROM      YEAR
                                                  NORMAL
..................................................................
TEMPERATURE (F)
 YESTERDAY
  MAXIMUM         56    414 PM  74    1993  48      8       50
  MINIMUM         26    318 AM -15    1964  25      1       22
  AVERAGE         41                        36      5       36

PRECIPITATION (IN)
  YESTERDAY        0.00          0.60 1920   0.03  -0.03     0.03
  MONTH TO DATE    0.39                      0.62  -0.23     0.39
  SINCE OCT 1      4.74                      3.60   1.14     6.14
  SINCE JAN 1      1.81                      1.60   0.21     1.04

SNOWFALL (IN)
  YESTERDAY        0.0           7.3  1996   0.4   -0.4      0.0
  MONTH TO DATE    5.6                       8.8   -3.2      1.8
  SINCE MAR 1      5.6                       8.8   -3.2      1.8
  SINCE JUL 1     43.4                      48.8   -5.4     39.7
  SNOW DEPTH       0

DEGREE DAYS
 HEATING
  YESTERDAY       24                        29     -5       29
  MONTH TO DATE  675                       736    -61      567
  SINCE MAR 1    675                       736    -61      567
  SINCE JUL 1   6373                      6241    132     5505

 COOLING
  YESTERDAY        0                         0      0        0
  MONTH TO DATE    0                         0      0        0
  SINCE MAR 1      0                         0      0        0
  SINCE JAN 1      0                         0      0        0
..................................................................


WIND (MPH)
  HIGHEST WIND SPEED    24   HIGHEST WIND DIRECTION     W (270)
  HIGHEST GUST SPEED    35   HIGHEST GUST DIRECTION    SW (240)
  AVERAGE WIND SPEED    11.6


SKY COVER
  AVERAGE SKY COVER 0.0


WEATHER CONDITIONS
 THE FOLLOWING WEATHER WAS RECORDED YESTERDAY.
  NO SIGNIFICANT WEATHER WAS OBSERVED.


RELATIVE HUMIDITY (PERCENT)
 HIGHEST    78           400 AM
 LOWEST     20           200 PM
 AVERAGE    49

..........................................................


THE GREAT FALLS MT CLIMATE NORMALS FOR TODAY
                         NORMAL    RECORD    YEAR
 MAXIMUM TEMPERATURE (F)   48        72      1939
 MINIMUM TEMPERATURE (F)   25       -20      1955


SUNRISE AND SUNSET
MARCH 24 2017.........SUNRISE   720 AM MDT   SUNSET   744 PM MDT
MARCH 25 2017.........SUNRISE   718 AM MDT   SUNSET   746 PM MDT


-  INDICATES NEGATIVE NUMBERS.
R  INDICATES RECORD WAS SET OR TIED.
MM INDICATES DATA IS MISSING.
T  INDICATES TRACE AMOUNT.




$$
