000
CDUS45 KTFX 251025
CLIGTF


CLIMATE REPORT
NATIONAL WEATHER SERVICE GREAT FALLS MT
424 AM MDT MON MAY 25 2015


...................................

...THE GREAT FALLS MT CLIMATE SUMMARY FOR MAY 24 2015...

CLIMATE NORMAL PERIOD 1981 TO 2010
CLIMATE RECORD PERIOD 1886 TO 2015


WEATHER ITEM   OBSERVED TIME   RECORD YEAR NORMAL DEPARTURE LAST
                VALUE   (LST)  VALUE       VALUE  FROM      YEAR
                                                  NORMAL
..................................................................
TEMPERATURE (F)
 YESTERDAY
  MAXIMUM         65    246 PM  90    1922  67     -2       74
                                      1919
  MINIMUM         39    323 AM  30    1995  41     -2       47
  AVERAGE         52                        54     -2       61

PRECIPITATION (IN)
  YESTERDAY        0.00          1.75 1953   0.09  -0.09     0.07
  MONTH TO DATE    2.20                      1.69   0.51     1.37
  SINCE OCT 1      7.53                      7.00   0.53     8.91
  SINCE JAN 1      4.58                      5.00  -0.42     6.86

SNOWFALL (IN)
  YESTERDAY        0.0           6.2  1904   0.1   -0.1      0.0
  MONTH TO DATE    T                         2.4   -2.4      3.7
  SINCE MAR 1      1.6                      22.9  -21.3     18.9
  SINCE JUL 1     57.9                      62.9   -5.0     76.4
  SNOW DEPTH       0

DEGREE DAYS
 HEATING
  YESTERDAY       13                        11      2        4
  MONTH TO DATE  383                       346     37      359
  SINCE MAR 1   1656                      1958   -302     2089
  SINCE JUL 1   6794                      7463   -669     7743

 COOLING
  YESTERDAY        0                         0      0        0
  MONTH TO DATE    0                         0      0        0
  SINCE MAR 1      0                         1     -1        0
  SINCE JAN 1      0                         1     -1        0
..................................................................


WIND (MPH)
  HIGHEST WIND SPEED    13   HIGHEST WIND DIRECTION     E (80)
  HIGHEST GUST SPEED    17   HIGHEST GUST DIRECTION     E (70)
  AVERAGE WIND SPEED     5.4


SKY COVER
  AVERAGE SKY COVER 0.5


WEATHER CONDITIONS
 THE FOLLOWING WEATHER WAS RECORDED YESTERDAY.
  FOG
  FOG W/VISIBILITY <= 1/4 MILE


RELATIVE HUMIDITY (PERCENT)
 HIGHEST   100           600 AM
 LOWEST     44           300 PM
 AVERAGE    72

..........................................................


THE GREAT FALLS MT CLIMATE NORMALS FOR TODAY
                         NORMAL    RECORD    YEAR
 MAXIMUM TEMPERATURE (F)   67        94      1928
 MINIMUM TEMPERATURE (F)   41        31      2012
                                             1918


SUNRISE AND SUNSET
MAY 25 2015...........SUNRISE   538 AM MDT   SUNSET   908 PM MDT
MAY 26 2015...........SUNRISE   537 AM MDT   SUNSET   909 PM MDT


-  INDICATES NEGATIVE NUMBERS.
R  INDICATES RECORD WAS SET OR TIED.
MM INDICATES DATA IS MISSING.
T  INDICATES TRACE AMOUNT.




$$
