000
CDUS45 KTFX 061011
CLIGTF


CLIMATE REPORT
NATIONAL WEATHER SERVICE GREAT FALLS MT
310 AM MST TUE DEC 6 2016


...................................

...THE GREAT FALLS MT CLIMATE SUMMARY FOR DECEMBER 5 2016...

CLIMATE NORMAL PERIOD 1981 TO 2010
CLIMATE RECORD PERIOD 1886 TO 2016


WEATHER ITEM   OBSERVED TIME   RECORD YEAR NORMAL DEPARTURE LAST
                VALUE   (LST)  VALUE       VALUE  FROM      YEAR
                                                  NORMAL
..................................................................
TEMPERATURE (F)
 YESTERDAY
  MAXIMUM         20    115 AM  69    1939  36    -16       44
  MINIMUM         -2   1034 PM -26    2013  17    -19       30
  AVERAGE          9                        26    -17       37

PRECIPITATION (IN)
  YESTERDAY        0.02          0.26 1932   0.02   0.00     0.00
  MONTH TO DATE    0.17                      0.09   0.08     0.00
  SINCE OCT 1      2.21                      1.54   0.67     4.03
  SINCE JAN 1     13.73                     14.29  -0.56    14.62

SNOWFALL (IN)
  YESTERDAY        0.9           5.0  1898   0.3    0.6      0.0
  MONTH TO DATE    4.2                       1.4    2.8      0.0
  SINCE DEC 1      4.2                       1.4    2.8      0.0
  SINCE JUL 1      6.9                      15.1   -8.2     15.9
  SNOW DEPTH       1

DEGREE DAYS
 HEATING
  YESTERDAY       56                        39     17       28
  MONTH TO DATE  190                       192     -2      146
  SINCE DEC 1    190                       192     -2      146
  SINCE JUL 1   1775                      2161   -386     1967

 COOLING
  YESTERDAY        0                         0      0        0
  MONTH TO DATE    0                         0      0        0
  SINCE DEC 1      0                         0      0        0
  SINCE JAN 1    252                       298    -46      411
..................................................................


WIND (MPH)
  HIGHEST WIND SPEED    15   HIGHEST WIND DIRECTION    NW (330)
  HIGHEST GUST SPEED    19   HIGHEST GUST DIRECTION    NW (320)
  AVERAGE WIND SPEED     8.2


SKY COVER
  AVERAGE SKY COVER 0.9


WEATHER CONDITIONS
 THE FOLLOWING WEATHER WAS RECORDED YESTERDAY.
  LIGHT SNOW
  FOG
  HAZE


RELATIVE HUMIDITY (PERCENT)
 HIGHEST    87          1000 PM
 LOWEST     67           300 PM
 AVERAGE    77

..........................................................


THE GREAT FALLS MT CLIMATE NORMALS FOR TODAY
                         NORMAL    RECORD    YEAR
 MAXIMUM TEMPERATURE (F)   35        61      1987
 MINIMUM TEMPERATURE (F)   17       -28      2013


SUNRISE AND SUNSET
DECEMBER  6 2016......SUNRISE   759 AM MST   SUNSET   435 PM MST
DECEMBER  7 2016......SUNRISE   800 AM MST   SUNSET   435 PM MST


-  INDICATES NEGATIVE NUMBERS.
R  INDICATES RECORD WAS SET OR TIED.
MM INDICATES DATA IS MISSING.
T  INDICATES TRACE AMOUNT.




$$
