000
CDUS45 KTFX 302216
CLIGTF


CLIMATE REPORT
NATIONAL WEATHER SERVICE GREAT FALLS MT
415 PM MDT SAT AUG 30 2014


...................................

...THE GREAT FALLS MT CLIMATE SUMMARY FOR AUGUST 30 2014...
VALID TODAY AS OF 0400 PM LOCAL TIME.

CLIMATE NORMAL PERIOD 1981 TO 2010
CLIMATE RECORD PERIOD 1886 TO 2014


WEATHER ITEM   OBSERVED TIME   RECORD YEAR NORMAL DEPARTURE LAST
                VALUE   (LST)  VALUE       VALUE  FROM      YEAR
                                                  NORMAL
..................................................................
TEMPERATURE (F)
 TODAY
  MAXIMUM         73    200 PM  97    1999  78     -5       90
                                      1929
  MINIMUM         59    300 AM  35    1993  47     12       50
                                      1924
  AVERAGE         66                        62      4       70

PRECIPITATION (IN)
  TODAY            0.00          0.61 1926   0.06  -0.06     0.00
  MONTH TO DATE    4.39                      1.52   2.87     1.08
  SINCE OCT 1     18.51                     13.28   5.23    12.23
  SINCE JAN 1     16.46                     11.28   5.18     8.89

SNOWFALL (IN)
  TODAY            0.0           0.0  2002   0.0    0.0      0.0
  MONTH TO DATE    0.0                       0.3   -0.3      0.0
  SINCE JUN 1      0.0                       0.6   -0.6      0.0
  SINCE JUL 1      0.0                       0.3   -0.3      0.0
  SNOW DEPTH       0

DEGREE DAYS
 HEATING
  TODAY            0                         5     -5        0
  MONTH TO DATE   57                        67    -10        8
  SINCE JUN 1    285                       308    -23      196
  SINCE JUL 1     62                       117    -55       24

 COOLING
  TODAY            1                         2     -1        5
  MONTH TO DATE  146                       111     35      165
  SINCE JUN 1    325                       267     58      366
  SINCE JAN 1    325                       274     51      369
..................................................................


WIND (MPH)
  HIGHEST WIND SPEED    18   HIGHEST WIND DIRECTION     W (270)
  HIGHEST GUST SPEED    27   HIGHEST GUST DIRECTION     W (250)
  AVERAGE WIND SPEED    11.4


SKY COVER
  AVERAGE SKY COVER 0.3


WEATHER CONDITIONS
 THE FOLLOWING WEATHER WAS RECORDED TODAY.
  NO SIGNIFICANT WEATHER WAS OBSERVED.


RELATIVE HUMIDITY (PERCENT)
 HIGHEST    67           300 AM
 LOWEST     29          1200 PM
 AVERAGE    48

..........................................................


THE GREAT FALLS MT CLIMATE NORMALS FOR TOMORROW
                         NORMAL    RECORD    YEAR
 MAXIMUM TEMPERATURE (F)   77        98      1991
 MINIMUM TEMPERATURE (F)   47        34      1930


SUNRISE AND SUNSET
AUGUST 30 2014........SUNRISE   642 AM MDT   SUNSET   809 PM MDT
AUGUST 31 2014........SUNRISE   643 AM MDT   SUNSET   808 PM MDT


-  INDICATES NEGATIVE NUMBERS.
R  INDICATES RECORD WAS SET OR TIED.
MM INDICATES DATA IS MISSING.
T  INDICATES TRACE AMOUNT.




$$
