000
CDUS45 KTFX 200956
CLIGTF


CLIMATE REPORT
NATIONAL WEATHER SERVICE GREAT FALLS MT
355 AM MDT SAT SEP 20 2014


...................................

...THE GREAT FALLS MT CLIMATE SUMMARY FOR SEPTEMBER 19 2014...

CLIMATE NORMAL PERIOD 1981 TO 2010
CLIMATE RECORD PERIOD 1886 TO 2014


WEATHER ITEM   OBSERVED TIME   RECORD YEAR NORMAL DEPARTURE LAST
                VALUE   (LST)  VALUE       VALUE  FROM      YEAR
                                                  NORMAL
..................................................................
TEMPERATURE (F)
 YESTERDAY
  MAXIMUM         76    230 PM  92    2009  69      7       67
  MINIMUM         51   1137 PM  26    1957  41     10       35
  AVERAGE         64                        55      9       51

PRECIPITATION (IN)
  YESTERDAY        0.00          1.51 1925   0.05  -0.05      T
  MONTH TO DATE    0.30                      0.95  -0.65     0.44
  SINCE OCT 1     18.81                     14.28   4.53    12.67
  SINCE JAN 1     16.76                     12.28   4.48     9.33

SNOWFALL (IN)
  YESTERDAY        0.0           0.3  1983   0.0    0.0      0.0
  MONTH TO DATE    T                         0.5   -0.5      0.0
  SINCE SEP 1      T                         0.5   -0.5      0.0
  SINCE JUL 1      T                         0.8   -0.8      0.0
  SNOW DEPTH       0

DEGREE DAYS
 HEATING
  YESTERDAY        1                        11    -10       14
  MONTH TO DATE  191                       147     44       38
  SINCE SEP 1    191                       147     44       38
  SINCE JUL 1    261                       268     -7       62

 COOLING
  YESTERDAY        0                         0      0        0
  MONTH TO DATE    6                        20    -14       74
  SINCE SEP 1      6                        20    -14       74
  SINCE JAN 1    330                       296     34      443
..................................................................


WIND (MPH)
  HIGHEST WIND SPEED    32   HIGHEST WIND DIRECTION     W (260)
  HIGHEST GUST SPEED    38   HIGHEST GUST DIRECTION     W (260)
  AVERAGE WIND SPEED    16.6


SKY COVER
  AVERAGE SKY COVER 0.1


WEATHER CONDITIONS
 THE FOLLOWING WEATHER WAS RECORDED YESTERDAY.
  NO SIGNIFICANT WEATHER WAS OBSERVED.


RELATIVE HUMIDITY (PERCENT)
 HIGHEST    66          1100 PM
 LOWEST     29           300 PM
 AVERAGE    48

..........................................................


THE GREAT FALLS MT CLIMATE NORMALS FOR TODAY
                         NORMAL    RECORD    YEAR
 MAXIMUM TEMPERATURE (F)   68        93      1917
 MINIMUM TEMPERATURE (F)   41        24      1995


SUNRISE AND SUNSET
SEPTEMBER 20 2014.....SUNRISE   710 AM MDT   SUNSET   727 PM MDT
SEPTEMBER 21 2014.....SUNRISE   711 AM MDT   SUNSET   725 PM MDT


-  INDICATES NEGATIVE NUMBERS.
R  INDICATES RECORD WAS SET OR TIED.
MM INDICATES DATA IS MISSING.
T  INDICATES TRACE AMOUNT.




$$
