000
CDGM40 PGUM 281845
CLIGUM


CLIMATE REPORT
NATIONAL WEATHER SERVICE TIYAN, GUAM
445 AM CHST MON DEC 29 2014


...................................

...THE GUAM INTERNATIONAL AIRPORT GU CLIMATE SUMMARY FOR DECEMBER 28 2014...

CLIMATE NORMAL PERIOD 1981 TO 2010
CLIMATE RECORD PERIOD 1945 TO 2014


WEATHER ITEM   OBSERVED TIME   RECORD YEAR NORMAL DEPARTURE LAST
                VALUE   (LST)  VALUE       VALUE  FROM      YEAR
                                                  NORMAL
..................................................................
TEMPERATURE (F)
 YESTERDAY
  MAXIMUM         86    318 PM  89    1991  85      1       86
                                      1989
                                      1988
  MINIMUM         77    728 AM  71    1968  76      1       76
  AVERAGE         82                        81      1       81

PRECIPITATION (IN)
  YESTERDAY        0.77          1.15 1959   0.17   0.60     0.01
  MONTH TO DATE    3.76                      5.41  -1.65     3.21
  SINCE DEC 1      3.76                      5.41  -1.65     3.21
  SINCE JAN 1    118.36                     97.07  21.29   101.47

SNOWFALL (IN)
  YESTERDAY        0.0
  MONTH TO DATE    0.0
  SINCE DEC 1      0.0
  SINCE JUL 1      0.0
  SNOW DEPTH       0

DEGREE DAYS
 HEATING
  YESTERDAY        0                         0      0        0
  MONTH TO DATE    0                         0      0        0
  SINCE DEC 1      0                         0      0        0
  SINCE JUL 1      0                         0      0        0

 COOLING
  YESTERDAY       17                        16      1       16
  MONTH TO DATE  523                       456     67      480
  SINCE DEC 1    523                       456     67      480
  SINCE JAN 1   6443                      5957    486     6566
..................................................................


WIND (MPH)
  RESULTANT WIND SPEED  10   RESULTANT WIND DIRECTION   E (90)
  HIGHEST WIND SPEED    25   HIGHEST WIND DIRECTION     E (90)
  HIGHEST GUST SPEED    37   HIGHEST GUST DIRECTION     E (100)
  AVERAGE WIND SPEED    10.0


SKY COVER
  POSSIBLE SUNSHINE  MM
  AVERAGE SKY COVER 0.5


WEATHER CONDITIONS
 THE FOLLOWING WEATHER WAS RECORDED YESTERDAY.
  HEAVY RAIN
  RAIN
  LIGHT RAIN
  FOG


RELATIVE HUMIDITY (PERCENT)
 HIGHEST    94           400 AM
 LOWEST     70           400 PM
 AVERAGE    82

..........................................................


THE GUAM INTERNATIONAL AIRPORT GU CLIMATE NORMALS FOR TODAY
                         NORMAL    RECORD    YEAR
 MAXIMUM TEMPERATURE (F)   85        90      1988
 MINIMUM TEMPERATURE (F)   76        70      1968


SUNRISE AND SUNSET
DECEMBER 29 2014......SUNRISE   642 AM CHST  SUNSET   603 PM CHST
DECEMBER 30 2014......SUNRISE   643 AM CHST  SUNSET   603 PM CHST


-  INDICATES NEGATIVE NUMBERS.
R  INDICATES RECORD WAS SET OR TIED.
MM INDICATES DATA IS MISSING.
T  INDICATES TRACE AMOUNT.




$$
