000
CDGM40 PGUM 300712
CLIGUM


CLIMATE REPORT
NATIONAL WEATHER SERVICE TIYAN, GUAM
501 PM CHST TUE AUG 30 2016


...................................

...THE GUAM INTERNATIONAL AIRPORT GU CLIMATE SUMMARY FOR AUGUST 30 2016...
VALID TODAY AS OF 0500 PM LOCAL TIME.

CLIMATE NORMAL PERIOD 1981 TO 2010
CLIMATE RECORD PERIOD 1945 TO 2016


WEATHER ITEM   OBSERVED TIME   RECORD YEAR NORMAL DEPARTURE LAST
                VALUE   (LST)  VALUE       VALUE  FROM      YEAR
                                                  NORMAL
..................................................................
TEMPERATURE (F)
 TODAY
  MAXIMUM         91   1143 AM  94    1994  87      4       88
  MINIMUM         79    633 AM  71    1989  76      3       76
                                      1949
  AVERAGE         85                        81      4       82

PRECIPITATION (IN)
  TODAY            0.10          3.14 2002   0.60  -0.50     0.11
  MONTH TO DATE   20.85                     16.55   4.30    21.50
  SINCE JUN 1     35.35                     35.78  -0.43    48.62
  SINCE JAN 1     46.34                     55.92  -9.58    78.01

SNOWFALL (IN)
  TODAY            0.0
  MONTH TO DATE    0.0
  SINCE JUN 1      0.0
  SINCE JUL 1      0.0
  SNOW DEPTH       0

DEGREE DAYS
 HEATING
  TODAY            0
  MONTH TO DATE    0
  SINCE JUN 1      0
  SINCE JUL 1      0

 COOLING
  TODAY           20                        16      4       17
  MONTH TO DATE  535                       480     55      494
  SINCE JUN 1   1757                      1531    226     1565
  SINCE JAN 1   4443                      3959    484     4070
..................................................................


WIND (MPH)
  RESULTANT WIND SPEED   1   RESULTANT WIND DIRECTION  NW (320)
  HIGHEST WIND SPEED    12   HIGHEST WIND DIRECTION    NE (50)
  HIGHEST GUST SPEED    13   HIGHEST GUST DIRECTION    NE (50)
  AVERAGE WIND SPEED     2.6


SKY COVER
  POSSIBLE SUNSHINE  MM
  AVERAGE SKY COVER 0.3


WEATHER CONDITIONS
 THE FOLLOWING WEATHER WAS RECORDED TODAY.
  THUNDERSTORM
  RAIN
  LIGHT RAIN


RELATIVE HUMIDITY (PERCENT)
 HIGHEST    91          1200 AM
 LOWEST     59           300 PM
 AVERAGE    75

..........................................................


THE GUAM INTERNATIONAL AIRPORT GU CLIMATE NORMALS FOR TOMORROW
                         NORMAL    RECORD    YEAR
 MAXIMUM TEMPERATURE (F)   87        92      1994
                                             1969
                                             1965
 MINIMUM TEMPERATURE (F)   76        70      1949


SUNRISE AND SUNSET
AUGUST 30 2016........SUNRISE   609 AM CHST  SUNSET   633 PM CHST
AUGUST 31 2016........SUNRISE   609 AM CHST  SUNSET   633 PM CHST


-  INDICATES NEGATIVE NUMBERS.
R  INDICATES RECORD WAS SET OR TIED.
MM INDICATES DATA IS MISSING.
T  INDICATES TRACE AMOUNT.




$$
