000
CDGM40 PGUM 220740
CLIGUM


CLIMATE REPORT
NATIONAL WEATHER SERVICE TIYAN, GUAM
540 PM CHST MON SEP 22 2014


...................................

...THE GUAM INTERNATIONAL AIRPORT GU CLIMATE SUMMARY FOR SEPTEMBER 22 2014...
VALID TODAY AS OF 0500 PM LOCAL TIME.

CLIMATE NORMAL PERIOD 1981 TO 2010
CLIMATE RECORD PERIOD 1945 TO 2014


WEATHER ITEM   OBSERVED TIME   RECORD YEAR NORMAL DEPARTURE LAST
                VALUE   (LST)  VALUE       VALUE  FROM      YEAR
                                                  NORMAL
..................................................................
TEMPERATURE (F)
 TODAY
  MAXIMUM         90   1223 PM  91    1970  87      3       80
                                      1969
  MINIMUM         78    412 AM  73    2000  76      2       75
                                      1999
                                      1953
  AVERAGE         84                        82      2       78

PRECIPITATION (IN)
  TODAY            0.02          2.03 1959   0.45  -0.43     1.35
  MONTH TO DATE   11.71                     10.84   0.87    29.32
  SINCE SEP 1     11.71                     10.84   0.87    29.32
  SINCE JAN 1     87.30                     67.36  19.94    68.54

SNOWFALL (IN)
  TODAY            0.0
  MONTH TO DATE    0.0
  SINCE SEP 1      0.0
  SINCE JUL 1      0.0
  SNOW DEPTH       0

DEGREE DAYS
 HEATING
  TODAY            0
  MONTH TO DATE    0
  SINCE SEP 1      0
  SINCE JUL 1      0

 COOLING
  TODAY           19                        16      3       13
  MONTH TO DATE  391                       352     39      371
  SINCE SEP 1    391                       352     39      371
  SINCE JAN 1   4691                      4339    352     4884
..................................................................


WIND (MPH)
  RESULTANT WIND SPEED   5   RESULTANT WIND DIRECTION   N (20)
  HIGHEST WIND SPEED    15   HIGHEST WIND DIRECTION     N (340)
  HIGHEST GUST SPEED    17   HIGHEST GUST DIRECTION     N (340)
  AVERAGE WIND SPEED     5.6


SKY COVER
  POSSIBLE SUNSHINE  MM
  AVERAGE SKY COVER 0.5


WEATHER CONDITIONS
 THE FOLLOWING WEATHER WAS RECORDED TODAY.
  LIGHT RAIN
  FOG


RELATIVE HUMIDITY (PERCENT)
 HIGHEST    97           100 AM
 LOWEST     64          1200 PM
 AVERAGE    81

..........................................................


THE GUAM INTERNATIONAL AIRPORT GU CLIMATE NORMALS FOR TOMORROW
                         NORMAL    RECORD    YEAR
 MAXIMUM TEMPERATURE (F)   87        92      1970
                                             1962
 MINIMUM TEMPERATURE (F)   76        70      1945


SUNRISE AND SUNSET
SEPTEMBER 22 2014.....SUNRISE   610 AM CHST  SUNSET   617 PM CHST
SEPTEMBER 23 2014.....SUNRISE   610 AM CHST  SUNSET   617 PM CHST


-  INDICATES NEGATIVE NUMBERS.
R  INDICATES RECORD WAS SET OR TIED.
MM INDICATES DATA IS MISSING.
T  INDICATES TRACE AMOUNT.




$$
