000
CDUS44 KAMA 270725
CLIGUY


CLIMATE REPORT
NATIONAL WEATHER SERVICE AMARILLO TX
125 AM CST TUE JAN 27 2015


...................................

...THE GUYMON CLIMATE SUMMARY FOR JANUARY 26 2015...

CLIMATE NORMAL PERIOD 1981 TO 2010
CLIMATE RECORD PERIOD 1998 TO 2015


WEATHER ITEM   OBSERVED TIME   RECORD YEAR NORMAL DEPARTURE LAST
                VALUE   (LST)  VALUE       VALUE  FROM      YEAR
                                                  NORMAL
..................................................................
TEMPERATURE (F)
 YESTERDAY
  MAXIMUM         73    425 PM  MM      MM  51     22       61
  MINIMUM         34   1257 AM  MM      MM  22     12       28
  AVERAGE         54                        36     18       45

PRECIPITATION (IN)
  YESTERDAY        0.00         MM      MM   0.02  -0.02     0.00
  MONTH TO DATE    0.77                      0.29   0.48     0.08
  SINCE DEC 1      1.60                      0.93   0.67     0.39
  SINCE JAN 1      0.77                      0.29   0.48     0.08

SNOWFALL (IN)
  YESTERDAY        0.0          MM      MM  MM     MM        0.0
  MONTH TO DATE    5.5                      MM     MM        2.0
  SINCE DEC 1      7.3                      MM     MM        5.5
  SINCE JUL 1     10.3                      MM     MM        9.2
  SNOW DEPTH       0

DEGREE DAYS
 HEATING
  YESTERDAY       11                        29    -18       20
  MONTH TO DATE  771                       771      0      693
  SINCE DEC 1   1589                      1697   -108     1653
  SINCE JUL 1   2396                      2588   -192     2539

 COOLING
  YESTERDAY        0                         0      0        0
  MONTH TO DATE    0                         0      0        0
  SINCE DEC 1      0                         0      0        0
  SINCE JAN 1      0                         0      0        0
..................................................................


WIND (MPH)
  RESULTANT WIND SPEED   8   RESULTANT WIND DIRECTION  NW (310)
  HIGHEST WIND SPEED    20   HIGHEST WIND DIRECTION     N (350)
  HIGHEST GUST SPEED    26   HIGHEST GUST DIRECTION    NW (330)
  AVERAGE WIND SPEED    10.4


SKY COVER
  AVERAGE SKY COVER 0.0


WEATHER CONDITIONS
 THE FOLLOWING WEATHER WAS RECORDED YESTERDAY.
  NO SIGNIFICANT WEATHER WAS OBSERVED.


RELATIVE HUMIDITY (PERCENT)
 HIGHEST    89           100 AM
 LOWEST     19           400 PM
 AVERAGE    54

..........................................................


THE GUYMON CLIMATE NORMALS FOR TODAY
                         NORMAL    RECORD    YEAR
 MAXIMUM TEMPERATURE (F)   51        MM        MM
 MINIMUM TEMPERATURE (F)   22        MM        MM


SUNRISE AND SUNSET
JANUARY 27 2015.......SUNRISE   752 AM CST   SUNSET   606 PM CST
JANUARY 28 2015.......SUNRISE   751 AM CST   SUNSET   607 PM CST


-  INDICATES NEGATIVE NUMBERS.
R  INDICATES RECORD WAS SET OR TIED.
MM INDICATES DATA IS MISSING.
T  INDICATES TRACE AMOUNT.




$$
