000
CDUS44 KAMA 210626
CLIGUY


CLIMATE REPORT
NATIONAL WEATHER SERVICE AMARILLO TX
125 AM CDT THU SEP 21 2017


...................................

...THE GUYMON CLIMATE SUMMARY FOR SEPTEMBER 20 2017...

CLIMATE NORMAL PERIOD 1981 TO 2010
CLIMATE RECORD PERIOD 1998 TO 2017


WEATHER ITEM   OBSERVED TIME   RECORD YEAR NORMAL DEPARTURE LAST
                VALUE   (LST)  VALUE       VALUE  FROM      YEAR
                                                  NORMAL
..................................................................
TEMPERATURE (F)
 YESTERDAY
  MAXIMUM         83    426 PM  MM      MM  84     -1       99
  MINIMUM         52    641 AM  MM      MM  54     -2       54
  AVERAGE         68                        69     -1       77

PRECIPITATION (IN)
  YESTERDAY        0.00         MM      MM   0.06  -0.06     0.00
  MONTH TO DATE    0.19                      1.22  -1.03     0.01
  SINCE SEP 1      0.19                      1.22  -1.03     0.01
  SINCE JAN 1     15.75                     15.99  -0.24    14.45

SNOWFALL (IN)
  YESTERDAY        0.0          MM      MM  MM     MM        0.0
  MONTH TO DATE    0.0                      MM     MM        0.0
  SINCE SEP 1      0.0                      MM     MM        0.0
  SINCE JUL 1      0.0                      MM     MM        0.0
  SNOW DEPTH       0

DEGREE DAYS
 HEATING
  YESTERDAY        0                         2     -2        0
  MONTH TO DATE    0                        12    -12        2
  SINCE SEP 1      0                        12    -12        2
  SINCE JUL 1      0                        13    -13        2

 COOLING
  YESTERDAY        3                         5     -2       12
  MONTH TO DATE  183                       165     18      205
  SINCE SEP 1    183                       165     18      205
  SINCE JAN 1   1504                      1414     90     1642
..................................................................


WIND (MPH)
  RESULTANT WIND SPEED   5   RESULTANT WIND DIRECTION   N (0)
  HIGHEST WIND SPEED    22   HIGHEST WIND DIRECTION     N (360)
  HIGHEST GUST SPEED    28   HIGHEST GUST DIRECTION     N (20)
  AVERAGE WIND SPEED     9.6


SKY COVER
  AVERAGE SKY COVER 0.0


WEATHER CONDITIONS
 THE FOLLOWING WEATHER WAS RECORDED YESTERDAY.
  NO SIGNIFICANT WEATHER WAS OBSERVED.


RELATIVE HUMIDITY (PERCENT)
 HIGHEST    72          1100 PM
 LOWEST     23           300 PM
 AVERAGE    48

..........................................................


THE GUYMON CLIMATE NORMALS FOR TODAY
                         NORMAL    RECORD    YEAR
 MAXIMUM TEMPERATURE (F)   83        MM        MM
 MINIMUM TEMPERATURE (F)   54        MM        MM


SUNRISE AND SUNSET
SEPTEMBER 21 2017.....SUNRISE   733 AM CDT   SUNSET   744 PM CDT
SEPTEMBER 22 2017.....SUNRISE   734 AM CDT   SUNSET   742 PM CDT


-  INDICATES NEGATIVE NUMBERS.
R  INDICATES RECORD WAS SET OR TIED.
MM INDICATES DATA IS MISSING.
T  INDICATES TRACE AMOUNT.




$$
