045
CDUS44 KAMA 050738
CLIGUY


CLIMATE REPORT
NATIONAL WEATHER SERVICE AMARILLO TX
135 AM CST MON DEC 5 2016


...................................

...THE GUYMON CLIMATE SUMMARY FOR DECEMBER 4 2016...

CLIMATE NORMAL PERIOD 1981 TO 2010
CLIMATE RECORD PERIOD 1998 TO 2016


WEATHER ITEM   OBSERVED TIME   RECORD YEAR NORMAL DEPARTURE LAST
                VALUE   (LST)  VALUE       VALUE  FROM      YEAR
                                                  NORMAL
..................................................................
TEMPERATURE (F)
 YESTERDAY
  MAXIMUM         51    400 PM  75    2007  51      0       60
  MINIMUM         28    854 PM   7    2009  24      4       28
  AVERAGE         40                        38      2       44

PRECIPITATION (IN)
  YESTERDAY        0.00         MM      MM   0.04  -0.04     0.00
  MONTH TO DATE    0.14                      0.17  -0.03     0.00
  SINCE DEC 1      0.14                      0.17  -0.03     0.00
  SINCE JAN 1     15.26                     18.83  -3.57    29.99

SNOWFALL (IN)
  YESTERDAY        0.0          MM      MM  MM     MM        0.0
  MONTH TO DATE    0.0                      MM     MM        0.0
  SINCE DEC 1      0.0                      MM     MM        0.0
  SINCE JUL 1      0.0                      MM     MM        0.0
  SNOW DEPTH       0

DEGREE DAYS
 HEATING
  YESTERDAY       25                        27     -2       21
  MONTH TO DATE  117                       107     10      101
  SINCE DEC 1    117                       107     10      101
  SINCE JUL 1    655                       998   -343      815

 COOLING
  YESTERDAY        0                         0      0        0
  MONTH TO DATE    0                         0      0        0
  SINCE DEC 1      0                         0      0        0
  SINCE JAN 1   1807                      1482    325     1662
..................................................................


WIND (MPH)
  RESULTANT WIND SPEED   3   RESULTANT WIND DIRECTION   W (290)
  HIGHEST WIND SPEED    15   HIGHEST WIND DIRECTION    NW (320)
  HIGHEST GUST SPEED    19   HIGHEST GUST DIRECTION     N (340)
  AVERAGE WIND SPEED     8.2


SKY COVER
  AVERAGE SKY COVER 0.2


WEATHER CONDITIONS
 THE FOLLOWING WEATHER WAS RECORDED YESTERDAY.
  FOG


RELATIVE HUMIDITY (PERCENT)
 HIGHEST   100          1200 AM
 LOWEST     29           200 PM
 AVERAGE    65

..........................................................


THE GUYMON CLIMATE NORMALS FOR TODAY
                         NORMAL    RECORD    YEAR
 MAXIMUM TEMPERATURE (F)   51        70      2006
 MINIMUM TEMPERATURE (F)   23        10      2009


SUNRISE AND SUNSET
DECEMBER  5 2016......SUNRISE   744 AM CST   SUNSET   530 PM CST
DECEMBER  6 2016......SUNRISE   745 AM CST   SUNSET   530 PM CST


-  INDICATES NEGATIVE NUMBERS.
R  INDICATES RECORD WAS SET OR TIED.
MM INDICATES DATA IS MISSING.
T  INDICATES TRACE AMOUNT.




$$
