000
CDUS44 KAMA 312138
CLIGUY


CLIMATE REPORT
NATIONAL WEATHER SERVICE AMARILLO TX
437 PM CDT WED AUG 31 2016


...................................

...THE GUYMON CLIMATE SUMMARY FOR AUGUST 31 2016...
VALID TODAY AS OF 0400 PM LOCAL TIME.

CLIMATE NORMAL PERIOD 1981 TO 2010
CLIMATE RECORD PERIOD 1998 TO 2016


WEATHER ITEM   OBSERVED TIME   RECORD YEAR NORMAL DEPARTURE LAST
                VALUE   (LST)  VALUE       VALUE  FROM      YEAR
                                                  NORMAL
..................................................................
TEMPERATURE (F)
 TODAY
  MAXIMUM         79    317 PM  MM      MM  90    -11       95
  MINIMUM         65    703 AM  MM      MM  62      3       59
  AVERAGE         72                        76     -4       77

PRECIPITATION (IN)
  TODAY            0.02         MM      MM   0.10  -0.08      T
  MONTH TO DATE    3.07                      2.92   0.15     4.87
  SINCE JUN 1      7.48                      8.52  -1.04    11.66
  SINCE JAN 1     14.44                     14.77  -0.33    22.61

SNOWFALL (IN)
  TODAY            0.0          MM      MM  MM     MM        0.0
  MONTH TO DATE    0.0                      MM     MM        0.0
  SINCE JUN 1      0.0                      MM     MM        0.0
  SINCE JUL 1      0.0                      MM     MM        0.0
  SNOW DEPTH       0

DEGREE DAYS
 HEATING
  TODAY            0                         0      0        0
  MONTH TO DATE    0                         0      0        0
  SINCE JUN 1      0                         9     -9        0
  SINCE JUL 1      0                         1     -1        0

 COOLING
  TODAY            7                        11     -4       12
  MONTH TO DATE  383                       407    -24      381
  SINCE JUN 1   1347                      1141    206     1236
  SINCE JAN 1   1437                      1249    188     1300
..................................................................


WIND (MPH)
  RESULTANT WIND SPEED   2   RESULTANT WIND DIRECTION  SE (150)
  HIGHEST WIND SPEED     6   HIGHEST WIND DIRECTION    SW (220)
  HIGHEST GUST SPEED     8   HIGHEST GUST DIRECTION    SW (210)
  AVERAGE WIND SPEED     1.7


SKY COVER
  AVERAGE SKY COVER 0.7


WEATHER CONDITIONS
 THE FOLLOWING WEATHER WAS RECORDED TODAY.
  LIGHT RAIN


RELATIVE HUMIDITY (PERCENT)
 HIGHEST    93           400 AM
 LOWEST     58           300 PM
 AVERAGE    76

..........................................................


THE GUYMON CLIMATE NORMALS FOR TOMORROW
                         NORMAL    RECORD    YEAR
 MAXIMUM TEMPERATURE (F)   90        MM        MM
 MINIMUM TEMPERATURE (F)   62        MM        MM


SUNRISE AND SUNSET
AUGUST 31 2016........SUNRISE   717 AM CDT   SUNSET   815 PM CDT
SEPTEMBER  1 2016.....SUNRISE   718 AM CDT   SUNSET   813 PM CDT


-  INDICATES NEGATIVE NUMBERS.
R  INDICATES RECORD WAS SET OR TIED.
MM INDICATES DATA IS MISSING.
T  INDICATES TRACE AMOUNT.




$$
