000
CDUS44 KJAN 040710
CLIGWO


CLIMATE REPORT
NATIONAL WEATHER SERVICE JACKSON MS
207 AM CDT TUE AUG 4 2015


...................................

...THE GREENWOOD CLIMATE SUMMARY FOR AUGUST 3 2015...

CLIMATE NORMAL PERIOD 1981 TO 2010
CLIMATE RECORD PERIOD 1948 TO 2015


WEATHER ITEM   OBSERVED TIME   RECORD YEAR NORMAL DEPARTURE LAST
                VALUE   (LST)  VALUE       VALUE  FROM      YEAR
                                                  NORMAL
..................................................................
TEMPERATURE (F)
 YESTERDAY
  MAXIMUM         97    403 PM 102    2010  92      5       92
  MINIMUM         70    551 AM  57    1976  71     -1       69
  AVERAGE         84                        82      2       81

PRECIPITATION (IN)
  YESTERDAY        0.00          0.81 1975   0.09  -0.09     0.01
  MONTH TO DATE    0.00                      0.26  -0.26     0.16
  SINCE JUN 1      4.37                      8.17  -3.80    14.78
  SINCE JAN 1     32.30                     31.50   0.80    37.90

SNOWFALL (IN)
  YESTERDAY        0.0

DEGREE DAYS
 HEATING
  YESTERDAY        0                         0      0        0
  MONTH TO DATE    0                         0      0        0
  SINCE JUN 1      0                         0      0        0
  SINCE JUL 1      0                         0      0        0

 COOLING
  YESTERDAY       19                        16      3       16
  MONTH TO DATE   51                        48      3       41
  SINCE JUN 1   1053                       966     87      837
  SINCE JAN 1   1417                      1296    121     1131
..................................................................


WIND (MPH)
  HIGHEST WIND SPEED    10   HIGHEST WIND DIRECTION     N (10)
  HIGHEST GUST SPEED    13   HIGHEST GUST DIRECTION     N (20)
  AVERAGE WIND SPEED     2.7


SKY COVER
  POSSIBLE SUNSHINE  MM
  AVERAGE SKY COVER 0.0


WEATHER CONDITIONS
 THE FOLLOWING WEATHER WAS RECORDED YESTERDAY.
  FOG


RELATIVE HUMIDITY (PERCENT)
 HIGHEST    90           300 AM
 LOWEST     30           400 PM
 AVERAGE    60

..........................................................


THE GREENWOOD CLIMATE NORMALS FOR TODAY
                         NORMAL    RECORD    YEAR
 MAXIMUM TEMPERATURE (F)   92       104      2010
 MINIMUM TEMPERATURE (F)   71        58      1974


SUNRISE AND SUNSET
AUGUST  4 2015........SUNRISE   615 AM CDT   SUNSET   758 PM CDT
AUGUST  5 2015........SUNRISE   615 AM CDT   SUNSET   757 PM CDT


-  INDICATES NEGATIVE NUMBERS.
R  INDICATES RECORD WAS SET OR TIED.
MM INDICATES DATA IS MISSING.
T  INDICATES TRACE AMOUNT.




$$
