000
CDUS44 KJAN 202223
CLIGWO


CLIMATE REPORT
NATIONAL WEATHER SERVICE JACKSON MS
415 PM CST SAT DEC 20 2014


...................................

...THE GREENWOOD CLIMATE SUMMARY FOR DECEMBER 20 2014...
VALID TODAY AS OF 0400 PM LOCAL TIME.

CLIMATE NORMAL PERIOD 1981 TO 2010
CLIMATE RECORD PERIOD 1948 TO 2014


WEATHER ITEM   OBSERVED TIME   RECORD YEAR NORMAL DEPARTURE LAST
                VALUE   (LST)  VALUE       VALUE  FROM      YEAR
                                                  NORMAL
..................................................................
TEMPERATURE (F)
 TODAY
  MAXIMUM         57    335 PM  77    1967  55      2       71
  MINIMUM         34    723 AM  15    2000  35     -1       61
                                      1981
  AVERAGE         46                        45      1       66

PRECIPITATION (IN)
  TODAY            0.00          2.49 1951   0.17  -0.17      T
  MONTH TO DATE    2.95                      3.83  -0.88     3.40
  SINCE DEC 1      2.95                      3.83  -0.88     3.40
  SINCE JAN 1     53.55                     49.95   3.60    57.10

SNOWFALL (IN)
  TODAY            0.0

DEGREE DAYS
 HEATING
  TODAY           19                        20     -1        0
  MONTH TO DATE  317                       367    -50      396
  SINCE DEC 1    317                       367    -50      396
  SINCE JUL 1    905                       835     70      963

 COOLING
  TODAY            0                         0      0        1
  MONTH TO DATE    1                         0      1        6
  SINCE DEC 1      1                         0      1        6
  SINCE JAN 1   2044                      2159   -115     2104
..................................................................


WIND (MPH)
  HIGHEST WIND SPEED    13   HIGHEST WIND DIRECTION    NE (50)
  HIGHEST GUST SPEED    15   HIGHEST GUST DIRECTION     N (20)
  AVERAGE WIND SPEED     4.7


SKY COVER
  POSSIBLE SUNSHINE  MM
  AVERAGE SKY COVER 0.3


WEATHER CONDITIONS
 THE FOLLOWING WEATHER WAS RECORDED TODAY.
  FOG


RELATIVE HUMIDITY (PERCENT)
 HIGHEST    93           400 AM
 LOWEST     43           200 PM
 AVERAGE    68

..........................................................


THE GREENWOOD CLIMATE NORMALS FOR TOMORROW
                         NORMAL    RECORD    YEAR
 MAXIMUM TEMPERATURE (F)   55        80      2013
 MINIMUM TEMPERATURE (F)   35        11      1989


SUNRISE AND SUNSET
DECEMBER 20 2014......SUNRISE   700 AM CST   SUNSET   456 PM CST
DECEMBER 21 2014......SUNRISE   701 AM CST   SUNSET   456 PM CST


-  INDICATES NEGATIVE NUMBERS.
R  INDICATES RECORD WAS SET OR TIED.
MM INDICATES DATA IS MISSING.
T  INDICATES TRACE AMOUNT.




$$
