000
CDUS44 KJAN 200648
CLIGWO


CLIMATE REPORT
NATIONAL WEATHER SERVICE JACKSON MS
1246 AM CST MON FEB 20 2017


...................................

...THE GREENWOOD CLIMATE SUMMARY FOR FEBRUARY 19 2017...

CLIMATE NORMAL PERIOD 1981 TO 2010
CLIMATE RECORD PERIOD 1948 TO 2017


WEATHER ITEM   OBSERVED TIME   RECORD YEAR NORMAL DEPARTURE LAST
                VALUE   (LST)  VALUE       VALUE  FROM      YEAR
                                                  NORMAL
..................................................................
TEMPERATURE (F)
 YESTERDAY
  MAXIMUM         82R   403 PM  78    2011  59     23       75
                                      1986
  MINIMUM         44    627 AM  17    2015  38      6       46
  AVERAGE         63                        49     14       61

PRECIPITATION (IN)
  YESTERDAY        0.00          2.65 1954   0.16  -0.16     0.00
  MONTH TO DATE    2.15                      3.01  -0.86     1.80
  SINCE DEC 1     11.07                     13.18  -2.11    10.08
  SINCE JAN 1      6.38                      7.53  -1.15     4.98

SNOWFALL (IN)
  YESTERDAY        0.0

DEGREE DAYS
 HEATING
  YESTERDAY        2                        16    -14        4
  MONTH TO DATE  200                       356   -156      329
  SINCE DEC 1   1140                      1627   -487     1324
  SINCE JUL 1   1432                      2095   -663     1552

 COOLING
  YESTERDAY        0                         0      0        0
  MONTH TO DATE    9                         0      9        4
  SINCE DEC 1     32                         7     25       70
  SINCE JAN 1     19                         2     17        5
..................................................................


WIND (MPH)
  HIGHEST WIND SPEED    13   HIGHEST WIND DIRECTION     E (110)
  HIGHEST GUST SPEED    18   HIGHEST GUST DIRECTION    SE (120)
  AVERAGE WIND SPEED     4.1


SKY COVER
  POSSIBLE SUNSHINE  MM
  AVERAGE SKY COVER 0.0


WEATHER CONDITIONS
 THE FOLLOWING WEATHER WAS RECORDED YESTERDAY.
  FOG


RELATIVE HUMIDITY (PERCENT)
 HIGHEST    93           400 AM
 LOWEST     36           400 PM
 AVERAGE    65

..........................................................


THE GREENWOOD CLIMATE NORMALS FOR TODAY
                         NORMAL    RECORD    YEAR
 MAXIMUM TEMPERATURE (F)   60        82      1997
 MINIMUM TEMPERATURE (F)   38        23      2009


SUNRISE AND SUNSET
FEBRUARY 20 2017......SUNRISE   639 AM CST   SUNSET   550 PM CST
FEBRUARY 21 2017......SUNRISE   638 AM CST   SUNSET   551 PM CST


-  INDICATES NEGATIVE NUMBERS.
R  INDICATES RECORD WAS SET OR TIED.
MM INDICATES DATA IS MISSING.
T  INDICATES TRACE AMOUNT.




$$
