000
CDUS44 KJAN 020637
CLIGWO


CLIMATE REPORT
NATIONAL WEATHER SERVICE JACKSON MS
134 AM CDT MON MAY 2 2016


...................................

...THE GREENWOOD CLIMATE SUMMARY FOR MAY 1 2016...

CLIMATE NORMAL PERIOD 1981 TO 2010
CLIMATE RECORD PERIOD 1948 TO 2016


WEATHER ITEM   OBSERVED TIME   RECORD YEAR NORMAL DEPARTURE LAST
                VALUE   (LST)  VALUE       VALUE  FROM      YEAR
                                                  NORMAL
..................................................................
TEMPERATURE (F)
 YESTERDAY
  MAXIMUM         81    407 PM  90    1959  79      2       76
  MINIMUM         63    241 AM  39    2005  56      7       50
  AVERAGE         72                        68      4       63

PRECIPITATION (IN)
  YESTERDAY        0.00          2.07 1949   0.17  -0.17     0.00
  MONTH TO DATE    0.00                      0.17  -0.17     0.00
  SINCE MAR 1     16.85                      9.61   7.24    11.54
  SINCE JAN 1     24.30                     18.55   5.75    20.93

SNOWFALL (IN)
  YESTERDAY        0.0

DEGREE DAYS
 HEATING
  YESTERDAY        0                         1     -1        2
  MONTH TO DATE    0                         1     -1        2
  SINCE MAR 1    252                       441   -189      336
  SINCE JUL 1   1913                      2672   -759     2857

 COOLING
  YESTERDAY        7                         4      3        0
  MONTH TO DATE    7                         4      3        0
  SINCE MAR 1    130                       101     29      111
  SINCE JAN 1    138                       106     32      111
..................................................................


WIND (MPH)
  HIGHEST WIND SPEED    16   HIGHEST WIND DIRECTION     S (160)
  HIGHEST GUST SPEED    19   HIGHEST GUST DIRECTION     S (160)
  AVERAGE WIND SPEED     5.9


SKY COVER
  POSSIBLE SUNSHINE  MM
  AVERAGE SKY COVER 0.5


WEATHER CONDITIONS
 THE FOLLOWING WEATHER WAS RECORDED YESTERDAY.
  FOG


RELATIVE HUMIDITY (PERCENT)
 HIGHEST    90          1100 PM
 LOWEST     62           300 PM
 AVERAGE    76

..........................................................


THE GREENWOOD CLIMATE NORMALS FOR TODAY
                         NORMAL    RECORD    YEAR
 MAXIMUM TEMPERATURE (F)   79        90      1955
                                             1952
 MINIMUM TEMPERATURE (F)   57        44      1963


SUNRISE AND SUNSET
MAY  2 2016...........SUNRISE   610 AM CDT   SUNSET   744 PM CDT
MAY  3 2016...........SUNRISE   610 AM CDT   SUNSET   745 PM CDT


-  INDICATES NEGATIVE NUMBERS.
R  INDICATES RECORD WAS SET OR TIED.
MM INDICATES DATA IS MISSING.
T  INDICATES TRACE AMOUNT.




$$
