000
CDUS44 KJAN 192112
CLIGWO


CLIMATE REPORT
NATIONAL WEATHER SERVICE JACKSON MS
411 PM CDT FRI SEP 19 2014


...................................

...THE GREENWOOD CLIMATE SUMMARY FOR SEPTEMBER 19 2014...
VALID TODAY AS OF 0400 PM LOCAL TIME.

CLIMATE NORMAL PERIOD 1981 TO 2010
CLIMATE RECORD PERIOD 1948 TO 2014


WEATHER ITEM   OBSERVED TIME   RECORD YEAR NORMAL DEPARTURE LAST
                VALUE   (LST)  VALUE       VALUE  FROM      YEAR
                                                  NORMAL
..................................................................
TEMPERATURE (F)
 TODAY
  MAXIMUM         90    226 PM 100    2010  86      4       93
  MINIMUM         66    514 AM  42    1973  61      5       69
  AVERAGE         78                        74      4       81

PRECIPITATION (IN)
  TODAY            0.00          2.67 1958   0.11  -0.11     0.00
  MONTH TO DATE    0.31                      2.24  -1.93     0.70
  SINCE SEP 1      0.31                      2.24  -1.93     0.70
  SINCE JAN 1     41.07                     36.31   4.76    38.95

DEGREE DAYS
 HEATING
  TODAY            0                         0      0        0
  MONTH TO DATE    0                         0      0        0
  SINCE SEP 1      0                         0      0        0
  SINCE JUL 1      0                         0      0        0

 COOLING
  TODAY           13                         9      4       16
  MONTH TO DATE  270                       223     47      280
  SINCE SEP 1    270                       223     47      280
  SINCE JAN 1   1826                      1965   -139     1902
..................................................................


WIND (MPH)
  HIGHEST WIND SPEED    12   HIGHEST WIND DIRECTION     E (90)
  HIGHEST GUST SPEED    13   HIGHEST GUST DIRECTION     E (90)
  AVERAGE WIND SPEED     4.6


SKY COVER
  POSSIBLE SUNSHINE  MM
  AVERAGE SKY COVER 0.4


WEATHER CONDITIONS
 THE FOLLOWING WEATHER WAS RECORDED TODAY.
  FOG
  FOG W/VISIBILITY <= 1/4 MILE


RELATIVE HUMIDITY (PERCENT)
 HIGHEST   100           400 AM
 LOWEST     50           100 PM
 AVERAGE    75

..........................................................


THE GREENWOOD CLIMATE NORMALS FOR TOMORROW
                         NORMAL    RECORD    YEAR
 MAXIMUM TEMPERATURE (F)   86       100      2010
 MINIMUM TEMPERATURE (F)   61        46      2012
                                             1981


SUNRISE AND SUNSET
SEPTEMBER 19 2014.....SUNRISE   646 AM CDT   SUNSET   701 PM CDT
SEPTEMBER 20 2014.....SUNRISE   647 AM CDT   SUNSET   700 PM CDT


-  INDICATES NEGATIVE NUMBERS.
R  INDICATES RECORD WAS SET OR TIED.
MM INDICATES DATA IS MISSING.
T  INDICATES TRACE AMOUNT.




$$
