130
CDUS41 KGYX 230910
CLIGYX


CLIMATE REPORT
NATIONAL WEATHER SERVICE GRAY ME
410 AM EST THU FEB 23 2017


...................................

...THE GRAY ME CLIMATE SUMMARY FOR FEBRUARY 22 2017...

CLIMATE NORMAL PERIOD 1981 TO 2010
CLIMATE RECORD PERIOD 1995 TO 2017


WEATHER ITEM   OBSERVED TIME   RECORD YEAR NORMAL DEPARTURE LAST
                VALUE   (LST)  VALUE       VALUE  FROM      YEAR
                                                  NORMAL
..................................................................
TEMPERATURE (F)
 YESTERDAY
  MAXIMUM         55        MM  MM      MM  36     19       36
  MINIMUM         32        MM  MM      MM  18     14       18
  AVERAGE         44                        27     17       27

PRECIPITATION (IN)
  YESTERDAY        T            MM      MM   0.12  -0.12     0.00
  MONTH TO DATE    3.28                      2.51   0.77     3.17
  SINCE DEC 1     11.08                     10.10   0.98    11.46
  SINCE JAN 1      6.26                      6.04   0.22     6.90

SNOWFALL (IN)
  YESTERDAY        0.0          MM      MM   0.6   -0.6      0.0
  MONTH TO DATE   44.6                      12.6   32.0     15.3
  SINCE DEC 1     88.5                      52.1   36.4     36.4
  SINCE JUL 1     89.8                      55.2   34.6     36.6
  SNOW DEPTH      20

DEGREE DAYS
 HEATING
  YESTERDAY       21                        38    -17       38
  MONTH TO DATE  886                       905    -19      862
  SINCE DEC 1   3263                      3438   -175     2989
  SINCE JUL 1   4542                      4935   -393     4288

 COOLING
  YESTERDAY        0                         0      0        0
  MONTH TO DATE    0                         0      0        0
  SINCE DEC 1      0                         0      0        0
  SINCE JAN 1      0                         0      0        0
..................................................................







THE GRAY ME CLIMATE NORMALS FOR TODAY
                         NORMAL
 MAXIMUM TEMPERATURE (F)   36
 MINIMUM TEMPERATURE (F)   18


SUNRISE AND SUNSET
FEBRUARY 23 2017......SUNRISE   627 AM EST   SUNSET   522 PM EST
FEBRUARY 24 2017......SUNRISE   626 AM EST   SUNSET   523 PM EST


-  INDICATES NEGATIVE NUMBERS.
R  INDICATES RECORD WAS SET OR TIED.
MM INDICATES DATA IS MISSING.
T  INDICATES TRACE AMOUNT.




$$
