000
CDUS41 KGYX 160802
CLIGYX


CLIMATE REPORT
NATIONAL WEATHER SERVICE GRAY ME
402 AM EDT TUE SEP 16 2014


...................................

...THE GRAY ME CLIMATE SUMMARY FOR SEPTEMBER 15 2014...

CLIMATE NORMAL PERIOD 1981 TO 2010
CLIMATE RECORD PERIOD 1995 TO 2014


WEATHER ITEM   OBSERVED NORMAL DEPARTURE LAST
                VALUE   VALUE  FROM      YEAR
                               NORMAL
...............................................
TEMPERATURE (F)
 YESTERDAY
  MAXIMUM         63     70     -7       68
  MINIMUM         40     51    -11       47
  AVERAGE         52     61     -9       58

PRECIPITATION (IN)
  YESTERDAY        0.00   0.15  -0.15     0.00
  MONTH TO DATE    0.69   1.96  -1.27     7.05
  SINCE SEP 1      0.69   1.96  -1.27     7.05
  SINCE JAN 1     36.10  33.44   2.66    34.34

SNOWFALL (IN)
  YESTERDAY        0.0    0.0    0.0      0.0
  MONTH TO DATE    0.0    0.0    0.0      0.0
  SINCE SEP 1      0.0    0.0    0.0      0.0
  SINCE JUL 1      0.0    0.0    0.0      0.0
  SNOW DEPTH       0

DEGREE DAYS
 HEATING
  YESTERDAY       13      5      8        7
  MONTH TO DATE   50     49      1       58
  SINCE SEP 1     50     49      1       58
  SINCE JUL 1     64     85    -21       70

 COOLING
  YESTERDAY        0      1     -1        0
  MONTH TO DATE   45     24     21       36
  SINCE SEP 1     45     24     21       36
  SINCE JAN 1    357    383    -26      484
...............................................





WEATHER CONDITIONS
 THE FOLLOWING WEATHER WAS RECORDED YESTERDAY.
  NO SIGNIFICANT WEATHER WAS OBSERVED.


..........................................................


THE GRAY ME CLIMATE NORMALS FOR TODAY
                         NORMAL
 MAXIMUM TEMPERATURE (F)   70
 MINIMUM TEMPERATURE (F)   51


SUNRISE AND SUNSET
SEPTEMBER 16 2014.....SUNRISE   621 AM EDT   SUNSET   650 PM EDT
SEPTEMBER 17 2014.....SUNRISE   622 AM EDT   SUNSET   648 PM EDT


-  INDICATES NEGATIVE NUMBERS.
R  INDICATES RECORD WAS SET OR TIED.
MM INDICATES DATA IS MISSING.
T  INDICATES TRACE AMOUNT.




$$
