000
CDUS41 KGYX 260801
CLIGYX


CLIMATE REPORT
NATIONAL WEATHER SERVICE GRAY ME
401 AM EDT TUE JUL 26 2016


...................................

...THE GRAY ME CLIMATE SUMMARY FOR JULY 25 2016...

CLIMATE NORMAL PERIOD 1981 TO 2010
CLIMATE RECORD PERIOD 1995 TO 2016


WEATHER ITEM   OBSERVED TIME   RECORD YEAR NORMAL DEPARTURE LAST
                VALUE   (LST)  VALUE       VALUE  FROM      YEAR
                                                  NORMAL
..................................................................
TEMPERATURE (F)
 YESTERDAY
  MAXIMUM         82        MM  MM      MM  80      2       69
  MINIMUM         63        MM  MM      MM  60      3       56
  AVERAGE         73                        70      3       63

PRECIPITATION (IN)
  YESTERDAY        0.84         MM      MM   0.13   0.71      T
  MONTH TO DATE    4.47                      3.54   0.93     2.17
  SINCE JUN 1      8.23                      7.84   0.39     8.24
  SINCE JAN 1     25.86                     27.13  -1.27    21.29

SNOWFALL (IN)
  YESTERDAY        0.0          MM      MM   0.0    0.0      0.0
  MONTH TO DATE    0.0                       0.0    0.0      0.0
  SINCE JUN 1      0.0                       0.0    0.0      0.0
  SINCE JUL 1      0.0                       0.0    0.0      0.0
  SNOW DEPTH       0

DEGREE DAYS
 HEATING
  YESTERDAY        0                         0      0        2
  MONTH TO DATE   18                         7     11        9
  SINCE JUN 1     88                       101    -13      166
  SINCE JUL 1     18                         7     11        9

 COOLING
  YESTERDAY        8                         5      3        0
  MONTH TO DATE  169                       118     51       87
  SINCE JUN 1    221                       183     38      122
  SINCE JAN 1    243                       194     49      162
..................................................................







THE GRAY ME CLIMATE NORMALS FOR TODAY
                         NORMAL
 MAXIMUM TEMPERATURE (F)   80
 MINIMUM TEMPERATURE (F)   60


SUNRISE AND SUNSET
JULY 26 2016..........SUNRISE   524 AM EDT   SUNSET   811 PM EDT
JULY 27 2016..........SUNRISE   525 AM EDT   SUNSET   810 PM EDT


-  INDICATES NEGATIVE NUMBERS.
R  INDICATES RECORD WAS SET OR TIED.
MM INDICATES DATA IS MISSING.
T  INDICATES TRACE AMOUNT.




$$
