000
CDUS41 KGYX 270909
CLIGYX


CLIMATE REPORT
NATIONAL WEATHER SERVICE GRAY ME
409 AM EST SAT DEC 27 2014


...................................

...THE GRAY ME CLIMATE SUMMARY FOR DECEMBER 26 2014...

CLIMATE NORMAL PERIOD 1981 TO 2010
CLIMATE RECORD PERIOD 1995 TO 2014


WEATHER ITEM   OBSERVED TIME   RECORD YEAR NORMAL DEPARTURE LAST
                VALUE   (LST)  VALUE       VALUE  FROM      YEAR
                                                  NORMAL
..................................................................
TEMPERATURE (F)
 YESTERDAY
  MAXIMUM         48        MM  MM      MM  32     16       20
  MINIMUM         32        MM  MM      MM  16     16       12
  AVERAGE         40                        24     16       16

PRECIPITATION (IN)
  YESTERDAY        0.00         MM      MM   0.13  -0.13     0.12
  MONTH TO DATE    5.75                      3.48   2.27     3.01
  SINCE DEC 1      5.75                      3.48   2.27     3.01
  SINCE JAN 1     52.38                     49.64   2.74    43.59

SNOWFALL (IN)
  YESTERDAY        0.0          MM      MM   0.7   -0.7      1.7
  MONTH TO DATE    6.5                      14.8   -8.3     21.5
  SINCE DEC 1      6.5                      14.8   -8.3     21.5
  SINCE JUL 1     21.5                      17.9    3.6     22.6
  SNOW DEPTH       T

DEGREE DAYS
 HEATING
  YESTERDAY       25                        41    -16       49
  MONTH TO DATE  904                       962    -58     1100
  SINCE DEC 1    904                       962    -58     1100
  SINCE JUL 1   2354                      2459   -105     2571

 COOLING
  YESTERDAY        0                         0      0        0
  MONTH TO DATE    0                         0      0        0
  SINCE DEC 1      0                         0      0        0
  SINCE JAN 1    369                       389    -20      486
..................................................................







THE GRAY ME CLIMATE NORMALS FOR TODAY
                         NORMAL
 MAXIMUM TEMPERATURE (F)   32
 MINIMUM TEMPERATURE (F)   16


SUNRISE AND SUNSET
DECEMBER 27 2014......SUNRISE   714 AM EST   SUNSET   410 PM EST
DECEMBER 28 2014......SUNRISE   715 AM EST   SUNSET   411 PM EST


-  INDICATES NEGATIVE NUMBERS.
R  INDICATES RECORD WAS SET OR TIED.
MM INDICATES DATA IS MISSING.
T  INDICATES TRACE AMOUNT.




$$
