000
CDUS41 KGYX 191321
CLIGYX


CLIMATE REPORT
NATIONAL WEATHER SERVICE GRAY ME
821 AM EST FRI JAN 19 2018


...................................

...THE GRAY ME CLIMATE SUMMARY FOR JANUARY 18 2018...

CLIMATE NORMAL PERIOD 1981 TO 2010
CLIMATE RECORD PERIOD 1995 TO 2018


WEATHER ITEM   OBSERVED TIME   RECORD YEAR NORMAL DEPARTURE LAST
                VALUE   (LST)  VALUE       VALUE  FROM      YEAR
                                                  NORMAL
..................................................................
TEMPERATURE (F)
 YESTERDAY
  MAXIMUM         30        MM  MM      MM  29      1       29
  MINIMUM         17        MM  MM      MM  12      5       21
  AVERAGE         24                        20      4       25

PRECIPITATION (IN)
  YESTERDAY        0.00         MM      MM   0.11  -0.11     0.22
  MONTH TO DATE    2.72                      2.07   0.65     1.44
  SINCE DEC 1      6.19                      6.13   0.06     6.26
  SINCE JAN 1      2.72                      2.07   0.65     1.44

SNOWFALL (IN)
  YESTERDAY        0.0          MM      MM   0.6   -0.6      3.1
  MONTH TO DATE   18.6                      12.6    6.0      5.0
  SINCE DEC 1     42.2                      30.9   11.3     40.5
  SINCE JUL 1     43.4                      34.0    9.4     41.8
  SNOW DEPTH      12

DEGREE DAYS
 HEATING
  YESTERDAY       41                        45     -4       40
  MONTH TO DATE  814                       788     26      716
  SINCE DEC 1   2168                      1957    211     1937
  SINCE JUL 1   3361                      3454    -93     3216

 COOLING
  YESTERDAY        0                         0      0        0
  MONTH TO DATE    0                         0      0        0
  SINCE DEC 1      0                         0      0        0
  SINCE JAN 1      0                         0      0        0
..................................................................







THE GRAY ME CLIMATE NORMALS FOR TODAY
                         NORMAL
 MAXIMUM TEMPERATURE (F)   29
 MINIMUM TEMPERATURE (F)   12


SUNRISE AND SUNSET
JANUARY 19 2018.......SUNRISE   710 AM EST   SUNSET   434 PM EST
JANUARY 20 2018.......SUNRISE   709 AM EST   SUNSET   435 PM EST


-  INDICATES NEGATIVE NUMBERS.
R  INDICATES RECORD WAS SET OR TIED.
MM INDICATES DATA IS MISSING.
T  INDICATES TRACE AMOUNT.




$$
