000
CDUS41 KGYX 140801
CLIGYX


CLIMATE REPORT
NATIONAL WEATHER SERVICE GRAY ME
401 AM EDT MON JUL 14 2014


...................................

...THE GRAY ME CLIMATE SUMMARY FOR JULY 13 2014...

CLIMATE NORMAL PERIOD 1981 TO 2010
CLIMATE RECORD PERIOD 1995 TO 2014


WEATHER ITEM   OBSERVED NORMAL DEPARTURE LAST
                VALUE   VALUE  FROM      YEAR
                               NORMAL
...............................................
TEMPERATURE (F)
 YESTERDAY
  MAXIMUM         81     79      2       80
  MINIMUM         60     60      0       60
  AVERAGE         71     70      1       70

PRECIPITATION (IN)
  YESTERDAY        0.09   0.15  -0.06     0.00
  MONTH TO DATE    3.00   1.92   1.08     1.77
  SINCE JUN 1      6.00   6.22  -0.22     7.77
  SINCE JAN 1     24.35  25.51  -1.16    22.06

SNOWFALL (IN)
  YESTERDAY        0.0    0.0    0.0      0.0
  MONTH TO DATE    0.0    0.0    0.0      0.0
  SINCE JUN 1      0.0    0.0    0.0      0.0
  SINCE JUL 1      0.0    0.0    0.0      0.0
  SNOW DEPTH       0

DEGREE DAYS
 HEATING
  YESTERDAY        0      0      0        0
  MONTH TO DATE    0      7     -7        5
  SINCE JUN 1     74    101    -27       76
  SINCE JUL 1      0      7     -7        5

 COOLING
  YESTERDAY        6      5      1        5
  MONTH TO DATE   92     58     34       93
  SINCE JUN 1    157    123     34      188
  SINCE JAN 1    158    134     24      205
...............................................





WEATHER CONDITIONS
 THE FOLLOWING WEATHER WAS RECORDED YESTERDAY.
  NO SIGNIFICANT WEATHER WAS OBSERVED.


..........................................................


THE GRAY ME CLIMATE NORMALS FOR TODAY
                         NORMAL
 MAXIMUM TEMPERATURE (F)   79
 MINIMUM TEMPERATURE (F)   60


SUNRISE AND SUNSET
JULY 14 2014..........SUNRISE   512 AM EDT   SUNSET   822 PM EDT
JULY 15 2014..........SUNRISE   512 AM EDT   SUNSET   821 PM EDT


-  INDICATES NEGATIVE NUMBERS.
R  INDICATES RECORD WAS SET OR TIED.
MM INDICATES DATA IS MISSING.
T  INDICATES TRACE AMOUNT.




$$
