000
CDUS41 KGYX 250842
CLIGYX


CLIMATE REPORT
NATIONAL WEATHER SERVICE GRAY ME
442 AM EDT SUN JUN 25 2017


...................................

...THE GRAY ME CLIMATE SUMMARY FOR JUNE 24 2017...

CLIMATE NORMAL PERIOD 1981 TO 2010
CLIMATE RECORD PERIOD 1995 TO 2017


WEATHER ITEM   OBSERVED TIME   RECORD YEAR NORMAL DEPARTURE LAST
                VALUE   (LST)  VALUE       VALUE  FROM      YEAR
                                                  NORMAL
..................................................................
TEMPERATURE (F)
 YESTERDAY
  MAXIMUM         83        MM  MM      MM  76      7       79
  MINIMUM         64        MM  MM      MM  57      7       56
  AVERAGE         74                        67      7       68

PRECIPITATION (IN)
  YESTERDAY        0.06         MM      MM   0.14  -0.08     0.00
  MONTH TO DATE    1.56                      3.47  -1.91     2.57
  SINCE JUN 1      1.56                      3.47  -1.91     2.57
  SINCE JAN 1     22.10                     22.76  -0.66    20.20

SNOWFALL (IN)
  YESTERDAY        0.0          MM      MM   0.0    0.0      0.0
  MONTH TO DATE    0.0                       0.0    0.0      0.0
  SINCE JUN 1      0.0                       0.0    0.0      0.0
  SINCE JUL 1    123.9                      83.8   40.1     51.8
  SNOW DEPTH       0

DEGREE DAYS
 HEATING
  YESTERDAY        0                         1     -1        0
  MONTH TO DATE   75                        88    -13       70
  SINCE JUN 1     75                        88    -13       70
  SINCE JUL 1   6851                      7186   -335     6452

 COOLING
  YESTERDAY        9                         3      6        3
  MONTH TO DATE   93                        45     48       28
  SINCE JUN 1     93                        45     48       28
  SINCE JAN 1    114                        56     58       50
..................................................................







THE GRAY ME CLIMATE NORMALS FOR TODAY
                         NORMAL
 MAXIMUM TEMPERATURE (F)   77
 MINIMUM TEMPERATURE (F)   57


SUNRISE AND SUNSET
JUNE 25 2017..........SUNRISE   500 AM EDT   SUNSET   828 PM EDT
JUNE 26 2017..........SUNRISE   500 AM EDT   SUNSET   828 PM EDT


-  INDICATES NEGATIVE NUMBERS.
R  INDICATES RECORD WAS SET OR TIED.
MM INDICATES DATA IS MISSING.
T  INDICATES TRACE AMOUNT.




$$
