970
CDUS41 KGYX 220814
CLIGYX


CLIMATE REPORT
NATIONAL WEATHER SERVICE GRAY ME
414 AM EDT WED MAR 22 2017


...................................

...THE GRAY ME CLIMATE SUMMARY FOR MARCH 21 2017...

CLIMATE NORMAL PERIOD 1981 TO 2010
CLIMATE RECORD PERIOD 1995 TO 2017


WEATHER ITEM   OBSERVED TIME   RECORD YEAR NORMAL DEPARTURE LAST
                VALUE   (LST)  VALUE       VALUE  FROM      YEAR
                                                  NORMAL
..................................................................
TEMPERATURE (F)
 YESTERDAY
  MAXIMUM         48        MM  MM      MM  43      5       39
  MINIMUM         33        MM  MM      MM  25      8       24
  AVERAGE         41                        34      7       32

PRECIPITATION (IN)
  YESTERDAY        T            MM      MM   0.15  -0.15     0.27
  MONTH TO DATE    1.67                      2.80  -1.13     3.19
  SINCE MAR 1      1.67                      2.80  -1.13     3.19
  SINCE JAN 1      8.35                      9.64  -1.29    11.45

SNOWFALL (IN)
  YESTERDAY        T            MM      MM   0.5   -0.5      6.8
  MONTH TO DATE   17.0                      15.1    1.9      9.3
  SINCE MAR 1     17.0                      15.1    1.9      9.3
  SINCE JUL 1    106.8                      74.2   32.6     46.6
  SNOW DEPTH      15

DEGREE DAYS
 HEATING
  YESTERDAY       24                        31     -7       33
  MONTH TO DATE  829                       705    124      621
  SINCE MAR 1    829                       705    124      621
  SINCE JUL 1   5523                      5863   -340     5141

 COOLING
  YESTERDAY        0                         0      0        0
  MONTH TO DATE    0                         0      0        0
  SINCE MAR 1      0                         0      0        0
  SINCE JAN 1      0                         0      0        0
..................................................................







THE GRAY ME CLIMATE NORMALS FOR TODAY
                         NORMAL
 MAXIMUM TEMPERATURE (F)   44
 MINIMUM TEMPERATURE (F)   26


SUNRISE AND SUNSET
MARCH 22 2017.........SUNRISE   640 AM EDT   SUNSET   656 PM EDT
MARCH 23 2017.........SUNRISE   638 AM EDT   SUNSET   657 PM EDT


-  INDICATES NEGATIVE NUMBERS.
R  INDICATES RECORD WAS SET OR TIED.
MM INDICATES DATA IS MISSING.
T  INDICATES TRACE AMOUNT.




$$
