122
CDUS44 KJAN 202121
CLIHBG


CLIMATE REPORT
NATIONAL WEATHER SERVICE JACKSON MS
415 PM CDT FRI OCT 20 2017


...................................

...THE HATTIESBURG CLIMATE SUMMARY FOR OCTOBER 20 2017...
VALID TODAY AS OF 0400 PM LOCAL TIME.

CLIMATE NORMAL PERIOD 1981 TO 2010
CLIMATE RECORD PERIOD 1948 TO 2017


WEATHER ITEM   OBSERVED TIME   RECORD YEAR NORMAL DEPARTURE LAST
                VALUE   (LST)  VALUE       VALUE  FROM      YEAR
                                                  NORMAL
..................................................................
TEMPERATURE (F)
 TODAY
  MAXIMUM         81    208 PM  90    1963  79      2       88
  MINIMUM         54    624 AM  32    1948  53      1       62
  AVERAGE         68                        66      2       75

PRECIPITATION (IN)
  TODAY            0.00          0.63 1984   0.12  -0.12     0.10
  MONTH TO DATE    1.14                      2.47  -1.33     0.10
  SINCE SEP 1      3.31                      6.55  -3.24     4.19
  SINCE JAN 1     59.73                     48.71  11.02    55.20

SNOWFALL (IN)
  TODAY            0.0

DEGREE DAYS
 HEATING
  TODAY            0                         3     -3        0
  MONTH TO DATE    5                        30    -25        0
  SINCE SEP 1      5                        32    -27        0
  SINCE JUL 1      5                        32    -27        0

 COOLING
  TODAY            3                         3      0       10
  MONTH TO DATE  185                       104     81      158
  SINCE SEP 1    539                       460     79      631
  SINCE JAN 1   2484                      2331    153     2745
..................................................................


WIND (MPH)
  HIGHEST WIND SPEED    10   HIGHEST WIND DIRECTION    SE (130)
  HIGHEST GUST SPEED    15   HIGHEST GUST DIRECTION    SE (120)
  AVERAGE WIND SPEED     3.4


SKY COVER
  POSSIBLE SUNSHINE  MM
  AVERAGE SKY COVER 0.1


WEATHER CONDITIONS
 THE FOLLOWING WEATHER WAS RECORDED TODAY.
  NO SIGNIFICANT WEATHER WAS OBSERVED.


RELATIVE HUMIDITY (PERCENT)
 HIGHEST   100          1200 AM
 LOWEST     58           100 PM
 AVERAGE    79

..........................................................


THE HATTIESBURG CLIMATE NORMALS FOR TOMORROW
                         NORMAL    RECORD    YEAR
 MAXIMUM TEMPERATURE (F)   78        88      2005
                                             1979
 MINIMUM TEMPERATURE (F)   53        34      1989
                                             1952


SUNRISE AND SUNSET
OCTOBER 20 2017.......SUNRISE   704 AM CDT   SUNSET   619 PM CDT
OCTOBER 21 2017.......SUNRISE   704 AM CDT   SUNSET   618 PM CDT


-  INDICATES NEGATIVE NUMBERS.
R  INDICATES RECORD WAS SET OR TIED.
MM INDICATES DATA IS MISSING.
T  INDICATES TRACE AMOUNT.




$$
