000
CDUS44 KJAN 172207
CLIHBG


CLIMATE REPORT
NATIONAL WEATHER SERVICE JACKSON MS
507 PM CDT THU AUG 17 2017


...................................

...THE HATTIESBURG CLIMATE SUMMARY FOR AUGUST 17 2017...
VALID AS OF 0500 PM LOCAL TIME.

CLIMATE NORMAL PERIOD 1981 TO 2010
CLIMATE RECORD PERIOD 1948 TO 2017


WEATHER ITEM   OBSERVED TIME   RECORD YEAR NORMAL DEPARTURE LAST
                VALUE   (LST)  VALUE       VALUE  FROM      YEAR
                                                  NORMAL
..................................................................
TEMPERATURE (F)
 TODAY
  MAXIMUM         92    359 PM 100    2000  92      0       93
  MINIMUM         71    559 AM  57    2004  71      0       73
  AVERAGE         82                        82      0       83

PRECIPITATION (IN)
  TODAY            0.00          2.93 1965   0.14  -0.14      T
  MONTH TO DATE    6.43                      2.54   3.89     3.55
  SINCE JUN 1     23.20                     13.43   9.77    17.80
  SINCE JAN 1     53.63                     39.97  13.66    48.96

SNOWFALL (IN)
  TODAY            0.0

DEGREE DAYS
 HEATING
  TODAY            0                         0      0        0
  MONTH TO DATE    0                         0      0        0
  SINCE JUN 1      0                         0      0        0
  SINCE JUL 1      0                         0      0        0

 COOLING
  TODAY           17                        17      0       18
  MONTH TO DATE  279                       289    -10      311
  SINCE JUN 1   1201                      1234    -33     1390
  SINCE JAN 1   1722                      1649     73     1854
..................................................................


WIND (MPH)
  HIGHEST WIND SPEED    12   HIGHEST WIND DIRECTION    SW (230)
  HIGHEST GUST SPEED    16   HIGHEST GUST DIRECTION    SW (240)
  AVERAGE WIND SPEED     3.2


SKY COVER
  POSSIBLE SUNSHINE  MM
  AVERAGE SKY COVER 0.1


WEATHER CONDITIONS
 THE FOLLOWING WEATHER WAS RECORDED TODAY.
  NO SIGNIFICANT WEATHER WAS OBSERVED.


RELATIVE HUMIDITY (PERCENT)
 HIGHEST   100          1200 AM
 LOWEST     56           300 PM
 AVERAGE    78

..........................................................


THE HATTIESBURG CLIMATE NORMALS FOR TOMORROW
                         NORMAL    RECORD    YEAR
 MAXIMUM TEMPERATURE (F)   92       101      2000
 MINIMUM TEMPERATURE (F)   71        58      2004


SUNRISE AND SUNSET
AUGUST 17 2017........SUNRISE   624 AM CDT   SUNSET   737 PM CDT
AUGUST 18 2017........SUNRISE   625 AM CDT   SUNSET   736 PM CDT


-  INDICATES NEGATIVE NUMBERS.
R  INDICATES RECORD WAS SET OR TIED.
MM INDICATES DATA IS MISSING.
T  INDICATES TRACE AMOUNT.




$$
