000
CDUS44 KJAN 160728
CLIHBG


CLIMATE REPORT
NATIONAL WEATHER SERVICE JACKSON MS
126 AM CST SAT DEC 16 2017


...................................

...THE HATTIESBURG CLIMATE SUMMARY FOR DECEMBER 15 2017...

CLIMATE NORMAL PERIOD 1981 TO 2010
CLIMATE RECORD PERIOD 1948 TO 2017


WEATHER ITEM   OBSERVED TIME   RECORD YEAR NORMAL DEPARTURE LAST
                VALUE   (LST)  VALUE       VALUE  FROM      YEAR
                                                  NORMAL
..................................................................
TEMPERATURE (F)
 YESTERDAY
  MAXIMUM         46    234 PM  83    1948  62    -16       54
  MINIMUM         33   1159 PM  20    1958  40     -7       35
                                      1952
  AVERAGE         40                        51    -11       45

PRECIPITATION (IN)
  YESTERDAY        0.00          1.21 2008   0.15  -0.15     0.00
  MONTH TO DATE    1.74                      2.40  -0.66     3.28
  SINCE DEC 1      1.74                      2.40  -0.66     3.28
  SINCE JAN 1     64.08                     56.66   7.42    60.13

SNOWFALL (IN)
  YESTERDAY        0.0

DEGREE DAYS
 HEATING
  YESTERDAY       25                        15     10       20
  MONTH TO DATE  253                       207     46      188
  SINCE DEC 1    253                       207     46      188
  SINCE JUL 1    558                       535     23      384

 COOLING
  YESTERDAY        0                         0      0        0
  MONTH TO DATE    0                        12    -12        5
  SINCE DEC 1      0                        12    -12        5
  SINCE JAN 1   2544                      2402    142     2815
..................................................................


WIND (MPH)
  HIGHEST WIND SPEED    12   HIGHEST WIND DIRECTION    NW (330)
  HIGHEST GUST SPEED    16   HIGHEST GUST DIRECTION     N (340)
  AVERAGE WIND SPEED     4.7


SKY COVER
  POSSIBLE SUNSHINE  MM
  AVERAGE SKY COVER 0.1


WEATHER CONDITIONS
 THE FOLLOWING WEATHER WAS RECORDED YESTERDAY.
  NO SIGNIFICANT WEATHER WAS OBSERVED.


RELATIVE HUMIDITY (PERCENT)
 HIGHEST   100          1200 AM
 LOWEST     53          1200 PM
 AVERAGE    77

..........................................................


THE HATTIESBURG CLIMATE NORMALS FOR TODAY
                         NORMAL    RECORD    YEAR
 MAXIMUM TEMPERATURE (F)   61        78      1984
 MINIMUM TEMPERATURE (F)   40        19      1989
                                             1955


SUNRISE AND SUNSET
DECEMBER 16 2017......SUNRISE   649 AM CST   SUNSET   457 PM CST
DECEMBER 17 2017......SUNRISE   650 AM CST   SUNSET   457 PM CST


-  INDICATES NEGATIVE NUMBERS.
R  INDICATES RECORD WAS SET OR TIED.
MM INDICATES DATA IS MISSING.
T  INDICATES TRACE AMOUNT.




$$
