000
CDUS44 KJAN 260634
CLIHBG


CLIMATE REPORT
NATIONAL WEATHER SERVICE JACKSON MS
127 AM CDT SAT JUL 26 2014


...................................

...THE HATTIESBURG CLIMATE SUMMARY FOR JULY 25 2014...

CLIMATE NORMAL PERIOD 1981 TO 2010
CLIMATE RECORD PERIOD 1948 TO 2014


WEATHER ITEM   OBSERVED TIME   RECORD YEAR NORMAL DEPARTURE LAST
                VALUE   (LST)  VALUE       VALUE  FROM      YEAR
                                                  NORMAL
..................................................................
TEMPERATURE (F)
 YESTERDAY
  MAXIMUM         93    433 PM 100    1962  92      1       90
                                      1952
  MINIMUM         74    544 AM  66    2009  72      2       71
                                      1951
  AVERAGE         84                        82      2       81

PRECIPITATION (IN)
  YESTERDAY        0.00          3.23 1949   0.15  -0.15     0.00
  MONTH TO DATE    2.26                      4.49  -2.23     4.80
  SINCE JUN 1      7.20                      9.99  -2.79     9.88
  SINCE JAN 1     35.68                     36.53  -0.85    47.09

SNOWFALL (IN)
  YESTERDAY        0.0

DEGREE DAYS
 HEATING
  YESTERDAY        0                         0      0        0
  MONTH TO DATE    0                         0      0        0
  SINCE JUN 1      0                         0      0        0
  SINCE JUL 1      0                         0      0        0

 COOLING
  YESTERDAY       19                        17      2       16
  MONTH TO DATE  384                       420    -36      370
  SINCE JUN 1    851                       843      8      840
  SINCE JAN 1   1227                      1258    -31     1182
..................................................................


WIND (MPH)
  HIGHEST WIND SPEED    10   HIGHEST WIND DIRECTION     N (340)
  HIGHEST GUST SPEED    23   HIGHEST GUST DIRECTION     N (350)
  AVERAGE WIND SPEED     2.8


SKY COVER
  POSSIBLE SUNSHINE  MM
  AVERAGE SKY COVER 0.2


WEATHER CONDITIONS
 THE FOLLOWING WEATHER WAS RECORDED YESTERDAY.
  FOG
  HAZE


RELATIVE HUMIDITY (PERCENT)
 HIGHEST    94           100 AM
 LOWEST     49           400 PM
 AVERAGE    72

..........................................................


THE HATTIESBURG CLIMATE NORMALS FOR TODAY
                         NORMAL    RECORD    YEAR
 MAXIMUM TEMPERATURE (F)   92        98      1998
                                             1960
 MINIMUM TEMPERATURE (F)   72        64      2000
                                             1970


SUNRISE AND SUNSET
JULY 26 2014..........SUNRISE   610 AM CDT   SUNSET   757 PM CDT
JULY 27 2014..........SUNRISE   611 AM CDT   SUNSET   756 PM CDT


-  INDICATES NEGATIVE NUMBERS.
R  INDICATES RECORD WAS SET OR TIED.
MM INDICATES DATA IS MISSING.
T  INDICATES TRACE AMOUNT.




$$
