000
CDUS44 KJAN 290838
CLIHBG


CLIMATE REPORT
NATIONAL WEATHER SERVICE JACKSON MS
337 AM CDT SUN MAY 29 2016


...................................

...THE HATTIESBURG CLIMATE SUMMARY FOR MAY 28 2016...

CLIMATE NORMAL PERIOD 1981 TO 2010
CLIMATE RECORD PERIOD 1948 TO 2016


WEATHER ITEM   OBSERVED TIME   RECORD YEAR NORMAL DEPARTURE LAST
                VALUE   (LST)  VALUE       VALUE  FROM      YEAR
                                                  NORMAL
..................................................................
TEMPERATURE (F)
 YESTERDAY
  MAXIMUM         85    318 PM  98    2012  88     -3       88
  MINIMUM         67   1159 PM  45    1961  65      2       68
  AVERAGE         76                        76      0       78

PRECIPITATION (IN)
  YESTERDAY        0.00          3.75 1976   0.16  -0.16      T
  MONTH TO DATE    2.46                      4.48  -2.02     5.90
  SINCE MAR 1     21.78                     14.91   6.87    14.98
  SINCE JAN 1     31.15                     26.04   5.11    22.81

SNOWFALL (IN)
  YESTERDAY        0.0

DEGREE DAYS
 HEATING
  YESTERDAY        0                         0      0        0
  MONTH TO DATE    4                         5     -1        1
  SINCE MAR 1    145                       305   -160      131
  SINCE JUL 1   1383                      1983   -600     1912

 COOLING
  YESTERDAY       11                        11      0       13
  MONTH TO DATE  212                       239    -27      262
  SINCE MAR 1    392                       364     28      535
  SINCE JAN 1    417                       379     38      541
..................................................................


WIND (MPH)
  HIGHEST WIND SPEED    18   HIGHEST WIND DIRECTION    SE (140)
  HIGHEST GUST SPEED    24   HIGHEST GUST DIRECTION    SE (130)
  AVERAGE WIND SPEED     5.0


SKY COVER
  POSSIBLE SUNSHINE  MM
  AVERAGE SKY COVER 0.1


WEATHER CONDITIONS
 THE FOLLOWING WEATHER WAS RECORDED YESTERDAY.
  NO SIGNIFICANT WEATHER WAS OBSERVED.


RELATIVE HUMIDITY (PERCENT)
 HIGHEST    90           100 AM
 LOWEST     51           300 PM
 AVERAGE    71

..........................................................


THE HATTIESBURG CLIMATE NORMALS FOR TODAY
                         NORMAL    RECORD    YEAR
 MAXIMUM TEMPERATURE (F)   88        98      1951
 MINIMUM TEMPERATURE (F)   65        53      1961


SUNRISE AND SUNSET
MAY 29 2016...........SUNRISE   554 AM CDT   SUNSET   755 PM CDT
MAY 30 2016...........SUNRISE   554 AM CDT   SUNSET   756 PM CDT


-  INDICATES NEGATIVE NUMBERS.
R  INDICATES RECORD WAS SET OR TIED.
MM INDICATES DATA IS MISSING.
T  INDICATES TRACE AMOUNT.




$$
