000
CDUS44 KJAN 302111
CLIHBG


CLIMATE REPORT
NATIONAL WEATHER SERVICE JACKSON MS
409 PM CDT SUN APR 30 2017


...................................

...THE HATTIESBURG CLIMATE SUMMARY FOR APRIL 30 2017...
VALID TODAY AS OF 0400 PM LOCAL TIME.

CLIMATE NORMAL PERIOD 1981 TO 2010
CLIMATE RECORD PERIOD 1948 TO 2017


WEATHER ITEM   OBSERVED TIME   RECORD YEAR NORMAL DEPARTURE LAST
                VALUE   (LST)  VALUE       VALUE  FROM      YEAR
                                                  NORMAL
..................................................................
TEMPERATURE (F)
 TODAY
  MAXIMUM         78   1008 AM  91    1970  82     -4       82
  MINIMUM         66   1039 AM  44    1965  57      9       64
  AVERAGE         72                        69      3       73

PRECIPITATION (IN)
  TODAY            3.37R         3.34 1991   0.12   3.25     0.95
  MONTH TO DATE    7.83                      4.93   2.90     6.00
  SINCE MAR 1     10.97                     10.43   0.54    19.32
  SINCE JAN 1     22.57                     21.56   1.01    28.69

SNOWFALL (IN)
  TODAY            0.0

DEGREE DAYS
 HEATING
  TODAY            0                         1     -1        0
  MONTH TO DATE   33                        83    -50       28
  SINCE MAR 1    176                       300   -124      141
  SINCE JUL 1   1143                      1978   -835     1379

 COOLING
  TODAY            7                         5      2        8
  MONTH TO DATE  139                        92     47      114
  SINCE MAR 1    227                       125    102      180
  SINCE JAN 1    296                       140    156      205
..................................................................


WIND (MPH)
  HIGHEST WIND SPEED    23   HIGHEST WIND DIRECTION    SE (150)
  HIGHEST GUST SPEED    33   HIGHEST GUST DIRECTION     W (290)
  AVERAGE WIND SPEED    14.6


SKY COVER
  POSSIBLE SUNSHINE  MM
  AVERAGE SKY COVER 0.8


WEATHER CONDITIONS
 THE FOLLOWING WEATHER WAS RECORDED TODAY.
  THUNDERSTORM
  HEAVY RAIN
  RAIN
  LIGHT RAIN
  FOG


RELATIVE HUMIDITY (PERCENT)
 HIGHEST   100          1200 PM
 LOWEST     76           200 AM
 AVERAGE    88

..........................................................


THE HATTIESBURG CLIMATE NORMALS FOR TOMORROW
                         NORMAL    RECORD    YEAR
 MAXIMUM TEMPERATURE (F)   82        91      2002
 MINIMUM TEMPERATURE (F)   57        40      1988


SUNRISE AND SUNSET
APRIL 30 2017.........SUNRISE   613 AM CDT   SUNSET   736 PM CDT
MAY  1 2017...........SUNRISE   612 AM CDT   SUNSET   737 PM CDT


-  INDICATES NEGATIVE NUMBERS.
R  INDICATES RECORD WAS SET OR TIED.
MM INDICATES DATA IS MISSING.
T  INDICATES TRACE AMOUNT.




$$
