000
CDUS44 KJAN 312123
CLIHBG


CLIMATE REPORT
NATIONAL WEATHER SERVICE JACKSON MS
422 PM CDT WED AUG 31 2016


...................................

...THE HATTIESBURG CLIMATE SUMMARY FOR AUGUST 31 2016...
VALID TODAY AS OF 0400 PM LOCAL TIME.

CLIMATE NORMAL PERIOD 1981 TO 2010
CLIMATE RECORD PERIOD 1948 TO 2016


WEATHER ITEM   OBSERVED TIME   RECORD YEAR NORMAL DEPARTURE LAST
                VALUE   (LST)  VALUE       VALUE  FROM      YEAR
                                                  NORMAL
..................................................................
TEMPERATURE (F)
 TODAY
  MAXIMUM         94    153 PM 105    1951  91      3       95
  MINIMUM         73    554 AM  59    1968  70      3       68
  AVERAGE         84                        80      4       82

PRECIPITATION (IN)
  TODAY            T             1.14 2000   0.15  -0.15     0.00
  MONTH TO DATE    5.60                      4.73   0.87     2.46
  SINCE JUN 1     19.85                     15.62   4.23    13.39
  SINCE JAN 1     51.01                     42.16   8.85    37.21

SNOWFALL (IN)
  TODAY            0.0

DEGREE DAYS
 HEATING
  TODAY            0                         0      0        0
  MONTH TO DATE    0                         0      0        0
  SINCE JUN 1      0                         0      0        0
  SINCE JUL 1      0                         0      0        0

 COOLING
  TODAY           19                        15      4       17
  MONTH TO DATE  571                       511     60      542
  SINCE JUN 1   1650                      1456    194     1640
  SINCE JAN 1   2114                      1871    243     2217
..................................................................


WIND (MPH)
  HIGHEST WIND SPEED    13   HIGHEST WIND DIRECTION     E (70)
  HIGHEST GUST SPEED    17   HIGHEST GUST DIRECTION     E (70)
  AVERAGE WIND SPEED     3.5


SKY COVER
  POSSIBLE SUNSHINE  MM
  AVERAGE SKY COVER 0.1


WEATHER CONDITIONS
 THE FOLLOWING WEATHER WAS RECORDED TODAY.
  LIGHT RAIN


RELATIVE HUMIDITY (PERCENT)
 HIGHEST    94          1200 AM
 LOWEST     46           200 PM
 AVERAGE    70

..........................................................


THE HATTIESBURG CLIMATE NORMALS FOR TOMORROW
                         NORMAL    RECORD    YEAR
 MAXIMUM TEMPERATURE (F)   91        98      2000
 MINIMUM TEMPERATURE (F)   70        56      1954


SUNRISE AND SUNSET
AUGUST 31 2016........SUNRISE   633 AM CDT   SUNSET   721 PM CDT
SEPTEMBER  1 2016.....SUNRISE   633 AM CDT   SUNSET   720 PM CDT


-  INDICATES NEGATIVE NUMBERS.
R  INDICATES RECORD WAS SET OR TIED.
MM INDICATES DATA IS MISSING.
T  INDICATES TRACE AMOUNT.




$$
