000
CDUS41 KLWX 300527
CLIHGR


CLIMATE REPORT
NATIONAL WEATHER SERVICE BALTIMORE MD/WASHINGTON DC
125 AM EDT SAT APR 30 2016


...................................

...THE HAGERSTOWN MD CLIMATE SUMMARY FOR APRIL 29 2016...

CLIMATE NORMAL PERIOD 1981 TO 2010
CLIMATE RECORD PERIOD 9999 TO 9999


WEATHER ITEM   OBSERVED TIME   RECORD YEAR NORMAL DEPARTURE LAST
                VALUE   (LST)  VALUE       VALUE  FROM      YEAR
                                                  NORMAL
..................................................................
TEMPERATURE (F)
 YESTERDAY
  MAXIMUM         53    543 PM  MM      MM  68    -15       74
  MINIMUM         45    315 AM  MM      MM  47     -2       42
  AVERAGE         49                        57     -8       58

PRECIPITATION (IN)
  YESTERDAY        0.03         MM      MM   0.10  -0.07     0.00
  MONTH TO DATE    1.86                      3.45  -1.59     2.89
  SINCE MAR 1      3.48                      6.83  -3.35     5.19
  SINCE JAN 1      8.85                     12.06  -3.21     7.47

DEGREE DAYS
 HEATING
  YESTERDAY       16                         9      7        7
  MONTH TO DATE  344                       373    -29      287
  SINCE MAR 1    796                      1102   -306     1068
  SINCE JUL 1   4033                      5005   -972     5074

 COOLING
  YESTERDAY        0                         1     -1        0
  MONTH TO DATE   12                        11      1        2
  SINCE MAR 1     16                        12      4        2
  SINCE JAN 1     16                        12      4        2
..................................................................


WIND (MPH)
  HIGHEST WIND SPEED     8   HIGHEST WIND DIRECTION     E (80)
  HIGHEST GUST SPEED    11   HIGHEST GUST DIRECTION     E (100)
  AVERAGE WIND SPEED     4.2


SKY COVER
  POSSIBLE SUNSHINE  MM
  AVERAGE SKY COVER 1.0


WEATHER CONDITIONS
 THE FOLLOWING WEATHER WAS RECORDED YESTERDAY.
  LIGHT RAIN
  FOG


RELATIVE HUMIDITY (PERCENT)
 HIGHEST    93          1200 AM
 LOWEST     77           200 PM
 AVERAGE    85

..........................................................


THE HAGERSTOWN MD CLIMATE NORMALS FOR TODAY
                         NORMAL    RECORD    YEAR
 MAXIMUM TEMPERATURE (F)   68        MM        MM
 MINIMUM TEMPERATURE (F)   47        MM        MM


SUNRISE AND SUNSET
APRIL 30 2016.........SUNRISE   612 AM EDT   SUNSET   804 PM EDT
MAY  1 2016...........SUNRISE   611 AM EDT   SUNSET   805 PM EDT


-  INDICATES NEGATIVE NUMBERS.
R  INDICATES RECORD WAS SET OR TIED.
MM INDICATES DATA IS MISSING.
T  INDICATES TRACE AMOUNT.




$$
