000
CDUS41 KLWX 292128
CLIHGR


CLIMATE REPORT
NATIONAL WEATHER SERVICE BALTIMORE MD/WASHINGTON DC
528 PM EDT FRI JUL 29 2016


...................................

...THE HAGERSTOWN MD CLIMATE SUMMARY FOR JULY 29 2016...
VALID TODAY AS OF 0500 PM LOCAL TIME.

CLIMATE NORMAL PERIOD 1981 TO 2010
CLIMATE RECORD PERIOD 9999 TO 9999


WEATHER ITEM   OBSERVED TIME   RECORD YEAR NORMAL DEPARTURE LAST
                VALUE   (LST)  VALUE       VALUE  FROM      YEAR
                                                  NORMAL
..................................................................
TEMPERATURE (F)
 TODAY
  MAXIMUM         90    257 PM  MM      MM  85      5       90
  MINIMUM         70    552 AM  MM      MM  65      5       71
  AVERAGE         80                        75      5       81

PRECIPITATION (IN)
  TODAY            0.16         MM      MM   0.12   0.04     0.00
  MONTH TO DATE    1.66                      3.17  -1.51     1.18
  SINCE JUN 1      5.06                      7.05  -1.99     7.04
  SINCE JAN 1     18.10                     23.25  -5.15    17.23

DEGREE DAYS
 HEATING
  TODAY            0                         0      0        0
  MONTH TO DATE    0                         0      0        0
  SINCE JUN 1      3                        18    -15       14
  SINCE JUL 1      0                         0      0        0

 COOLING
  TODAY           15                        10      5       16
  MONTH TO DATE  424                       302    122      334
  SINCE JUN 1    685                       511    174      592
  SINCE JAN 1    789                       587    202      793
..................................................................


WIND (MPH)
  HIGHEST WIND SPEED    12   HIGHEST WIND DIRECTION    NW (320)
  HIGHEST GUST SPEED    15   HIGHEST GUST DIRECTION    NW (330)
  AVERAGE WIND SPEED     6.3


SKY COVER
  POSSIBLE SUNSHINE  MM
  AVERAGE SKY COVER 0.5


WEATHER CONDITIONS
 THE FOLLOWING WEATHER WAS RECORDED TODAY.
  RAIN
  LIGHT RAIN
  FOG


RELATIVE HUMIDITY (PERCENT)
 HIGHEST    97           500 AM
 LOWEST     47           300 PM
 AVERAGE    72

..........................................................


THE HAGERSTOWN MD CLIMATE NORMALS FOR TOMORROW
                         NORMAL    RECORD    YEAR
 MAXIMUM TEMPERATURE (F)   85        MM        MM
 MINIMUM TEMPERATURE (F)   65        MM        MM


SUNRISE AND SUNSET
JULY 29 2016..........SUNRISE   608 AM EDT   SUNSET   826 PM EDT
JULY 30 2016..........SUNRISE   609 AM EDT   SUNSET   825 PM EDT


-  INDICATES NEGATIVE NUMBERS.
R  INDICATES RECORD WAS SET OR TIED.
MM INDICATES DATA IS MISSING.
T  INDICATES TRACE AMOUNT.




$$
