000
CDUS41 KLWX 180526
CLIHGR


CLIMATE REPORT
NATIONAL WEATHER SERVICE BALTIMORE MD/WASHINGTON DC
1226 AM EST THU JAN 18 2018


...................................

...THE HAGERSTOWN MD CLIMATE SUMMARY FOR JANUARY 17 2018...

CLIMATE NORMAL PERIOD 1981 TO 2010
CLIMATE RECORD PERIOD 1998 TO 2018


WEATHER ITEM   OBSERVED TIME   RECORD YEAR NORMAL DEPARTURE LAST
                VALUE   (LST)  VALUE       VALUE  FROM      YEAR
                                                  NORMAL
..................................................................
TEMPERATURE (F)
 YESTERDAY
  MAXIMUM         29    130 AM  MM      MM  38     -9       41
  MINIMUM         13   1159 PM  MM      MM  23    -10       34
  AVERAGE         21                        31    -10       38

PRECIPITATION (IN)
  YESTERDAY        0.01         MM      MM   0.08  -0.07     0.16
  MONTH TO DATE    1.44                      1.52  -0.08     1.82
  SINCE DEC 1      2.25                      4.41  -2.16     3.60
  SINCE JAN 1      1.44                      1.52  -0.08     1.82

DEGREE DAYS
 HEATING
  YESTERDAY       44                        34     10       27
  MONTH TO DATE  679                       583     96      520
  SINCE DEC 1   1605                      1542     63     1384
  SINCE JUL 1   2386                      2547   -161     2092

 COOLING
  YESTERDAY        0                         0      0        0
  MONTH TO DATE    0                         0      0        0
  SINCE DEC 1      0                         0      0        0
  SINCE JAN 1      0                         0      0        0
..................................................................


WIND (MPH)
  HIGHEST WIND SPEED    18   HIGHEST WIND DIRECTION    NW (310)
  HIGHEST GUST SPEED    23   HIGHEST GUST DIRECTION    NW (310)
  AVERAGE WIND SPEED    10.5


SKY COVER
  POSSIBLE SUNSHINE  MM
  AVERAGE SKY COVER 0.4


WEATHER CONDITIONS
 THE FOLLOWING WEATHER WAS RECORDED YESTERDAY.
  LIGHT SNOW
  FOG
  HAZE


RELATIVE HUMIDITY (PERCENT)
 HIGHEST    92          1200 AM
 LOWEST     52           300 PM
 AVERAGE    72

..........................................................


THE HAGERSTOWN MD CLIMATE NORMALS FOR TODAY
                         NORMAL    RECORD    YEAR
 MAXIMUM TEMPERATURE (F)   38        MM        MM
 MINIMUM TEMPERATURE (F)   23        MM        MM


SUNRISE AND SUNSET
JANUARY 18 2018.......SUNRISE   729 AM EST   SUNSET   514 PM EST
JANUARY 19 2018.......SUNRISE   728 AM EST   SUNSET   515 PM EST


-  INDICATES NEGATIVE NUMBERS.
R  INDICATES RECORD WAS SET OR TIED.
MM INDICATES DATA IS MISSING.
T  INDICATES TRACE AMOUNT.




$$
