000
CDUS41 KLWX 280525
CLIHGR


CLIMATE REPORT
NATIONAL WEATHER SERVICE BALTIMORE MD/WASHINGTON DC
123 AM EDT FRI JUL 28 2017


...................................

...THE HAGERSTOWN MD CLIMATE SUMMARY FOR JULY 27 2017...

CLIMATE NORMAL PERIOD 1981 TO 2010
CLIMATE RECORD PERIOD 1998 TO 2017


WEATHER ITEM   OBSERVED TIME   RECORD YEAR NORMAL DEPARTURE LAST
                VALUE   (LST)  VALUE       VALUE  FROM      YEAR
                                                  NORMAL
..................................................................
TEMPERATURE (F)
 YESTERDAY
  MAXIMUM         87    452 PM  MM      MM  85      2       94
  MINIMUM         71    618 AM  MM      MM  65      6       75
  AVERAGE         79                        75      4       85

PRECIPITATION (IN)
  YESTERDAY        0.00         MM      MM   0.11  -0.11      T
  MONTH TO DATE    3.96                      2.93   1.03     0.88
  SINCE JUN 1      6.70                      6.81  -0.11     4.28
  SINCE JAN 1     21.32                     23.01  -1.69    17.32

DEGREE DAYS
 HEATING
  YESTERDAY        0                         0      0        0
  MONTH TO DATE    0                         0      0        0
  SINCE JUN 1      7                        18    -11        3
  SINCE JUL 1      0                         0      0        0

 COOLING
  YESTERDAY       14                        10      4       20
  MONTH TO DATE  382                       282    100      393
  SINCE JUN 1    671                       491    180      654
  SINCE JAN 1    806                       567    239      758
..................................................................


WIND (MPH)
  HIGHEST WIND SPEED    12   HIGHEST WIND DIRECTION     S (170)
  HIGHEST GUST SPEED    15   HIGHEST GUST DIRECTION     S (180)
  AVERAGE WIND SPEED     5.3


SKY COVER
  POSSIBLE SUNSHINE  MM
  AVERAGE SKY COVER 0.3


WEATHER CONDITIONS
 THE FOLLOWING WEATHER WAS RECORDED YESTERDAY.
  NO SIGNIFICANT WEATHER WAS OBSERVED.


RELATIVE HUMIDITY (PERCENT)
 HIGHEST    84           300 AM
 LOWEST     51           500 PM
 AVERAGE    68

..........................................................


THE HAGERSTOWN MD CLIMATE NORMALS FOR TODAY
                         NORMAL    RECORD    YEAR
 MAXIMUM TEMPERATURE (F)   85        MM        MM
 MINIMUM TEMPERATURE (F)   65        MM        MM


SUNRISE AND SUNSET
JULY 28 2017..........SUNRISE   607 AM EDT   SUNSET   828 PM EDT
JULY 29 2017..........SUNRISE   607 AM EDT   SUNSET   827 PM EDT


-  INDICATES NEGATIVE NUMBERS.
R  INDICATES RECORD WAS SET OR TIED.
MM INDICATES DATA IS MISSING.
T  INDICATES TRACE AMOUNT.




$$
