000
CDUS41 KLWX 280532
CLIHGR


CLIMATE REPORT
NATIONAL WEATHER SERVICE BALTIMORE MD/WASHINGTON DC
131 AM EDT SUN MAY 28 2017


...................................

...THE HAGERSTOWN MD CLIMATE SUMMARY FOR MAY 27 2017...

CLIMATE NORMAL PERIOD 1981 TO 2010
CLIMATE RECORD PERIOD 9999 TO 9999


WEATHER ITEM   OBSERVED TIME   RECORD YEAR NORMAL DEPARTURE LAST
                VALUE   (LST)  VALUE       VALUE  FROM      YEAR
                                                  NORMAL
..................................................................
TEMPERATURE (F)
 YESTERDAY
  MAXIMUM         68    524 PM  MM      MM  75     -7       90
  MINIMUM         55    521 AM  MM      MM  55      0       69
  AVERAGE         62                        65     -3       80

PRECIPITATION (IN)
  YESTERDAY        0.34         MM      MM   0.15   0.19     0.40
  MONTH TO DATE    4.85                      3.46   1.39     4.05
  SINCE MAR 1     10.05                     10.40  -0.35     7.59
  SINCE JAN 1     14.15                     15.63  -1.48    12.96

DEGREE DAYS
 HEATING
  YESTERDAY        3                         3      0        0
  MONTH TO DATE  129                       144    -15      154
  SINCE MAR 1   1006                      1255   -249      962
  SINCE JUL 1   4013                      5158  -1145     4199

 COOLING
  YESTERDAY        0                         3     -3       15
  MONTH TO DATE   57                        45     12       43
  SINCE MAR 1    115                        60     55       59
  SINCE JAN 1    116                        60     56       59
..................................................................


WIND (MPH)
  HIGHEST WIND SPEED     8   HIGHEST WIND DIRECTION     E (80)
  HIGHEST GUST SPEED     8   HIGHEST GUST DIRECTION     E (80)
  AVERAGE WIND SPEED     2.1


SKY COVER
  POSSIBLE SUNSHINE  MM
  AVERAGE SKY COVER 0.7


WEATHER CONDITIONS
 THE FOLLOWING WEATHER WAS RECORDED YESTERDAY.
  HEAVY RAIN
  RAIN
  LIGHT RAIN
  FOG
  FOG W/VISIBILITY <= 1/4 MILE


RELATIVE HUMIDITY (PERCENT)
 HIGHEST   100          1000 PM
 LOWEST     72          1200 AM
 AVERAGE    86

..........................................................


THE HAGERSTOWN MD CLIMATE NORMALS FOR TODAY
                         NORMAL    RECORD    YEAR
 MAXIMUM TEMPERATURE (F)   76        MM        MM
 MINIMUM TEMPERATURE (F)   56        MM        MM


SUNRISE AND SUNSET
MAY 28 2017...........SUNRISE   547 AM EDT   SUNSET   830 PM EDT
MAY 29 2017...........SUNRISE   546 AM EDT   SUNSET   831 PM EDT


-  INDICATES NEGATIVE NUMBERS.
R  INDICATES RECORD WAS SET OR TIED.
MM INDICATES DATA IS MISSING.
T  INDICATES TRACE AMOUNT.




$$
