000
CDUS46 KPQR 041144
CLIHIO


CLIMATE REPORT
NATIONAL WEATHER SERVICE PORTLAND OREGON
443 AM PDT TUE AUG 4 2015


...................................

...THE HILLSBORO OR CLIMATE SUMMARY FOR AUGUST 3 2015...

CLIMATE NORMAL PERIOD 1981 TO 2010
CLIMATE RECORD PERIOD 1929 TO 2015


WEATHER ITEM   OBSERVED TIME   RECORD YEAR NORMAL DEPARTURE LAST
                VALUE   (LST)  VALUE       VALUE  FROM      YEAR
                                                  NORMAL
..................................................................
TEMPERATURE (F)
 YESTERDAY
  MAXIMUM         83    142 PM 104    1952  83      0       93
  MINIMUM         60    529 AM  41    2008  51      9       55
  AVERAGE         72                        67      5       74

PRECIPITATION (IN)
  YESTERDAY        0.00          0.66 1962   0.01  -0.01
  MONTH TO DATE    T                         0.03  -0.03
  SINCE OCT 1     29.80                     37.86  -8.06
  SINCE JAN 1     14.97                     21.47  -6.50

SNOWFALL (IN)
  YESTERDAY        0.0
  MONTH TO DATE    0.0
  SINCE JUN 1      0.0
  SINCE JUL 1      0.0
  SNOW DEPTH       0

DEGREE DAYS
 HEATING
  YESTERDAY        0                         1     -1
  MONTH TO DATE    0                         3     -3
  SINCE JUL 1     12                        59    -47

 COOLING
  YESTERDAY        7                         3      4
  MONTH TO DATE   23                         9     14
  SINCE JAN 1    364                       110    254
..................................................................


WIND (MPH)
  HIGHEST WIND SPEED    17   HIGHEST WIND DIRECTION    NW (310)
  HIGHEST GUST SPEED    22   HIGHEST GUST DIRECTION    NW (320)
  AVERAGE WIND SPEED     5.2


SKY COVER
  POSSIBLE SUNSHINE  MM
  AVERAGE SKY COVER 0.0


WEATHER CONDITIONS
 THE FOLLOWING WEATHER WAS RECORDED YESTERDAY.
  NO SIGNIFICANT WEATHER WAS OBSERVED.


RELATIVE HUMIDITY (PERCENT)
 HIGHEST    84           400 AM
 LOWEST     33          1100 AM
 AVERAGE    59

..........................................................


THE HILLSBORO OR CLIMATE NORMALS FOR TODAY
                         NORMAL    RECORD    YEAR
 MAXIMUM TEMPERATURE (F)   83       103      1952
 MINIMUM TEMPERATURE (F)   51        40      1950


SUNRISE AND SUNSET
AUGUST  4 2015........SUNRISE   559 AM PDT   SUNSET   836 PM PDT
AUGUST  5 2015........SUNRISE   600 AM PDT   SUNSET   835 PM PDT


-  INDICATES NEGATIVE NUMBERS.
R  INDICATES RECORD WAS SET OR TIED.
MM INDICATES DATA IS MISSING.
T  INDICATES TRACE AMOUNT.




$$
