440
CDUS46 KPQR 201141
CLIHIO


CLIMATE REPORT
NATIONAL WEATHER SERVICE PORTLAND OREGON
441 AM PDT FRI OCT 20 2017


...................................

...THE HILLSBORO OR CLIMATE SUMMARY FOR OCTOBER 19 2017...

CLIMATE NORMAL PERIOD 1981 TO 2010
CLIMATE RECORD PERIOD 1929 TO 2017


WEATHER ITEM   OBSERVED TIME   RECORD YEAR NORMAL DEPARTURE LAST
                VALUE   (LST)  VALUE       VALUE  FROM      YEAR
                                                  NORMAL
..................................................................
TEMPERATURE (F)
 YESTERDAY
  MAXIMUM         58   1206 AM  78    1940  61     -3       55
  MINIMUM         49   1159 PM  26    1949  40      9       44
  AVERAGE         54                        50      4       50

PRECIPITATION (IN)
  YESTERDAY        0.88          1.13 1979   0.13   0.75
  MONTH TO DATE    1.47                      1.64  -0.17
  SINCE OCT 1      1.47                      1.64  -0.17
  SINCE JAN 1     30.55                     25.15   5.40

SNOWFALL (IN)
  YESTERDAY       MM
  MONTH TO DATE    0.0
  SINCE SEP 1      0.0
  SINCE JUL 1      0.0
  SNOW DEPTH       0

DEGREE DAYS
 HEATING
  YESTERDAY       11                        15     -4
  MONTH TO DATE  256                       226     30
  SINCE JUL 1    376                       488   -112

 COOLING
  YESTERDAY        0                         0      0
  MONTH TO DATE    0                         0      0
  SINCE JAN 1    496                       197    299
..................................................................


WIND (MPH)
  HIGHEST WIND SPEED    16   HIGHEST WIND DIRECTION     S (200)
  HIGHEST GUST SPEED    22   HIGHEST GUST DIRECTION     S (180)
  AVERAGE WIND SPEED     9.8


SKY COVER
  POSSIBLE SUNSHINE  MM
  AVERAGE SKY COVER 1.0


WEATHER CONDITIONS
 THE FOLLOWING WEATHER WAS RECORDED YESTERDAY.
  LIGHT RAIN
  FOG


RELATIVE HUMIDITY (PERCENT)
 HIGHEST    96           500 PM
 LOWEST     80          1200 AM
 AVERAGE    88

..........................................................


THE HILLSBORO OR CLIMATE NORMALS FOR TODAY
                         NORMAL    RECORD    YEAR
 MAXIMUM TEMPERATURE (F)   61        75      2003
 MINIMUM TEMPERATURE (F)   40        24      1949


SUNRISE AND SUNSET
OCTOBER 20 2017.......SUNRISE   735 AM PDT   SUNSET   617 PM PDT
OCTOBER 21 2017.......SUNRISE   737 AM PDT   SUNSET   615 PM PDT


-  INDICATES NEGATIVE NUMBERS.
R  INDICATES RECORD WAS SET OR TIED.
MM INDICATES DATA IS MISSING.
T  INDICATES TRACE AMOUNT.




$$
