000
CDUS46 KHNX 310024
CLIHJO


CLIMATE REPORT
NATIONAL WEATHER SERVICE SAN JOAQUIN VALLEY, CA
522 PM PDT THU MAR 30 2017


...................................

...THE HANFORD CA CLIMATE SUMMARY FOR MARCH 30 2017...
VALID AS OF 0400 PM LOCAL TIME.

CLIMATE NORMAL PERIOD 1981 TO 2010
CLIMATE RECORD PERIOD 1998 TO 2017


WEATHER ITEM   OBSERVED TIME   RECORD YEAR NORMAL DEPARTURE LAST
                VALUE   (LST)  VALUE       VALUE  FROM      YEAR
                                                  NORMAL
..................................................................
TEMPERATURE (F)
 TODAY
  MAXIMUM         68    204 PM  91    2015  71     -3       70
  MINIMUM         49    439 AM  39    2016  44      5       39
                                      1998
  AVERAGE         59                        57      2       55

PRECIPITATION (IN)
  TODAY            0.00          0.11 2014   0.04  -0.04     0.00
  MONTH TO DATE    0.52                      1.59  -1.07     2.00
  SINCE OCT 1      9.62                      8.49   1.13     7.48
  SINCE JAN 1      6.75                      5.36   1.39     4.88

SNOWFALL (IN)
  TODAY            0.0
  MONTH TO DATE    0.0
  SINCE MAR 1      0.0
  SINCE JUL 1      0.0
  SNOW DEPTH       0

DEGREE DAYS
 HEATING
  TODAY            6                                        10
  MONTH TO DATE  235                                       215
  SINCE MAR 1    235                                       215
  SINCE JUL 1   1962                                      2105

 COOLING
  TODAY            0                                         0
  MONTH TO DATE    8                                         1
  SINCE MAR 1      8                                         1
  SINCE JAN 1      8                                         1
..................................................................


WIND (MPH)
  HIGHEST WIND SPEED    31   HIGHEST WIND DIRECTION    NW (330)
  HIGHEST GUST SPEED    41   HIGHEST GUST DIRECTION    NW (320)
  AVERAGE WIND SPEED    10.9




RELATIVE HUMIDITY (PERCENT)
 HIGHEST   100
 LOWEST     32
 AVERAGE    66

..........................................................


THE HANFORD CA CLIMATE NORMALS FOR TOMORROW
                         NORMAL    RECORD    YEAR
 MAXIMUM TEMPERATURE (F)   71        87      2002
 MINIMUM TEMPERATURE (F)   44        36      2009


SUNRISE AND SUNSET
MARCH 30 2017.........SUNRISE   647 AM PDT   SUNSET   719 PM PDT
MARCH 31 2017.........SUNRISE   646 AM PDT   SUNSET   720 PM PDT


-  INDICATES NEGATIVE NUMBERS.
R  INDICATES RECORD WAS SET OR TIED.
MM INDICATES DATA IS MISSING.
T  INDICATES TRACE AMOUNT.




$$
