000
CDUS46 KHNX 300947
CLIHJO


CLIMATE REPORT
NATIONAL WEATHER SERVICE SAN JOAQUIN VALLEY, CA
146 AM PST FRI JAN 30 2015


...................................

...THE HANFORD CA CLIMATE SUMMARY FOR JANUARY 29 2015...

CLIMATE NORMAL PERIOD 1981 TO 2010
CLIMATE RECORD PERIOD 1998 TO 2015


WEATHER ITEM   OBSERVED TIME   RECORD YEAR NORMAL DEPARTURE
                VALUE   (LST)  VALUE       VALUE  FROM
                                                  NORMAL
...............................................................
TEMPERATURE (F)
 YESTERDAY
  MAXIMUM         63    435 PM  72    2014  57      6
  MINIMUM         44   1157 PM  29    2013  37      7
                                      2009
                                      2008
  AVERAGE         54                        47      7

PRECIPITATION (IN)
  YESTERDAY        0.00          0.01 2002   0.04  -0.04
  MONTH TO DATE    0.04                      1.96  -1.92
  SINCE OCT 1      3.16                      5.09  -1.93
  SINCE JAN 1      0.04                      1.96  -1.92

SNOWFALL (IN)
  YESTERDAY        0.0
  MONTH TO DATE    0.0
  SINCE DEC 1      0.0
  SINCE JUL 1      0.0
  SNOW DEPTH       0

DEGREE DAYS
 HEATING
  YESTERDAY       11
  MONTH TO DATE  507
  SINCE DEC 1    944
  SINCE JUL 1   1255

 COOLING
  YESTERDAY        0
  MONTH TO DATE    0
  SINCE DEC 1      0
  SINCE JAN 1      0
...............................................................


WIND (MPH)
  HIGHEST WIND SPEED     8   HIGHEST WIND DIRECTION    NW (310)
  HIGHEST GUST SPEED    12   HIGHEST GUST DIRECTION    NW (310)
  AVERAGE WIND SPEED     1.9




RELATIVE HUMIDITY (PERCENT)
 HIGHEST   100
 LOWEST     64
 AVERAGE    82

..........................................................


THE HANFORD CA CLIMATE NORMALS FOR TODAY
                         NORMAL    RECORD    YEAR
 MAXIMUM TEMPERATURE (F)   57        64      2009
 MINIMUM TEMPERATURE (F)   37        29      2013


SUNRISE AND SUNSET
JANUARY 30 2015.......SUNRISE   701 AM PST   SUNSET   523 PM PST
JANUARY 31 2015.......SUNRISE   701 AM PST   SUNSET   524 PM PST


-  INDICATES NEGATIVE NUMBERS.
R  INDICATES RECORD WAS SET OR TIED.
MM INDICATES DATA IS MISSING.
T  INDICATES TRACE AMOUNT.




$$
