000
CDUS46 KHNX 260023
CLIHJO


CLIMATE REPORT
NATIONAL WEATHER SERVICE SAN JOAQUIN VALLEY, CA
422 PM PST SAT FEB 25 2017


...................................

...THE HANFORD CA CLIMATE SUMMARY FOR FEBRUARY 25 2017...
VALID AS OF 0400 PM LOCAL TIME.

CLIMATE NORMAL PERIOD 1981 TO 2010
CLIMATE RECORD PERIOD 1998 TO 2017


WEATHER ITEM   OBSERVED TIME   RECORD YEAR NORMAL DEPARTURE LAST
                VALUE   (LST)  VALUE       VALUE  FROM      YEAR
                                                  NORMAL
..................................................................
TEMPERATURE (F)
 TODAY
  MAXIMUM         56    328 PM  79    2014  64     -8       76
  MINIMUM         31    632 AM  30    2013  41    -10       39
  AVERAGE         44                        53     -9       58

PRECIPITATION (IN)
  TODAY            0.00          0.46 2004   0.08  -0.08     0.00
  MONTH TO DATE    2.86                      1.55   1.31     0.01
  SINCE OCT 1      9.10                      6.72   2.38     5.48
  SINCE JAN 1      6.23                      3.59   2.64     2.88

SNOWFALL (IN)
  TODAY            0.0
  MONTH TO DATE    0.0
  SINCE DEC 1      0.0
  SINCE JUL 1      0.0
  SNOW DEPTH       0

DEGREE DAYS
 HEATING
  TODAY           21                                         7
  MONTH TO DATE  269                                       302
  SINCE DEC 1   1367                                      1414
  SINCE JUL 1   1673                                      1864

 COOLING
  TODAY            0                                         0
  MONTH TO DATE    0                                         0
  SINCE DEC 1      0                                         0
  SINCE JAN 1      0                                         0
..................................................................


WIND (MPH)
  HIGHEST WIND SPEED     7   HIGHEST WIND DIRECTION     W (290)
  HIGHEST GUST SPEED    10   HIGHEST GUST DIRECTION     W (290)
  AVERAGE WIND SPEED     2.2




RELATIVE HUMIDITY (PERCENT)
 HIGHEST   100
 LOWEST     50
 AVERAGE    75

..........................................................


THE HANFORD CA CLIMATE NORMALS FOR TOMORROW
                         NORMAL    RECORD    YEAR
 MAXIMUM TEMPERATURE (F)   65        75      2016
 MINIMUM TEMPERATURE (F)   41        31      2013


SUNRISE AND SUNSET
FEBRUARY 25 2017......SUNRISE   634 AM PST   SUNSET   550 PM PST
FEBRUARY 26 2017......SUNRISE   632 AM PST   SUNSET   551 PM PST


-  INDICATES NEGATIVE NUMBERS.
R  INDICATES RECORD WAS SET OR TIED.
MM INDICATES DATA IS MISSING.
T  INDICATES TRACE AMOUNT.




$$
