000
CDUS46 KHNX 010827
CLIHJO


CLIMATE REPORT
NATIONAL WEATHER SERVICE SAN JOAQUIN VALLEY, CA
125 AM PDT SUN MAY 1 2016


...................................

...THE HANFORD CA CLIMATE SUMMARY FOR APRIL 30 2016...

CLIMATE NORMAL PERIOD 1981 TO 2010
CLIMATE RECORD PERIOD 1998 TO 2016


WEATHER ITEM   OBSERVED TIME   RECORD YEAR NORMAL DEPARTURE
                VALUE   (LST)  VALUE       VALUE  FROM
                                                  NORMAL
...............................................................
TEMPERATURE (F)
 YESTERDAY
  MAXIMUM         77    423 PM  96    2015  80     -3
  MINIMUM         52    518 AM  37    2010  50      2
  AVERAGE         65                        65      0

PRECIPITATION (IN)
  YESTERDAY        0.00          0.00   MM   0.02  -0.02
  MONTH TO DATE    0.57                      0.79  -0.22
  SINCE OCT 1      8.05                      9.32  -1.27
  SINCE JAN 1      5.45                      6.19  -0.74

SNOWFALL (IN)
  YESTERDAY        0.0
  MONTH TO DATE    0.0
  SINCE MAR 1      0.0
  SINCE JUL 1      0.0
  SNOW DEPTH       0

DEGREE DAYS
 HEATING
  YESTERDAY        0
  MONTH TO DATE   45
  SINCE MAR 1    266
  SINCE JUL 1   2156

 COOLING
  YESTERDAY        0
  MONTH TO DATE   40
  SINCE MAR 1     41
  SINCE JAN 1     41
...............................................................


WIND (MPH)
  HIGHEST WIND SPEED    20   HIGHEST WIND DIRECTION    NW (310)
  HIGHEST GUST SPEED    25   HIGHEST GUST DIRECTION    NW (310)
  AVERAGE WIND SPEED     6.3




RELATIVE HUMIDITY (PERCENT)
 HIGHEST    72
 LOWEST     29
 AVERAGE    51

..........................................................


THE HANFORD CA CLIMATE NORMALS FOR TODAY
                         NORMAL    RECORD    YEAR
 MAXIMUM TEMPERATURE (F)   80        98      2015
 MINIMUM TEMPERATURE (F)   50        40      2011
                                             2010


SUNRISE AND SUNSET
MAY  1 2016...........SUNRISE   605 AM PDT   SUNSET   747 PM PDT
MAY  2 2016...........SUNRISE   604 AM PDT   SUNSET   748 PM PDT


-  INDICATES NEGATIVE NUMBERS.
R  INDICATES RECORD WAS SET OR TIED.
MM INDICATES DATA IS MISSING.
T  INDICATES TRACE AMOUNT.




$$
