000
CDUS46 KHNX 260824
CLIHJO


CLIMATE REPORT
NATIONAL WEATHER SERVICE SAN JOAQUIN VALLEY, CA
124 AM PDT WED JUL 26 2017


...................................

...THE HANFORD CA CLIMATE SUMMARY FOR JULY 25 2017...

CLIMATE NORMAL PERIOD 1981 TO 2010
CLIMATE RECORD PERIOD 1998 TO 2017


WEATHER ITEM   OBSERVED TIME   RECORD YEAR NORMAL DEPARTURE
                VALUE   (LST)  VALUE       VALUE  FROM
                                                  NORMAL
...............................................................
TEMPERATURE (F)
 YESTERDAY
  MAXIMUM         99        MM 111    2006  96      3
  MINIMUM         67        MM  56    1999  63      4
  AVERAGE         83                        80      3

PRECIPITATION (IN)
  YESTERDAY        0.00          0.00   MM   0.00   0.00
  MONTH TO DATE    0.00                      0.02  -0.02
  SINCE OCT 1     11.05                      9.91   1.14
  SINCE JAN 1      8.18                      6.78   1.40

SNOWFALL (IN)
  YESTERDAY        0.0
  MONTH TO DATE    0.0
  SINCE JUN 1      0.0
  SINCE JUL 1      0.0
  SNOW DEPTH       0

DEGREE DAYS
 HEATING
  YESTERDAY        0
  MONTH TO DATE    0
  SINCE JUN 1      5
  SINCE JUL 1      0

 COOLING
  YESTERDAY       18
  MONTH TO DATE  470
  SINCE JUN 1    908
  SINCE JAN 1   1116
...............................................................


WIND (MPH)
  HIGHEST WIND SPEED    14   HIGHEST WIND DIRECTION    NW (310)
  HIGHEST GUST SPEED    MM   HIGHEST GUST DIRECTION    MM
  AVERAGE WIND SPEED     5.6




RELATIVE HUMIDITY (PERCENT)
 HIGHEST    68
 LOWEST     17
 AVERAGE    43

..........................................................


THE HANFORD CA CLIMATE NORMALS FOR TODAY
                         NORMAL    RECORD    YEAR
 MAXIMUM TEMPERATURE (F)   96       109      2006
 MINIMUM TEMPERATURE (F)   63        61      2005


SUNRISE AND SUNSET
JULY 26 2017..........SUNRISE   601 AM PDT   SUNSET   809 PM PDT
JULY 27 2017..........SUNRISE   602 AM PDT   SUNSET   808 PM PDT


-  INDICATES NEGATIVE NUMBERS.
R  INDICATES RECORD WAS SET OR TIED.
MM INDICATES DATA IS MISSING.
T  INDICATES TRACE AMOUNT.




$$
