000
CDUS46 KHNX 280821
CLIHJO


CLIMATE REPORT
NATIONAL WEATHER SERVICE SAN JOAQUIN VALLEY, CA
120 AM PDT THU MAY 28 2015


...................................

...THE HANFORD CA CLIMATE SUMMARY FOR MAY 27 2015...

CLIMATE NORMAL PERIOD 1981 TO 2010
CLIMATE RECORD PERIOD 1998 TO 2015


WEATHER ITEM   OBSERVED TIME   RECORD YEAR NORMAL DEPARTURE
                VALUE   (LST)  VALUE       VALUE  FROM
                                                  NORMAL
...............................................................
TEMPERATURE (F)
 YESTERDAY
  MAXIMUM         90    349 PM  98    2009  87      3
  MINIMUM         57    540 AM  46    1998  56      1
  AVERAGE         74                        71      3

PRECIPITATION (IN)
  YESTERDAY        0.00          0.04 2010   0.01  -0.01
  MONTH TO DATE    0.07                      0.38  -0.31
  SINCE OCT 1      5.04                      9.70  -4.66
  SINCE JAN 1      1.92                      6.57  -4.65

SNOWFALL (IN)
  YESTERDAY        0.0
  MONTH TO DATE    0.0
  SINCE MAR 1      0.0
  SINCE JUL 1      0.0
  SNOW DEPTH       0

DEGREE DAYS
 HEATING
  YESTERDAY        0
  MONTH TO DATE   19
  SINCE MAR 1    169
  SINCE JUL 1   1711

 COOLING
  YESTERDAY        9
  MONTH TO DATE   99
  SINCE MAR 1    252
  SINCE JAN 1    252
...............................................................


WIND (MPH)
  HIGHEST WIND SPEED    15   HIGHEST WIND DIRECTION    NW (320)
  HIGHEST GUST SPEED    19   HIGHEST GUST DIRECTION    NW (310)
  AVERAGE WIND SPEED     9.1




RELATIVE HUMIDITY (PERCENT)
 HIGHEST    72
 LOWEST     17
 AVERAGE    45

..........................................................


THE HANFORD CA CLIMATE NORMALS FOR TODAY
                         NORMAL    RECORD    YEAR
 MAXIMUM TEMPERATURE (F)   87       104      2003
 MINIMUM TEMPERATURE (F)   56        45      2006


SUNRISE AND SUNSET
MAY 28 2015...........SUNRISE   544 AM PDT   SUNSET   808 PM PDT
MAY 29 2015...........SUNRISE   544 AM PDT   SUNSET   809 PM PDT


-  INDICATES NEGATIVE NUMBERS.
R  INDICATES RECORD WAS SET OR TIED.
MM INDICATES DATA IS MISSING.
T  INDICATES TRACE AMOUNT.




$$
