000
CDUS46 KHNX 180838
CLIHJO


CLIMATE REPORT
NATIONAL WEATHER SERVICE SAN JOAQUIN VALLEY, CA
1237 AM PST SAT NOV 18 2017


...................................

...THE HANFORD CA CLIMATE SUMMARY FOR NOVEMBER 17 2017...

CLIMATE NORMAL PERIOD 1981 TO 2010
CLIMATE RECORD PERIOD 1998 TO 2017


WEATHER ITEM   OBSERVED TIME   RECORD YEAR NORMAL DEPARTURE
                VALUE   (LST)  VALUE       VALUE  FROM
                                                  NORMAL
...............................................................
TEMPERATURE (F)
 YESTERDAY
  MAXIMUM         66    251 PM  82    2008  64      2
  MINIMUM         49   1159 PM  31    2015  39     10
                                      2009
                                      2000
  AVERAGE         58                        51      7

PRECIPITATION (IN)
  YESTERDAY        0.11          0.12 2012   0.03   0.08
  MONTH TO DATE    0.11                      0.68  -0.57
  SINCE OCT 1      0.17                      1.18  -1.01
  SINCE JAN 1      8.51                      8.15   0.36

SNOWFALL (IN)
  YESTERDAY       MM
  MONTH TO DATE    0.0
  SINCE SEP 1      0.0
  SINCE JUL 1      0.0
  SNOW DEPTH       0

DEGREE DAYS
 HEATING
  YESTERDAY        7
  MONTH TO DATE  113
  SINCE SEP 1    195
  SINCE JUL 1    195

 COOLING
  YESTERDAY        0
  MONTH TO DATE    4
  SINCE SEP 1    365
  SINCE JAN 1   2182
...............................................................


WIND (MPH)
  HIGHEST WIND SPEED    22   HIGHEST WIND DIRECTION    NW (320)
  HIGHEST GUST SPEED    27   HIGHEST GUST DIRECTION    NW (330)
  AVERAGE WIND SPEED    10.0




RELATIVE HUMIDITY (PERCENT)
 HIGHEST    93
 LOWEST     45
 AVERAGE    69

..........................................................


THE HANFORD CA CLIMATE NORMALS FOR TODAY
                         NORMAL    RECORD    YEAR
 MAXIMUM TEMPERATURE (F)   64        80      2008
 MINIMUM TEMPERATURE (F)   38        31      2000


SUNRISE AND SUNSET
NOVEMBER 18 2017......SUNRISE   639 AM PST   SUNSET   448 PM PST
NOVEMBER 19 2017......SUNRISE   640 AM PST   SUNSET   448 PM PST


-  INDICATES NEGATIVE NUMBERS.
R  INDICATES RECORD WAS SET OR TIED.
MM INDICATES DATA IS MISSING.
T  INDICATES TRACE AMOUNT.




$$
