000
CDUS46 KHNX 210823
CLIHJO


CLIMATE REPORT
NATIONAL WEATHER SERVICE SAN JOAQUIN VALLEY, CA
1222 AM PST SUN JAN 21 2018


...................................

...THE HANFORD CA CLIMATE SUMMARY FOR JANUARY 20 2018...

CLIMATE NORMAL PERIOD 1981 TO 2010
CLIMATE RECORD PERIOD 1998 TO 2018


WEATHER ITEM   OBSERVED TIME   RECORD YEAR NORMAL DEPARTURE
                VALUE   (LST)  VALUE       VALUE  FROM
                                                  NORMAL
...............................................................
TEMPERATURE (F)
 YESTERDAY
  MAXIMUM         56    318 PM  70    2014  55      1
  MINIMUM         32    727 AM  25    2007  37     -5
  AVERAGE         44                        46     -2

PRECIPITATION (IN)
  YESTERDAY        0.00          0.61 2017   0.05  -0.05
  MONTH TO DATE    1.31                      1.62  -0.31
  SINCE OCT 1      1.72                      4.75  -3.03
  SINCE JAN 1      1.31                      1.62  -0.31

SNOWFALL (IN)
  YESTERDAY        0.0
  MONTH TO DATE    0.0
  SINCE DEC 1      0.0
  SINCE JUL 1      0.0
  SNOW DEPTH       0

DEGREE DAYS
 HEATING
  YESTERDAY       21
  MONTH TO DATE  247
  SINCE DEC 1    809
  SINCE JUL 1   1114

 COOLING
  YESTERDAY        0
  MONTH TO DATE    0
  SINCE DEC 1      0
  SINCE JAN 1      0
...............................................................


WIND (MPH)
  HIGHEST WIND SPEED    15   HIGHEST WIND DIRECTION    NW (330)
  HIGHEST GUST SPEED    20   HIGHEST GUST DIRECTION    NW (310)
  AVERAGE WIND SPEED     4.0




RELATIVE HUMIDITY (PERCENT)
 HIGHEST   100
 LOWEST     51
 AVERAGE    76

..........................................................


THE HANFORD CA CLIMATE NORMALS FOR TODAY
                         NORMAL    RECORD    YEAR
 MAXIMUM TEMPERATURE (F)   55        69      2014
 MINIMUM TEMPERATURE (F)   37        25      2007


SUNRISE AND SUNSET
JANUARY 21 2018.......SUNRISE   707 AM PST   SUNSET   513 PM PST
JANUARY 22 2018.......SUNRISE   706 AM PST   SUNSET   514 PM PST


-  INDICATES NEGATIVE NUMBERS.
R  INDICATES RECORD WAS SET OR TIED.
MM INDICATES DATA IS MISSING.
T  INDICATES TRACE AMOUNT.




$$
