000
CDUS43 KGLD 300743
CLIHLC

CLIMATE REPORT
NATIONAL WEATHER SERVICE GOODLAND
137 AM MDT FRI SEP 30 2016

...................................

...THE HILL CITY KS CLIMATE SUMMARY FOR SEPTEMBER 29 2016...

CLIMATE NORMAL PERIOD 1981 TO 2010
CLIMATE RECORD PERIOD 1896 TO 2016


WEATHER ITEM   OBSERVED TIME   RECORD YEAR NORMAL DEPARTURE LAST
                VALUE   (LST)  VALUE       VALUE  FROM      YEAR
                                                  NORMAL
..................................................................
TEMPERATURE (F)
 YESTERDAY
  MAXIMUM         71    411 PM  97    1981  76     -5       69
  MINIMUM         39    700 AM  25    1984  47     -8       50
  AVERAGE         55                        61     -6       60

PRECIPITATION (IN)
  YESTERDAY        0.00                      0.06  -0.06     0.03
  MONTH TO DATE    8.75                      1.83   6.92     0.36
  SINCE SEP 1      8.75                      1.83   6.92     0.36
  SINCE JAN 1     28.28                     19.71   8.57    16.17

..................................................................

THE HILL CITY KS CLIMATE NORMALS FOR TODAY
                         NORMAL    RECORD    YEAR
 MAXIMUM TEMPERATURE (F)   75        98      1938
 MINIMUM TEMPERATURE (F)   47        21      1984

-  INDICATES NEGATIVE NUMBERS.
R  INDICATES RECORD WAS SET OR TIED.
MM INDICATES DATA IS MISSING.
T  INDICATES TRACE AMOUNT.

$$
