000
CDUS43 KGLD 310744
CLIHLC

CLIMATE REPORT
NATIONAL WEATHER SERVICE GOODLAND
139 AM MDT FRI OCT 31 2014


...................................

...THE HILL CITY KS CLIMATE SUMMARY FOR OCTOBER 30 2014...

CLIMATE NORMAL PERIOD 1981 TO 2010
CLIMATE RECORD PERIOD 1896 TO 2014


WEATHER ITEM   OBSERVED TIME   RECORD YEAR NORMAL DEPARTURE LAST
                VALUE   (LST)  VALUE       VALUE  FROM      YEAR
                                                  NORMAL
..................................................................
TEMPERATURE (F)
 YESTERDAY
  MAXIMUM         70    309 PM  89    1950  62      8       51
  MINIMUM         41   1159 PM   9    1917  34      7       34
  AVERAGE         56                        48      8       43

PRECIPITATION (IN)
  YESTERDAY        0.00                      0.03  -0.03     0.00
  MONTH TO DATE    0.83                      1.49  -0.66     1.06
  SINCE SEP 1      1.61                      3.37  -1.76     3.93
  SINCE JAN 1     21.43                     21.25   0.18    16.87

..................................................................

THE HILL CITY KS CLIMATE NORMALS FOR TODAY
                         NORMAL    RECORD    YEAR
 MAXIMUM TEMPERATURE (F)   62        91      1950
 MINIMUM TEMPERATURE (F)   34        19      1954



-  INDICATES NEGATIVE NUMBERS.
R  INDICATES RECORD WAS SET OR TIED.
MM INDICATES DATA IS MISSING.
T  INDICATES TRACE AMOUNT.


$$
