000
CDUS41 KPBZ 232121
CLIHLG


CLIMATE REPORT
NATIONAL WEATHER SERVICE PITTSBURGH PA
519 PM EDT MON OCT 23 2017


...................................

...THE WHEELING CLIMATE SUMMARY FOR OCTOBER 23 2017...
VALID TODAY AS OF 0500 PM LOCAL TIME.

CLIMATE NORMAL PERIOD 1981 TO 2010
CLIMATE RECORD PERIOD 1878 TO 2017


WEATHER ITEM   OBSERVED TIME   RECORD YEAR NORMAL DEPARTURE LAST
                VALUE   (LST)  VALUE       VALUE  FROM      YEAR
                                                  NORMAL
..................................................................
TEMPERATURE (F)
 TODAY
  MAXIMUM         65    951 AM  84    1947  60      5       66
  MINIMUM         57    336 AM  20    1930  42     15       41
  AVERAGE         61                        51     10       54

PRECIPITATION (IN)
  TODAY            0.41          1.05 1912   0.08   0.33     0.00
  MONTH TO DATE    2.22                      1.92   0.30     2.76
  SINCE JAN 1     37.88                     31.69   6.19    32.16

DEGREE DAYS
 HEATING
  TODAY            4                        14    -10       11
  MONTH TO DATE   84                       249   -165      136
  SINCE SEP 1    163                       339   -176      146
  SINCE JUL 1    170                       350   -180      148

 COOLING
  TODAY            0                         0      0        0
  MONTH TO DATE   37                        10     27       33
  SINCE SEP 1    129                        80     49      207
  SINCE JAN 1    757                       688     69     1203
..................................................................


WIND (MPH)
  HIGHEST WIND SPEED    22   HIGHEST WIND DIRECTION     E (110)
  HIGHEST GUST SPEED    28   HIGHEST GUST DIRECTION    SE (120)
  AVERAGE WIND SPEED    11.1


SKY COVER
  POSSIBLE SUNSHINE  MM
  AVERAGE SKY COVER 0.4


WEATHER CONDITIONS
 THE FOLLOWING WEATHER WAS RECORDED TODAY.
  HEAVY RAIN
  RAIN
  LIGHT RAIN
  FOG


RELATIVE HUMIDITY (PERCENT)
 HIGHEST    93           200 PM
 LOWEST     55          1200 AM
 AVERAGE    74

..........................................................


THE WHEELING CLIMATE NORMALS FOR TOMORROW
                         NORMAL    RECORD    YEAR
 MAXIMUM TEMPERATURE (F)   60        78      2012
                                             1946
                                             1920
 MINIMUM TEMPERATURE (F)   42        23      1937


SUNRISE AND SUNSET
OCTOBER 23 2017.......SUNRISE   742 AM EDT   SUNSET   631 PM EDT
OCTOBER 24 2017.......SUNRISE   743 AM EDT   SUNSET   630 PM EDT


-  INDICATES NEGATIVE NUMBERS.
R  INDICATES RECORD WAS SET OR TIED.
MM INDICATES DATA IS MISSING.
T  INDICATES TRACE AMOUNT.




$$
