000
CDUS45 KTFX 260928
CLIHLN


CLIMATE REPORT
NATIONAL WEATHER SERVICE GREAT FALLS MT
328 AM MDT SAT JUL 26 2014


...................................

...THE HELENA MT CLIMATE SUMMARY FOR JULY 25 2014...

CLIMATE NORMAL PERIOD 1981 TO 2010
CLIMATE RECORD PERIOD 1866 TO 2014


WEATHER ITEM   OBSERVED TIME   RECORD YEAR NORMAL DEPARTURE LAST
                VALUE   (LST)  VALUE       VALUE  FROM      YEAR
                                                  NORMAL
..................................................................
TEMPERATURE (F)
 YESTERDAY
  MAXIMUM         82    350 PM  99    1933  88     -6       90
  MINIMUM         53    434 AM  44    1918  55     -2       61
  AVERAGE         68                        72     -4       76

PRECIPITATION (IN)
  YESTERDAY        0.00          0.73 1993   0.04  -0.04     0.00
  MONTH TO DATE    0.56                      0.99  -0.43     0.65
  SINCE OCT 1      7.75                      8.72  -0.97     9.48
  SINCE JAN 1      6.75                      7.15  -0.40     6.18

SNOWFALL (IN)
  YESTERDAY        0.0           T    1993   0.0    0.0      0.0
                                      1995
  MONTH TO DATE    0.0                       0.0    0.0      0.0
  SINCE JUN 1      0.0                       T      0.0      0.0
  SINCE JUL 1      0.0                       0.0    0.0      0.0
  SNOW DEPTH       0

DEGREE DAYS
 HEATING
  YESTERDAY        0                         0      0        0
  MONTH TO DATE    0                        26    -26        0
  SINCE JUN 1    127                       162    -35      146
  SINCE JUL 1      0                        26    -26        0

 COOLING
  YESTERDAY        3                         7     -4       11
  MONTH TO DATE  205                       143     62      220
  SINCE JUN 1    208                       192     16      262
  SINCE JAN 1    212                       200     12      269
..................................................................


WIND (MPH)
  HIGHEST WIND SPEED    25   HIGHEST WIND DIRECTION    NW (300)
  HIGHEST GUST SPEED    33   HIGHEST GUST DIRECTION     W (290)
  AVERAGE WIND SPEED    12.0


SKY COVER
  AVERAGE SKY COVER 0.0


WEATHER CONDITIONS
 THE FOLLOWING WEATHER WAS RECORDED YESTERDAY.
  NO SIGNIFICANT WEATHER WAS OBSERVED.


RELATIVE HUMIDITY (PERCENT)
 HIGHEST    47           300 AM
 LOWEST     16           300 PM
 AVERAGE    32

..........................................................


THE HELENA MT CLIMATE NORMALS FOR TODAY
                         NORMAL    RECORD    YEAR
 MAXIMUM TEMPERATURE (F)   88        98      1988
                                             1933
 MINIMUM TEMPERATURE (F)   55        43      1999
                                             1971


SUNRISE AND SUNSET
JULY 26 2014..........SUNRISE   602 AM MDT   SUNSET   907 PM MDT
JULY 27 2014..........SUNRISE   603 AM MDT   SUNSET   906 PM MDT


-  INDICATES NEGATIVE NUMBERS.
R  INDICATES RECORD WAS SET OR TIED.
MM INDICATES DATA IS MISSING.
T  INDICATES TRACE AMOUNT.




$$
