000
CDUS45 KTFX 060758
CLIHLN


CLIMATE REPORT
NATIONAL WEATHER SERVICE GREAT FALLS MT
1258 AM MST SAT FEB 6 2016


...................................

...THE HELENA MT CLIMATE SUMMARY FOR FEBRUARY 5 2016...

CLIMATE NORMAL PERIOD 1981 TO 2010
CLIMATE RECORD PERIOD 1866 TO 2016


WEATHER ITEM   OBSERVED TIME   RECORD YEAR NORMAL DEPARTURE LAST
                VALUE   (LST)  VALUE       VALUE  FROM      YEAR
                                                  NORMAL
..................................................................
TEMPERATURE (F)
 YESTERDAY
  MAXIMUM         45    414 PM  63    2007  36      9       55
  MINIMUM         30    941 PM -28    1893  16     14       27
  AVERAGE         38                        26     12       41

PRECIPITATION (IN)
  YESTERDAY        0.00          0.36 1933   0.01  -0.01     0.00
  MONTH TO DATE    0.00                      0.05  -0.05     0.01
  SINCE OCT 1      2.01                      1.98   0.03     2.93
  SINCE JAN 1      0.31                      0.41  -0.10     0.65

SNOWFALL (IN)
  YESTERDAY        0.0           4.0  1933   0.2   -0.2      0.0
  MONTH TO DATE    0.0                       1.0   -1.0      0.1
  SINCE DEC 1     11.3                      14.5   -3.2     11.9
  SINCE JUL 1     14.8                      23.3   -8.5     22.7
  SNOW DEPTH       1

DEGREE DAYS
 HEATING
  YESTERDAY       27                        39    -12       24
  MONTH TO DATE  186                       197    -11      169
  SINCE DEC 1   2718                      2833   -115     2615
  SINCE JUL 1   4347                      4715   -368     4327

 COOLING
  YESTERDAY        0                         0      0        0
  MONTH TO DATE    0                         0      0        0
  SINCE DEC 1      0                         0      0        0
  SINCE JAN 1      0                         0      0        0
..................................................................


WIND (MPH)
  HIGHEST WIND SPEED    23   HIGHEST WIND DIRECTION     W (250)
  HIGHEST GUST SPEED    29   HIGHEST GUST DIRECTION     W (260)
  AVERAGE WIND SPEED     7.4


SKY COVER
  AVERAGE SKY COVER 0.2


WEATHER CONDITIONS
 THE FOLLOWING WEATHER WAS RECORDED YESTERDAY.
  NO SIGNIFICANT WEATHER WAS OBSERVED.


RELATIVE HUMIDITY (PERCENT)
 HIGHEST    78          1000 PM
 LOWEST     45           300 PM
 AVERAGE    62

..........................................................


THE HELENA MT CLIMATE NORMALS FOR TODAY
                         NORMAL    RECORD    YEAR
 MAXIMUM TEMPERATURE (F)   37        67      2015
 MINIMUM TEMPERATURE (F)   16       -27      1936


SUNRISE AND SUNSET
FEBRUARY  6 2016......SUNRISE   746 AM MST   SUNSET   539 PM MST
FEBRUARY  7 2016......SUNRISE   744 AM MST   SUNSET   540 PM MST


-  INDICATES NEGATIVE NUMBERS.
R  INDICATES RECORD WAS SET OR TIED.
MM INDICATES DATA IS MISSING.
T  INDICATES TRACE AMOUNT.




$$
