538
CDUS45 KTFX 220824
CLIHLN


CLIMATE REPORT
NATIONAL WEATHER SERVICE GREAT FALLS MT
223 AM MDT THU JUN 22 2017


...................................

...THE HELENA MT CLIMATE SUMMARY FOR JUNE 21 2017...

CLIMATE NORMAL PERIOD 1981 TO 2010
CLIMATE RECORD PERIOD 1866 TO 2017


WEATHER ITEM   OBSERVED TIME   RECORD YEAR NORMAL DEPARTURE LAST
                VALUE   (LST)  VALUE       VALUE  FROM      YEAR
                                                  NORMAL
..................................................................
TEMPERATURE (F)
 YESTERDAY
  MAXIMUM         82    412 PM 102    1900  77      5       83
  MINIMUM         58   1159 PM  33    1942  50      8       56
  AVERAGE         70                        64      6       70

PRECIPITATION (IN)
  YESTERDAY        0.00          0.83 1916   0.06  -0.06     0.00
  MONTH TO DATE    1.22                      1.55  -0.33     1.30
  SINCE OCT 1      8.03                      7.22   0.81     6.12
  SINCE JAN 1      5.05                      5.65  -0.60     4.42

SNOWFALL (IN)
  YESTERDAY        0.0           0.0  1999   0.0    0.0      0.0
                                      1995
  MONTH TO DATE    0.0                       0.0    0.0      0.0
  SINCE JUN 1      0.0                       0.0    0.0      0.0
  SINCE JUL 1     51.5                      38.1   13.4     14.8
  SNOW DEPTH       0

DEGREE DAYS
 HEATING
  YESTERDAY        0                         3     -3        0
  MONTH TO DATE   61                       111    -50       51
  SINCE JUN 1     61                       111    -50       51
  SINCE JUL 1   7411                      7516   -105     6547

 COOLING
  YESTERDAY        5                         2      3        5
  MONTH TO DATE   36                        25     11       55
  SINCE JUN 1     36                        25     11       55
  SINCE JAN 1     45                        33     12       55
..................................................................


WIND (MPH)
  HIGHEST WIND SPEED    28   HIGHEST WIND DIRECTION     W (280)
  HIGHEST GUST SPEED    36   HIGHEST GUST DIRECTION     W (250)
  AVERAGE WIND SPEED    14.8


SKY COVER
  AVERAGE SKY COVER 0.0


WEATHER CONDITIONS
 THE FOLLOWING WEATHER WAS RECORDED YESTERDAY.
  NO SIGNIFICANT WEATHER WAS OBSERVED.


RELATIVE HUMIDITY (PERCENT)
 HIGHEST    52           200 AM
 LOWEST     16           300 PM
 AVERAGE    34

..........................................................


THE HELENA MT CLIMATE NORMALS FOR TODAY
                         NORMAL    RECORD    YEAR
 MAXIMUM TEMPERATURE (F)   78        98      1919
 MINIMUM TEMPERATURE (F)   50        33      1892


SUNRISE AND SUNSET
JUNE 22 2017..........SUNRISE   535 AM MDT   SUNSET   925 PM MDT
JUNE 23 2017..........SUNRISE   535 AM MDT   SUNSET   925 PM MDT


-  INDICATES NEGATIVE NUMBERS.
R  INDICATES RECORD WAS SET OR TIED.
MM INDICATES DATA IS MISSING.
T  INDICATES TRACE AMOUNT.




$$
