000
CDUS45 KTFX 291013
CLIHLN


CLIMATE REPORT
NATIONAL WEATHER SERVICE GREAT FALLS MT
412 AM MDT TUE JUL 29 2014


...................................

...THE HELENA MT CLIMATE SUMMARY FOR JULY 28 2014...

CLIMATE NORMAL PERIOD 1981 TO 2010
CLIMATE RECORD PERIOD 1866 TO 2014


WEATHER ITEM   OBSERVED TIME   RECORD YEAR NORMAL DEPARTURE LAST
                VALUE   (LST)  VALUE       VALUE  FROM      YEAR
                                                  NORMAL
..................................................................
TEMPERATURE (F)
 YESTERDAY
  MAXIMUM         95    300 PM 101    2006  88      7       83
  MINIMUM         57    514 AM  38    1949  55      2       61
  AVERAGE         76                        72      4       72

PRECIPITATION (IN)
  YESTERDAY        0.00          1.23 1998   0.03  -0.03     0.00
  MONTH TO DATE    0.56                      1.08  -0.52     0.65
  SINCE OCT 1      7.75                      8.81  -1.06     9.48
  SINCE JAN 1      6.75                      7.24  -0.49     6.18

SNOWFALL (IN)
  YESTERDAY        0.0           0.0  1999   0.0    0.0      0.0
                                      2001
                                      1995
  MONTH TO DATE    0.0                       0.0    0.0      0.0
  SINCE JUN 1      0.0                       T      0.0      0.0
  SINCE JUL 1      0.0                       0.0    0.0      0.0
  SNOW DEPTH       0

DEGREE DAYS
 HEATING
  YESTERDAY        0                         0      0        0
  MONTH TO DATE    0                        26    -26        0
  SINCE JUN 1    127                       162    -35      146
  SINCE JUL 1      0                        26    -26        0

 COOLING
  YESTERDAY       11                         7      4        7
  MONTH TO DATE  229                       164     65      250
  SINCE JUN 1    232                       213     19      292
  SINCE JAN 1    236                       221     15      299
..................................................................


WIND (MPH)
  HIGHEST WIND SPEED    15   HIGHEST WIND DIRECTION     E (100)
  HIGHEST GUST SPEED    20   HIGHEST GUST DIRECTION     E (80)
  AVERAGE WIND SPEED     4.0


SKY COVER
  AVERAGE SKY COVER 0.0


WEATHER CONDITIONS
 THE FOLLOWING WEATHER WAS RECORDED YESTERDAY.
  NO SIGNIFICANT WEATHER WAS OBSERVED.


RELATIVE HUMIDITY (PERCENT)
 HIGHEST    46           600 AM
 LOWEST     15           300 PM
 AVERAGE    31

..........................................................


THE HELENA MT CLIMATE NORMALS FOR TODAY
                         NORMAL    RECORD    YEAR
 MAXIMUM TEMPERATURE (F)   88       101      2006
 MINIMUM TEMPERATURE (F)   55        40      1959


SUNRISE AND SUNSET
JULY 29 2014..........SUNRISE   605 AM MDT   SUNSET   903 PM MDT
JULY 30 2014..........SUNRISE   606 AM MDT   SUNSET   902 PM MDT


-  INDICATES NEGATIVE NUMBERS.
R  INDICATES RECORD WAS SET OR TIED.
MM INDICATES DATA IS MISSING.
T  INDICATES TRACE AMOUNT.




$$
