000
CDHW40 PHFO 311245
CLIHNL


CLIMATE REPORT
NATIONAL WEATHER SERVICE HONOLULU HI
245 AM HST TUE MAY 31 2016


...................................

...THE HONOLULU HI CLIMATE SUMMARY FOR MAY 30 2016...

CLIMATE NORMAL PERIOD 1981 TO 2010
CLIMATE RECORD PERIOD 1946 TO 2016


WEATHER ITEM   OBSERVED TIME   RECORD YEAR NORMAL DEPARTURE LAST
                VALUE   (LST)  VALUE       VALUE  FROM      YEAR
                                                  NORMAL
..................................................................
TEMPERATURE (F)
 YESTERDAY
  MAXIMUM         82    225 PM  92    1992  86     -4       87
  MINIMUM         70    631 AM  65    1975  72     -2       69
                                      1964
  AVERAGE         76                        79     -3       78

PRECIPITATION (IN)
  YESTERDAY        0.03          0.36 1967   0.02   0.01      T
  MONTH TO DATE    3.15                      0.61   2.54     0.20
  SINCE MAR 1      3.59                      3.26   0.33     1.19
  SINCE JAN 1      4.02                      7.56  -3.54     2.99

SNOWFALL (IN)
  YESTERDAY        0.0
  MONTH TO DATE    0.0
  SINCE MAR 1      0.0
  SINCE JUL 1      0.0
  SNOW DEPTH       0

DEGREE DAYS
 HEATING
  YESTERDAY        0                         0      0        0
  MONTH TO DATE    0                         0      0        0
  SINCE MAR 1      0                         0      0        0
  SINCE JUL 1      0                         0      0        0

 COOLING
  YESTERDAY       11                        14     -3       13
  MONTH TO DATE  423                       382     41      330
  SINCE MAR 1   1121                      1007    114      946
  SINCE JAN 1   1703                      1489    214     1456
..................................................................


WIND (MPH)
  HIGHEST WIND SPEED    18   HIGHEST WIND DIRECTION    NE (30)
  HIGHEST GUST SPEED    24   HIGHEST GUST DIRECTION     N (20)
  AVERAGE WIND SPEED     5.9


SKY COVER
  POSSIBLE SUNSHINE  MM
  AVERAGE SKY COVER 0.5


WEATHER CONDITIONS
 THE FOLLOWING WEATHER WAS RECORDED YESTERDAY.
  LIGHT RAIN
  FOG


RELATIVE HUMIDITY (PERCENT)
 HIGHEST    90           100 AM
 LOWEST     55           100 PM
 AVERAGE    73

..........................................................


THE HONOLULU HI CLIMATE NORMALS FOR TODAY
                         NORMAL    RECORD    YEAR
 MAXIMUM TEMPERATURE (F)   86        93      1988
 MINIMUM TEMPERATURE (F)   72        65      1982


SUNRISE AND SUNSET
MAY 31 2016...........SUNRISE   549 AM HST   SUNSET   710 PM HST
JUNE  1 2016..........SUNRISE   549 AM HST   SUNSET   710 PM HST


-  INDICATES NEGATIVE NUMBERS.
R  INDICATES RECORD WAS SET OR TIED.
MM INDICATES DATA IS MISSING.
T  INDICATES TRACE AMOUNT.




$$
