000
CDHW40 PHFO 210231
CLIHNL


CLIMATE REPORT
NATIONAL WEATHER SERVICE HONOLULU HI
431 PM HST TUE FEB 20 2018


...................................

...THE HONOLULU HI CLIMATE SUMMARY FOR FEBRUARY 20 2018...
VALID TODAY AS OF 0400 PM LOCAL TIME.

CLIMATE NORMAL PERIOD 1981 TO 2010
CLIMATE RECORD PERIOD 1946 TO 2018


WEATHER ITEM   OBSERVED TIME   RECORD YEAR NORMAL DEPARTURE LAST
                VALUE   (LST)  VALUE       VALUE  FROM      YEAR
                                                  NORMAL
..................................................................
TEMPERATURE (F)
 TODAY
  MAXIMUM         79    210 PM  87    1977  80     -1       80
  MINIMUM         65    705 AM  58    1990  66     -1       69
  AVERAGE         72                        73     -1       75

PRECIPITATION (IN)
  TODAY            0.00          1.07 1979   0.07  -0.07     0.00
  MONTH TO DATE    3.90                      1.37   2.53     5.74
  SINCE DEC 1      7.36                      6.92   0.44     6.82
  SINCE JAN 1      3.96                      3.68   0.28     5.95

SNOWFALL (IN)
  TODAY            0.0
  MONTH TO DATE    0.0
  SINCE DEC 1      0.0
  SINCE JUL 1      0.0
  SNOW DEPTH      MM

DEGREE DAYS
 HEATING
  TODAY            0                         0      0        0
  MONTH TO DATE    0                         0      0        0
  SINCE DEC 1      0                         0      0        0
  SINCE JUL 1      0                         0      0        0

 COOLING
  TODAY            7                         8     -1       10
  MONTH TO DATE  191                       160     31      185
  SINCE DEC 1    869                       716    153      763
  SINCE JAN 1    563                       414    149      458
..................................................................


WIND (MPH)
  HIGHEST WIND SPEED    12   HIGHEST WIND DIRECTION     S (160)
  HIGHEST GUST SPEED    15   HIGHEST GUST DIRECTION     S (180)
  AVERAGE WIND SPEED    MM


SKY COVER
  POSSIBLE SUNSHINE  MM
  AVERAGE SKY COVER  MM


WEATHER CONDITIONS
 THE FOLLOWING WEATHER WAS RECORDED TODAY.
  NO SIGNIFICANT WEATHER WAS OBSERVED.


RELATIVE HUMIDITY (PERCENT)
 HIGHEST    MM
 LOWEST     MM
 AVERAGE    MM

..........................................................


THE HONOLULU HI CLIMATE NORMALS FOR TOMORROW
                         NORMAL    RECORD    YEAR
 MAXIMUM TEMPERATURE (F)   80        87      1977
 MINIMUM TEMPERATURE (F)   66        55      1962


SUNRISE AND SUNSET
FEBRUARY 20 2018......SUNRISE   659 AM HST   SUNSET   632 PM HST
FEBRUARY 21 2018......SUNRISE   658 AM HST   SUNSET   633 PM HST


-  INDICATES NEGATIVE NUMBERS.
R  INDICATES RECORD WAS SET OR TIED.
MM INDICATES DATA IS MISSING.
T  INDICATES TRACE AMOUNT.




$$
