000
CDHW40 PHFO 291245
CLIHNL


CLIMATE REPORT
NATIONAL WEATHER SERVICE HONOLULU HI
245 AM HST FRI APR 29 2016


...................................

...THE HONOLULU HI CLIMATE SUMMARY FOR APRIL 28 2016...

CLIMATE NORMAL PERIOD 1981 TO 2010
CLIMATE RECORD PERIOD 1946 TO 2016


WEATHER ITEM   OBSERVED TIME   RECORD YEAR NORMAL DEPARTURE LAST
                VALUE   (LST)  VALUE       VALUE  FROM      YEAR
                                                  NORMAL
..................................................................
TEMPERATURE (F)
 YESTERDAY
  MAXIMUM         87    255 PM  91    1996  83      4       79
  MINIMUM         74    618 AM  60    1979  70      4       68
  AVERAGE         81                        77      4       74

PRECIPITATION (IN)
  YESTERDAY        0.00          0.21 1950   0.02  -0.02     0.01
  MONTH TO DATE    0.21                      0.60  -0.39     0.37
  SINCE MAR 1      0.43                      2.62  -2.19     0.99
  SINCE JAN 1      0.86                      6.92  -6.06     2.79

SNOWFALL (IN)
  YESTERDAY        0.0
  MONTH TO DATE    0.0
  SINCE MAR 1      0.0
  SINCE JUL 1      0.0
  SNOW DEPTH       0

DEGREE DAYS
 HEATING
  YESTERDAY        0                         0      0        0
  MONTH TO DATE    0                         0      0        0
  SINCE MAR 1      0                         0      0        0
  SINCE JUL 1      0                         0      0        0

 COOLING
  YESTERDAY       16                        11      5        9
  MONTH TO DATE  366                       308     58      320
  SINCE MAR 1    668                       601     67      596
  SINCE JAN 1   1250                      1083    167     1106
..................................................................


WIND (MPH)
  HIGHEST WIND SPEED    21   HIGHEST WIND DIRECTION    NE (60)
  HIGHEST GUST SPEED    26   HIGHEST GUST DIRECTION    NE (60)
  AVERAGE WIND SPEED    12.8


SKY COVER
  POSSIBLE SUNSHINE  MM
  AVERAGE SKY COVER 0.5


WEATHER CONDITIONS
 THE FOLLOWING WEATHER WAS RECORDED YESTERDAY.
  NO SIGNIFICANT WEATHER WAS OBSERVED.


RELATIVE HUMIDITY (PERCENT)
 HIGHEST    74           100 AM
 LOWEST     40           300 PM
 AVERAGE    57

..........................................................


THE HONOLULU HI CLIMATE NORMALS FOR TODAY
                         NORMAL    RECORD    YEAR
 MAXIMUM TEMPERATURE (F)   83        89      1978
 MINIMUM TEMPERATURE (F)   70        62      1995


SUNRISE AND SUNSET
APRIL 29 2016.........SUNRISE   602 AM HST   SUNSET   657 PM HST
APRIL 30 2016.........SUNRISE   601 AM HST   SUNSET   657 PM HST


-  INDICATES NEGATIVE NUMBERS.
R  INDICATES RECORD WAS SET OR TIED.
MM INDICATES DATA IS MISSING.
T  INDICATES TRACE AMOUNT.




$$
