000
CDUS43 KFSD 132232
CLIHON


CLIMATE REPORT
NATIONAL WEATHER SERVICE SIOUX FALLS SD
428 PM CST WED DEC 13 2017


...................................

...THE HURON SD CLIMATE SUMMARY FOR DECEMBER 13 2017...
VALID TODAY AS OF 0400 PM LOCAL TIME.

CLIMATE NORMAL PERIOD 1981 TO 2010
CLIMATE RECORD PERIOD 1881 TO 2017


WEATHER ITEM   OBSERVED TIME   RECORD YEAR NORMAL DEPARTURE LAST
                VALUE   (LST)  VALUE       VALUE  FROM      YEAR
                                                  NORMAL
..................................................................
TEMPERATURE (F)
 TODAY
  MAXIMUM         50    234 AM  61    1921  29     21       18
  MINIMUM         37    359 PM -31    1903  10     27       -9
  AVERAGE         44                        19     25        5

PRECIPITATION (IN)
  TODAY            T             0.12 1891   0.02  -0.02     0.00
  MONTH TO DATE    0.16                      0.23  -0.07     0.44
  SINCE DEC 1      0.16                      0.23  -0.07     0.44
  SINCE JAN 1     20.30                     22.61  -2.31    18.57

SNOWFALL (IN)
  TODAY            0.0           1.6  1951   0.3   -0.3      0.0
  MONTH TO DATE    2.1                       3.4   -1.3      4.0
  SINCE DEC 1      2.1                       3.4   -1.3      4.0
  SINCE JUL 1      3.4                      11.7   -8.3      8.7
  SNOW DEPTH       0

DEGREE DAYS
 HEATING
  TODAY           21                        46    -25       60
  MONTH TO DATE  457                       565   -108      639
  SINCE DEC 1    457                       565   -108      639
  SINCE JUL 1   2022                      2267   -245     1847

 COOLING
  TODAY            0                         0      0        0
  MONTH TO DATE    0                         0      0        0
  SINCE DEC 1      0                         0      0        0
  SINCE JAN 1    730                       742    -12      887
..................................................................


WIND (MPH)
  HIGHEST WIND SPEED    38   HIGHEST WIND DIRECTION    NW (320)
  HIGHEST GUST SPEED    48   HIGHEST GUST DIRECTION    NW (320)
  AVERAGE WIND SPEED    24.4


SKY COVER
  POSSIBLE SUNSHINE  MM
  AVERAGE SKY COVER 0.7


WEATHER CONDITIONS
 THE FOLLOWING WEATHER WAS RECORDED TODAY.
  LIGHT RAIN


RELATIVE HUMIDITY (PERCENT)
 HIGHEST    76           800 AM
 LOWEST     34           100 AM
 AVERAGE    55

..........................................................


THE HURON SD CLIMATE NORMALS FOR TOMORROW
                         NORMAL    RECORD    YEAR
 MAXIMUM TEMPERATURE (F)   29        64      1998
 MINIMUM TEMPERATURE (F)    9       -22      1901


SUNRISE AND SUNSET
DECEMBER 13 2017......SUNRISE   801 AM CST   SUNSET   454 PM CST
DECEMBER 14 2017......SUNRISE   801 AM CST   SUNSET   454 PM CST


-  INDICATES NEGATIVE NUMBERS.
R  INDICATES RECORD WAS SET OR TIED.
MM INDICATES DATA IS MISSING.
T  INDICATES TRACE AMOUNT.




$$
