000
CDUS43 KFSD 210919
CLIHON


CLIMATE REPORT
NATIONAL WEATHER SERVICE SIOUX FALLS SD
416 AM CDT THU AUG 21 2014


...................................

...THE HURON SD CLIMATE SUMMARY FOR AUGUST 20 2014...

CLIMATE NORMAL PERIOD 1981 TO 2010
CLIMATE RECORD PERIOD 1881 TO 2014


WEATHER ITEM   OBSERVED TIME   RECORD YEAR NORMAL DEPARTURE LAST
                VALUE   (LST)  VALUE       VALUE  FROM      YEAR
                                                  NORMAL
..................................................................
TEMPERATURE (F)
 YESTERDAY
  MAXIMUM         85   1204 PM 102    1955  84      1       92
  MINIMUM         67    522 AM  38    1950  59      8       67
  AVERAGE         76                        71      5       80

PRECIPITATION (IN)
  YESTERDAY        T             1.28 1924   0.07  -0.07     0.00
  MONTH TO DATE    0.69                      1.67  -0.98     1.20
  SINCE JUN 1      6.73                      8.52  -1.79     6.59
  SINCE JAN 1     11.22                     16.50  -5.28    17.18

SNOWFALL (IN)
  YESTERDAY        0.0           0.0    MM   0.0    0.0      0.0
  MONTH TO DATE    0.0                       0.0    0.0      0.0
  SINCE JUN 1      0.0                       0.0    0.0      0.0
  SINCE JUL 1      0.0                       0.0    0.0      0.0
  SNOW DEPTH       0

DEGREE DAYS
 HEATING
  YESTERDAY        0                         1     -1        0
  MONTH TO DATE    1                         4     -3        1
  SINCE JUN 1     64                        63      1       88
  SINCE JUL 1     24                        12     12       22

 COOLING
  YESTERDAY       11                         7      4       15
  MONTH TO DATE  122                       161    -39       81
  SINCE JUN 1    402                       571   -169      471
  SINCE JAN 1    464                       604   -140      509
..................................................................


WIND (MPH)
  HIGHEST WIND SPEED    20   HIGHEST WIND DIRECTION     E (70)
  HIGHEST GUST SPEED    27   HIGHEST GUST DIRECTION    SE (150)
  AVERAGE WIND SPEED    10.4


SKY COVER
  POSSIBLE SUNSHINE  MM
  AVERAGE SKY COVER 0.1


WEATHER CONDITIONS
 THE FOLLOWING WEATHER WAS RECORDED YESTERDAY.
  LIGHT RAIN


RELATIVE HUMIDITY (PERCENT)
 HIGHEST    87          1200 AM
 LOWEST     51          1200 PM
 AVERAGE    69

..........................................................


THE HURON SD CLIMATE NORMALS FOR TODAY
                         NORMAL    RECORD    YEAR
 MAXIMUM TEMPERATURE (F)   83       103      1976
 MINIMUM TEMPERATURE (F)   59        43      1884


SUNRISE AND SUNSET
AUGUST 21 2014........SUNRISE   643 AM CDT   SUNSET   828 PM CDT
AUGUST 22 2014........SUNRISE   644 AM CDT   SUNSET   827 PM CDT


-  INDICATES NEGATIVE NUMBERS.
R  INDICATES RECORD WAS SET OR TIED.
MM INDICATES DATA IS MISSING.
T  INDICATES TRACE AMOUNT.




$$
