000
CDUS43 KFSD 290659
CLIHON


CLIMATE REPORT
NATIONAL WEATHER SERVICE SIOUX FALLS SD
158 AM CDT SAT APR 29 2017


...................................

...THE HURON SD CLIMATE SUMMARY FOR APRIL 28 2017...

CLIMATE NORMAL PERIOD 1981 TO 2010
CLIMATE RECORD PERIOD 1881 TO 2017


WEATHER ITEM   OBSERVED TIME   RECORD YEAR NORMAL DEPARTURE LAST
                VALUE   (LST)  VALUE       VALUE  FROM      YEAR
                                                  NORMAL
..................................................................
TEMPERATURE (F)
 YESTERDAY
  MAXIMUM         56    415 PM  94    1910  65     -9       44
  MINIMUM         23    453 AM  20    2005  39    -16       37
                                      1958
  AVERAGE         40                        52    -12       41

PRECIPITATION (IN)
  YESTERDAY        0.00          1.15 2014   0.09  -0.09     0.07
  MONTH TO DATE    1.18                      2.13  -0.95     4.14
  SINCE MAR 1      1.95                      3.59  -1.64     5.21
  SINCE JAN 1      2.75                      4.69  -1.94     6.08

SNOWFALL (IN)
  YESTERDAY        0.0           6.2  1994   0.0    0.0      0.0
  MONTH TO DATE    T                         3.9   -3.9       T
  SINCE MAR 1     13.9                      12.8    1.1      2.3
  SINCE JUL 1     35.9                      43.8   -7.9     33.0
  SNOW DEPTH       0

DEGREE DAYS
 HEATING
  YESTERDAY       25                        13     12       24
  MONTH TO DATE  498                       533    -35      491
  SINCE MAR 1   1445                      1520    -75     1238
  SINCE JUL 1   6594                      7352   -758     6314

 COOLING
  YESTERDAY        0                         0      0        0
  MONTH TO DATE    0                         0      0        1
  SINCE MAR 1      0                         0      0        1
  SINCE JAN 1      0                         0      0        1
..................................................................


WIND (MPH)
  HIGHEST WIND SPEED    26   HIGHEST WIND DIRECTION    NE (50)
  HIGHEST GUST SPEED    32   HIGHEST GUST DIRECTION    NE (50)
  AVERAGE WIND SPEED    10.6


SKY COVER
  POSSIBLE SUNSHINE  MM
  AVERAGE SKY COVER 0.0


WEATHER CONDITIONS
 THE FOLLOWING WEATHER WAS RECORDED YESTERDAY.
  NO SIGNIFICANT WEATHER WAS OBSERVED.


RELATIVE HUMIDITY (PERCENT)
 HIGHEST    92           200 AM
 LOWEST     26           400 PM
 AVERAGE    59

..........................................................


THE HURON SD CLIMATE NORMALS FOR TODAY
                         NORMAL    RECORD    YEAR
 MAXIMUM TEMPERATURE (F)   65        91      1934
 MINIMUM TEMPERATURE (F)   40        20      1958
                                             1907


SUNRISE AND SUNSET
APRIL 29 2017.........SUNRISE   626 AM CDT   SUNSET   835 PM CDT
APRIL 30 2017.........SUNRISE   625 AM CDT   SUNSET   836 PM CDT


-  INDICATES NEGATIVE NUMBERS.
R  INDICATES RECORD WAS SET OR TIED.
MM INDICATES DATA IS MISSING.
T  INDICATES TRACE AMOUNT.




$$
