000
CDUS43 KFSD 200633
CLIHON


CLIMATE REPORT
NATIONAL WEATHER SERVICE SIOUX FALLS SD
132 AM CDT SUN AUG 20 2017


...................................

...THE HURON SD CLIMATE SUMMARY FOR AUGUST 19 2017...

CLIMATE NORMAL PERIOD 1981 TO 2010
CLIMATE RECORD PERIOD 1881 TO 2017


WEATHER ITEM   OBSERVED TIME   RECORD YEAR NORMAL DEPARTURE LAST
                VALUE   (LST)  VALUE       VALUE  FROM      YEAR
                                                  NORMAL
..................................................................
TEMPERATURE (F)
 YESTERDAY
  MAXIMUM         83    444 PM 102    1976  84     -1       78
  MINIMUM         56    627 AM  40    1967  59     -3       56
                                      1890
  AVERAGE         70                        71     -1       67

PRECIPITATION (IN)
  YESTERDAY        0.00          1.65 1886   0.07  -0.07     0.07
  MONTH TO DATE    1.50                      1.60  -0.10     2.63
  SINCE JUN 1      7.94                      8.45  -0.51     5.54
  SINCE JAN 1     12.03                     16.43  -4.40    14.35

SNOWFALL (IN)
  YESTERDAY        0.0           0.0    MM   0.0    0.0      0.0
  MONTH TO DATE    0.0                       0.0    0.0      0.0
  SINCE JUN 1      0.0                       0.0    0.0      0.0
  SINCE JUL 1      0.0                       0.0    0.0      0.0
  SNOW DEPTH       0

DEGREE DAYS
 HEATING
  YESTERDAY        0                         1     -1        0
  MONTH TO DATE    6                         3      3        0
  SINCE JUN 1     37                        62    -25       23
  SINCE JUL 1      6                        11     -5        6

 COOLING
  YESTERDAY        5                         7     -2        2
  MONTH TO DATE   48                       154   -106      182
  SINCE JUN 1    551                       564    -13      704
  SINCE JAN 1    572                       597    -25      735
..................................................................


WIND (MPH)
  HIGHEST WIND SPEED    22   HIGHEST WIND DIRECTION     S (160)
  HIGHEST GUST SPEED    28   HIGHEST GUST DIRECTION     S (160)
  AVERAGE WIND SPEED    10.5


SKY COVER
  POSSIBLE SUNSHINE  MM
  AVERAGE SKY COVER 0.0


WEATHER CONDITIONS
 THE FOLLOWING WEATHER WAS RECORDED YESTERDAY.
  NO SIGNIFICANT WEATHER WAS OBSERVED.


RELATIVE HUMIDITY (PERCENT)
 HIGHEST    93           100 AM
 LOWEST     46           200 PM
 AVERAGE    70

..........................................................


THE HURON SD CLIMATE NORMALS FOR TODAY
                         NORMAL    RECORD    YEAR
 MAXIMUM TEMPERATURE (F)   84       102      1955
 MINIMUM TEMPERATURE (F)   59        38      1950


SUNRISE AND SUNSET
AUGUST 20 2017........SUNRISE   642 AM CDT   SUNSET   829 PM CDT
AUGUST 21 2017........SUNRISE   643 AM CDT   SUNSET   828 PM CDT


-  INDICATES NEGATIVE NUMBERS.
R  INDICATES RECORD WAS SET OR TIED.
MM INDICATES DATA IS MISSING.
T  INDICATES TRACE AMOUNT.




$$
