000
CDUS43 KFSD 252238
CLIHON


CLIMATE REPORT
NATIONAL WEATHER SERVICE SIOUX FALLS SD
538 PM CDT SUN JUN 25 2017


...................................

...THE HURON SD CLIMATE SUMMARY FOR JUNE 25 2017...
VALID TODAY AS OF 0500 PM LOCAL TIME.

CLIMATE NORMAL PERIOD 1981 TO 2010
CLIMATE RECORD PERIOD 1881 TO 2017


WEATHER ITEM   OBSERVED TIME   RECORD YEAR NORMAL DEPARTURE LAST
                VALUE   (LST)  VALUE       VALUE  FROM      YEAR
                                                  NORMAL
..................................................................
TEMPERATURE (F)
 TODAY
  MAXIMUM         74    341 PM 109    1936  83     -9       87
  MINIMUM         43    321 AM  39    1958  59    -16       58
  AVERAGE         59                        71    -12       73

PRECIPITATION (IN)
  TODAY            0.00          1.61 1989   0.12  -0.12     0.00
  MONTH TO DATE    2.95                      3.39  -0.44     1.91
  SINCE JUN 1      2.95                      3.39  -0.44     1.91
  SINCE JAN 1      7.04                     11.37  -4.33    10.72

SNOWFALL (IN)
  TODAY            0.0           0.0    MM   0.0    0.0      0.0
  MONTH TO DATE    0.0                       0.0    0.0      0.0
  SINCE JUN 1      0.0                       0.0    0.0      0.0
  SINCE JUL 1     35.9                      43.9   -8.0     33.0
  SNOW DEPTH       0

DEGREE DAYS
 HEATING
  TODAY            6                         1      5        0
  MONTH TO DATE   22                        48    -26       17
  SINCE JUN 1     22                        48    -26       17
  SINCE JUL 1   6902                      7669   -767     6569

 COOLING
  TODAY            0                         6     -6        8
  MONTH TO DATE  144                        98     46      200
  SINCE JUN 1    144                        98     46      200
  SINCE JAN 1    165                       131     34      231
..................................................................


WIND (MPH)
  HIGHEST WIND SPEED    16   HIGHEST WIND DIRECTION     N (350)
  HIGHEST GUST SPEED    21   HIGHEST GUST DIRECTION     N (350)
  AVERAGE WIND SPEED     7.5


SKY COVER
  POSSIBLE SUNSHINE  MM
  AVERAGE SKY COVER 0.0


WEATHER CONDITIONS
 THE FOLLOWING WEATHER WAS RECORDED TODAY.
  NO SIGNIFICANT WEATHER WAS OBSERVED.


RELATIVE HUMIDITY (PERCENT)
 HIGHEST    93          1200 AM
 LOWEST     33           400 PM
 AVERAGE    63

..........................................................


THE HURON SD CLIMATE NORMALS FOR TOMORROW
                         NORMAL    RECORD    YEAR
 MAXIMUM TEMPERATURE (F)   83       108      1933
 MINIMUM TEMPERATURE (F)   59        41      2004


SUNRISE AND SUNSET
JUNE 25 2017..........SUNRISE   550 AM CDT   SUNSET   921 PM CDT
JUNE 26 2017..........SUNRISE   550 AM CDT   SUNSET   921 PM CDT


-  INDICATES NEGATIVE NUMBERS.
R  INDICATES RECORD WAS SET OR TIED.
MM INDICATES DATA IS MISSING.
T  INDICATES TRACE AMOUNT.




$$
