000
CDUS43 KFSD 240725
CLIHON


CLIMATE REPORT
NATIONAL WEATHER SERVICE SIOUX FALLS SD
223 AM CDT TUE MAY 24 2016


...................................

...THE HURON SD CLIMATE SUMMARY FOR MAY 23 2016...

CLIMATE NORMAL PERIOD 1981 TO 2010
CLIMATE RECORD PERIOD 1881 TO 2016


WEATHER ITEM   OBSERVED TIME   RECORD YEAR NORMAL DEPARTURE LAST
                VALUE   (LST)  VALUE       VALUE  FROM      YEAR
                                                  NORMAL
..................................................................
TEMPERATURE (F)
 YESTERDAY
  MAXIMUM         77    552 PM  97    1926  72      5       67
  MINIMUM         57    507 AM  32    1947  49      8       48
  AVERAGE         67                        60      7       58

PRECIPITATION (IN)
  YESTERDAY        0.32          1.29 2006   0.11   0.21      T
  MONTH TO DATE    1.42                      2.24  -0.82     4.45
  SINCE MAR 1      6.63                      6.01   0.62     5.21
  SINCE JAN 1      7.50                      7.11   0.39     5.82

SNOWFALL (IN)
  YESTERDAY        0.0           0.0    MM   0.0    0.0      0.0
  MONTH TO DATE    0.0                       0.1   -0.1      0.0
  SINCE MAR 1      2.3                      13.0  -10.7      1.2
  SINCE JUL 1     33.0                      44.0  -11.0     22.8
  SNOW DEPTH       0

DEGREE DAYS
 HEATING
  YESTERDAY        0                         6     -6        7
  MONTH TO DATE  192                       205    -13      212
  SINCE MAR 1   1468                      1751   -283     1513
  SINCE JUL 1   6544                      7583  -1039     7450

 COOLING
  YESTERDAY        2                         1      1        0
  MONTH TO DATE   18                        20     -2        8
  SINCE MAR 1     19                        24     -5       10
  SINCE JAN 1     19                        24     -5       10
..................................................................


WIND (MPH)
  HIGHEST WIND SPEED    20   HIGHEST WIND DIRECTION    SW (220)
  HIGHEST GUST SPEED    25   HIGHEST GUST DIRECTION    SW (230)
  AVERAGE WIND SPEED     7.5


SKY COVER
  POSSIBLE SUNSHINE  MM
  AVERAGE SKY COVER 0.3


WEATHER CONDITIONS
 THE FOLLOWING WEATHER WAS RECORDED YESTERDAY.
  THUNDERSTORM
  RAIN
  LIGHT RAIN
  FOG


RELATIVE HUMIDITY (PERCENT)
 HIGHEST   100           500 AM
 LOWEST     43           600 PM
 AVERAGE    72

..........................................................


THE HURON SD CLIMATE NORMALS FOR TODAY
                         NORMAL    RECORD    YEAR
 MAXIMUM TEMPERATURE (F)   72        97      1926
 MINIMUM TEMPERATURE (F)   49        27      1897


SUNRISE AND SUNSET
MAY 24 2016...........SUNRISE   557 AM CDT   SUNSET   903 PM CDT
MAY 25 2016...........SUNRISE   556 AM CDT   SUNSET   904 PM CDT


-  INDICATES NEGATIVE NUMBERS.
R  INDICATES RECORD WAS SET OR TIED.
MM INDICATES DATA IS MISSING.
T  INDICATES TRACE AMOUNT.




$$
