000
CDUS44 KHGX 010835
CLIHOU


CLIMATE REPORT
NATIONAL WEATHER SERVICE HOUSTON/GALVESTON TX
235 AM CST SUN FEB 1 2015


...................................

...THE HOUSTON INTERCONTINENTAL CLIMATE SUMMARY FOR JANUARY 31 2015...

CLIMATE NORMAL PERIOD 1981 TO 2010
CLIMATE RECORD PERIOD 1892 TO 2015


WEATHER ITEM   OBSERVED TIME   RECORD YEAR NORMAL DEPARTURE LAST
                VALUE   (LST)  VALUE       VALUE  FROM      YEAR
                                                  NORMAL
..................................................................
TEMPERATURE (F)
 YESTERDAY
  MAXIMUM         63    155 PM  82    1911  64     -1       72
  MINIMUM         42    655 AM  14    1949  44     -2       57
  AVERAGE         53                        54     -1       65

PRECIPITATION (IN)
  YESTERDAY        T             2.12 1934   0.11  -0.11     0.00
  MONTH TO DATE    3.17                      3.38  -0.21     0.96
  SINCE DEC 1      8.77                      7.12   1.65     2.62
  SINCE JAN 1      3.17                      3.38  -0.21     0.96

SNOWFALL (IN)
  YESTERDAY       MM             0.0  2002
  MONTH TO DATE    0.0
  SINCE DEC 1      0.0
  SINCE JUL 1      0.0

DEGREE DAYS
 HEATING
  YESTERDAY       12                        11      1        0
  MONTH TO DATE  464                       389     75      473
  SINCE DEC 1    721                       739    -18      916
  SINCE JUL 1    969                       924     45     1165
..................................................................


WIND (MPH)
  HIGHEST WIND SPEED    21   HIGHEST WIND DIRECTION    SE (130)
  HIGHEST GUST SPEED    24   HIGHEST GUST DIRECTION    SE (130)




RELATIVE HUMIDITY (PERCENT)
 HIGHEST    87
 LOWEST     60
 AVERAGE    74

..........................................................


THE HOUSTON INTERCONTINENTAL CLIMATE NORMALS FOR TODAY
                         NORMAL    RECORD    YEAR
 MAXIMUM TEMPERATURE (F)   64        82      1989
                                             1911
 MINIMUM TEMPERATURE (F)   44        15      1951


SUNRISE AND SUNSET
FEBRUARY  1 2015......SUNRISE   712 AM CST   SUNSET   559 PM CST
FEBRUARY  2 2015......SUNRISE   711 AM CST   SUNSET   559 PM CST


-  INDICATES NEGATIVE NUMBERS.
R  INDICATES RECORD WAS SET OR TIED.
MM INDICATES DATA IS MISSING.
T  INDICATES TRACE AMOUNT.




...................................

...THE HOUSTON/HOBBY AIRPORT CLIMATE SUMMARY FOR JANUARY 31 2015...

CLIMATE NORMAL PERIOD 1981 TO 2010
CLIMATE RECORD PERIOD 1930 TO 2015


WEATHER ITEM   OBSERVED TIME   RECORD YEAR NORMAL DEPARTURE LAST
                VALUE   (LST)  VALUE       VALUE  FROM      YEAR
                                                  NORMAL
..................................................................
TEMPERATURE (F)
 YESTERDAY
  MAXIMUM         63    100 PM  83    1957  64     -1       71
  MINIMUM         49    707 AM  10    1949  46      3       58
  AVERAGE         56                        55      1       65

PRECIPITATION (IN)
  YESTERDAY        T             1.92 1934   0.13  -0.13      T
  MONTH TO DATE    5.13                      3.87   1.26     0.53
  SINCE DEC 1      9.74                      7.90   1.84     1.40
  SINCE JAN 1      5.13                      3.87   1.26     0.53

SNOWFALL (IN)
  YESTERDAY       MM            MM      MM
  MONTH TO DATE    0.0
  SINCE DEC 1      0.0
  SINCE JUL 1      0.0

DEGREE DAYS
 HEATING
  YESTERDAY        9                        11     -2        0
  MONTH TO DATE  436                       359     77      423
  SINCE DEC 1    660                       675    -15      822
  SINCE JUL 1    874                       831     43     1039
..................................................................


WIND (MPH)
  HIGHEST WIND SPEED    20   HIGHEST WIND DIRECTION     E (110)
  HIGHEST GUST SPEED    25   HIGHEST GUST DIRECTION    SE (130)




RELATIVE HUMIDITY (PERCENT)
 HIGHEST    97
 LOWEST     63
 AVERAGE    80

..........................................................


THE HOUSTON/HOBBY AIRPORT CLIMATE NORMALS FOR TODAY
                         NORMAL    RECORD    YEAR
 MAXIMUM TEMPERATURE (F)   64        81      1989
                                             1975
 MINIMUM TEMPERATURE (F)   46        15      1951


SUNRISE AND SUNSET
FEBRUARY  1 2015......SUNRISE   711 AM CST   SUNSET   559 PM CST
FEBRUARY  2 2015......SUNRISE   710 AM CST   SUNSET   600 PM CST


-  INDICATES NEGATIVE NUMBERS.
R  INDICATES RECORD WAS SET OR TIED.
MM INDICATES DATA IS MISSING.
T  INDICATES TRACE AMOUNT.




$$
