000
CDUS44 KHGX 272133
CLIHOU

CLIMATE REPORT
NATIONAL WEATHER SERVICE HOUSTON/GALVESTON TX
427 PM CDT SAT MAY 27 2017


...................................

...THE HOUSTON INTERCONTINENTAL CLIMATE SUMMARY FOR MAY 27 2017...
VALID TODAY AS OF 400 PM LOCAL TIME.

CLIMATE NORMAL PERIOD 1981 TO 2010
CLIMATE RECORD PERIOD 1892 TO 2017


WEATHER ITEM   OBSERVED TIME   RECORD YEAR NORMAL DEPARTURE LAST
                VALUE   (LST)  VALUE       VALUE  FROM      YEAR
                                                  NORMAL
..................................................................
TEMPERATURE (F)
 TODAY
  MAXIMUM         93    255 PM  98    1928  89      4       82
  MINIMUM         80    500 AM  50    1901  70     10       65
  AVERAGE         87                        80      7       74

PRECIPITATION (IN)
  TODAY            T             3.99 1914   0.17  -0.17     3.76
  MONTH TO DATE    0.85                      4.41  -3.56     7.20
  SINCE MAR 1      8.16                     11.13  -2.97    24.84
  SINCE JAN 1     16.67                     17.71  -1.04    28.95

DEGREE DAYS
 COOLING
  TODAY           22                        14      8        9
  MONTH TO DATE  304                       311     -7      251
  SINCE MAR 1    673                       554    119      493
  SINCE JAN 1    852                       592    260      530
..................................................................


WIND (MPH)
  RESULTANT WIND SPEED  11   RESULTANT WIND DIRECTION   S (180)
  HIGHEST WIND SPEED    22   HIGHEST WIND DIRECTION     S (160)
  HIGHEST GUST SPEED    26   HIGHEST GUST DIRECTION     S (160)
  AVERAGE WIND SPEED    10.8



WEATHER CONDITIONS
 THE FOLLOWING WEATHER WAS RECORDED TODAY.
  FOG
  HAZE


RELATIVE HUMIDITY (PERCENT)
 HIGHEST    85           100 AM
 LOWEST     52           200 PM
 AVERAGE    69

..........................................................


THE HOUSTON INTERCONTINENTAL CLIMATE NORMALS FOR TOMORROW
                         NORMAL    RECORD    YEAR
 MAXIMUM TEMPERATURE (F)   89        98      1906
 MINIMUM TEMPERATURE (F)   70        54      1901


SUNRISE AND SUNSET
MAY 27 2017...........SUNRISE   622 AM CDT   SUNSET   815 PM CDT
MAY 28 2017...........SUNRISE   622 AM CDT   SUNSET   816 PM CDT


-  INDICATES NEGATIVE NUMBERS.
R  INDICATES RECORD WAS SET OR TIED.
MM INDICATES DATA IS MISSING.
T  INDICATES TRACE AMOUNT.


&&

...................................

...THE HOUSTON/HOBBY AIRPORT CLIMATE SUMMARY FOR MAY 27 2017...
VALID TODAY AS OF 400 PM LOCAL TIME.

CLIMATE NORMAL PERIOD 1981 TO 2010
CLIMATE RECORD PERIOD 1930 TO 2017


WEATHER ITEM   OBSERVED TIME   RECORD YEAR NORMAL DEPARTURE LAST
                VALUE   (LST)  VALUE       VALUE  FROM      YEAR
                                                  NORMAL
..................................................................
TEMPERATURE (F)
 TODAY
  MAXIMUM         90    132 PM  97    1973  88      2       87
  MINIMUM         80    657 AM  55    1934  71      9       66
  AVERAGE         85                        79      6       77

PRECIPITATION (IN)
  TODAY            0.00          2.64 2016   0.18  -0.18     2.64
  MONTH TO DATE    1.72                      4.05  -2.33     7.59
  SINCE MAR 1     12.85                     10.50   2.35    20.68
  SINCE JAN 1     18.97                     17.58   1.39    24.85

DEGREE DAYS
 COOLING
  TODAY           20                        14      6       12
  MONTH TO DATE  302                       314    -12      322
  SINCE MAR 1    691                       556    135      673
  SINCE JAN 1    878                       594    284      711
..................................................................


WIND (MPH)
  RESULTANT WIND SPEED  12   RESULTANT WIND DIRECTION   S (180)
  HIGHEST WIND SPEED    18   HIGHEST WIND DIRECTION     S (190)
  HIGHEST GUST SPEED    25   HIGHEST GUST DIRECTION     S (180)
  AVERAGE WIND SPEED    12.2



WEATHER CONDITIONS
 THE FOLLOWING WEATHER WAS RECORDED TODAY.
  NO SIGNIFICANT WEATHER WAS OBSERVED.


RELATIVE HUMIDITY (PERCENT)
 HIGHEST    85          1200 AM
 LOWEST     59           300 PM
 AVERAGE    72

..........................................................


THE HOUSTON/HOBBY AIRPORT CLIMATE NORMALS FOR TOMORROW
                         NORMAL    RECORD    YEAR
 MAXIMUM TEMPERATURE (F)   88        97      2010
 MINIMUM TEMPERATURE (F)   71        55      1934


SUNRISE AND SUNSET
MAY 27 2017...........SUNRISE   623 AM CDT   SUNSET   814 PM CDT
MAY 28 2017...........SUNRISE   622 AM CDT   SUNSET   815 PM CDT


-  INDICATES NEGATIVE NUMBERS.
R  INDICATES RECORD WAS SET OR TIED.
MM INDICATES DATA IS MISSING.
T  INDICATES TRACE AMOUNT.

...MISCELLANEOUS CLIMATE DATA FOR TODAY...

LOCATION                        HIGH    LOW     PRECIP
PEARLAND                         91      81      0.00
SUGAR LAND                       93      80      0.00
TOMBALL                          93      80      0.00
CONROE                           94      79      0.00
HUNTSVILLE                       93      78      0.00
ANGLETON/LAKE JACKSON            89      81      0.00
PALACIOS                         85      78      0.00
LEAGUE CITY (NWS)                87      80      0.00


THIS PRODUCT...ALONG WITH OTHER WEATHER...HYDROLOGIC...AND CLIMATE
PRODUCTS...IS AVAILABLE ON THE WEB AT HTTP://WWW.WEATHER.GOV/HGX


$$
