000
CDUS44 KHGX 041322
CLIHOU

CLIMATE REPORT
NATIONAL WEATHER SERVICE HOUSTON/GALVESTON TX
821 AM CDT WED MAY 4 2016


...MORNING CLIMATE DATA...

                            MORNING LOW    PRECIP SINCE MIDNIGHT
HOUSTON INTERCONTINENTAL         54                0.00
GALVESTON SCHOLES FIELD          65                0.00
BRYAN/COLLEGE STATION            53                0.00
HOUSTON HOBBY                    58                0.00

...................................

...THE HOUSTON INTERCONTINENTAL CLIMATE SUMMARY FOR MAY 3 2016...

CLIMATE NORMAL PERIOD 1981 TO 2010
CLIMATE RECORD PERIOD 1892 TO 2016


WEATHER ITEM   OBSERVED TIME   RECORD YEAR NORMAL DEPARTURE LAST
                VALUE   (LST)  VALUE       VALUE  FROM      YEAR
                                                  NORMAL
..................................................................
TEMPERATURE (F)
 YESTERDAY
  MAXIMUM         76    314 PM  93    1890  83     -7       83
  MINIMUM         56    502 AM  47    2013  64     -8       57
                                      1978
  AVERAGE         66                        74     -8       70

PRECIPITATION (IN)
  YESTERDAY        0.00          5.10 1981   0.16  -0.16     0.00
  MONTH TO DATE    0.05                      0.46  -0.41     0.00
  SINCE MAR 1     17.69                      7.18  10.51    12.44
  SINCE JAN 1     21.80                     13.76   8.04    16.27

DEGREE DAYS
 COOLING
  YESTERDAY        1                         9     -8        5
  MONTH TO DATE   17                        26     -9       16
  SINCE MAR 1    259                       269    -10      320
  SINCE JAN 1    296                       307    -11      330
..................................................................


WIND (MPH)
  HIGHEST WIND SPEED    17   HIGHEST WIND DIRECTION     N (10)
  HIGHEST GUST SPEED    24   HIGHEST GUST DIRECTION    NE (40)


RELATIVE HUMIDITY (PERCENT)
 HIGHEST    93
 LOWEST     41
 AVERAGE    67

..........................................................


THE HOUSTON INTERCONTINENTAL CLIMATE NORMALS FOR TODAY
                         NORMAL    RECORD    YEAR
 MAXIMUM TEMPERATURE (F)   84        94      1890
 MINIMUM TEMPERATURE (F)   65        42      2013


SUNRISE AND SUNSET
MAY  4 2016...........SUNRISE   636 AM CDT   SUNSET   801 PM CDT
MAY  5 2016...........SUNRISE   635 AM CDT   SUNSET   802 PM CDT


-  INDICATES NEGATIVE NUMBERS.
R  INDICATES RECORD WAS SET OR TIED.
MM INDICATES DATA IS MISSING.
T  INDICATES TRACE AMOUNT.



&&
...................................

...THE HOUSTON/HOBBY AIRPORT CLIMATE SUMMARY FOR MAY 3 2016...

CLIMATE NORMAL PERIOD 1981 TO 2010
CLIMATE RECORD PERIOD 1930 TO 2016


WEATHER ITEM   OBSERVED TIME   RECORD YEAR NORMAL DEPARTURE LAST
                VALUE   (LST)  VALUE       VALUE  FROM      YEAR
                                                  NORMAL
..................................................................
TEMPERATURE (F)
 YESTERDAY
  MAXIMUM         78    459 PM  96    1984  83     -5       83
  MINIMUM         60    606 AM  48    1978  66     -6       60
  AVERAGE         69                        74     -5       72

PRECIPITATION (IN)
  YESTERDAY        0.00          9.48 1981   0.14  -0.14     0.00
  MONTH TO DATE    0.07                      0.42  -0.35     0.00
  SINCE MAR 1     13.16                      6.87   6.29    14.58
  SINCE JAN 1     17.33                     13.95   3.38    20.46

DEGREE DAYS
 COOLING
  YESTERDAY        4                         9     -5        7
  MONTH TO DATE   25                        27     -2       18
  SINCE MAR 1    376                       269    107      341
  SINCE JAN 1    414                       307    107      351
..................................................................


WIND (MPH)
  HIGHEST WIND SPEED    16   HIGHEST WIND DIRECTION     N (10)
  HIGHEST GUST SPEED    81   HIGHEST GUST DIRECTION    NW (330)


RELATIVE HUMIDITY (PERCENT)
 HIGHEST    78
 LOWEST     36
 AVERAGE    57

..........................................................


THE HOUSTON/HOBBY AIRPORT CLIMATE NORMALS FOR TODAY
                         NORMAL    RECORD    YEAR
 MAXIMUM TEMPERATURE (F)   83        94      1947
 MINIMUM TEMPERATURE (F)   66        44      1978


SUNRISE AND SUNSET
MAY  4 2016...........SUNRISE   636 AM CDT   SUNSET   800 PM CDT
MAY  5 2016...........SUNRISE   635 AM CDT   SUNSET   801 PM CDT


-  INDICATES NEGATIVE NUMBERS.
R  INDICATES RECORD WAS SET OR TIED.
MM INDICATES DATA IS MISSING.
T  INDICATES TRACE AMOUNT.

...........................................................

...MISCELLANEOUS CLIMATE DATA FOR YESTERDAY...

LOCATION                        HIGH    LOW     PRECIP

PEARLAND                         80      62      0.00
SUGAR LAND                       76      58      0.00
TOMBALL                          76      58      0.00
CONROE                           75      54      0.00
HUNTSVILLE                       74      53      0.00
ANGLETON/LAKE JACKSON            79      58      0.00
PALACIOS                         79      58      0.00
LEAGUE CITY (NWS)                77      60      0.00


THIS PRODUCT...ALONG WITH OTHER WEATHER...HYDROLOGIC...AND CLIMATE
PRODUCTS...IS AVAILABLE ON THE WEB AT HTTP://WWW.SRH.NOAA.GOV/HGX
OR AT HTTP://WEATHER.GOV

$$
