000
CDUS44 KHGX 101425
CLIHOU

CLIMATE REPORT
NATIONAL WEATHER SERVICE HOUSTON/GALVESTON TX
825 AM CST WED FEB 10 2016


...MORNING CLIMATE DATA...

                            MORNING LOW    PRECIP SINCE MIDNIGHT
HOUSTON INTERCONTINENTAL         40                0.00
GALVESTON SCHOLES FIELD          46                0.00
BRYAN/COLLEGE STATION            37                0.00
HOUSTON HOBBY                    43                0.00

...................................

...THE HOUSTON INTERCONTINENTAL CLIMATE SUMMARY FOR FEBRUARY 9 2016...

CLIMATE NORMAL PERIOD 1981 TO 2010
CLIMATE RECORD PERIOD 1892 TO 2016


WEATHER ITEM   OBSERVED TIME   RECORD YEAR NORMAL DEPARTURE LAST
                VALUE   (LST)  VALUE       VALUE  FROM      YEAR
                                                  NORMAL
..................................................................
TEMPERATURE (F)
 YESTERDAY
  MAXIMUM         66    414 PM  86    1962  65      1       83
  MINIMUM         39    723 AM  15    1933  45     -6       54
  AVERAGE         53                        55     -2       69

PRECIPITATION (IN)
  YESTERDAY        0.00          2.00 1908   0.11  -0.11     0.00
  MONTH TO DATE    0.15                      0.97  -0.82     0.34
  SINCE DEC 1      7.52                      8.09  -0.57     9.11
  SINCE JAN 1      2.31                      4.35  -2.04     3.51

SNOWFALL (IN)
  YESTERDAY        0.0           1.1  1973
  MONTH TO DATE    0.0
  SINCE DEC 1      0.0
  SINCE JUL 1      0.0

DEGREE DAYS
 HEATING
  YESTERDAY       12                        11      1        0
  MONTH TO DATE  102                        99      3      103
  SINCE DEC 1    712                       838   -126      824
  SINCE JUL 1    825                      1023   -198     1072
..................................................................


WIND (MPH)
  HIGHEST WIND SPEED    18   HIGHEST WIND DIRECTION    NW (310)
  HIGHEST GUST SPEED    24   HIGHEST GUST DIRECTION    NW (320)


RELATIVE HUMIDITY (PERCENT)
 HIGHEST    58
 LOWEST     16
 AVERAGE    37

..........................................................


THE HOUSTON INTERCONTINENTAL CLIMATE NORMALS FOR TODAY
                         NORMAL    RECORD    YEAR
 MAXIMUM TEMPERATURE (F)   65        85      1957
 MINIMUM TEMPERATURE (F)   46        22      1973


SUNRISE AND SUNSET
FEBRUARY 10 2016......SUNRISE   706 AM CST   SUNSET   606 PM CST
FEBRUARY 11 2016......SUNRISE   705 AM CST   SUNSET   607 PM CST


-  INDICATES NEGATIVE NUMBERS.
R  INDICATES RECORD WAS SET OR TIED.
MM INDICATES DATA IS MISSING.
T  INDICATES TRACE AMOUNT.


&&

...................................

...THE HOUSTON/HOBBY AIRPORT CLIMATE SUMMARY FOR FEBRUARY 9 2016...

CLIMATE NORMAL PERIOD 1981 TO 2010
CLIMATE RECORD PERIOD 1930 TO 2016


WEATHER ITEM   OBSERVED TIME   RECORD YEAR NORMAL DEPARTURE LAST
                VALUE   (LST)  VALUE       VALUE  FROM      YEAR
                                                  NORMAL
..................................................................
TEMPERATURE (F)
 YESTERDAY
  MAXIMUM         66    446 PM  87    1962  65      1       83
  MINIMUM         41    728 AM  17    1933  47     -6       58
  AVERAGE         54                        56     -2       71

PRECIPITATION (IN)
  YESTERDAY        0.00          3.71 1966   0.12  -0.12     0.00
  MONTH TO DATE    0.19                      1.05  -0.86     0.28
  SINCE DEC 1      6.19                      8.95  -2.76    10.02
  SINCE JAN 1      2.70                      4.92  -2.22     5.41

SNOWFALL (IN)
  YESTERDAY        0.0           T    1973
  MONTH TO DATE    0.0
  SINCE DEC 1      0.0
  SINCE JUL 1      0.0

DEGREE DAYS
 HEATING
  YESTERDAY       11                        10      1        0
  MONTH TO DATE   91                        90      1       93
  SINCE DEC 1    602                       765   -163      753
  SINCE JUL 1    676                       921   -245      967
..................................................................


WIND (MPH)
  HIGHEST WIND SPEED    23   HIGHEST WIND DIRECTION    NW (300)
  HIGHEST GUST SPEED    29   HIGHEST GUST DIRECTION    NW (300)


RELATIVE HUMIDITY (PERCENT)
 HIGHEST    50
 LOWEST     14
 AVERAGE    32

..........................................................


THE HOUSTON/HOBBY AIRPORT CLIMATE NORMALS FOR TODAY
                         NORMAL    RECORD    YEAR
 MAXIMUM TEMPERATURE (F)   65        85      1957
 MINIMUM TEMPERATURE (F)   48        26      1973


SUNRISE AND SUNSET
FEBRUARY 10 2016......SUNRISE   705 AM CST   SUNSET   606 PM CST
FEBRUARY 11 2016......SUNRISE   704 AM CST   SUNSET   607 PM CST


-  INDICATES NEGATIVE NUMBERS.
R  INDICATES RECORD WAS SET OR TIED.
MM INDICATES DATA IS MISSING.
T  INDICATES TRACE AMOUNT.

............................................................

...MISCELLANEOUS CLIMATE DATA FOR YESTERDAY...

LOCATION                        HIGH    LOW     PRECIP

PEARLAND                         66      39      0.00
SUGAR LAND                       66      38      0.00
TOMBALL                          66      39      0.00
CONROE                           65      29      0.00
HUNTSVILLE                       65      38      0.00
ANGLETON/LAKE JACKSON            68      39      0.00
PALACIOS                         70      34      0.00
LEAGUE CITY (NWS)                65      38      0.00


THIS PRODUCT...ALONG WITH OTHER WEATHER...HYDROLOGIC...AND CLIMATE
PRODUCTS...IS AVAILABLE ON THE WEB AT HTTP://WWW.SRH.NOAA.GOV/HGX
OR AT HTTP://WEATHER.GOV

$$
