000
CDUS44 KHGX 210826
CLIHOU


CLIMATE REPORT
NATIONAL WEATHER SERVICE HOUSTON/GALVESTON TX
226 AM CST SUN JAN 21 2018


...................................

...THE HOUSTON INTERCONTINENTAL CLIMATE SUMMARY FOR JANUARY 20 2018...

CLIMATE NORMAL PERIOD 1981 TO 2010
CLIMATE RECORD PERIOD 1892 TO 2018


WEATHER ITEM   OBSERVED TIME   RECORD YEAR NORMAL DEPARTURE LAST
                VALUE   (LST)  VALUE       VALUE  FROM      YEAR
                                                  NORMAL
..................................................................
TEMPERATURE (F)
 YESTERDAY
  MAXIMUM         73    400 PM  81    2012  63     10       78
  MINIMUM         52    539 AM  20    1985  43      9       57
                                      1892
  AVERAGE         63                        53     10       68

PRECIPITATION (IN)
  YESTERDAY        0.07          1.83 1958   0.11  -0.04     0.95
  MONTH TO DATE    1.74                      2.14  -0.40     6.04
  SINCE DEC 1      5.46                      5.88  -0.42     9.60
  SINCE JAN 1      1.74                      2.14  -0.40     6.04

SNOWFALL (IN)
  YESTERDAY        0.0           0.0  2002
  MONTH TO DATE    0.1
  SINCE DEC 1      0.8
  SINCE JUL 1      0.8

DEGREE DAYS
 HEATING
  YESTERDAY        2                        12    -10        0
  MONTH TO DATE  400                       258    142      143
  SINCE DEC 1    764                       612    152      402
  SINCE JUL 1    875                       797     78      460
..................................................................


WIND (MPH)
  HIGHEST WIND SPEED    16   HIGHEST WIND DIRECTION     S (170)
  HIGHEST GUST SPEED    21   HIGHEST GUST DIRECTION     S (190)




RELATIVE HUMIDITY (PERCENT)
 HIGHEST   100
 LOWEST     84
 AVERAGE    92

..........................................................


THE HOUSTON INTERCONTINENTAL CLIMATE NORMALS FOR TODAY
                         NORMAL    RECORD    YEAR
 MAXIMUM TEMPERATURE (F)   63        81      1911
 MINIMUM TEMPERATURE (F)   43        16      1985


SUNRISE AND SUNSET
JANUARY 21 2018.......SUNRISE   717 AM CST   SUNSET   549 PM CST
JANUARY 22 2018.......SUNRISE   716 AM CST   SUNSET   550 PM CST


-  INDICATES NEGATIVE NUMBERS.
R  INDICATES RECORD WAS SET OR TIED.
MM INDICATES DATA IS MISSING.
T  INDICATES TRACE AMOUNT.


&&

...................................

...THE HOUSTON/HOBBY AIRPORT CLIMATE SUMMARY FOR JANUARY 20 2018...

CLIMATE NORMAL PERIOD 1981 TO 2010
CLIMATE RECORD PERIOD 1930 TO 2018


WEATHER ITEM   OBSERVED TIME   RECORD YEAR NORMAL DEPARTURE LAST
                VALUE   (LST)  VALUE       VALUE  FROM      YEAR
                                                  NORMAL
..................................................................
TEMPERATURE (F)
 YESTERDAY
  MAXIMUM         72    339 PM  82    1972  63      9       80
  MINIMUM         51    722 AM  19    1989  45      6       55
  AVERAGE         62                        54      8       68

PRECIPITATION (IN)
  YESTERDAY        0.12          2.30 1980   0.13  -0.01     1.33
  MONTH TO DATE    2.05                      2.45  -0.40     3.93
  SINCE DEC 1      6.71                      6.48   0.23     7.62
  SINCE JAN 1      2.05                      2.45  -0.40     3.93

SNOWFALL (IN)
  YESTERDAY        0.0           T    1978
  MONTH TO DATE    T
  SINCE DEC 1      1.5
  SINCE JUL 1      1.5

DEGREE DAYS
 HEATING
  YESTERDAY        3                        11     -8        0
  MONTH TO DATE  390                       238    152      126
  SINCE DEC 1    742                       558    184      338
  SINCE JUL 1    823                       714    109      375
..................................................................


WIND (MPH)
  HIGHEST WIND SPEED    15   HIGHEST WIND DIRECTION     S (160)
  HIGHEST GUST SPEED    20   HIGHEST GUST DIRECTION     S (170)




RELATIVE HUMIDITY (PERCENT)
 HIGHEST   100
 LOWEST     84
 AVERAGE    92

..........................................................


THE HOUSTON/HOBBY AIRPORT CLIMATE NORMALS FOR TODAY
                         NORMAL    RECORD    YEAR
 MAXIMUM TEMPERATURE (F)   63        81      2017
 MINIMUM TEMPERATURE (F)   45        20      1940


SUNRISE AND SUNSET
JANUARY 21 2018.......SUNRISE   716 AM CST   SUNSET   550 PM CST
JANUARY 22 2018.......SUNRISE   715 AM CST   SUNSET   550 PM CST


-  INDICATES NEGATIVE NUMBERS.
R  INDICATES RECORD WAS SET OR TIED.
MM INDICATES DATA IS MISSING.
T  INDICATES TRACE AMOUNT.




$$
