873
CDUS44 KHGX 232117
CLIHOU

CLIMATE REPORT
NATIONAL WEATHER SERVICE HOUSTON/GALVESTON TX
415 PM CDT SUN APR 23 2017


...................................

...THE HOUSTON INTERCONTINENTAL CLIMATE SUMMARY FOR APRIL 23 2017...
VALID TODAY AS OF 400 PM LOCAL TIME.

CLIMATE NORMAL PERIOD 1981 TO 2010
CLIMATE RECORD PERIOD 1892 TO 2017


WEATHER ITEM   OBSERVED TIME   RECORD YEAR NORMAL DEPARTURE LAST
                VALUE   (LST)  VALUE       VALUE  FROM      YEAR
                                                  NORMAL
..................................................................
TEMPERATURE (F)
 TODAY
  MAXIMUM         73    259 PM  91    1999  81     -8       80
  MINIMUM         53    617 AM  44    1998  61     -8       56
  AVERAGE         63                        71     -8       68

PRECIPITATION (IN)
  TODAY            0.00          2.40 1981   0.11  -0.11     0.00
  MONTH TO DATE    1.67                      2.42  -0.75    12.86
  SINCE MAR 1      7.30                      5.83   1.47    16.11
  SINCE JAN 1     15.81                     12.41   3.40    20.22

SNOWFALL (IN)
  TODAY            0.0          MM      MM   0.0    0.0      0.0
  MONTH TO DATE    0.0                       0.0    0.0      0.0
  SINCE MAR 1      0.0                       0.0    0.0      0.0
  SINCE JUL 1      0.0                       0.1   -0.1      0.0
  SNOW DEPTH       0

DEGREE DAYS
 HEATING
  TODAY            2                         1      1        0
  MONTH TO DATE    2                        35    -33       20
  SINCE MAR 1     54                       176   -122      100
  SINCE JUL 1    654                      1364   -710     1017

 COOLING
  TODAY            0                         7     -7        3
  MONTH TO DATE  158                       119     39       73
  SINCE MAR 1    316                       190    126      172
  SINCE JAN 1    495                       228    267      209
..................................................................


WIND (MPH)
  RESULTANT WIND SPEED  13   RESULTANT WIND DIRECTION   N (350)
  HIGHEST WIND SPEED    21   HIGHEST WIND DIRECTION     N (360)
  HIGHEST GUST SPEED    27   HIGHEST GUST DIRECTION     N (340)
  AVERAGE WIND SPEED    14.2



WEATHER CONDITIONS
 THE FOLLOWING WEATHER WAS RECORDED TODAY.
  NO SIGNIFICANT WEATHER WAS OBSERVED.


RELATIVE HUMIDITY (PERCENT)
 HIGHEST    66           600 AM
 LOWEST     44           200 PM
 AVERAGE    55

..........................................................


THE HOUSTON INTERCONTINENTAL CLIMATE NORMALS FOR TOMORROW
                         NORMAL    RECORD    YEAR
 MAXIMUM TEMPERATURE (F)   81        92      1894
 MINIMUM TEMPERATURE (F)   62        46      1995


SUNRISE AND SUNSET
APRIL 23 2017.........SUNRISE   646 AM CDT   SUNSET   754 PM CDT
APRIL 24 2017.........SUNRISE   645 AM CDT   SUNSET   754 PM CDT


-  INDICATES NEGATIVE NUMBERS.
R  INDICATES RECORD WAS SET OR TIED.
MM INDICATES DATA IS MISSING.
T  INDICATES TRACE AMOUNT.

&&


...................................

...THE HOUSTON/HOBBY AIRPORT CLIMATE SUMMARY FOR APRIL 23 2017...
VALID TODAY AS OF 400 PM LOCAL TIME.

CLIMATE NORMAL PERIOD 1981 TO 2010
CLIMATE RECORD PERIOD 1930 TO 2017


WEATHER ITEM   OBSERVED TIME   RECORD YEAR NORMAL DEPARTURE LAST
                VALUE   (LST)  VALUE       VALUE  FROM      YEAR
                                                  NORMAL
..................................................................
TEMPERATURE (F)
 TODAY
  MAXIMUM         73    259 PM  91    1967  80     -7       83
  MINIMUM         54    525 AM  45    1931  63     -9       61
  AVERAGE         64                        72     -8       72

PRECIPITATION (IN)
  TODAY            0.00          1.11 1981   0.11  -0.11     0.00
  MONTH TO DATE    2.98                      2.39   0.59     7.50
  SINCE MAR 1     11.13                      5.59   5.54    11.64
  SINCE JAN 1     17.25                     12.67   4.58    15.81

SNOWFALL (IN)
  TODAY            0.0          MM      MM   0.0    0.0      0.0
  MONTH TO DATE    0.0                       0.0    0.0      0.0
  SINCE MAR 1      0.0                       0.0    0.0      0.0
  SINCE JUL 1      0.0                       T      0.0      0.0
  SNOW DEPTH       0

DEGREE DAYS
 HEATING
  TODAY            1                         0      1        0
  MONTH TO DATE    1                        27    -26        8
  SINCE MAR 1     43                       148   -105       52
  SINCE JUL 1    541                      1218   -677      790

 COOLING
  TODAY            0                         7     -7        7
  MONTH TO DATE  162                       120     42      129
  SINCE MAR 1    334                       189    145      270
  SINCE JAN 1    521                       227    294      308
..................................................................


WIND (MPH)
  RESULTANT WIND SPEED  15   RESULTANT WIND DIRECTION   N (340)
  HIGHEST WIND SPEED    26   HIGHEST WIND DIRECTION     N (340)
  HIGHEST GUST SPEED    32   HIGHEST GUST DIRECTION     N (340)
  AVERAGE WIND SPEED    15.0



WEATHER CONDITIONS
 THE FOLLOWING WEATHER WAS RECORDED TODAY.
  LIGHT RAIN


RELATIVE HUMIDITY (PERCENT)
 HIGHEST    61           500 AM
 LOWEST     41           200 PM
 AVERAGE    51

..........................................................


THE HOUSTON/HOBBY AIRPORT CLIMATE NORMALS FOR TOMORROW
                         NORMAL    RECORD    YEAR
 MAXIMUM TEMPERATURE (F)   81        90      1987
 MINIMUM TEMPERATURE (F)   63        49      1995


SUNRISE AND SUNSET
APRIL 23 2017.........SUNRISE   646 AM CDT   SUNSET   753 PM CDT
APRIL 24 2017.........SUNRISE   645 AM CDT   SUNSET   754 PM CDT


-  INDICATES NEGATIVE NUMBERS.
R  INDICATES RECORD WAS SET OR TIED.
MM INDICATES DATA IS MISSING.
T  INDICATES TRACE AMOUNT.

...MISCELLANEOUS CLIMATE DATA FOR TODAY...

LOCATION                        HIGH    LOW     PRECIP
PEARLAND                         75      57       T
SUGAR LAND                       73      53      0.00
TOMBALL                          72      51      0.00
CONROE                           71      49      0.00
HUNTSVILLE                       72      47      0.00
ANGLETON/LAKE JACKSON            74      55       T
PALACIOS                         76      55      0.00
LEAGUE CITY (NWS)                73      54      0.00


THIS PRODUCT...ALONG WITH OTHER WEATHER...HYDROLOGIC...AND CLIMATE
PRODUCTS...IS AVAILABLE ON THE WEB AT HTTP://WWW.WEATHER.GOV/HGX

$$
