000
CDUS44 KHGX 222224
CLIHOU

SATCLIHOU 000
TTAA00 KHGX 222222


CLIMATE REPORT
NATIONAL WEATHER SERVICE HOUSTON/GALVESTON TX
418 PM CST MON DEC 22 2014


...................................

...THE HOUSTON INTERCONTINENTAL CLIMATE SUMMARY FOR DECEMBER 22 2014...
VALID TODAY AS OF 400 PM LOCAL TIME.

CLIMATE NORMAL PERIOD 1981 TO 2010
CLIMATE RECORD PERIOD 1892 TO 2014


WEATHER ITEM   OBSERVED TIME   RECORD YEAR NORMAL DEPARTURE LAST
                VALUE   (LST)  VALUE       VALUE  FROM      YEAR
                                                  NORMAL
..................................................................
TEMPERATURE (F)
 TODAY
  MAXIMUM         72    310 PM  81    1981  63      9       60
                                      1970
  MINIMUM         55    545 AM  13    1989  44     11       37
  AVERAGE         64                        53     11       49

PRECIPITATION (IN)
  TODAY            0.00          2.21 1910   0.11  -0.11     0.01
  MONTH TO DATE    3.98                      2.75   1.23     1.66
  SINCE DEC 1      3.98                      2.75   1.23     1.66
  SINCE JAN 1     42.10                     48.78  -6.68    38.84

SNOWFALL (IN)
  TODAY            0.0           1.7  1989   0.0    0.0     MM
  MONTH TO DATE    0.0                       0.1   -0.1      0.0
  SINCE DEC 1      0.0                       0.1   -0.1      0.0
  SINCE JUL 1      0.0                       0.1   -0.1      0.0
  SNOW DEPTH       0

DEGREE DAYS
 HEATING
  TODAY            1                        12    -11       16
  MONTH TO DATE  119                       239   -120      292
  SINCE DEC 1    119                       239   -120      292
  SINCE JUL 1    367                       424    -57      541
..................................................................


WIND (MPH)
  RESULTANT WIND SPEED   6   RESULTANT WIND DIRECTION   S (200)
  HIGHEST WIND SPEED    20   HIGHEST WIND DIRECTION    SW (230)
  HIGHEST GUST SPEED    30   HIGHEST GUST DIRECTION    SW (220)
  AVERAGE WIND SPEED     7.7



WEATHER CONDITIONS
 THE FOLLOWING WEATHER WAS RECORDED TODAY.
  LIGHT RAIN
  FOG


RELATIVE HUMIDITY (PERCENT)
 HIGHEST   100           300 AM
 LOWEST     66          1100 AM
 AVERAGE    83

..........................................................


THE HOUSTON INTERCONTINENTAL CLIMATE NORMALS FOR TOMORROW
                         NORMAL    RECORD    YEAR
 MAXIMUM TEMPERATURE (F)   63        80      1996
 MINIMUM TEMPERATURE (F)   44         7      1989


SUNRISE AND SUNSET
DECEMBER 22 2014......SUNRISE   713 AM CST   SUNSET   527 PM CST
DECEMBER 23 2014......SUNRISE   714 AM CST   SUNSET   527 PM CST


-  INDICATES NEGATIVE NUMBERS.
R  INDICATES RECORD WAS SET OR TIED.
MM INDICATES DATA IS MISSING.
T  INDICATES TRACE AMOUNT.


&&

...................................

...THE HOUSTON/HOBBY AIRPORT CLIMATE SUMMARY FOR DECEMBER 22 2014...
VALID TODAY AS OF 400 PM LOCAL TIME.

CLIMATE NORMAL PERIOD 1981 TO 2010
CLIMATE RECORD PERIOD 1930 TO 2014


WEATHER ITEM   OBSERVED TIME   RECORD YEAR NORMAL DEPARTURE LAST
                VALUE   (LST)  VALUE       VALUE  FROM      YEAR
                                                  NORMAL
..................................................................
TEMPERATURE (F)
 TODAY
  MAXIMUM         75    359 PM  82    1970  63     12       63
  MINIMUM         54    602 AM  15    1989  46      8       39
  AVERAGE         65                        54     11       51

PRECIPITATION (IN)
  TODAY            0.00          2.82 1986   0.12  -0.12     0.03
  MONTH TO DATE    3.77                      2.90   0.87     0.87
  SINCE DEC 1      3.77                      2.90   0.87     0.87
  SINCE JAN 1     40.29                     53.52 -13.23    43.06

SNOWFALL (IN)
  TODAY            0.0           T    1989   0.0    0.0     MM
  MONTH TO DATE    0.0                       0.0    0.0      0.0
  SINCE DEC 1      0.0                       0.0    0.0      0.0
  SINCE JUL 1      0.0                       0.0    0.0      0.0
  SNOW DEPTH       0

DEGREE DAYS
 HEATING
  TODAY            0                        11    -11       14
  MONTH TO DATE  100                       216   -116      261
  SINCE DEC 1    100                       216   -116      261
  SINCE JUL 1    314                       372    -58      478
..................................................................


WIND (MPH)
  RESULTANT WIND SPEED   7   RESULTANT WIND DIRECTION  SW (220)
  HIGHEST WIND SPEED    25   HIGHEST WIND DIRECTION    SW (230)
  HIGHEST GUST SPEED    33   HIGHEST GUST DIRECTION     W (260)
  AVERAGE WIND SPEED     8.1



WEATHER CONDITIONS
 THE FOLLOWING WEATHER WAS RECORDED TODAY.
  FOG
  FOG W/VISIBILITY <= 1/4 MILE


RELATIVE HUMIDITY (PERCENT)
 HIGHEST   100          1200 AM
 LOWEST     60           400 PM
 AVERAGE    80

..........................................................


THE HOUSTON/HOBBY AIRPORT CLIMATE NORMALS FOR TOMORROW
                         NORMAL    RECORD    YEAR
 MAXIMUM TEMPERATURE (F)   63        80      1964
 MINIMUM TEMPERATURE (F)   46         9      1989


SUNRISE AND SUNSET
DECEMBER 22 2014......SUNRISE   712 AM CST   SUNSET   527 PM CST
DECEMBER 23 2014......SUNRISE   713 AM CST   SUNSET   528 PM CST


-  INDICATES NEGATIVE NUMBERS.
R  INDICATES RECORD WAS SET OR TIED.
MM INDICATES DATA IS MISSING.
T  INDICATES TRACE AMOUNT.

...MISCELLANEOUS CLIMATE DATA FOR TODAY...

LOCATION                        HIGH    LOW     PRECIP
PEARLAND                         77      56      0.00
SUGAR LAND                       73      53      0.00
TOMBALL                          71      57      0.00
CONROE                           69      54      0.00
HUNTSVILLE                       72      55      0.00
ANGLETON/LAKE JACKSON            73      53      0.00
PALACIOS                         70      59      0.00
LEAGUE CITY (NWS)                77      53      0.00


THIS PRODUCT...ALONG WITH OTHER WEATHER...HYDROLOGIC...AND CLIMATE
PRODUCTS...IS AVAILABLE ON THE WEB AT HTTP://WWW.SRH.NOAA.GOV/HGX
OR AT HTTP://WEATHER.GOV

$$
