000
CDUS46 KSEW 270830
CLIHQM


CLIMATE REPORT
NATIONAL WEATHER SERVICE SEATTLE WA
1230 AM PST SAT DEC 27 2014


...................................

...THE HOQUIAM WA AIRPORT CLIMATE SUMMARY FOR DECEMBER 26 2014...

CLIMATE NORMAL PERIOD 1981 TO 2010
CLIMATE RECORD PERIOD 1953 TO 2014


WEATHER ITEM   OBSERVED TIME   RECORD YEAR NORMAL DEPARTURE LAST
                VALUE   (LST)  VALUE       VALUE  FROM      YEAR
                                                  NORMAL
..................................................................
TEMPERATURE (F)
 YESTERDAY
  MAXIMUM         45    525 PM  58    1980  46     -1       45
  MINIMUM         40    952 AM  26    1954  37      3       32
  AVERAGE         43                        41      2       39

PRECIPITATION (IN)
  YESTERDAY        0.03          2.29 1994   0.33  -0.30     0.00
  MONTH TO DATE   10.83                      8.38   2.45     3.87
  SINCE OCT 1     30.90                     26.08   4.82    11.73
  SINCE JAN 1     77.99                     65.97  12.02    53.60

DEGREE DAYS
 HEATING
  YESTERDAY       22                        24     -2       26
  MONTH TO DATE  465                       611   -146      707
  SINCE DEC 1    465                       611   -146      707

 COOLING
  YESTERDAY        0                         0      0        0
  MONTH TO DATE    0                         0      0        0
  SINCE DEC 1      0                         0      0        0
  SINCE JAN 1     48                        23     25       20
..................................................................


WIND (MPH)
  RESULTANT WIND SPEED   8   RESULTANT WIND DIRECTION  NE (50)
  HIGHEST WIND SPEED    12   HIGHEST WIND DIRECTION    NE (40)
  HIGHEST GUST SPEED    14   HIGHEST GUST DIRECTION    NE (30)
  AVERAGE WIND SPEED     7.6


SKY COVER
  AVERAGE SKY COVER 1.0


WEATHER CONDITIONS
 THE FOLLOWING WEATHER WAS RECORDED YESTERDAY.
  LIGHT RAIN
  FOG


RELATIVE HUMIDITY (PERCENT)
 HIGHEST   100          1200 AM
 LOWEST     92           100 PM
 AVERAGE    96

..........................................................


THE HOQUIAM WA AIRPORT CLIMATE NORMALS FOR TODAY
                         NORMAL    RECORD    YEAR
 MAXIMUM TEMPERATURE (F)   46        55      1980
 MINIMUM TEMPERATURE (F)   37        25      1978


SUNRISE AND SUNSET
DECEMBER 27 2014......SUNRISE   801 AM PST   SUNSET   433 PM PST
DECEMBER 28 2014......SUNRISE   801 AM PST   SUNSET   434 PM PST


-  INDICATES NEGATIVE NUMBERS.
R  INDICATES RECORD WAS SET OR TIED.
MM INDICATES DATA IS MISSING.
T  INDICATES TRACE AMOUNT.




$$
