000
CDUS46 KSEW 020827
CLIHQM


CLIMATE REPORT
NATIONAL WEATHER SERVICE SEATTLE WA
127 AM PDT SAT AUG 2 2014


...................................

...THE HOQUIAM WA AIRPORT CLIMATE SUMMARY FOR AUGUST 1 2014...

CLIMATE NORMAL PERIOD 1981 TO 2010
CLIMATE RECORD PERIOD 1953 TO 2014


WEATHER ITEM   OBSERVED TIME   RECORD YEAR NORMAL DEPARTURE LAST
                VALUE   (LST)  VALUE       VALUE  FROM      YEAR
                                                  NORMAL
..................................................................
TEMPERATURE (F)
 YESTERDAY
  MAXIMUM         74    213 PM  78    1993  67      7       64
  MINIMUM         52    544 AM  44    1976  54     -2       56
  AVERAGE         63                        61      2       60

PRECIPITATION (IN)
  YESTERDAY        0.00          0.84 1964   0.03  -0.03     0.00
  MONTH TO DATE    0.00                      0.03  -0.03     0.00
  SINCE OCT 1     53.77                     63.99 -10.22    46.17
  SINCE JAN 1     41.66                     36.33   5.33    32.56

DEGREE DAYS
 HEATING
  YESTERDAY        2                         4     -2        5
  MONTH TO DATE    2                         4     -2        5
  SINCE JUN 1    321                       414    -93      327

 COOLING
  YESTERDAY        0                         0      0        0
  MONTH TO DATE    0                         0      0        0
  SINCE JUN 1      8                         8      0        8
  SINCE JAN 1     23                         9     14       11
..................................................................


WIND (MPH)
  RESULTANT WIND SPEED   4   RESULTANT WIND DIRECTION  SW (240)
  HIGHEST WIND SPEED    14   HIGHEST WIND DIRECTION    SW (230)
  HIGHEST GUST SPEED    16   HIGHEST GUST DIRECTION    SW (240)
  AVERAGE WIND SPEED     5.4


SKY COVER
  AVERAGE SKY COVER 0.0


WEATHER CONDITIONS
 THE FOLLOWING WEATHER WAS RECORDED YESTERDAY.
  FOG


RELATIVE HUMIDITY (PERCENT)
 HIGHEST   100           600 AM
 LOWEST     57           500 PM
 AVERAGE    79

..........................................................


THE HOQUIAM WA AIRPORT CLIMATE NORMALS FOR TODAY
                         NORMAL    RECORD    YEAR
 MAXIMUM TEMPERATURE (F)   67        81      1993
 MINIMUM TEMPERATURE (F)   54        42      1973


SUNRISE AND SUNSET
AUGUST  2 2014........SUNRISE   557 AM PDT   SUNSET   847 PM PDT
AUGUST  3 2014........SUNRISE   558 AM PDT   SUNSET   845 PM PDT


-  INDICATES NEGATIVE NUMBERS.
R  INDICATES RECORD WAS SET OR TIED.
MM INDICATES DATA IS MISSING.
T  INDICATES TRACE AMOUNT.




$$
