000
CDUS46 KSEW 260840
CLIHQM


CLIMATE REPORT
NATIONAL WEATHER SERVICE SEATTLE WA
137 AM PDT MON SEP 26 2016


...................................

...THE HOQUIAM WA AIRPORT CLIMATE SUMMARY FOR SEPTEMBER 25 2016...

CLIMATE NORMAL PERIOD 1981 TO 2010
CLIMATE RECORD PERIOD 1953 TO 2016


WEATHER ITEM   OBSERVED TIME   RECORD YEAR NORMAL DEPARTURE LAST
                VALUE   (LST)  VALUE       VALUE  FROM      YEAR
                                                  NORMAL
..................................................................
TEMPERATURE (F)
 YESTERDAY
  MAXIMUM         74    358 PM  84    1991  65      9       63
  MINIMUM         58    632 AM  36    1972  49      9       54
  AVERAGE         66                        57      9       59

PRECIPITATION (IN)
  YESTERDAY        0.00          1.00 1959   0.09  -0.09     0.11
  MONTH TO DATE    3.24                      1.78   1.46     2.76
  SINCE OCT 1     78.33                     67.05  11.28    62.82
  SINCE JAN 1     44.91                     39.39   5.52    31.40

DEGREE DAYS
 HEATING
  YESTERDAY        0                         8     -8        6
  MONTH TO DATE  161                       147     14      136
  SINCE SEP 1    161                       147     14      136

 COOLING
  YESTERDAY        1                         0      1        0
  MONTH TO DATE    1                         0      1        4
  SINCE SEP 1      1                         0      1        4
  SINCE JAN 1     50                        16     34       35
..................................................................


WIND (MPH)
  RESULTANT WIND SPEED   3   RESULTANT WIND DIRECTION  NE (50)
  HIGHEST WIND SPEED    14   HIGHEST WIND DIRECTION    NE (50)
  HIGHEST GUST SPEED    18   HIGHEST GUST DIRECTION    NE (30)
  AVERAGE WIND SPEED     5.6


SKY COVER
  AVERAGE SKY COVER 0.5


WEATHER CONDITIONS
 THE FOLLOWING WEATHER WAS RECORDED YESTERDAY.
  NO SIGNIFICANT WEATHER WAS OBSERVED.


RELATIVE HUMIDITY (PERCENT)
 HIGHEST    93          1200 AM
 LOWEST     61          1200 PM
 AVERAGE    77

..........................................................


THE HOQUIAM WA AIRPORT CLIMATE NORMALS FOR TODAY
                         NORMAL    RECORD    YEAR
 MAXIMUM TEMPERATURE (F)   65        83      1967
 MINIMUM TEMPERATURE (F)   49        36      1972


SUNRISE AND SUNSET
SEPTEMBER 26 2016.....SUNRISE   709 AM PDT   SUNSET   704 PM PDT
SEPTEMBER 27 2016.....SUNRISE   710 AM PDT   SUNSET   702 PM PDT


-  INDICATES NEGATIVE NUMBERS.
R  INDICATES RECORD WAS SET OR TIED.
MM INDICATES DATA IS MISSING.
T  INDICATES TRACE AMOUNT.




$$
