000
CDUS46 KSEW 260827
CLIHQM


CLIMATE REPORT
NATIONAL WEATHER SERVICE SEATTLE WA
1226 AM PST MON JAN 26 2015


...................................

...THE HOQUIAM WA AIRPORT CLIMATE SUMMARY FOR JANUARY 25 2015...

CLIMATE NORMAL PERIOD 1981 TO 2010
CLIMATE RECORD PERIOD 1953 TO 2015


WEATHER ITEM   OBSERVED TIME   RECORD YEAR NORMAL DEPARTURE LAST
                VALUE   (LST)  VALUE       VALUE  FROM      YEAR
                                                  NORMAL
..................................................................
TEMPERATURE (F)
 YESTERDAY
  MAXIMUM         60R   328 PM  56    2003  48     12       55
                                      1986
  MINIMUM         47   1159 PM  21    1957  38      9       32
  AVERAGE         54                        43     11       44

PRECIPITATION (IN)
  YESTERDAY        0.00          3.28 1971   0.30  -0.30     0.00
  MONTH TO DATE   11.00                      8.56   2.44     5.11
  SINCE OCT 1     42.42                     36.22   6.20    17.22
  SINCE JAN 1     11.00                      8.56   2.44     5.11

DEGREE DAYS
 HEATING
  YESTERDAY       11                        22    -11       21
  MONTH TO DATE  467                       561    -94      527
  SINCE DEC 1   1060                      1288   -228     1353

 COOLING
  YESTERDAY        0                         0      0        0
  MONTH TO DATE    0                         0      0        0
  SINCE DEC 1      0                         0      0        0
  SINCE JAN 1      0                         0      0        0
..................................................................


WIND (MPH)
  RESULTANT WIND SPEED   7   RESULTANT WIND DIRECTION   E (70)
  HIGHEST WIND SPEED    15   HIGHEST WIND DIRECTION     E (80)
  HIGHEST GUST SPEED    17   HIGHEST GUST DIRECTION     E (80)
  AVERAGE WIND SPEED     7.7


SKY COVER
  AVERAGE SKY COVER 0.5


WEATHER CONDITIONS
 THE FOLLOWING WEATHER WAS RECORDED YESTERDAY.
  FOG


RELATIVE HUMIDITY (PERCENT)
 HIGHEST   100          1200 AM
 LOWEST     80           300 PM
 AVERAGE    90

..........................................................


THE HOQUIAM WA AIRPORT CLIMATE NORMALS FOR TODAY
                         NORMAL    RECORD    YEAR
 MAXIMUM TEMPERATURE (F)   48        56      2003
                                             1961
 MINIMUM TEMPERATURE (F)   38        17      1957


SUNRISE AND SUNSET
JANUARY 26 2015.......SUNRISE   748 AM PST   SUNSET   509 PM PST
JANUARY 27 2015.......SUNRISE   747 AM PST   SUNSET   511 PM PST


-  INDICATES NEGATIVE NUMBERS.
R  INDICATES RECORD WAS SET OR TIED.
MM INDICATES DATA IS MISSING.
T  INDICATES TRACE AMOUNT.




$$
