000
CDUS46 KSEW 250829
CLIHQM


CLIMATE REPORT
NATIONAL WEATHER SERVICE SEATTLE WA
129 AM PDT THU AUG 25 2016


...................................

...THE HOQUIAM WA AIRPORT CLIMATE SUMMARY FOR AUGUST 24 2016...

CLIMATE NORMAL PERIOD 1981 TO 2010
CLIMATE RECORD PERIOD 1953 TO 2016


WEATHER ITEM   OBSERVED TIME   RECORD YEAR NORMAL DEPARTURE LAST
                VALUE   (LST)  VALUE       VALUE  FROM      YEAR
                                                  NORMAL
..................................................................
TEMPERATURE (F)
 YESTERDAY
  MAXIMUM         81    136 PM  90    1982  68     13       69
  MINIMUM         49    452 AM  42    1954  53     -4       53
  AVERAGE         65                        61      4       61

PRECIPITATION (IN)
  YESTERDAY        0.00          1.21 1954   0.05  -0.05     0.00
  MONTH TO DATE    0.19                      0.89  -0.70     0.05
  SINCE OCT 1     74.68                     64.85   9.83    58.34
  SINCE JAN 1     41.26                     37.19   4.07    26.92

DEGREE DAYS
 HEATING
  YESTERDAY        0                         4     -4        4
  MONTH TO DATE   83                        96    -13       41
  SINCE JUN 1    414                       506    -92      244

 COOLING
  YESTERDAY        0                         0      0        0
  MONTH TO DATE   20                         0     20       12
  SINCE JUN 1     33                         8     25       31
  SINCE JAN 1     38                         9     29       31
..................................................................


WIND (MPH)
  RESULTANT WIND SPEED   1   RESULTANT WIND DIRECTION   S (190)
  HIGHEST WIND SPEED    14   HIGHEST WIND DIRECTION    SW (210)
  HIGHEST GUST SPEED    16   HIGHEST GUST DIRECTION    SW (230)
  AVERAGE WIND SPEED     6.3


SKY COVER
  AVERAGE SKY COVER 0.0


WEATHER CONDITIONS
 THE FOLLOWING WEATHER WAS RECORDED YESTERDAY.
  FOG


RELATIVE HUMIDITY (PERCENT)
 HIGHEST   100           100 AM
 LOWEST     48          1200 PM
 AVERAGE    74

..........................................................


THE HOQUIAM WA AIRPORT CLIMATE NORMALS FOR TODAY
                         NORMAL    RECORD    YEAR
 MAXIMUM TEMPERATURE (F)   68        85      1967
 MINIMUM TEMPERATURE (F)   53        45      1992
                                             1957


SUNRISE AND SUNSET
AUGUST 25 2016........SUNRISE   627 AM PDT   SUNSET   807 PM PDT
AUGUST 26 2016........SUNRISE   628 AM PDT   SUNSET   806 PM PDT


-  INDICATES NEGATIVE NUMBERS.
R  INDICATES RECORD WAS SET OR TIED.
MM INDICATES DATA IS MISSING.
T  INDICATES TRACE AMOUNT.




$$
