000
CDUS46 KSEW 220119
CLIHQM


CLIMATE REPORT
NATIONAL WEATHER SERVICE SEATTLE WA
519 PM PST FRI NOV 21 2014


...................................

...THE HOQUIAM WA AIRPORT CLIMATE SUMMARY FOR NOVEMBER 21 2014...
VALID TODAY AS OF 0500 PM LOCAL TIME.

CLIMATE NORMAL PERIOD 1981 TO 2010
CLIMATE RECORD PERIOD 1953 TO 2014


WEATHER ITEM   OBSERVED TIME   RECORD YEAR NORMAL DEPARTURE LAST
                VALUE   (LST)  VALUE       VALUE  FROM      YEAR
                                                  NORMAL
..................................................................
TEMPERATURE (F)
 TODAY
  MAXIMUM         55    400 PM  61    1954  50      5       45
  MINIMUM         49   1036 AM  25    1977  39     10       28
  AVERAGE         52                        45      7       37

PRECIPITATION (IN)
  TODAY            1.23          2.17 1992   0.38   0.85     0.00
  MONTH TO DATE    5.59                      7.79  -2.20     5.19
  SINCE OCT 1     16.14                     14.32   1.82     7.45
  SINCE JAN 1     63.23                     54.21   9.02    49.32

DEGREE DAYS
 HEATING
  TODAY           13                        20     -7       28
  MONTH TO DATE  389                       383      6      378
  SINCE SEP 1    703                       975   -272      938

 COOLING
  TODAY            0                         0      0        0
  MONTH TO DATE    0                         0      0        0
  SINCE SEP 1     18                         7     11        7
  SINCE JAN 1     48                        23     25       20
..................................................................


WIND (MPH)
  RESULTANT WIND SPEED   9   RESULTANT WIND DIRECTION   E (100)
  HIGHEST WIND SPEED    32   HIGHEST WIND DIRECTION    SE (150)
  HIGHEST GUST SPEED    40   HIGHEST GUST DIRECTION    SE (150)
  AVERAGE WIND SPEED    12.9


SKY COVER
  AVERAGE SKY COVER 1.0


WEATHER CONDITIONS
 THE FOLLOWING WEATHER WAS RECORDED TODAY.
  HEAVY RAIN
  RAIN
  LIGHT RAIN
  FOG


RELATIVE HUMIDITY (PERCENT)
 HIGHEST   100           100 AM
 LOWEST     93          1200 AM
 AVERAGE    97

..........................................................


THE HOQUIAM WA AIRPORT CLIMATE NORMALS FOR TOMORROW
                         NORMAL    RECORD    YEAR
 MAXIMUM TEMPERATURE (F)   50        61      1987
 MINIMUM TEMPERATURE (F)   39        20      1985


SUNRISE AND SUNSET
NOVEMBER 21 2014......SUNRISE   728 AM PST   SUNSET   435 PM PST
NOVEMBER 22 2014......SUNRISE   729 AM PST   SUNSET   434 PM PST


-  INDICATES NEGATIVE NUMBERS.
R  INDICATES RECORD WAS SET OR TIED.
MM INDICATES DATA IS MISSING.
T  INDICATES TRACE AMOUNT.




$$
