000
CDUS46 KSEW 250841
CLIHQM


CLIMATE REPORT
NATIONAL WEATHER SERVICE SEATTLE WA
140 AM PDT THU MAY 25 2017


...................................

...THE HOQUIAM WA AIRPORT CLIMATE SUMMARY FOR MAY 24 2017...

CLIMATE NORMAL PERIOD 1981 TO 2010
CLIMATE RECORD PERIOD 1953 TO 2017


WEATHER ITEM   OBSERVED TIME   RECORD YEAR NORMAL DEPARTURE LAST
                VALUE   (LST)  VALUE       VALUE  FROM      YEAR
                                                  NORMAL
..................................................................
TEMPERATURE (F)
 YESTERDAY
  MAXIMUM         57    427 PM  86    1993  61     -4       62
                                      1992
  MINIMUM         49   1139 PM  40    2002  48      1       50
                                      1988
  AVERAGE         53                        54     -1       56

PRECIPITATION (IN)
  YESTERDAY        T             1.21 1974   0.09  -0.09     0.00
  MONTH TO DATE    3.81                      2.61   1.20     0.54
  SINCE OCT 1     82.02                     59.90  22.12    72.41
  SINCE JAN 1     40.48                     32.24   8.24    38.99

DEGREE DAYS
 HEATING
  YESTERDAY       12                        11      1        9
  MONTH TO DATE  285                       298    -13      218
  SINCE MAR 1   1358                      1376    -18     1075

 COOLING
  YESTERDAY        0                         0      0        0
  MONTH TO DATE    0                         0      0        1
  SINCE MAR 1      0                         0      0        5
  SINCE JAN 1      0                         0      0        5
..................................................................


WIND (MPH)
  RESULTANT WIND SPEED  11   RESULTANT WIND DIRECTION   W (270)
  HIGHEST WIND SPEED    23   HIGHEST WIND DIRECTION     W (260)
  HIGHEST GUST SPEED    29   HIGHEST GUST DIRECTION     W (270)
  AVERAGE WIND SPEED    11.5


SKY COVER
  AVERAGE SKY COVER 0.6


WEATHER CONDITIONS
 THE FOLLOWING WEATHER WAS RECORDED YESTERDAY.
  LIGHT RAIN
  FOG
  HAZE


RELATIVE HUMIDITY (PERCENT)
 HIGHEST   100          1100 PM
 LOWEST     67           400 PM
 AVERAGE    84

..........................................................


THE HOQUIAM WA AIRPORT CLIMATE NORMALS FOR TODAY
                         NORMAL    RECORD    YEAR
 MAXIMUM TEMPERATURE (F)   61        82      2005
 MINIMUM TEMPERATURE (F)   48        37      1972
                                             1964


SUNRISE AND SUNSET
MAY 25 2017...........SUNRISE   530 AM PDT   SUNSET   856 PM PDT
MAY 26 2017...........SUNRISE   529 AM PDT   SUNSET   857 PM PDT


-  INDICATES NEGATIVE NUMBERS.
R  INDICATES RECORD WAS SET OR TIED.
MM INDICATES DATA IS MISSING.
T  INDICATES TRACE AMOUNT.




$$
