000
CDUS46 KSEW 010832
CLIHQM


CLIMATE REPORT
NATIONAL WEATHER SERVICE SEATTLE WA
132 AM PDT TUE SEP 1 2015


...................................

...THE HOQUIAM WA AIRPORT CLIMATE SUMMARY FOR AUGUST 31 2015...

CLIMATE NORMAL PERIOD 1981 TO 2010
CLIMATE RECORD PERIOD 1953 TO 2015


WEATHER ITEM   OBSERVED TIME   RECORD YEAR NORMAL DEPARTURE LAST
                VALUE   (LST)  VALUE       VALUE  FROM      YEAR
                                                  NORMAL
..................................................................
TEMPERATURE (F)
 YESTERDAY
  MAXIMUM         65    353 PM  94    1987  68     -3       68
  MINIMUM         60    710 AM  43    1969  53      7       57
  AVERAGE         63                        60      3       63

PRECIPITATION (IN)
  YESTERDAY        0.13          1.17 2010   0.07   0.06     0.00
  MONTH TO DATE    1.77                      1.31   0.46     1.99
  SINCE OCT 1     60.06                     65.27  -5.21    55.76
  SINCE JAN 1     28.64                     37.61  -8.97    43.65

DEGREE DAYS
 HEATING
  YESTERDAY        2                         5     -3        2
  MONTH TO DATE   57                       125    -68       78
  SINCE JUN 1    260                       553   -293      397

 COOLING
  YESTERDAY        0                         0      0        0
  MONTH TO DATE   12                         7      5        7
  SINCE JUN 1     31                        15     16       15
  SINCE JAN 1     31                        16     15       30
..................................................................


WIND (MPH)
  RESULTANT WIND SPEED  15   RESULTANT WIND DIRECTION   S (180)
  HIGHEST WIND SPEED    24   HIGHEST WIND DIRECTION     S (180)
  HIGHEST GUST SPEED    28   HIGHEST GUST DIRECTION     S (180)
  AVERAGE WIND SPEED    15.4


SKY COVER
  AVERAGE SKY COVER 0.8


WEATHER CONDITIONS
 THE FOLLOWING WEATHER WAS RECORDED YESTERDAY.
  LIGHT RAIN
  FOG


RELATIVE HUMIDITY (PERCENT)
 HIGHEST    93          1000 AM
 LOWEST     78           200 PM
 AVERAGE    86

..........................................................


THE HOQUIAM WA AIRPORT CLIMATE NORMALS FOR TODAY
                         NORMAL    RECORD    YEAR
 MAXIMUM TEMPERATURE (F)   68        91      2006
 MINIMUM TEMPERATURE (F)   53        43      1960


SUNRISE AND SUNSET
SEPTEMBER  1 2015.....SUNRISE   635 AM PDT   SUNSET   756 PM PDT
SEPTEMBER  2 2015.....SUNRISE   636 AM PDT   SUNSET   754 PM PDT


-  INDICATES NEGATIVE NUMBERS.
R  INDICATES RECORD WAS SET OR TIED.
MM INDICATES DATA IS MISSING.
T  INDICATES TRACE AMOUNT.




$$
