000
CDUS46 KSEW 180832
CLIHQM


CLIMATE REPORT
NATIONAL WEATHER SERVICE SEATTLE WA
1232 AM PST THU JAN 18 2018


...................................

...THE HOQUIAM WA AIRPORT CLIMATE SUMMARY FOR JANUARY 17 2018...

CLIMATE NORMAL PERIOD 1981 TO 2010
CLIMATE RECORD PERIOD 1953 TO 2018


WEATHER ITEM   OBSERVED TIME   RECORD YEAR NORMAL DEPARTURE LAST
                VALUE   (LST)  VALUE       VALUE  FROM      YEAR
                                                  NORMAL
..................................................................
TEMPERATURE (F)
 YESTERDAY
  MAXIMUM         53    922 PM  56    2015  47      6       52
  MINIMUM         45    616 AM  26    1984  38      7       41
                                      1954
  AVERAGE         49                        43      6       47

PRECIPITATION (IN)
  YESTERDAY        0.68          2.57 2005   0.35   0.33     1.44
  MONTH TO DATE    5.11                      5.98  -0.87     2.30
  SINCE OCT 1     36.70                     33.64   3.06    43.84
  SINCE JAN 1      5.11                      5.98  -0.87     2.30

DEGREE DAYS
 HEATING
  YESTERDAY       16                        22     -6       18
  MONTH TO DATE  319                       385    -66      493
  SINCE DEC 1   1051                      1112    -61     1301

 COOLING
  YESTERDAY        0                         0      0        0
  MONTH TO DATE    0                         0      0        0
  SINCE DEC 1      0                         0      0        0
  SINCE JAN 1      0                         0      0        0
..................................................................


WIND (MPH)
  RESULTANT WIND SPEED  13   RESULTANT WIND DIRECTION  SE (130)
  HIGHEST WIND SPEED    37   HIGHEST WIND DIRECTION     S (170)
  HIGHEST GUST SPEED    53   HIGHEST GUST DIRECTION     S (170)
  AVERAGE WIND SPEED    18.8


SKY COVER
  AVERAGE SKY COVER 0.9


WEATHER CONDITIONS
 THE FOLLOWING WEATHER WAS RECORDED YESTERDAY.
  THUNDERSTORM
  HEAVY RAIN
  RAIN
  LIGHT RAIN
  FOG


RELATIVE HUMIDITY (PERCENT)
 HIGHEST    96           300 PM
 LOWEST     77           100 AM
 AVERAGE    87

..........................................................


THE HOQUIAM WA AIRPORT CLIMATE NORMALS FOR TODAY
                         NORMAL    RECORD    YEAR
 MAXIMUM TEMPERATURE (F)   47        58      1981
 MINIMUM TEMPERATURE (F)   38        25      1957


SUNRISE AND SUNSET
JANUARY 18 2018.......SUNRISE   755 AM PST   SUNSET   458 PM PST
JANUARY 19 2018.......SUNRISE   754 AM PST   SUNSET   500 PM PST


-  INDICATES NEGATIVE NUMBERS.
R  INDICATES RECORD WAS SET OR TIED.
MM INDICATES DATA IS MISSING.
T  INDICATES TRACE AMOUNT.




$$
