000
CDUS46 KSEW 230827
CLIHQM


CLIMATE REPORT
NATIONAL WEATHER SERVICE SEATTLE WA
127 AM PDT WED JUL 23 2014


...................................

...THE HOQUIAM WA AIRPORT CLIMATE SUMMARY FOR JULY 22 2014...

CLIMATE NORMAL PERIOD 1981 TO 2010
CLIMATE RECORD PERIOD 1953 TO 2014


WEATHER ITEM   OBSERVED TIME   RECORD YEAR NORMAL DEPARTURE LAST
                VALUE   (LST)  VALUE       VALUE  FROM      YEAR
                                                  NORMAL
..................................................................
TEMPERATURE (F)
 YESTERDAY
  MAXIMUM         70    611 PM  91    2006  67      3       62
  MINIMUM         47    444 AM  46    1982  54     -7       53
                                      1977
                                      1975
  AVERAGE         59                        60     -1       58

PRECIPITATION (IN)
  YESTERDAY        0.00          0.79 2007   0.03  -0.03     0.00
  MONTH TO DATE    0.13                      0.88  -0.75      T
  SINCE OCT 1     53.07                     63.70 -10.63    46.17
  SINCE JAN 1     40.96                     36.04   4.92    32.56

DEGREE DAYS
 HEATING
  YESTERDAY        6                         5      1        7
  MONTH TO DATE   88                       118    -30       94
  SINCE JUN 1    292                       364    -72      269

 COOLING
  YESTERDAY        0                         0      0        0
  MONTH TO DATE    8                         0      8        0
  SINCE JUN 1      8                         2      6        8
  SINCE JAN 1     23                         3     20       11
..................................................................


WIND (MPH)
  RESULTANT WIND SPEED   2   RESULTANT WIND DIRECTION  SW (240)
  HIGHEST WIND SPEED    15   HIGHEST WIND DIRECTION    SW (230)
  HIGHEST GUST SPEED    17   HIGHEST GUST DIRECTION    SW (230)
  AVERAGE WIND SPEED     3.7


SKY COVER
  AVERAGE SKY COVER 0.5


WEATHER CONDITIONS
 THE FOLLOWING WEATHER WAS RECORDED YESTERDAY.
  FOG


RELATIVE HUMIDITY (PERCENT)
 HIGHEST   100           500 AM
 LOWEST     53           200 PM
 AVERAGE    77

..........................................................


THE HOQUIAM WA AIRPORT CLIMATE NORMALS FOR TODAY
                         NORMAL    RECORD    YEAR
 MAXIMUM TEMPERATURE (F)   67        93      2004
 MINIMUM TEMPERATURE (F)   54        43      1970
                                             1968


SUNRISE AND SUNSET
JULY 23 2014..........SUNRISE   545 AM PDT   SUNSET   859 PM PDT
JULY 24 2014..........SUNRISE   546 AM PDT   SUNSET   858 PM PDT


-  INDICATES NEGATIVE NUMBERS.
R  INDICATES RECORD WAS SET OR TIED.
MM INDICATES DATA IS MISSING.
T  INDICATES TRACE AMOUNT.




$$
