000
CDUS46 KSEW 230927
CLIHQM


CLIMATE REPORT
NATIONAL WEATHER SERVICE SEATTLE WA
226 AM PDT SAT SEP 23 2017


...................................

...THE HOQUIAM WA AIRPORT CLIMATE SUMMARY FOR SEPTEMBER 22 2017...

CLIMATE NORMAL PERIOD 1981 TO 2010
CLIMATE RECORD PERIOD 1953 TO 2017


WEATHER ITEM   OBSERVED TIME   RECORD YEAR NORMAL DEPARTURE LAST
                VALUE   (LST)  VALUE       VALUE  FROM      YEAR
                                                  NORMAL
..................................................................
TEMPERATURE (F)
 YESTERDAY
  MAXIMUM         61    126 PM  88    1989  66     -5       61
  MINIMUM         45    409 AM  39    1955  50     -5       46
  AVERAGE         53                        58     -5       54

PRECIPITATION (IN)
  YESTERDAY        0.00          2.04 2013   0.08  -0.08     0.00
  MONTH TO DATE    2.04                      1.52   0.52     2.87
  SINCE OCT 1     86.45                     66.79  19.66    77.96
  SINCE JAN 1     44.91                     39.13   5.78    44.54

DEGREE DAYS
 HEATING
  YESTERDAY       12                         7      5       11
  MONTH TO DATE  109                       124    -15      146
  SINCE SEP 1    109                       124    -15      146

 COOLING
  YESTERDAY        0                         0      0        0
  MONTH TO DATE   22                         0     22        0
  SINCE SEP 1     22                         0     22        0
  SINCE JAN 1     67                        16     51       49
..................................................................


WIND (MPH)
  RESULTANT WIND SPEED   3   RESULTANT WIND DIRECTION   S (200)
  HIGHEST WIND SPEED    14   HIGHEST WIND DIRECTION    SW (230)
  HIGHEST GUST SPEED    15   HIGHEST GUST DIRECTION    SW (240)
  AVERAGE WIND SPEED     6.7


SKY COVER
  AVERAGE SKY COVER 0.5


WEATHER CONDITIONS
 THE FOLLOWING WEATHER WAS RECORDED YESTERDAY.
  FOG
  FOG W/VISIBILITY <= 1/4 MILE


RELATIVE HUMIDITY (PERCENT)
 HIGHEST   100          1200 AM
 LOWEST     72           100 PM
 AVERAGE    86

..........................................................


THE HOQUIAM WA AIRPORT CLIMATE NORMALS FOR TODAY
                         NORMAL    RECORD    YEAR
 MAXIMUM TEMPERATURE (F)   66        85      1974
 MINIMUM TEMPERATURE (F)   50        38      2008
                                             2005


SUNRISE AND SUNSET
SEPTEMBER 23 2017.....SUNRISE   704 AM PDT   SUNSET   711 PM PDT
SEPTEMBER 24 2017.....SUNRISE   706 AM PDT   SUNSET   709 PM PDT


-  INDICATES NEGATIVE NUMBERS.
R  INDICATES RECORD WAS SET OR TIED.
MM INDICATES DATA IS MISSING.
T  INDICATES TRACE AMOUNT.




$$
