000
CDUS46 KSEW 050829
CLIHQM


CLIMATE REPORT
NATIONAL WEATHER SERVICE SEATTLE WA
128 AM PDT SUN JUL 5 2015


...................................

...THE HOQUIAM WA AIRPORT CLIMATE SUMMARY FOR JULY 4 2015...

CLIMATE NORMAL PERIOD 1981 TO 2010
CLIMATE RECORD PERIOD 1953 TO 2015


WEATHER ITEM   OBSERVED TIME   RECORD YEAR NORMAL DEPARTURE LAST
                VALUE   (LST)  VALUE       VALUE  FROM      YEAR
                                                  NORMAL
..................................................................
TEMPERATURE (F)
 YESTERDAY
  MAXIMUM         71    154 PM  82    1997  66      5       67
                                      1958
  MINIMUM         55    313 AM  46    2011  52      3       50
                                      1986
                                      1957
  AVERAGE         63                        59      4       59

PRECIPITATION (IN)
  YESTERDAY        0.00          0.50 1989   0.05  -0.05     0.00
  MONTH TO DATE    0.00                      0.20  -0.20     0.07
  SINCE OCT 1     57.91                     63.02  -5.11    53.01
  SINCE JAN 1     26.49                     35.36  -8.87    40.90

DEGREE DAYS
 HEATING
  YESTERDAY        2                         6     -4        6
  MONTH TO DATE    4                        24    -20       11
  SINCE JUN 1    164                       270   -106      215

 COOLING
  YESTERDAY        0                         0      0        0
  MONTH TO DATE    1                         0      1        7
  SINCE JUN 1      4                         2      2        7
  SINCE JAN 1      4                         3      1       22
..................................................................


WIND (MPH)
  RESULTANT WIND SPEED   5   RESULTANT WIND DIRECTION  SW (210)
  HIGHEST WIND SPEED    16   HIGHEST WIND DIRECTION    SW (230)
  HIGHEST GUST SPEED    17   HIGHEST GUST DIRECTION    SW (230)
  AVERAGE WIND SPEED     7.2


SKY COVER
  AVERAGE SKY COVER 0.4


WEATHER CONDITIONS
 THE FOLLOWING WEATHER WAS RECORDED YESTERDAY.
  FOG


RELATIVE HUMIDITY (PERCENT)
 HIGHEST   100           400 AM
 LOWEST     63           100 PM
 AVERAGE    82

..........................................................


THE HOQUIAM WA AIRPORT CLIMATE NORMALS FOR TODAY
                         NORMAL    RECORD    YEAR
 MAXIMUM TEMPERATURE (F)   66        85      1960
 MINIMUM TEMPERATURE (F)   53        43      1955


SUNRISE AND SUNSET
JULY  5 2015..........SUNRISE   527 AM PDT   SUNSET   913 PM PDT
JULY  6 2015..........SUNRISE   528 AM PDT   SUNSET   913 PM PDT


-  INDICATES NEGATIVE NUMBERS.
R  INDICATES RECORD WAS SET OR TIED.
MM INDICATES DATA IS MISSING.
T  INDICATES TRACE AMOUNT.




$$
