000
CDUS46 KSEW 250841
CLIHQM


CLIMATE REPORT
NATIONAL WEATHER SERVICE SEATTLE WA
1240 AM PST SAT FEB 25 2017


...................................

...THE HOQUIAM WA AIRPORT CLIMATE SUMMARY FOR FEBRUARY 24 2017...

CLIMATE NORMAL PERIOD 1981 TO 2010
CLIMATE RECORD PERIOD 1953 TO 2017


WEATHER ITEM   OBSERVED TIME   RECORD YEAR NORMAL DEPARTURE LAST
                VALUE   (LST)  VALUE       VALUE  FROM      YEAR
                                                  NORMAL
..................................................................
TEMPERATURE (F)
 YESTERDAY
  MAXIMUM         42    522 PM  63    1970  51     -9       56
  MINIMUM         33   1131 PM  26    2006  38     -5       43
  AVERAGE         38                        44     -6       50

PRECIPITATION (IN)
  YESTERDAY        0.21          1.56 1979   0.24  -0.03      T
  MONTH TO DATE    6.87                      6.24   0.63     6.90
  SINCE OCT 1     53.50                     44.23   9.27    54.62
  SINCE JAN 1     11.96                     16.57  -4.61    21.20

DEGREE DAYS
 HEATING
  YESTERDAY       27                        21      6       15
  MONTH TO DATE  543                       514     29      406
  SINCE DEC 1   2149                      1935    214     1715

 COOLING
  YESTERDAY        0                         0      0        0
  MONTH TO DATE    0                         0      0        0
  SINCE DEC 1      0                         0      0        0
  SINCE JAN 1      0                         0      0        0
..................................................................


WIND (MPH)
  RESULTANT WIND SPEED   6   RESULTANT WIND DIRECTION   E (70)
  HIGHEST WIND SPEED    18   HIGHEST WIND DIRECTION     S (170)
  HIGHEST GUST SPEED    20   HIGHEST GUST DIRECTION     S (170)
  AVERAGE WIND SPEED     7.0


SKY COVER
  AVERAGE SKY COVER 0.7


WEATHER CONDITIONS
 THE FOLLOWING WEATHER WAS RECORDED YESTERDAY.
  LIGHT RAIN
  LIGHT SNOW
  FOG


RELATIVE HUMIDITY (PERCENT)
 HIGHEST   100          1200 AM
 LOWEST     82           500 PM
 AVERAGE    91

..........................................................


THE HOQUIAM WA AIRPORT CLIMATE NORMALS FOR TODAY
                         NORMAL    RECORD    YEAR
 MAXIMUM TEMPERATURE (F)   51        67      1992
 MINIMUM TEMPERATURE (F)   38        24      2011


SUNRISE AND SUNSET
FEBRUARY 25 2017......SUNRISE   702 AM PST   SUNSET   556 PM PST
FEBRUARY 26 2017......SUNRISE   700 AM PST   SUNSET   557 PM PST


-  INDICATES NEGATIVE NUMBERS.
R  INDICATES RECORD WAS SET OR TIED.
MM INDICATES DATA IS MISSING.
T  INDICATES TRACE AMOUNT.




$$
