000
CDUS44 KBRO 250632
CLIHRL


CLIMATE REPORT
NATIONAL WEATHER SERVICE BROWNSVILLE TX
128 AM CDT SAT OCT 25 2014


...................................

...THE HARLINGEN CLIMATE SUMMARY FOR OCTOBER 24 2014...

CLIMATE NORMAL PERIOD 1981 TO 2010
CLIMATE RECORD PERIOD 1912 TO 2014


WEATHER ITEM   OBSERVED TIME   RECORD YEAR NORMAL DEPARTURE LAST
                VALUE   (LST)  VALUE       VALUE  FROM      YEAR
                                                  NORMAL
..................................................................
TEMPERATURE (F)
 YESTERDAY
  MAXIMUM         85   1247 PM  97    1931  86     -1       84
  MINIMUM         63    456 AM  46    1965  63      0       57
  AVERAGE         74                        75     -1       71

PRECIPITATION (IN)
  YESTERDAY        0.00          1.75 1951   0.11  -0.11     0.00
  MONTH TO DATE    0.62                      2.33  -1.71     0.74
  SINCE SEP 1     10.03                      7.55   2.48     9.94
  SINCE JAN 1     16.68                     21.76  -5.08    21.78

SNOWFALL (IN)
  YESTERDAY        0.0
  MONTH TO DATE    0.0
  SINCE SEP 1      0.0
  SINCE JUL 1      0.0

DEGREE DAYS
 HEATING
  YESTERDAY        0                         0      0        0
  MONTH TO DATE    0                         0      0        0
  SINCE SEP 1      0                         0      0        0
  SINCE JUL 1      0                         0      0        0

 COOLING
  YESTERDAY        9                        10     -1        6
  MONTH TO DATE  280                       285     -5      282
  SINCE SEP 1    792                       790      2      780
  SINCE JAN 1   3689                      3714    -25     3797
..................................................................


WIND (MPH)
  HIGHEST WIND SPEED    16   HIGHEST WIND DIRECTION    NE (60)
  HIGHEST GUST SPEED    23   HIGHEST GUST DIRECTION     E (70)
  AVERAGE WIND SPEED     5.8



WEATHER CONDITIONS
 THE FOLLOWING WEATHER WAS RECORDED YESTERDAY.
  FOG


RELATIVE HUMIDITY (PERCENT)
 HIGHEST   100
 LOWEST     51
 AVERAGE    76

..........................................................


THE HARLINGEN CLIMATE NORMALS FOR TODAY
                         NORMAL    RECORD    YEAR
 MAXIMUM TEMPERATURE (F)   86        96      1947
                                             1942
                                             1931
 MINIMUM TEMPERATURE (F)   63        46      2005
                                             1945


SUNRISE AND SUNSET
OCTOBER 25 2014.......SUNRISE   735 AM CDT   SUNSET   654 PM CDT
OCTOBER 26 2014.......SUNRISE   736 AM CDT   SUNSET   653 PM CDT


-  INDICATES NEGATIVE NUMBERS.
R  INDICATES RECORD WAS SET OR TIED.
MM INDICATES DATA IS MISSING.
T  INDICATES TRACE AMOUNT.




$$
