000
CDUS44 KBRO 310627
CLIHRL


CLIMATE REPORT
NATIONAL WEATHER SERVICE BROWNSVILLE TX
126 AM CDT SUN AUG 31 2014


...................................

...THE HARLINGEN CLIMATE SUMMARY FOR AUGUST 30 2014...

CLIMATE NORMAL PERIOD 1981 TO 2010
CLIMATE RECORD PERIOD 1912 TO 2014


WEATHER ITEM   OBSERVED TIME   RECORD YEAR NORMAL DEPARTURE LAST
                VALUE   (LST)  VALUE       VALUE  FROM      YEAR
                                                  NORMAL
..................................................................
TEMPERATURE (F)
 YESTERDAY
  MAXIMUM         92    108 PM 105    2005  95     -3       94
  MINIMUM         75    517 AM  65    1970  75      0       74
  AVERAGE         84                        85     -1       84

PRECIPITATION (IN)
  YESTERDAY        0.04          3.35 1948   0.14  -0.10     0.00
  MONTH TO DATE    0.64                      1.73  -1.09     2.25
  SINCE JUN 1      1.52                      6.16  -4.64     4.67
  SINCE JAN 1      6.36                     14.08  -7.72    11.84

DEGREE DAYS
 HEATING
  YESTERDAY        0                         0      0        0
  MONTH TO DATE    0                         0      0        0
  SINCE JUN 1      0                         0      0        0
  SINCE JUL 1      0                         0      0        0

 COOLING
  YESTERDAY       19                        20     -1       19
  MONTH TO DATE  668                       618     50      626
  SINCE JUN 1   1940                      1809    131     1902
  SINCE JAN 1   2876                      2910    -34     2997
..................................................................


WIND (MPH)
  HIGHEST WIND SPEED    21   HIGHEST WIND DIRECTION    SE (140)
  HIGHEST GUST SPEED    28   HIGHEST GUST DIRECTION    SE (130)
  AVERAGE WIND SPEED     9.8



WEATHER CONDITIONS
 THE FOLLOWING WEATHER WAS RECORDED YESTERDAY.
  THUNDERSTORM
  RAIN
  LIGHT RAIN
  FOG


RELATIVE HUMIDITY (PERCENT)
 HIGHEST   100
 LOWEST     60
 AVERAGE    80

..........................................................


THE HARLINGEN CLIMATE NORMALS FOR TODAY
                         NORMAL    RECORD    YEAR
 MAXIMUM TEMPERATURE (F)   94       104      1958
 MINIMUM TEMPERATURE (F)   75        65      1915
                                             1923


SUNRISE AND SUNSET
AUGUST 31 2014........SUNRISE   710 AM CDT   SUNSET   751 PM CDT
SEPTEMBER  1 2014.....SUNRISE   711 AM CDT   SUNSET   750 PM CDT


-  INDICATES NEGATIVE NUMBERS.
R  INDICATES RECORD WAS SET OR TIED.
MM INDICATES DATA IS MISSING.
T  INDICATES TRACE AMOUNT.

$$
