000
CDUS44 KBRO 300625
CLIHRL


CLIMATE REPORT
NATIONAL WEATHER SERVICE BROWNSVILLE TX
125 AM CDT TUE SEP 30 2014


...................................

...THE HARLINGEN CLIMATE SUMMARY FOR SEPTEMBER 29 2014...

CLIMATE NORMAL PERIOD 1981 TO 2010
CLIMATE RECORD PERIOD 1912 TO 2014


WEATHER ITEM   OBSERVED TIME   RECORD YEAR NORMAL DEPARTURE LAST
                VALUE   (LST)  VALUE       VALUE  FROM      YEAR
                                                  NORMAL
..................................................................
TEMPERATURE (F)
 YESTERDAY
  MAXIMUM         87    257 PM 104    1953  89     -2       90
  MINIMUM         72    656 AM  53    1967  70      2       73
  AVERAGE         80                        79      1       82

PRECIPITATION (IN)
  YESTERDAY        0.59          1.93 1984   0.15   0.44     0.00
  MONTH TO DATE    9.39                      5.07   4.32     9.20
  SINCE SEP 1      9.39                      5.07   4.32     9.20
  SINCE JAN 1     16.04                     19.28  -3.24    21.04

SNOWFALL (IN)
  YESTERDAY        0.0
  MONTH TO DATE    0.0
  SINCE SEP 1      0.0
  SINCE JUL 1      0.0

DEGREE DAYS
 HEATING
  YESTERDAY        0                         0      0        0
  MONTH TO DATE    0                         0      0        0
  SINCE SEP 1      0                         0      0        0
  SINCE JUL 1      0                         0      0        0

 COOLING
  YESTERDAY       15                        14      1       17
  MONTH TO DATE  496                       490      6      481
  SINCE SEP 1    496                       490      6      481
  SINCE JAN 1   3393                      3414    -21     3498
..................................................................


WIND (MPH)
  HIGHEST WIND SPEED    10   HIGHEST WIND DIRECTION    NW (330)
  HIGHEST GUST SPEED    13   HIGHEST GUST DIRECTION    NW (330)
  AVERAGE WIND SPEED     6.2



WEATHER CONDITIONS
 THE FOLLOWING WEATHER WAS RECORDED YESTERDAY.
  HEAVY RAIN
  RAIN
  LIGHT RAIN
  FOG


RELATIVE HUMIDITY (PERCENT)
 HIGHEST   100
 LOWEST     70
 AVERAGE    85

..........................................................


THE HARLINGEN CLIMATE NORMALS FOR TODAY
                         NORMAL    RECORD    YEAR
 MAXIMUM TEMPERATURE (F)   89        98      1915
                                             1953
                                             1966
 MINIMUM TEMPERATURE (F)   69        52      1924


SUNRISE AND SUNSET
SEPTEMBER 30 2014.....SUNRISE   723 AM CDT   SUNSET   718 PM CDT
OCTOBER  1 2014.......SUNRISE   723 AM CDT   SUNSET   717 PM CDT


-  INDICATES NEGATIVE NUMBERS.
R  INDICATES RECORD WAS SET OR TIED.
MM INDICATES DATA IS MISSING.
T  INDICATES TRACE AMOUNT.




$$
