326
CDUS44 KBRO 272130
CLIHRL


CLIMATE REPORT
NATIONAL WEATHER SERVICE BROWNSVILLE TX
429 PM CDT THU JUL 27 2017


...................................

...THE HARLINGEN CLIMATE SUMMARY FOR JULY 27 2017...
VALID TODAY AS OF 0400 PM LOCAL TIME.

CLIMATE NORMAL PERIOD 1981 TO 2010
CLIMATE RECORD PERIOD 1912 TO 2017


WEATHER ITEM   OBSERVED TIME   RECORD YEAR NORMAL DEPARTURE LAST
                VALUE   (LST)  VALUE       VALUE  FROM      YEAR
                                                  NORMAL
..................................................................
TEMPERATURE (F)
 TODAY
  MAXIMUM         98    117 PM 105    1954  96      2       97
  MINIMUM         74    543 AM  68    1926  75     -1       78
  AVERAGE         86                        85      1       88

PRECIPITATION (IN)
  TODAY            0.00          1.32 1916   0.04  -0.04     0.00
  MONTH TO DATE    1.80                      1.74   0.06     0.09
  SINCE JUN 1      3.06                      4.24  -1.18     5.22
  SINCE JAN 1      9.65                     12.16  -2.51    12.11

SNOWFALL (IN)
  TODAY            0.0
  MONTH TO DATE    0.0
  SINCE JUN 1      0.0
  SINCE JUL 1      0.0
  SNOW DEPTH       0

DEGREE DAYS
 HEATING
  TODAY            0                         0      0        0
  MONTH TO DATE    0                         0      0        0
  SINCE JUN 1      0                         0      0        0
  SINCE JUL 1      0                         0      0        0

 COOLING
  TODAY           21                        20      1       23
  MONTH TO DATE  572                       540     32      601
  SINCE JUN 1   1186                      1108     78     1186
  SINCE JAN 1   2721                      2209    512     2547
..................................................................


WIND (MPH)
  HIGHEST WIND SPEED    21   HIGHEST WIND DIRECTION    SE (140)
  HIGHEST GUST SPEED    26   HIGHEST GUST DIRECTION    SE (150)
  AVERAGE WIND SPEED     8.6



WEATHER CONDITIONS
 THE FOLLOWING WEATHER WAS RECORDED TODAY.
  NO SIGNIFICANT WEATHER WAS OBSERVED.


RELATIVE HUMIDITY (PERCENT)
 HIGHEST   100
 LOWEST     45
 AVERAGE    73

..........................................................


THE HARLINGEN CLIMATE NORMALS FOR TOMORROW
                         NORMAL    RECORD    YEAR
 MAXIMUM TEMPERATURE (F)   96       107      1954
 MINIMUM TEMPERATURE (F)   75        68      1922


SUNRISE AND SUNSET
JULY 27 2017..........SUNRISE   654 AM CDT   SUNSET   820 PM CDT
JULY 28 2017..........SUNRISE   654 AM CDT   SUNSET   820 PM CDT


-  INDICATES NEGATIVE NUMBERS.
R  INDICATES RECORD WAS SET OR TIED.
MM INDICATES DATA IS MISSING.
T  INDICATES TRACE AMOUNT.




$$
