000
CDUS44 KBRO 300628
CLIHRL


CLIMATE REPORT
NATIONAL WEATHER SERVICE BROWNSVILLE TX
128 AM CDT TUE JUN 30 2015


...................................

...THE HARLINGEN CLIMATE SUMMARY FOR JUNE 29 2015...

CLIMATE NORMAL PERIOD 1981 TO 2010
CLIMATE RECORD PERIOD 1912 TO 2015


WEATHER ITEM   OBSERVED TIME   RECORD YEAR NORMAL DEPARTURE LAST
                VALUE   (LST)  VALUE       VALUE  FROM      YEAR
                                                  NORMAL
..................................................................
TEMPERATURE (F)
 YESTERDAY
  MAXIMUM         95    119 PM 106    2013  94      1       97
  MINIMUM         75    558 AM  61    1974  75      0       79
  AVERAGE         85                        85      0       88

PRECIPITATION (IN)
  YESTERDAY        T             1.10 1952   0.11  -0.11     0.00
  MONTH TO DATE    1.70                      2.41  -0.71     0.29
  SINCE JUN 1      1.70                      2.41  -0.71     0.29
  SINCE JAN 1     14.20                     10.33   3.87     5.13

SNOWFALL (IN)
  YESTERDAY        0.0
  MONTH TO DATE    0.0
  SINCE JUN 1      0.0
  SINCE JUL 1      0.0

DEGREE DAYS
 HEATING
  YESTERDAY        0                         0      0        0
  MONTH TO DATE    0                         0      0        0
  SINCE JUN 1      0                         0      0        0
  SINCE JUL 1    767                       622    145      930

 COOLING
  YESTERDAY       20                        20      0       23
  MONTH TO DATE  550                       548      2      600
  SINCE JUN 1    550                       548      2      600
  SINCE JAN 1   1634                      1649    -15     1536
..................................................................


WIND (MPH)
  HIGHEST WIND SPEED    22   HIGHEST WIND DIRECTION    SE (140)
  HIGHEST GUST SPEED    28   HIGHEST GUST DIRECTION     S (190)
  AVERAGE WIND SPEED    11.4



WEATHER CONDITIONS
 THE FOLLOWING WEATHER WAS RECORDED YESTERDAY.
  THUNDERSTORM
  LIGHT RAIN
  FOG


RELATIVE HUMIDITY (PERCENT)
 HIGHEST   100
 LOWEST     52
 AVERAGE    76

..........................................................


THE HARLINGEN CLIMATE NORMALS FOR TODAY
                         NORMAL    RECORD    YEAR
 MAXIMUM TEMPERATURE (F)   94       101      2013
                                             1937
 MINIMUM TEMPERATURE (F)   75        64      1974


SUNRISE AND SUNSET
JUNE 30 2015..........SUNRISE   641 AM CDT   SUNSET   827 PM CDT
JULY  1 2015..........SUNRISE   642 AM CDT   SUNSET   827 PM CDT


-  INDICATES NEGATIVE NUMBERS.
R  INDICATES RECORD WAS SET OR TIED.
MM INDICATES DATA IS MISSING.
T  INDICATES TRACE AMOUNT.




$$
