000
CDUS44 KBRO 230630
CLIHRL


CLIMATE REPORT
NATIONAL WEATHER SERVICE BROWNSVILLE TX
129 AM CDT THU OCT 23 2014


...................................

...THE HARLINGEN CLIMATE SUMMARY FOR OCTOBER 22 2014...

CLIMATE NORMAL PERIOD 1981 TO 2010
CLIMATE RECORD PERIOD 1912 TO 2014


WEATHER ITEM   OBSERVED TIME   RECORD YEAR NORMAL DEPARTURE LAST
                VALUE   (LST)  VALUE       VALUE  FROM      YEAR
                                                  NORMAL
..................................................................
TEMPERATURE (F)
 YESTERDAY
  MAXIMUM         85    151 PM  96    1931  86     -1       80
  MINIMUM         69   1159 PM  44    1964  64      5       62
  AVERAGE         77                        75      2       71

PRECIPITATION (IN)
  YESTERDAY        0.15          1.75 1990   0.11   0.04     0.00
  MONTH TO DATE    0.62                      2.12  -1.50     0.74
  SINCE SEP 1     10.03                      7.34   2.69     9.94
  SINCE JAN 1     16.68                     21.55  -4.87    21.78

SNOWFALL (IN)
  YESTERDAY        0.0
  MONTH TO DATE    0.0
  SINCE SEP 1      0.0
  SINCE JUL 1      0.0

DEGREE DAYS
 HEATING
  YESTERDAY        0                         0      0        0
  MONTH TO DATE    0                         0      0        0
  SINCE SEP 1      0                         0      0        0
  SINCE JUL 1      0                         0      0        0

 COOLING
  YESTERDAY       12                        10      2        6
  MONTH TO DATE  260                       265     -5      275
  SINCE SEP 1    772                       770      2      773
  SINCE JAN 1   3669                      3694    -25     3790
..................................................................


WIND (MPH)
  HIGHEST WIND SPEED    20   HIGHEST WIND DIRECTION     E (80)
  HIGHEST GUST SPEED    23   HIGHEST GUST DIRECTION     E (70)
  AVERAGE WIND SPEED     7.8



WEATHER CONDITIONS
 THE FOLLOWING WEATHER WAS RECORDED YESTERDAY.
  LIGHT RAIN
  FOG


RELATIVE HUMIDITY (PERCENT)
 HIGHEST   100
 LOWEST     61
 AVERAGE    81

..........................................................


THE HARLINGEN CLIMATE NORMALS FOR TODAY
                         NORMAL    RECORD    YEAR
 MAXIMUM TEMPERATURE (F)   86        96      1931
 MINIMUM TEMPERATURE (F)   64        46      2006
                                             1965


SUNRISE AND SUNSET
OCTOBER 23 2014.......SUNRISE   734 AM CDT   SUNSET   655 PM CDT
OCTOBER 24 2014.......SUNRISE   735 AM CDT   SUNSET   655 PM CDT


-  INDICATES NEGATIVE NUMBERS.
R  INDICATES RECORD WAS SET OR TIED.
MM INDICATES DATA IS MISSING.
T  INDICATES TRACE AMOUNT.




$$
