000
CDUS44 KBRO 030631
CLIHRL


CLIMATE REPORT
NATIONAL WEATHER SERVICE BROWNSVILLE TX
131 AM CDT TUE MAY 3 2016


...................................

...THE HARLINGEN CLIMATE SUMMARY FOR MAY 2 2016...

CLIMATE NORMAL PERIOD 1981 TO 2010
CLIMATE RECORD PERIOD 1912 TO 2016


WEATHER ITEM   OBSERVED TIME   RECORD YEAR NORMAL DEPARTURE LAST
                VALUE   (LST)  VALUE       VALUE  FROM      YEAR
                                                  NORMAL
..................................................................
TEMPERATURE (F)
 YESTERDAY
  MAXIMUM         82   1118 AM 103    1953  88     -6       86
  MINIMUM         68   1151 PM  52    1976  69     -1       59
  AVERAGE         75                        78     -3       73

PRECIPITATION (IN)
  YESTERDAY        0.00          1.02 1966   0.07  -0.07     0.00
  MONTH TO DATE    0.00                      0.14  -0.14     0.00
  SINCE MAR 1      2.27                      3.10  -0.83     6.79
  SINCE JAN 1      4.18                      5.57  -1.39     9.71

SNOWFALL (IN)
  YESTERDAY        0.0
  MONTH TO DATE    0.0
  SINCE MAR 1      0.0
  SINCE JUL 1      0.0

DEGREE DAYS
 HEATING
  YESTERDAY        0                         0      0        0
  MONTH TO DATE    0                         0      0        0
  SINCE MAR 1     13                        54    -41       74
  SINCE JUL 1    389                       622   -233      767

 COOLING
  YESTERDAY       10                        13     -3        8
  MONTH TO DATE   29                        26      3       15
  SINCE MAR 1    701                       515    186      515
  SINCE JAN 1    841                       640    201      574
..................................................................


WIND (MPH)
  HIGHEST WIND SPEED    24   HIGHEST WIND DIRECTION     N (10)
  HIGHEST GUST SPEED    31   HIGHEST GUST DIRECTION     N (10)
  AVERAGE WIND SPEED    12.1



WEATHER CONDITIONS
 THE FOLLOWING WEATHER WAS RECORDED YESTERDAY.
  FOG


RELATIVE HUMIDITY (PERCENT)
 HIGHEST    94
 LOWEST     53
 AVERAGE    74

..........................................................


THE HARLINGEN CLIMATE NORMALS FOR TODAY
                         NORMAL    RECORD    YEAR
 MAXIMUM TEMPERATURE (F)   89       100      2002
 MINIMUM TEMPERATURE (F)   69        46      1976


SUNRISE AND SUNSET
MAY  3 2016...........SUNRISE   651 AM CDT   SUNSET   804 PM CDT
MAY  4 2016...........SUNRISE   651 AM CDT   SUNSET   804 PM CDT


-  INDICATES NEGATIVE NUMBERS.
R  INDICATES RECORD WAS SET OR TIED.
MM INDICATES DATA IS MISSING.
T  INDICATES TRACE AMOUNT.




$$
