000
CDUS44 KBRO 212227
CLIHRL


CLIMATE REPORT
NATIONAL WEATHER SERVICE BROWNSVILLE TX
426 PM CST TUE NOV 21 2017


...................................

...THE HARLINGEN CLIMATE SUMMARY FOR NOVEMBER 21 2017...
VALID TODAY AS OF 0400 PM LOCAL TIME.

CLIMATE NORMAL PERIOD 1981 TO 2010
CLIMATE RECORD PERIOD 1912 TO 2017


WEATHER ITEM   OBSERVED TIME   RECORD YEAR NORMAL DEPARTURE LAST
                VALUE   (LST)  VALUE       VALUE  FROM      YEAR
                                                  NORMAL
..................................................................
TEMPERATURE (F)
 TODAY
  MAXIMUM         84    316 PM  90    2007  78      6       82
                                      1994
                                      1946
  MINIMUM         54    702 AM  31    1969  56     -2       53
  AVERAGE         69                        67      2       68

PRECIPITATION (IN)
  TODAY            0.00          2.80 1998   0.03  -0.03     0.00
  MONTH TO DATE    0.72                      1.19  -0.47     2.38
  SINCE SEP 1      6.16                      9.40  -3.24     5.34
  SINCE JAN 1     18.33                     23.61  -5.28    20.24

SNOWFALL (IN)
  TODAY            0.0
  MONTH TO DATE    0.0
  SINCE SEP 1      0.0
  SINCE JUL 1      0.0
  SNOW DEPTH       0

DEGREE DAYS
 HEATING
  TODAY            0                         3     -3        0
  MONTH TO DATE   17                        24     -7       15
  SINCE SEP 1     31                        27      4       15
  SINCE JUL 1     31                        27      4       15

 COOLING
  TODAY            4                         4      0        3
  MONTH TO DATE  201                       127     74      172
  SINCE SEP 1   1115                       979    136     1230
  SINCE JAN 1   4620                      3903    717     4549
..................................................................


WIND (MPH)
  HIGHEST WIND SPEED    20   HIGHEST WIND DIRECTION     S (190)
  HIGHEST GUST SPEED    25   HIGHEST GUST DIRECTION    SW (210)
  AVERAGE WIND SPEED     6.0



WEATHER CONDITIONS
 THE FOLLOWING WEATHER WAS RECORDED TODAY.
  FOG
  FOG W/VISIBILITY <= 1/4 MILE


RELATIVE HUMIDITY (PERCENT)
 HIGHEST   100
 LOWEST     47
 AVERAGE    74

..........................................................


THE HARLINGEN CLIMATE NORMALS FOR TOMORROW
                         NORMAL    RECORD    YEAR
 MAXIMUM TEMPERATURE (F)   77        91      2011
 MINIMUM TEMPERATURE (F)   55        33      1969


SUNRISE AND SUNSET
NOVEMBER 21 2017......SUNRISE   654 AM CST   SUNSET   539 PM CST
NOVEMBER 22 2017......SUNRISE   655 AM CST   SUNSET   539 PM CST


-  INDICATES NEGATIVE NUMBERS.
R  INDICATES RECORD WAS SET OR TIED.
MM INDICATES DATA IS MISSING.
T  INDICATES TRACE AMOUNT.




$$
