000
CDUS44 KBRO 290817
CLIHRL


CLIMATE REPORT
NATIONAL WEATHER SERVICE BROWNSVILLE TX
217 AM CST MON DEC 29 2014


...................................

...THE HARLINGEN CLIMATE SUMMARY FOR DECEMBER 28 2014...

CLIMATE NORMAL PERIOD 1981 TO 2010
CLIMATE RECORD PERIOD 1912 TO 2014


WEATHER ITEM   OBSERVED TIME   RECORD YEAR NORMAL DEPARTURE LAST
                VALUE   (LST)  VALUE       VALUE  FROM      YEAR
                                                  NORMAL
..................................................................
TEMPERATURE (F)
 YESTERDAY
  MAXIMUM         51    404 AM  92    1968  70    -19       62
  MINIMUM         46   1026 AM  26    1925  49     -3       49
  AVERAGE         49                        59    -10       56

PRECIPITATION (IN)
  YESTERDAY        0.46R         0.46 2014   0.02   0.44     0.01
  MONTH TO DATE    1.82                      1.19   0.63     0.68
  SINCE DEC 1      1.82                      1.19   0.63     0.68
  SINCE JAN 1     23.61                     25.11  -1.50    29.85

SNOWFALL (IN)
  YESTERDAY       MM
  MONTH TO DATE    0.0
  SINCE DEC 1      0.0
  SINCE JUL 1      0.0

DEGREE DAYS
 HEATING
  YESTERDAY       16                         7      9        9
  MONTH TO DATE   67                       170   -103      203
  SINCE DEC 1     67                       170   -103      203
  SINCE JUL 1    202                       227    -25      335

 COOLING
  YESTERDAY        0                         2     -2        0
  MONTH TO DATE   91                        52     39       63
  SINCE DEC 1     91                        52     39       63
  SINCE JAN 1   3918                      3986    -68     4076
..................................................................


WIND (MPH)
  HIGHEST WIND SPEED    23   HIGHEST WIND DIRECTION    NW (320)
  HIGHEST GUST SPEED    28   HIGHEST GUST DIRECTION    NW (320)
  AVERAGE WIND SPEED    13.7



WEATHER CONDITIONS
 THE FOLLOWING WEATHER WAS RECORDED YESTERDAY.
  HEAVY RAIN
  RAIN
  LIGHT RAIN
  FOG


RELATIVE HUMIDITY (PERCENT)
 HIGHEST    93
 LOWEST     80
 AVERAGE    87

..........................................................


THE HARLINGEN CLIMATE NORMALS FOR TODAY
                         NORMAL    RECORD    YEAR
 MAXIMUM TEMPERATURE (F)   70        88      1934
 MINIMUM TEMPERATURE (F)   48        26      1925


SUNRISE AND SUNSET
DECEMBER 29 2014......SUNRISE   717 AM CST   SUNSET   548 PM CST
DECEMBER 30 2014......SUNRISE   718 AM CST   SUNSET   549 PM CST


-  INDICATES NEGATIVE NUMBERS.
R  INDICATES RECORD WAS SET OR TIED.
MM INDICATES DATA IS MISSING.
T  INDICATES TRACE AMOUNT.




$$
