000
CDUS44 KLZK 150907
CLIHRO


CLIMATE REPORT
NATIONAL WEATHER SERVICE LITTLE ROCK AR
407 AM CDT MON SEP 15 2014


...................................

...THE HARRISON CLIMATE SUMMARY FOR SEPTEMBER 14 2014...

CLIMATE NORMAL PERIOD 1981 TO 2010
CLIMATE RECORD PERIOD 1891 TO 2014


WEATHER ITEM   OBSERVED TIME   RECORD YEAR NORMAL DEPARTURE LAST
                VALUE   (LST)  VALUE       VALUE  FROM      YEAR
                                                  NORMAL
..................................................................
TEMPERATURE (F)
 YESTERDAY
  MAXIMUM         74    424 PM 101    1939  81     -7       78
  MINIMUM         49    609 AM  32    1902  58     -9       51
  AVERAGE         62                        70     -8       65

PRECIPITATION (IN)
  YESTERDAY        0.00          2.56 1993   0.15  -0.15     0.00
  MONTH TO DATE    3.29                      1.94   1.35     0.01
  SINCE SEP 1      3.29                      1.94   1.35     0.01
  SINCE JAN 1     29.97                     30.90  -0.93    32.83

SNOWFALL (IN)
  YESTERDAY        0.0          MM      MM   0.0    0.0      0.0
  MONTH TO DATE    0.0                       0.0    0.0      0.0
  SINCE SEP 1      0.0                       0.0    0.0      0.0
  SINCE JUL 1      0.0                       0.0    0.0      0.0
  SNOW DEPTH       0

DEGREE DAYS
 HEATING
  YESTERDAY        3                         1      2        0
  MONTH TO DATE   22                         4     18        0
  SINCE SEP 1     22                         4     18        0
  SINCE JUL 1     23                         5     18        1

 COOLING
  YESTERDAY        0                         6     -6        0
  MONTH TO DATE  107                       107      0      141
  SINCE SEP 1    107                       107      0      141
  SINCE JAN 1   1237                      1318    -81     1285
..................................................................


WIND (MPH)
  HIGHEST WIND SPEED    12   HIGHEST WIND DIRECTION    SE (150)
  HIGHEST GUST SPEED    16   HIGHEST GUST DIRECTION    SE (150)
  AVERAGE WIND SPEED     4.0


SKY COVER
  POSSIBLE SUNSHINE  MM
  AVERAGE SKY COVER 0.0


WEATHER CONDITIONS
 THE FOLLOWING WEATHER WAS RECORDED YESTERDAY.
  FOG
  FOG W/VISIBILITY <= 1/4 MILE


RELATIVE HUMIDITY (PERCENT)
 HIGHEST   100          1200 AM
 LOWEST     49           300 PM
 AVERAGE    75

..........................................................


THE HARRISON CLIMATE NORMALS FOR TODAY
                         NORMAL    RECORD    YEAR
 MAXIMUM TEMPERATURE (F)   81       100      1939
 MINIMUM TEMPERATURE (F)   58        41      1902


SUNRISE AND SUNSET
SEPTEMBER 15 2014.....SUNRISE   655 AM CDT   SUNSET   720 PM CDT
SEPTEMBER 16 2014.....SUNRISE   656 AM CDT   SUNSET   718 PM CDT


-  INDICATES NEGATIVE NUMBERS.
R  INDICATES RECORD WAS SET OR TIED.
MM INDICATES DATA IS MISSING.
T  INDICATES TRACE AMOUNT.




$$
