000
CDUS44 KLZK 210709
CLIHRO

CLIMATE REPORT
NATIONAL WEATHER SERVICE LITTLE ROCK AR
134 AM CDT THU SEP 21 2017


...................................

...THE HARRISON CLIMATE SUMMARY FOR SEPTEMBER 20 2017...

CLIMATE NORMAL PERIOD 1981 TO 2010
CLIMATE RECORD PERIOD 1891 TO 2017


WEATHER ITEM   OBSERVED TIME   RECORD YEAR NORMAL DEPARTURE LAST
                VALUE   (LST)  VALUE       VALUE  FROM      YEAR
                                                  NORMAL
..................................................................
TEMPERATURE (F)
 YESTERDAY
  MAXIMUM         94   1140 AM 101    1954  79     15       89
  MINIMUM         72   1159 PM  31    1918  56     16       64
  AVERAGE         83                        67     16       77

PRECIPITATION (IN)
  YESTERDAY        0.00          1.62 1974   0.14  -0.14     0.00
  MONTH TO DATE    0.38                      2.82  -2.44     1.08
  SINCE SEP 1      0.38                      2.82  -2.44     1.08
  SINCE JAN 1     35.56                     31.78   3.78    29.36

SNOWFALL (IN)
  YESTERDAY        0.0          MM      MM   0.0    0.0      0.0
  MONTH TO DATE    0.0                       0.0    0.0      0.0
  SINCE SEP 1      0.0                       0.0    0.0      0.0
  SINCE JUL 1      0.0                       0.0    0.0      0.0
  SNOW DEPTH       0

DEGREE DAYS
 HEATING
  YESTERDAY        0                         2     -2        0
  MONTH TO DATE    4                        13     -9        0
  SINCE SEP 1      4                        13     -9        0
  SINCE JUL 1      4                        14    -10        0

 COOLING
  YESTERDAY       18                         4     14       12
  MONTH TO DATE  124                       136    -12      176
  SINCE SEP 1    124                       136    -12      176
  SINCE JAN 1   1229                      1347   -118     1487
..................................................................


WIND (MPH)
  HIGHEST WIND SPEED    15   HIGHEST WIND DIRECTION     S (170)
  HIGHEST GUST SPEED    21   HIGHEST GUST DIRECTION    SW (210)
  AVERAGE WIND SPEED     8.7


SKY COVER
  POSSIBLE SUNSHINE  MM
  AVERAGE SKY COVER 0.1


WEATHER CONDITIONS
 THE FOLLOWING WEATHER WAS RECORDED YESTERDAY.
  NO SIGNIFICANT WEATHER WAS OBSERVED.


RELATIVE HUMIDITY (PERCENT)
 HIGHEST    93           300 AM
 LOWEST     44           100 PM
 AVERAGE    69

..........................................................


THE HARRISON CLIMATE NORMALS FOR TODAY
                         NORMAL    RECORD    YEAR
 MAXIMUM TEMPERATURE (F)   78        96      1955
                                             1926
 MINIMUM TEMPERATURE (F)   56        34      1918


SUNRISE AND SUNSET
SEPTEMBER 21 2017.....SUNRISE   700 AM CDT   SUNSET   711 PM CDT
SEPTEMBER 22 2017.....SUNRISE   701 AM CDT   SUNSET   709 PM CDT


-  INDICATES NEGATIVE NUMBERS.
R  INDICATES RECORD WAS SET OR TIED.
MM INDICATES DATA IS MISSING.
T  INDICATES TRACE AMOUNT.




$$
