537
CDUS44 KLZK 312103
CLIHRO


CLIMATE REPORT
NATIONAL WEATHER SERVICE LITTLE ROCK AR
402 PM CDT WED AUG 31 2016


...................................

...THE HARRISON CLIMATE SUMMARY FOR AUGUST 31 2016...
VALID TODAY AS OF 0400 PM LOCAL TIME.

CLIMATE NORMAL PERIOD 1981 TO 2010
CLIMATE RECORD PERIOD 1891 TO 2016


WEATHER ITEM   OBSERVED TIME   RECORD YEAR NORMAL DEPARTURE LAST
                VALUE   (LST)  VALUE       VALUE  FROM      YEAR
                                                  NORMAL
..................................................................
TEMPERATURE (F)
 TODAY
  MAXIMUM         86    235 PM 106    1913  86      0       87
  MINIMUM         68    356 AM  41    1915  64      4       62
  AVERAGE         77                        75      2       75

PRECIPITATION (IN)
  TODAY            0.00          3.58 1905   0.12  -0.12      T
  MONTH TO DATE    6.93                      3.58   3.35     5.13
  SINCE JUN 1     15.45                     10.96   4.49    17.27
  SINCE JAN 1     28.28                     28.96  -0.68    40.22

SNOWFALL (IN)
  TODAY            0.0          MM      MM   0.0    0.0      0.0
  MONTH TO DATE    0.0                       0.0    0.0      0.0
  SINCE JUN 1      0.0                       0.0    0.0      0.0
  SINCE JUL 1      0.0                       0.0    0.0      0.0
  SNOW DEPTH       0

DEGREE DAYS
 HEATING
  TODAY            0                         0      0        0
  MONTH TO DATE    0                         0      0        1
  SINCE JUN 1      0                         7     -7        1
  SINCE JUL 1      0                         1     -1        1

 COOLING
  TODAY           12                        10      2       10
  MONTH TO DATE  386                       393     -7      302
  SINCE JUN 1   1206                      1072    134     1096
  SINCE JAN 1   1311                      1211    100     1220
..................................................................


WIND (MPH)
  HIGHEST WIND SPEED     8   HIGHEST WIND DIRECTION    NW (330)
  HIGHEST GUST SPEED    12   HIGHEST GUST DIRECTION     N (350)
  AVERAGE WIND SPEED     2.3


SKY COVER
  POSSIBLE SUNSHINE  MM
  AVERAGE SKY COVER 0.3


WEATHER CONDITIONS
 THE FOLLOWING WEATHER WAS RECORDED TODAY.
  FOG


RELATIVE HUMIDITY (PERCENT)
 HIGHEST   100           100 AM
 LOWEST     74          1000 AM
 AVERAGE    87

..........................................................


THE HARRISON CLIMATE NORMALS FOR TOMORROW
                         NORMAL    RECORD    YEAR
 MAXIMUM TEMPERATURE (F)   86       103      2000
 MINIMUM TEMPERATURE (F)   63        40      1967


SUNRISE AND SUNSET
AUGUST 31 2016........SUNRISE   644 AM CDT   SUNSET   741 PM CDT
SEPTEMBER  1 2016.....SUNRISE   645 AM CDT   SUNSET   740 PM CDT


-  INDICATES NEGATIVE NUMBERS.
R  INDICATES RECORD WAS SET OR TIED.
MM INDICATES DATA IS MISSING.
T  INDICATES TRACE AMOUNT.




$$
