000
CDUS44 KLZK 270910
CLIHRO


CLIMATE REPORT
NATIONAL WEATHER SERVICE LITTLE ROCK AR
410 AM CDT WED AUG 27 2014


...................................

...THE HARRISON CLIMATE SUMMARY FOR AUGUST 26 2014...

CLIMATE NORMAL PERIOD 1981 TO 2010
CLIMATE RECORD PERIOD 1891 TO 2014


WEATHER ITEM   OBSERVED TIME   RECORD YEAR NORMAL DEPARTURE LAST
                VALUE   (LST)  VALUE       VALUE  FROM      YEAR
                                                  NORMAL
..................................................................
TEMPERATURE (F)
 YESTERDAY
  MAXIMUM         94    341 PM 105    1943  88      6       89
  MINIMUM         67    617 AM  49    1934  65      2       69
  AVERAGE         81                        76      5       79

PRECIPITATION (IN)
  YESTERDAY        0.00          2.51 1975   0.12  -0.12     0.00
  MONTH TO DATE    1.01                      3.01  -2.00     7.45
  SINCE JUN 1     11.23                     10.39   0.84    14.70
  SINCE JAN 1     26.54                     28.39  -1.85    32.82

SNOWFALL (IN)
  YESTERDAY        0.0          MM      MM   0.0    0.0      0.0
  MONTH TO DATE    0.0                       0.0    0.0      0.0
  SINCE JUN 1      0.0                       0.0    0.0      0.0
  SINCE JUL 1      0.0                       0.0    0.0      0.0
  SNOW DEPTH       0

DEGREE DAYS
 HEATING
  YESTERDAY        0                         0      0        0
  MONTH TO DATE    0                         0      0        1
  SINCE JUN 1      1                         6     -5        6
  SINCE JUL 1      1                         0      1        1

 COOLING
  YESTERDAY       16                        11      5       14
  MONTH TO DATE  329                       343    -14      256
  SINCE JUN 1    873                      1022   -149      920
  SINCE JAN 1   1060                      1161   -101     1066
..................................................................


WIND (MPH)
  HIGHEST WIND SPEED    10   HIGHEST WIND DIRECTION    SE (130)
  HIGHEST GUST SPEED    18   HIGHEST GUST DIRECTION    SE (120)
  AVERAGE WIND SPEED     2.4


SKY COVER
  POSSIBLE SUNSHINE  MM
  AVERAGE SKY COVER 0.0


WEATHER CONDITIONS
 THE FOLLOWING WEATHER WAS RECORDED YESTERDAY.
  FOG


RELATIVE HUMIDITY (PERCENT)
 HIGHEST   100           300 AM
 LOWEST     41           400 PM
 AVERAGE    71

..........................................................


THE HARRISON CLIMATE NORMALS FOR TODAY
                         NORMAL    RECORD    YEAR
 MAXIMUM TEMPERATURE (F)   87       105      1936
 MINIMUM TEMPERATURE (F)   65        43      1910


SUNRISE AND SUNSET
AUGUST 27 2014........SUNRISE   640 AM CDT   SUNSET   747 PM CDT
AUGUST 28 2014........SUNRISE   641 AM CDT   SUNSET   746 PM CDT


-  INDICATES NEGATIVE NUMBERS.
R  INDICATES RECORD WAS SET OR TIED.
MM INDICATES DATA IS MISSING.
T  INDICATES TRACE AMOUNT.




$$
