000
CDUS44 KLZK 260651
CLIHRO


CLIMATE REPORT
NATIONAL WEATHER SERVICE LITTLE ROCK AR
150 AM CDT SUN MAR 26 2017


...................................

...THE HARRISON CLIMATE SUMMARY FOR MARCH 25 2017...

CLIMATE NORMAL PERIOD 1981 TO 2010
CLIMATE RECORD PERIOD 1891 TO 2017


WEATHER ITEM   OBSERVED TIME   RECORD YEAR NORMAL DEPARTURE LAST
                VALUE   (LST)  VALUE       VALUE  FROM      YEAR
                                                  NORMAL
..................................................................
TEMPERATURE (F)
 YESTERDAY
  MAXIMUM         60   1127 AM  85    1928  63     -3       60
  MINIMUM         48   1159 PM  17    1940  40      8       30
  AVERAGE         54                        52      2       45

PRECIPITATION (IN)
  YESTERDAY        0.03          3.78 1920   0.12  -0.09     0.00
  MONTH TO DATE    4.48                      2.97   1.51     3.18
  SINCE MAR 1      4.48                      2.97   1.51     3.18
  SINCE JAN 1      8.06                      8.17  -0.11     5.46

SNOWFALL (IN)
  YESTERDAY       MM             1.0  1965   0.0   MM        0.0
  MONTH TO DATE    2.5                       2.0    0.5      0.0
  SINCE MAR 1      2.5                       2.0    0.5      0.0
  SINCE JUL 1      3.4                      11.2   -7.8      3.7
  SNOW DEPTH       0

DEGREE DAYS
 HEATING
  YESTERDAY       11                        14     -3       20
  MONTH TO DATE  331                       432   -101      301
  SINCE MAR 1    331                       432   -101      301
  SINCE JUL 1   2737                      3604   -867     2914

 COOLING
  YESTERDAY        0                         0      0        0
  MONTH TO DATE    6                         0      6        5
  SINCE MAR 1      6                         0      6        5
  SINCE JAN 1     13                         0     13        5
..................................................................


WIND (MPH)
  HIGHEST WIND SPEED    20   HIGHEST WIND DIRECTION     W (260)
  HIGHEST GUST SPEED    27   HIGHEST GUST DIRECTION     W (250)
  AVERAGE WIND SPEED     7.5


SKY COVER
  POSSIBLE SUNSHINE  MM
  AVERAGE SKY COVER 0.8


WEATHER CONDITIONS
 THE FOLLOWING WEATHER WAS RECORDED YESTERDAY.
  LIGHT RAIN
  FOG


RELATIVE HUMIDITY (PERCENT)
 HIGHEST   100           100 AM
 LOWEST     77          1200 PM
 AVERAGE    89

..........................................................


THE HARRISON CLIMATE NORMALS FOR TODAY
                         NORMAL    RECORD    YEAR
 MAXIMUM TEMPERATURE (F)   64        81      2012
                                             1991
                                             1907
 MINIMUM TEMPERATURE (F)   40         9      1955


SUNRISE AND SUNSET
MARCH 26 2017.........SUNRISE   707 AM CDT   SUNSET   730 PM CDT
MARCH 27 2017.........SUNRISE   706 AM CDT   SUNSET   731 PM CDT


-  INDICATES NEGATIVE NUMBERS.
R  INDICATES RECORD WAS SET OR TIED.
MM INDICATES DATA IS MISSING.
T  INDICATES TRACE AMOUNT.




$$
