000
CDUS42 KMHX 220530
CLIHSE


CLIMATE REPORT
NATIONAL WEATHER SERVICE NEWPORT/MOREHEAD CITY NC
130 AM EDT MON MAY 22 2017


...................................

...THE CAPE HATTERAS NC CLIMATE SUMMARY FOR MAY 21 2017...

CLIMATE NORMAL PERIOD 1981 TO 2010
CLIMATE RECORD PERIOD 1874 TO 2017


WEATHER ITEM   OBSERVED TIME   RECORD YEAR NORMAL DEPARTURE LAST
                VALUE   (LST)  VALUE       VALUE  FROM      YEAR
                                                  NORMAL
..................................................................
TEMPERATURE (F)
 YESTERDAY
  MAXIMUM         76    304 PM  85    1962  75      1       76
  MINIMUM         66    453 AM  45    1968  62      4       66
  AVERAGE         71                        68      3       71

PRECIPITATION (IN)
  YESTERDAY        0.01          2.50 1971   0.11  -0.10     0.88
  MONTH TO DATE    4.59                      2.44   2.15     4.28
  SINCE MAR 1     17.90                     10.85   7.05    12.56
  SINCE JAN 1     24.21                     20.11   4.10    25.67

SNOWFALL (IN)
  YESTERDAY        0.0
  MONTH TO DATE    0.0
  SINCE NOV 1      T
  SINCE JUL 1      T
  SNOW DEPTH       0

DEGREE DAYS
 HEATING
  YESTERDAY        0                         1     -1        0
  MONTH TO DATE    3                        42    -39       18
  SINCE MAR 1    406                       652   -246      384
  SINCE JUL 1   1728                      2576   -848     1697

 COOLING
  YESTERDAY        6                         4      2        6
  MONTH TO DATE  128                        60     68       78
  SINCE MAR 1    306                        88    218      132
  SINCE JAN 1    314                        88    226      133
..................................................................


WIND (MPH)
  HIGHEST WIND SPEED    13   HIGHEST WIND DIRECTION    SE (120)
  HIGHEST GUST SPEED    20   HIGHEST GUST DIRECTION    NE (40)
  AVERAGE WIND SPEED     8.0


SKY COVER
  POSSIBLE SUNSHINE  MM
  AVERAGE SKY COVER 0.9


WEATHER CONDITIONS
 THE FOLLOWING WEATHER WAS RECORDED YESTERDAY.
  LIGHT RAIN
  FOG
  HAZE


RELATIVE HUMIDITY (PERCENT)
 HIGHEST    93          1200 AM
 LOWEST     73          1100 AM
 AVERAGE    83

..........................................................


THE CAPE HATTERAS NC CLIMATE NORMALS FOR TODAY
                         NORMAL    RECORD    YEAR
 MAXIMUM TEMPERATURE (F)   75        85      2014
                                             2011
 MINIMUM TEMPERATURE (F)   62        48      2005


SUNRISE AND SUNSET
MAY 22 2017...........SUNRISE   554 AM EDT   SUNSET   805 PM EDT
MAY 23 2017...........SUNRISE   553 AM EDT   SUNSET   806 PM EDT


-  INDICATES NEGATIVE NUMBERS.
R  INDICATES RECORD WAS SET OR TIED.
MM INDICATES DATA IS MISSING.
T  INDICATES TRACE AMOUNT.




$$
