000
CDUS42 KMHX 082227
CLIHSE


CLIMATE REPORT
NATIONAL WEATHER SERVICE NEWPORT/MOREHEAD CITY NC
526 PM EST THU DEC 8 2016


...................................

...THE CAPE HATTERAS NC CLIMATE SUMMARY FOR DECEMBER 8 2016...
VALID TODAY AS OF 0500 PM LOCAL TIME.

CLIMATE NORMAL PERIOD 1981 TO 2010
CLIMATE RECORD PERIOD 1874 TO 2016


WEATHER ITEM   OBSERVED TIME   RECORD YEAR NORMAL DEPARTURE LAST
                VALUE   (LST)  VALUE       VALUE  FROM      YEAR
                                                  NORMAL
..................................................................
TEMPERATURE (F)
 TODAY
  MAXIMUM         61    106 PM  74    2001  58      3       57
                                      1978
  MINIMUM         41    504 AM  28    1983  45     -4       40
  AVERAGE         51                        51      0       49

PRECIPITATION (IN)
  TODAY            0.00          2.16 1944   0.13  -0.13     0.00
  MONTH TO DATE    1.82                      1.07   0.75     1.23
  SINCE DEC 1      1.82                      1.07   0.75     1.23
  SINCE JAN 1     70.06                     54.84  15.22    65.81

SNOWFALL (IN)
  TODAY            0.0
  MONTH TO DATE    0.0
  SINCE NOV 1      0.0
  SINCE JUL 1      0.0
  SNOW DEPTH      MM

DEGREE DAYS
 HEATING
  TODAY           14                        14      0       16
  MONTH TO DATE   85                       104    -19       63
  SINCE DEC 1     85                       104    -19       63
  SINCE JUL 1    357                       422    -65      235

 COOLING
  TODAY            0                         0      0        0
  MONTH TO DATE    0                         0      0        0
  SINCE DEC 1      0                         0      0        0
  SINCE JAN 1   2221                      1711    510     2039
..................................................................


WIND (MPH)
  HIGHEST WIND SPEED    15   HIGHEST WIND DIRECTION    NW (310)
  HIGHEST GUST SPEED    23   HIGHEST GUST DIRECTION    NW (320)
  AVERAGE WIND SPEED     9.2


SKY COVER
  POSSIBLE SUNSHINE  MM
  AVERAGE SKY COVER 0.4


WEATHER CONDITIONS
 THE FOLLOWING WEATHER WAS RECORDED TODAY.
  FOG
  HAZE


RELATIVE HUMIDITY (PERCENT)
 HIGHEST    72           100 PM
 LOWEST     71           500 PM
 AVERAGE    72

..........................................................


THE CAPE HATTERAS NC CLIMATE NORMALS FOR TOMORROW
                         NORMAL    RECORD    YEAR
 MAXIMUM TEMPERATURE (F)   58        74      1978
 MINIMUM TEMPERATURE (F)   44        28      1976


SUNRISE AND SUNSET
DECEMBER  8 2016......SUNRISE   659 AM EST   SUNSET   450 PM EST
DECEMBER  9 2016......SUNRISE   700 AM EST   SUNSET   450 PM EST


-  INDICATES NEGATIVE NUMBERS.
R  INDICATES RECORD WAS SET OR TIED.
MM INDICATES DATA IS MISSING.
T  INDICATES TRACE AMOUNT.




$$
