095
CDUS42 KMHX 180632
CLIHSE


CLIMATE REPORT
NATIONAL WEATHER SERVICE NEWPORT/MOREHEAD CITY NC
132 AM EST WED JAN 18 2017


...................................

...THE CAPE HATTERAS NC CLIMATE SUMMARY FOR JANUARY 17 2017...

CLIMATE NORMAL PERIOD 1981 TO 2010
CLIMATE RECORD PERIOD 1874 TO 2017


WEATHER ITEM   OBSERVED TIME   RECORD YEAR NORMAL DEPARTURE LAST
                VALUE   (LST)  VALUE       VALUE  FROM      YEAR
                                                  NORMAL
..................................................................
TEMPERATURE (F)
 YESTERDAY
  MAXIMUM         63   1037 PM  71    1913  52     11       56
  MINIMUM         47    324 AM  13    1977  39      8       38
  AVERAGE         55                        45     10       47

PRECIPITATION (IN)
  YESTERDAY        T             1.74 1896   0.17  -0.17     0.54
  MONTH TO DATE    2.76                      2.90  -0.14     2.96
  SINCE DEC 1      7.77                      7.17   0.60     7.93
  SINCE JAN 1      2.76                      2.90  -0.14     2.96

SNOWFALL (IN)
  YESTERDAY        0.0
  MONTH TO DATE    T
  SINCE NOV 1      T
  SINCE JUL 1      T
  SNOW DEPTH       0

DEGREE DAYS
 HEATING
  YESTERDAY       10                        20    -10       18
  MONTH TO DATE  225                       333   -108      265
  SINCE DEC 1    611                       822   -211      388
  SINCE JUL 1    883                      1140   -257      560

 COOLING
  YESTERDAY        0                         0      0        0
  MONTH TO DATE    0                         0      0        0
  SINCE DEC 1      3                         3      0       64
  SINCE JAN 1      0                         0      0        0
..................................................................


WIND (MPH)
  HIGHEST WIND SPEED    13   HIGHEST WIND DIRECTION    SW (210)
  HIGHEST GUST SPEED    20   HIGHEST GUST DIRECTION     S (200)
  AVERAGE WIND SPEED     4.6


SKY COVER
  POSSIBLE SUNSHINE  MM
  AVERAGE SKY COVER 0.6


WEATHER CONDITIONS
 THE FOLLOWING WEATHER WAS RECORDED YESTERDAY.
  LIGHT RAIN
  FOG
  HAZE


RELATIVE HUMIDITY (PERCENT)
 HIGHEST    90           700 PM
 LOWEST     67          1000 AM
 AVERAGE    79

..........................................................


THE CAPE HATTERAS NC CLIMATE NORMALS FOR TODAY
                         NORMAL    RECORD    YEAR
 MAXIMUM TEMPERATURE (F)   52        72      1937
 MINIMUM TEMPERATURE (F)   39        19      1982


SUNRISE AND SUNSET
JANUARY 18 2017.......SUNRISE   709 AM EST   SUNSET   517 PM EST
JANUARY 19 2017.......SUNRISE   709 AM EST   SUNSET   518 PM EST


-  INDICATES NEGATIVE NUMBERS.
R  INDICATES RECORD WAS SET OR TIED.
MM INDICATES DATA IS MISSING.
T  INDICATES TRACE AMOUNT.




$$
