000
CDUS42 KMHX 290525
CLIHSE


CLIMATE REPORT
NATIONAL WEATHER SERVICE NEWPORT/MOREHEAD CITY NC
125 AM EDT SUN MAR 29 2015


...................................

...THE CAPE HATTERAS NC CLIMATE SUMMARY FOR MARCH 28 2015...

CLIMATE NORMAL PERIOD 1981 TO 2010
CLIMATE RECORD PERIOD 1874 TO 2015


WEATHER ITEM   OBSERVED TIME   RECORD YEAR NORMAL DEPARTURE LAST
                VALUE   (LST)  VALUE       VALUE  FROM      YEAR
                                                  NORMAL
..................................................................
TEMPERATURE (F)
 YESTERDAY
  MAXIMUM         47   1055 AM  77    1994  62    -15       64
  MINIMUM         37   1159 PM  29    1966  48    -11       46
  AVERAGE         42                        55    -13       55

PRECIPITATION (IN)
  YESTERDAY        T             2.28 1941   0.17  -0.17      T
  MONTH TO DATE    2.50                      4.30  -1.80     5.11
  SINCE MAR 1      2.50                      4.30  -1.80     5.11
  SINCE JAN 1     14.45                     13.56   0.89    15.20

SNOWFALL (IN)
  YESTERDAY        0.0
  MONTH TO DATE    0.0
  SINCE NOV 1      2.0
  SINCE JUL 1      2.0
  SNOW DEPTH       0

DEGREE DAYS
 HEATING
  YESTERDAY       23                        11     12       10
  MONTH TO DATE  369                       388    -19      471
  SINCE MAR 1    369                       388    -19      471
  SINCE JUL 1   2542                      2312    230     2304

 COOLING
  YESTERDAY        0                         0      0        0
  MONTH TO DATE    1                         0      1        0
  SINCE MAR 1      1                         0      1        0
  SINCE JAN 1      3                         0      3        0
..................................................................


WIND (MPH)
  HIGHEST WIND SPEED    17   HIGHEST WIND DIRECTION     N (20)
  HIGHEST GUST SPEED    30   HIGHEST GUST DIRECTION     N (10)
  AVERAGE WIND SPEED     8.7


SKY COVER
  POSSIBLE SUNSHINE  MM
  AVERAGE SKY COVER 0.6


WEATHER CONDITIONS
 THE FOLLOWING WEATHER WAS RECORDED YESTERDAY.
  LIGHT RAIN


RELATIVE HUMIDITY (PERCENT)
 HIGHEST    82          1200 AM
 LOWEST     40          1100 PM
 AVERAGE    61

..........................................................


THE CAPE HATTERAS NC CLIMATE NORMALS FOR TODAY
                         NORMAL    RECORD    YEAR
 MAXIMUM TEMPERATURE (F)   62        81      1907
 MINIMUM TEMPERATURE (F)   48        30      1966


SUNRISE AND SUNSET
MARCH 29 2015.........SUNRISE   654 AM EDT   SUNSET   721 PM EDT
MARCH 30 2015.........SUNRISE   652 AM EDT   SUNSET   722 PM EDT


-  INDICATES NEGATIVE NUMBERS.
R  INDICATES RECORD WAS SET OR TIED.
MM INDICATES DATA IS MISSING.
T  INDICATES TRACE AMOUNT.




$$
