000
CDUS42 KMHX 272127
CLIHSE


CLIMATE REPORT
NATIONAL WEATHER SERVICE NEWPORT/MOREHEAD CITY NC
526 PM EDT THU AUG 27 2015


...................................

...THE CAPE HATTERAS NC CLIMATE SUMMARY FOR AUGUST 27 2015...
VALID TODAY AS OF 0500 PM LOCAL TIME.

CLIMATE NORMAL PERIOD 1981 TO 2010
CLIMATE RECORD PERIOD 1874 TO 2015


WEATHER ITEM   OBSERVED TIME   RECORD YEAR NORMAL DEPARTURE LAST
                VALUE   (LST)  VALUE       VALUE  FROM      YEAR
                                                  NORMAL
..................................................................
TEMPERATURE (F)
 TODAY
  MAXIMUM         79    131 PM  91    1975  83     -4       82
                                      1965
  MINIMUM         68    213 AM  60    1982  72     -4       73
  AVERAGE         74                        78     -4       78

PRECIPITATION (IN)
  TODAY            0.75          3.43 1910   0.24   0.51     0.00
  MONTH TO DATE    5.19                      5.94  -0.75    10.05
  SINCE JUN 1     16.59                     14.96   1.63    18.26
  SINCE JAN 1     36.22                     36.20   0.02    41.05

SNOWFALL (IN)
  TODAY            0.0
  MONTH TO DATE    0.0
  SINCE NOV 1      2.0
  SINCE JUL 1      0.0
  SNOW DEPTH       0

DEGREE DAYS
 HEATING
  TODAY            0                         0      0        0
  MONTH TO DATE    0                         0      0        0
  SINCE JUN 1      0                         3     -3        0
  SINCE JUL 1      0                         0      0        0

 COOLING
  TODAY            9                        13     -4       13
  MONTH TO DATE  381                       368     13      366
  SINCE JUN 1   1297                      1113    184     1077
  SINCE JAN 1   1464                      1256    208     1313
..................................................................


WIND (MPH)
  HIGHEST WIND SPEED    28   HIGHEST WIND DIRECTION    NW (310)
  HIGHEST GUST SPEED    39   HIGHEST GUST DIRECTION    NW (320)
  AVERAGE WIND SPEED     9.1


SKY COVER
  POSSIBLE SUNSHINE  MM
  AVERAGE SKY COVER 0.7


WEATHER CONDITIONS
 THE FOLLOWING WEATHER WAS RECORDED TODAY.
  RAIN
  LIGHT RAIN


RELATIVE HUMIDITY (PERCENT)
 HIGHEST    94           700 AM
 LOWEST     74           100 PM
 AVERAGE    84

..........................................................


THE CAPE HATTERAS NC CLIMATE NORMALS FOR TOMORROW
                         NORMAL    RECORD    YEAR
 MAXIMUM TEMPERATURE (F)   83        91      1990
 MINIMUM TEMPERATURE (F)   72        59      1984


SUNRISE AND SUNSET
AUGUST 27 2015........SUNRISE   631 AM EDT   SUNSET   736 PM EDT
AUGUST 28 2015........SUNRISE   632 AM EDT   SUNSET   735 PM EDT


-  INDICATES NEGATIVE NUMBERS.
R  INDICATES RECORD WAS SET OR TIED.
MM INDICATES DATA IS MISSING.
T  INDICATES TRACE AMOUNT.




$$
