000
CDUS42 KMHX 042237
CLIHSE


CLIMATE REPORT
NATIONAL WEATHER SERVICE NEWPORT/MOREHEAD CITY NC
536 PM EST WED MAR 4 2015


...................................

...THE CAPE HATTERAS NC CLIMATE SUMMARY FOR MARCH 4 2015...
VALID TODAY AS OF 0500 PM LOCAL TIME.

CLIMATE NORMAL PERIOD 1981 TO 2010
CLIMATE RECORD PERIOD 1874 TO 2015


WEATHER ITEM   OBSERVED TIME   RECORD YEAR NORMAL DEPARTURE LAST
                VALUE   (LST)  VALUE       VALUE  FROM      YEAR
                                                  NORMAL
..................................................................
TEMPERATURE (F)
 TODAY
  MAXIMUM         57    355 PM  72    1976  56      1       42
  MINIMUM         54    217 PM  24    2009  42     12       34
                                      1943
  AVERAGE         56                        49      7       38

PRECIPITATION (IN)
  TODAY            0.01          1.86 1973   0.14  -0.13     0.14
  MONTH TO DATE    0.07                      0.59  -0.52     0.19
  SINCE MAR 1      0.07                      0.59  -0.52     0.19
  SINCE JAN 1     12.02                      9.85   2.17    10.28

SNOWFALL (IN)
  TODAY            0.0
  MONTH TO DATE    0.0
  SINCE NOV 1      2.0
  SINCE JUL 1      2.0
  SNOW DEPTH       0

DEGREE DAYS
 HEATING
  TODAY            9                        16     -7       27
  MONTH TO DATE   67                        65      2       79
  SINCE MAR 1     67                        65      2       79
  SINCE JUL 1   2240                      1989    251     1912

 COOLING
  TODAY            0                         0      0        0
  MONTH TO DATE    0                         0      0        0
  SINCE MAR 1      0                         0      0        0
  SINCE JAN 1      2                         0      2        0
..................................................................


WIND (MPH)
  HIGHEST WIND SPEED    18   HIGHEST WIND DIRECTION    SW (210)
  HIGHEST GUST SPEED    24   HIGHEST GUST DIRECTION    SW (210)
  AVERAGE WIND SPEED    11.6


SKY COVER
  POSSIBLE SUNSHINE  MM
  AVERAGE SKY COVER 0.8


WEATHER CONDITIONS
 THE FOLLOWING WEATHER WAS RECORDED TODAY.
  LIGHT RAIN
  FOG
  FOG W/VISIBILITY <= 1/4 MILE


RELATIVE HUMIDITY (PERCENT)
 HIGHEST   100           300 AM
 LOWEST    100           300 AM
 AVERAGE   100

..........................................................


THE CAPE HATTERAS NC CLIMATE NORMALS FOR TOMORROW
                         NORMAL    RECORD    YEAR
 MAXIMUM TEMPERATURE (F)   56        74      1976
 MINIMUM TEMPERATURE (F)   42        23      2009


SUNRISE AND SUNSET
MARCH  4 2015.........SUNRISE   628 AM EST   SUNSET   600 PM EST
MARCH  5 2015.........SUNRISE   627 AM EST   SUNSET   601 PM EST


-  INDICATES NEGATIVE NUMBERS.
R  INDICATES RECORD WAS SET OR TIED.
MM INDICATES DATA IS MISSING.
T  INDICATES TRACE AMOUNT.




$$
