000
CDUS42 KMHX 260625
CLIHSE


CLIMATE REPORT
NATIONAL WEATHER SERVICE NEWPORT/MOREHEAD CITY NC
125 AM EST MON JAN 26 2015


...................................

...THE CAPE HATTERAS NC CLIMATE SUMMARY FOR JANUARY 25 2015...

CLIMATE NORMAL PERIOD 1981 TO 2010
CLIMATE RECORD PERIOD 1874 TO 2015


WEATHER ITEM   OBSERVED TIME   RECORD YEAR NORMAL DEPARTURE LAST
                VALUE   (LST)  VALUE       VALUE  FROM      YEAR
                                                  NORMAL
..................................................................
TEMPERATURE (F)
 YESTERDAY
  MAXIMUM         52    952 PM  74    1950  52      0       51
  MINIMUM         41    541 AM  14    2014  39      2       14
  AVERAGE         47                        45      2       33

PRECIPITATION (IN)
  YESTERDAY        0.00          2.00 1987   0.16  -0.16      T
  MONTH TO DATE    4.57                      4.24   0.33     4.20
  SINCE DEC 1      7.02                      8.51  -1.49     8.10
  SINCE JAN 1      4.57                      4.24   0.33     4.20

SNOWFALL (IN)
  YESTERDAY        0.0
  MONTH TO DATE    0.0
  SINCE NOV 1      0.0
  SINCE JUL 1      0.0
  SNOW DEPTH       0

DEGREE DAYS
 HEATING
  YESTERDAY       18                        20     -2       32
  MONTH TO DATE  426                       493    -67      486
  SINCE DEC 1    888                       982    -94      873
  SINCE JUL 1   1289                      1300    -11     1188

 COOLING
  YESTERDAY        0                         0      0        0
  MONTH TO DATE    2                         0      2        0
  SINCE DEC 1      2                         3     -1        7
  SINCE JAN 1      2                         0      2        0
..................................................................


WIND (MPH)
  HIGHEST WIND SPEED    20   HIGHEST WIND DIRECTION    NW (300)
  HIGHEST GUST SPEED    30   HIGHEST GUST DIRECTION    NW (300)
  AVERAGE WIND SPEED     8.4


SKY COVER
  POSSIBLE SUNSHINE  MM
  AVERAGE SKY COVER 0.0


WEATHER CONDITIONS
 THE FOLLOWING WEATHER WAS RECORDED YESTERDAY.
  NO SIGNIFICANT WEATHER WAS OBSERVED.


RELATIVE HUMIDITY (PERCENT)
 HIGHEST    86          1100 PM
 LOWEST     50           300 PM
 AVERAGE    68

..........................................................


THE CAPE HATTERAS NC CLIMATE NORMALS FOR TODAY
                         NORMAL    RECORD    YEAR
 MAXIMUM TEMPERATURE (F)   52        72      1916
 MINIMUM TEMPERATURE (F)   39        21      1905


SUNRISE AND SUNSET
JANUARY 26 2015.......SUNRISE   706 AM EST   SUNSET   524 PM EST
JANUARY 27 2015.......SUNRISE   705 AM EST   SUNSET   525 PM EST


-  INDICATES NEGATIVE NUMBERS.
R  INDICATES RECORD WAS SET OR TIED.
MM INDICATES DATA IS MISSING.
T  INDICATES TRACE AMOUNT.




$$
