000
CDUS42 KMHX 270530
CLIHSE


CLIMATE REPORT
NATIONAL WEATHER SERVICE NEWPORT/MOREHEAD CITY NC
130 AM EDT WED MAY 27 2015


...................................

...THE CAPE HATTERAS NC CLIMATE SUMMARY FOR MAY 26 2015...

CLIMATE NORMAL PERIOD 1981 TO 2010
CLIMATE RECORD PERIOD 1874 TO 2015


WEATHER ITEM   OBSERVED TIME   RECORD YEAR NORMAL DEPARTURE LAST
                VALUE   (LST)  VALUE       VALUE  FROM      YEAR
                                                  NORMAL
..................................................................
TEMPERATURE (F)
 YESTERDAY
  MAXIMUM         81    252 PM  88    1962  76      5       80
  MINIMUM         72   1159 PM  45    1967  63      9       69
  AVERAGE         77                        70      7       75

PRECIPITATION (IN)
  YESTERDAY        0.00          3.28 1958   0.12  -0.12     0.00
  MONTH TO DATE    3.21                      3.01   0.20     1.42
  SINCE MAR 1      7.68                     11.42  -3.74    12.70
  SINCE JAN 1     19.63                     20.68  -1.05    22.79

SNOWFALL (IN)
  YESTERDAY        0.0
  MONTH TO DATE    0.0
  SINCE NOV 1      2.0
  SINCE JUL 1      2.0
  SNOW DEPTH       0

DEGREE DAYS
 HEATING
  YESTERDAY        0                         1     -1        0
  MONTH TO DATE   56                        47      9        9
  SINCE MAR 1    633                       657    -24      701
  SINCE JUL 1   2806                      2581    225     2534

 COOLING
  YESTERDAY       12                         5      7       10
  MONTH TO DATE   90                        85      5      170
  SINCE MAR 1    107                       113     -6      197
  SINCE JAN 1    109                       113     -4      197
..................................................................


WIND (MPH)
  HIGHEST WIND SPEED    18   HIGHEST WIND DIRECTION     S (180)
  HIGHEST GUST SPEED    24   HIGHEST GUST DIRECTION     S (180)
  AVERAGE WIND SPEED    13.1


SKY COVER
  POSSIBLE SUNSHINE  MM
  AVERAGE SKY COVER 0.3


WEATHER CONDITIONS
 THE FOLLOWING WEATHER WAS RECORDED YESTERDAY.
  NO SIGNIFICANT WEATHER WAS OBSERVED.


RELATIVE HUMIDITY (PERCENT)
 HIGHEST    73           200 AM
 LOWEST     58           100 PM
 AVERAGE    66

..........................................................


THE CAPE HATTERAS NC CLIMATE NORMALS FOR TODAY
                         NORMAL    RECORD    YEAR
 MAXIMUM TEMPERATURE (F)   77        86      2004
                                             1991
 MINIMUM TEMPERATURE (F)   64        42      1979


SUNRISE AND SUNSET
MAY 27 2015...........SUNRISE   551 AM EDT   SUNSET   808 PM EDT
MAY 28 2015...........SUNRISE   551 AM EDT   SUNSET   809 PM EDT


-  INDICATES NEGATIVE NUMBERS.
R  INDICATES RECORD WAS SET OR TIED.
MM INDICATES DATA IS MISSING.
T  INDICATES TRACE AMOUNT.




$$
