000
CDUS42 KMHX 230626
CLIHSE


CLIMATE REPORT
NATIONAL WEATHER SERVICE NEWPORT/MOREHEAD CITY NC
126 AM EST THU FEB 23 2017


...................................

...THE CAPE HATTERAS NC CLIMATE SUMMARY FOR FEBRUARY 22 2017...

CLIMATE NORMAL PERIOD 1981 TO 2010
CLIMATE RECORD PERIOD 1874 TO 2017


WEATHER ITEM   OBSERVED TIME   RECORD YEAR NORMAL DEPARTURE LAST
                VALUE   (LST)  VALUE       VALUE  FROM      YEAR
                                                  NORMAL
..................................................................
TEMPERATURE (F)
 YESTERDAY
  MAXIMUM         75        MM  76    1971  54     21       62
  MINIMUM         54        MM  16    1963  41     13       49
  AVERAGE         65                        47     18       56

PRECIPITATION (IN)
  YESTERDAY        0.00          1.10 1960   0.15  -0.15     0.20
  MONTH TO DATE    1.21                      3.17  -1.96     7.16
  SINCE DEC 1     11.20                     12.68  -1.48    17.00
  SINCE JAN 1      6.19                      8.41  -2.22    12.03

SNOWFALL (IN)
  YESTERDAY        0.0
  MONTH TO DATE    0.0
  SINCE NOV 1      T
  SINCE JUL 1      T
  SNOW DEPTH       0

DEGREE DAYS
 HEATING
  YESTERDAY        0                        18    -18        9
  MONTH TO DATE  239                       409   -170      374
  SINCE DEC 1   1025                      1504   -479     1063
  SINCE JUL 1   1297                      1822   -525     1235

 COOLING
  YESTERDAY        0                         0      0        0
  MONTH TO DATE    0                         0      0        1
  SINCE DEC 1      3                         3      0       65
  SINCE JAN 1      0                         0      0        1
..................................................................


WIND (MPH)
  HIGHEST WIND SPEED     9   HIGHEST WIND DIRECTION     S (170)
  HIGHEST GUST SPEED    MM   HIGHEST GUST DIRECTION    MM
  AVERAGE WIND SPEED     6.1


SKY COVER
  POSSIBLE SUNSHINE  MM
  AVERAGE SKY COVER 0.1


WEATHER CONDITIONS
 THE FOLLOWING WEATHER WAS RECORDED YESTERDAY.
  HAZE


RELATIVE HUMIDITY (PERCENT)
 HIGHEST    78          1100 PM
 LOWEST     49          1200 PM
 AVERAGE    64

..........................................................


THE CAPE HATTERAS NC CLIMATE NORMALS FOR TODAY
                         NORMAL    RECORD    YEAR
 MAXIMUM TEMPERATURE (F)   54        75      1975
 MINIMUM TEMPERATURE (F)   41        15      1963


SUNRISE AND SUNSET
FEBRUARY 23 2017......SUNRISE   639 AM EST   SUNSET   553 PM EST
FEBRUARY 24 2017......SUNRISE   638 AM EST   SUNSET   554 PM EST


-  INDICATES NEGATIVE NUMBERS.
R  INDICATES RECORD WAS SET OR TIED.
MM INDICATES DATA IS MISSING.
T  INDICATES TRACE AMOUNT.




$$
