000
CDUS42 KMHX 160543
CLIHSE


CLIMATE REPORT
NATIONAL WEATHER SERVICE NEWPORT/MOREHEAD CITY NC
143 AM EDT WED APR 16 2014


...................................

...THE CAPE HATTERAS NC CLIMATE SUMMARY FOR APRIL 15 2014...

CLIMATE NORMAL PERIOD 1981 TO 2010
CLIMATE RECORD PERIOD 1874 TO 2014


WEATHER ITEM   OBSERVED TIME   RECORD YEAR NORMAL DEPARTURE LAST
                VALUE   (LST)  VALUE       VALUE  FROM      YEAR
                                                  NORMAL
..................................................................
TEMPERATURE (F)
 YESTERDAY
  MAXIMUM         70   1041 PM  84    1922  66      4       71
  MINIMUM         50   1159 PM  36    1907  53     -3       60
  AVERAGE         60                        59      1       66

PRECIPITATION (IN)
  YESTERDAY        1.14          2.20 1999   0.11   1.03     0.11
  MONTH TO DATE    2.24                      1.93   0.31     1.75
  SINCE MAR 1      7.72                      6.70   1.02     3.97
  SINCE JAN 1     17.81                     15.96   1.85    13.70

SNOWFALL (IN)
  YESTERDAY        0.0
  MONTH TO DATE    0.0
  SINCE NOV 1      5.7
  SINCE JUL 1      5.7
  SNOW DEPTH       0

DEGREE DAYS
 HEATING
  YESTERDAY        5                         6     -1        0
  MONTH TO DATE   66                       119    -53      105
  SINCE MAR 1    569                       538     31      592
  SINCE JUL 1   2402                      2462    -60     2324

 COOLING
  YESTERDAY        0                         1     -1        1
  MONTH TO DATE   11                         6      5        1
  SINCE MAR 1     11                         9      2        1
  SINCE JAN 1     11                         9      2        1
..................................................................


WIND (MPH)
  HIGHEST WIND SPEED    25   HIGHEST WIND DIRECTION     S (190)
  HIGHEST GUST SPEED    40   HIGHEST GUST DIRECTION     N (340)
  AVERAGE WIND SPEED    16.5


SKY COVER
  POSSIBLE SUNSHINE  MM
  AVERAGE SKY COVER 0.7


WEATHER CONDITIONS
 THE FOLLOWING WEATHER WAS RECORDED YESTERDAY.
  HEAVY RAIN
  RAIN
  LIGHT RAIN
  FOG
  HAZE


RELATIVE HUMIDITY (PERCENT)
 HIGHEST   100           600 AM
 LOWEST     84           500 PM
 AVERAGE    92

..........................................................


THE CAPE HATTERAS NC CLIMATE NORMALS FOR TODAY
                         NORMAL    RECORD    YEAR
 MAXIMUM TEMPERATURE (F)   67        78      1930
 MINIMUM TEMPERATURE (F)   53        35      1963


SUNRISE AND SUNSET
APRIL 16 2014.........SUNRISE   629 AM EDT   SUNSET   736 PM EDT
APRIL 17 2014.........SUNRISE   628 AM EDT   SUNSET   737 PM EDT


-  INDICATES NEGATIVE NUMBERS.
R  INDICATES RECORD WAS SET OR TIED.
MM INDICATES DATA IS MISSING.
T  INDICATES TRACE AMOUNT.




$$
