000
CDUS42 KMHX 190545
CLIHSE


CLIMATE REPORT
NATIONAL WEATHER SERVICE NEWPORT/MOREHEAD CITY NC
1245 AM EST FRI JAN 19 2018


...................................

...THE CAPE HATTERAS NC CLIMATE SUMMARY FOR JANUARY 18 2018...

CLIMATE NORMAL PERIOD 1981 TO 2010
CLIMATE RECORD PERIOD 1874 TO 2018


WEATHER ITEM   OBSERVED TIME   RECORD YEAR NORMAL DEPARTURE LAST
                VALUE   (LST)  VALUE       VALUE  FROM      YEAR
                                                  NORMAL
..................................................................
TEMPERATURE (F)
 YESTERDAY
  MAXIMUM         36        MM  72    1937  52    -16       65
  MINIMUM         26        MM  19    1982  39    -13       49
  AVERAGE         31                        45    -14       57

PRECIPITATION (IN)
  YESTERDAY        0.56          1.83 1926   0.16   0.40     0.16
  MONTH TO DATE    6.00                      3.06   2.94     2.92
  SINCE DEC 1     10.90                      7.33   3.57     7.93
  SINCE JAN 1      6.00                      3.06   2.94     2.92

SNOWFALL (IN)
  YESTERDAY       MM
  MONTH TO DATE    1.0
  SINCE NOV 1      1.0
  SINCE JUL 1      1.0
  SNOW DEPTH       0

DEGREE DAYS
 HEATING
  YESTERDAY       34                        20     14        8
  MONTH TO DATE  480                       353    127      233
  SINCE DEC 1    953                       842    111      619
  SINCE JUL 1   1199                      1160     39      891

 COOLING
  YESTERDAY        0                         0      0        0
  MONTH TO DATE    0                         0      0        0
  SINCE DEC 1      2                         3     -1        3
  SINCE JAN 1      0                         0      0        0
..................................................................


WIND (MPH)
  HIGHEST WIND SPEED    16   HIGHEST WIND DIRECTION    NW (320)
  HIGHEST GUST SPEED    35   HIGHEST GUST DIRECTION     N (360)
  AVERAGE WIND SPEED    12.3


SKY COVER
  POSSIBLE SUNSHINE  MM
  AVERAGE SKY COVER 0.4


WEATHER CONDITIONS
 THE FOLLOWING WEATHER WAS RECORDED YESTERDAY.
  HEAVY RAIN
  FREEZING RAIN
  HEAVY SNOW
  SNOW
  LIGHT SNOW
  FOG
  FOG W/VISIBILITY <= 1/4 MILE


RELATIVE HUMIDITY (PERCENT)
 HIGHEST   100          1200 AM
 LOWEST     56           200 PM
 AVERAGE    78

..........................................................


THE CAPE HATTERAS NC CLIMATE NORMALS FOR TODAY
                         NORMAL    RECORD    YEAR
 MAXIMUM TEMPERATURE (F)   52        74      1987
 MINIMUM TEMPERATURE (F)   39        17      1994


SUNRISE AND SUNSET
JANUARY 19 2018.......SUNRISE   709 AM EST   SUNSET   518 PM EST
JANUARY 20 2018.......SUNRISE   709 AM EST   SUNSET   519 PM EST


-  INDICATES NEGATIVE NUMBERS.
R  INDICATES RECORD WAS SET OR TIED.
MM INDICATES DATA IS MISSING.
T  INDICATES TRACE AMOUNT.




$$
