000
CDUS43 KGID 200653
CLIHSI


CLIMATE REPORT
NATIONAL WEATHER SERVICE HASTINGS NE
152 AM CDT WED AUG 20 2014


...................................

...THE HASTINGS NE CLIMATE SUMMARY FOR AUGUST 19 2014...

CLIMATE NORMAL PERIOD 1981 TO 2010
CLIMATE RECORD PERIOD 1894 TO 2014


WEATHER ITEM   OBSERVED TIME   RECORD YEAR NORMAL DEPARTURE LAST
                VALUE   (LST)  VALUE       VALUE  FROM      YEAR
                                                  NORMAL
..................................................................
TEMPERATURE (F)
 YESTERDAY
  MAXIMUM         88    531 PM 106    1936  85      3       85
  MINIMUM         66    612 AM  46    2012  63      3       64
  AVERAGE         77                        74      3       75

PRECIPITATION (IN)
  YESTERDAY        0.00          2.25 1908   0.11  -0.11     0.00
  MONTH TO DATE    2.98                      1.82   1.16     2.83
  SINCE JUN 1     13.15                      9.36   3.79     5.84
  SINCE JAN 1     20.09                     19.18   0.91    17.64

SNOWFALL (IN)
  YESTERDAY        0.0                       0.0    0.0      0.0
  MONTH TO DATE    0.0                       0.0    0.0      0.0
  SINCE JUN 1      0.0                       0.0    0.0      0.0
  SINCE JUL 1      0.0                       0.0    0.0      0.0
  SNOW DEPTH       0

DEGREE DAYS
 HEATING
  YESTERDAY        0                         0      0        0
  MONTH TO DATE    0                         0      0        0
  SINCE JUN 1     14                        22     -8       33
  SINCE JUL 1      6                         1      5        6

 COOLING
  YESTERDAY       12                         9      3       10
  MONTH TO DATE  183                       200    -17      127
  SINCE JUN 1    694                       801   -107      696
  SINCE JAN 1    812                       860    -48      770
..................................................................


WIND (MPH)
  HIGHEST WIND SPEED    16   HIGHEST WIND DIRECTION    SE (150)
  HIGHEST GUST SPEED    20   HIGHEST GUST DIRECTION    SE (150)
  AVERAGE WIND SPEED     6.2


SKY COVER
  AVERAGE SKY COVER 0.0


WEATHER CONDITIONS
 THE FOLLOWING WEATHER WAS RECORDED YESTERDAY.
  FOG


RELATIVE HUMIDITY (PERCENT)
 HIGHEST    87           400 AM
 LOWEST     43           500 PM
 AVERAGE    65

..........................................................


THE HASTINGS NE CLIMATE NORMALS FOR TODAY
                         NORMAL    RECORD    YEAR
 MAXIMUM TEMPERATURE (F)   85       105      1936
 MINIMUM TEMPERATURE (F)   63        40      1950


SUNRISE AND SUNSET
AUGUST 20 2014........SUNRISE   649 AM CDT   SUNSET   824 PM CDT
AUGUST 21 2014........SUNRISE   650 AM CDT   SUNSET   823 PM CDT


-  INDICATES NEGATIVE NUMBERS.
R  INDICATES RECORD WAS SET OR TIED.
MM INDICATES DATA IS MISSING.
T  INDICATES TRACE AMOUNT.




$$
