000
CDUS43 KGID 270631
CLIHSI


CLIMATE REPORT
NATIONAL WEATHER SERVICE HASTINGS NE
129 AM CDT FRI MAR 27 2015


...................................

...THE HASTINGS NE CLIMATE SUMMARY FOR MARCH 26 2015...

CLIMATE NORMAL PERIOD 1981 TO 2010
CLIMATE RECORD PERIOD 1894 TO 2015


WEATHER ITEM   OBSERVED TIME   RECORD YEAR NORMAL DEPARTURE LAST
                VALUE   (LST)  VALUE       VALUE  FROM      YEAR
                                                  NORMAL
..................................................................
TEMPERATURE (F)
 YESTERDAY
  MAXIMUM         55    326 PM  82    2012  56     -1       64
  MINIMUM         21    522 AM  -5    1996  32    -11       29
  AVERAGE         38                        44     -6       47

PRECIPITATION (IN)
  YESTERDAY        T             1.90 1959   0.08  -0.08     0.00
  MONTH TO DATE    0.20                      1.34  -1.14     0.13
  SINCE MAR 1      0.20                      1.34  -1.14     0.13
  SINCE JAN 1      1.31                      2.24  -0.93     0.84

SNOWFALL (IN)
  YESTERDAY        0.0          12.0  1916   0.1   -0.1      0.0
  MONTH TO DATE    0.8                       4.5   -3.7      1.2
  SINCE MAR 1      0.8                       4.5   -3.7      1.2
  SINCE JUL 1     17.0                      26.9   -9.9     19.5
  SNOW DEPTH       0

DEGREE DAYS
 HEATING
  YESTERDAY       27                        21      6       18
  MONTH TO DATE  551                       676   -125      757
  SINCE MAR 1    551                       676   -125      757
  SINCE JUL 1   5174                      5306   -132     5637

 COOLING
  YESTERDAY        0                         0      0        0
  MONTH TO DATE    0                         0      0        0
  SINCE MAR 1      0                         0      0        0
  SINCE JAN 1      0                         0      0        0
..................................................................


WIND (MPH)
  HIGHEST WIND SPEED    24   HIGHEST WIND DIRECTION    NE (50)
  HIGHEST GUST SPEED    29   HIGHEST GUST DIRECTION    NE (50)
  AVERAGE WIND SPEED     9.3


SKY COVER
  AVERAGE SKY COVER 0.4


WEATHER CONDITIONS
 THE FOLLOWING WEATHER WAS RECORDED YESTERDAY.
  LIGHT RAIN


RELATIVE HUMIDITY (PERCENT)
 HIGHEST    89           900 PM
 LOWEST     38           300 PM
 AVERAGE    64

..........................................................


THE HASTINGS NE CLIMATE NORMALS FOR TODAY
                         NORMAL    RECORD    YEAR
 MAXIMUM TEMPERATURE (F)   56        86      1989
 MINIMUM TEMPERATURE (F)   32         4      1913


SUNRISE AND SUNSET
MARCH 27 2015.........SUNRISE   726 AM CDT   SUNSET   753 PM CDT
MARCH 28 2015.........SUNRISE   724 AM CDT   SUNSET   754 PM CDT


-  INDICATES NEGATIVE NUMBERS.
R  INDICATES RECORD WAS SET OR TIED.
MM INDICATES DATA IS MISSING.
T  INDICATES TRACE AMOUNT.




$$
