000
CDUS43 KGID 300646
CLIHSI


CLIMATE REPORT
NATIONAL WEATHER SERVICE HASTINGS NE
145 AM CDT WED JUL 30 2014


...................................

...THE HASTINGS NE CLIMATE SUMMARY FOR JULY 29 2014...

CLIMATE NORMAL PERIOD 1981 TO 2010
CLIMATE RECORD PERIOD 1894 TO 2014


WEATHER ITEM   OBSERVED TIME   RECORD YEAR NORMAL DEPARTURE LAST
                VALUE   (LST)  VALUE       VALUE  FROM      YEAR
                                                  NORMAL
..................................................................
TEMPERATURE (F)
 YESTERDAY
  MAXIMUM         80    231 PM 108    1917  87     -7       66
  MINIMUM         63    703 AM  53    1971  67     -4       61
                                      1925
  AVERAGE         72                        77     -5       64

PRECIPITATION (IN)
  YESTERDAY        0.03          1.82 2007   0.11  -0.08     0.66
  MONTH TO DATE    1.48                      3.52  -2.04     1.76
  SINCE JUN 1     10.17                      7.32   2.85     3.00
  SINCE JAN 1     17.11                     17.14  -0.03    14.80

SNOWFALL (IN)
  YESTERDAY        0.0                       0.0    0.0      0.0
  MONTH TO DATE    0.0                       0.0    0.0      0.0
  SINCE JUN 1      0.0                       0.0    0.0      0.0
  SINCE JUL 1      0.0                       0.0    0.0      0.0
  SNOW DEPTH       0

DEGREE DAYS
 HEATING
  YESTERDAY        0                         0      0        1
  MONTH TO DATE    6                         0      6        6
  SINCE JUN 1     14                        21     -7       33
  SINCE JUL 1      6                         0      6        6

 COOLING
  YESTERDAY        7                        12     -5        0
  MONTH TO DATE  266                       351    -85      321
  SINCE JUN 1    497                       576    -79      557
  SINCE JAN 1    615                       635    -20      631
..................................................................


WIND (MPH)
  HIGHEST WIND SPEED    12   HIGHEST WIND DIRECTION     E (80)
  HIGHEST GUST SPEED    16   HIGHEST GUST DIRECTION     E (90)
  AVERAGE WIND SPEED     5.1


SKY COVER
  AVERAGE SKY COVER 0.6


WEATHER CONDITIONS
 THE FOLLOWING WEATHER WAS RECORDED YESTERDAY.
  NO SIGNIFICANT WEATHER WAS OBSERVED.


RELATIVE HUMIDITY (PERCENT)
 HIGHEST    84           700 AM
 LOWEST     43           100 PM
 AVERAGE    64

..........................................................


THE HASTINGS NE CLIMATE NORMALS FOR TODAY
                         NORMAL    RECORD    YEAR
 MAXIMUM TEMPERATURE (F)   87       106      1917
 MINIMUM TEMPERATURE (F)   67        48      1971


SUNRISE AND SUNSET
JULY 30 2014..........SUNRISE   629 AM CDT   SUNSET   851 PM CDT
JULY 31 2014..........SUNRISE   630 AM CDT   SUNSET   850 PM CDT


-  INDICATES NEGATIVE NUMBERS.
R  INDICATES RECORD WAS SET OR TIED.
MM INDICATES DATA IS MISSING.
T  INDICATES TRACE AMOUNT.




$$
