000
CDUS43 KGID 300706
CLIHSI


CLIMATE REPORT
NATIONAL WEATHER SERVICE HASTINGS NE
105 AM CST FRI JAN 30 2015


...................................

...THE HASTINGS NE CLIMATE SUMMARY FOR JANUARY 29 2015...

CLIMATE NORMAL PERIOD 1981 TO 2010
CLIMATE RECORD PERIOD 1894 TO 2015


WEATHER ITEM   OBSERVED TIME   RECORD YEAR NORMAL DEPARTURE LAST
                VALUE   (LST)  VALUE       VALUE  FROM      YEAR
                                                  NORMAL
..................................................................
TEMPERATURE (F)
 YESTERDAY
  MAXIMUM         46    428 PM  64    1986  37      9       49
                                      1971
                                      1931
  MINIMUM         19   1133 PM -18    1918  17      2        5
  AVERAGE         33                        27      6       27

PRECIPITATION (IN)
  YESTERDAY        0.00          0.43 2001   0.02  -0.02     0.00
  MONTH TO DATE    0.07                      0.37  -0.30     0.17
  SINCE DEC 1      0.61                      0.98  -0.37     0.31
  SINCE JAN 1      0.07                      0.37  -0.30     0.17

SNOWFALL (IN)
  YESTERDAY        0.0           7.1  2001   0.2   -0.2      0.0
  MONTH TO DATE    1.2                       5.5   -4.3      2.1
  SINCE DEC 1      4.6                      11.6   -7.0      7.1
  SINCE JUL 1      6.3                      15.4   -9.1      7.5
  SNOW DEPTH       0

DEGREE DAYS
 HEATING
  YESTERDAY       32                        38     -6       38
  MONTH TO DATE 1044                      1131    -87     1125
  SINCE DEC 1   2118                      2290   -172     2378
  SINCE JUL 1   3456                      3571   -115     3643

 COOLING
  YESTERDAY        0                         0      0        0
  MONTH TO DATE    0                         0      0        0
  SINCE DEC 1      0                         0      0        0
  SINCE JAN 1      0                         0      0        0
..................................................................


WIND (MPH)
  HIGHEST WIND SPEED    41   HIGHEST WIND DIRECTION     N (340)
  HIGHEST GUST SPEED    50   HIGHEST GUST DIRECTION    NW (320)
  AVERAGE WIND SPEED    16.0


SKY COVER
  AVERAGE SKY COVER 0.5


WEATHER CONDITIONS
 THE FOLLOWING WEATHER WAS RECORDED YESTERDAY.
  NO SIGNIFICANT WEATHER WAS OBSERVED.


RELATIVE HUMIDITY (PERCENT)
 HIGHEST    74          1100 PM
 LOWEST     34           400 PM
 AVERAGE    54

..........................................................


THE HASTINGS NE CLIMATE NORMALS FOR TODAY
                         NORMAL    RECORD    YEAR
 MAXIMUM TEMPERATURE (F)   37        69      2012
 MINIMUM TEMPERATURE (F)   17       -19      1918


SUNRISE AND SUNSET
JANUARY 30 2015.......SUNRISE   745 AM CST   SUNSET   549 PM CST
JANUARY 31 2015.......SUNRISE   745 AM CST   SUNSET   550 PM CST


-  INDICATES NEGATIVE NUMBERS.
R  INDICATES RECORD WAS SET OR TIED.
MM INDICATES DATA IS MISSING.
T  INDICATES TRACE AMOUNT.




$$
