000
CDUS43 KGID 282223
CLIHSI


CLIMATE REPORT
NATIONAL WEATHER SERVICE HASTINGS NE
522 PM CDT SAT MAY 28 2016


...................................

...THE HASTINGS NE CLIMATE SUMMARY FOR MAY 28 2016...
VALID TODAY AS OF 0500 PM LOCAL TIME.

CLIMATE NORMAL PERIOD 1981 TO 2010
CLIMATE RECORD PERIOD 1894 TO 2016


WEATHER ITEM   OBSERVED TIME   RECORD YEAR NORMAL DEPARTURE LAST
                VALUE   (LST)  VALUE       VALUE  FROM      YEAR
                                                  NORMAL
..................................................................
TEMPERATURE (F)
 TODAY
  MAXIMUM         75    359 PM  96    2006  76     -1       78
                                      1934
  MINIMUM         55    444 AM  33    1915  55      0       60
  AVERAGE         65                        66     -1       69

PRECIPITATION (IN)
  TODAY            0.01          1.03 1930   0.11  -0.10     0.36
  MONTH TO DATE    2.79                      4.20  -1.41     3.84
  SINCE MAR 1      9.02                      8.55   0.47     7.59
  SINCE JAN 1     10.94                      9.45   1.49     8.70

SNOWFALL (IN)
  TODAY            0.0          MM      MM   0.0    0.0      0.0
  MONTH TO DATE    0.0                       0.0    0.0      0.0
  SINCE MAR 1      2.1                       6.4   -4.3      0.8
  SINCE JUL 1     32.4                      28.8    3.6     17.0
  SNOW DEPTH       0

DEGREE DAYS
 HEATING
  TODAY            0                         3     -3        0
  MONTH TO DATE  176                       163     13      170
  SINCE MAR 1   1106                      1372   -266     1161
  SINCE JUL 1   5016                      6002   -986     5784

 COOLING
  TODAY            0                         3     -3        4
  MONTH TO DATE   18                        45    -27       27
  SINCE MAR 1     18                        50    -32       31
  SINCE JAN 1     18                        50    -32       31
..................................................................


WIND (MPH)
  HIGHEST WIND SPEED    22   HIGHEST WIND DIRECTION    NW (300)
  HIGHEST GUST SPEED    28   HIGHEST GUST DIRECTION    NW (330)
  AVERAGE WIND SPEED    11.0


SKY COVER
  AVERAGE SKY COVER 0.6


WEATHER CONDITIONS
 THE FOLLOWING WEATHER WAS RECORDED TODAY.
  LIGHT RAIN


RELATIVE HUMIDITY (PERCENT)
 HIGHEST    93           300 AM
 LOWEST     43           400 PM
 AVERAGE    68

..........................................................


THE HASTINGS NE CLIMATE NORMALS FOR TOMORROW
                         NORMAL    RECORD    YEAR
 MAXIMUM TEMPERATURE (F)   77       105      1934
 MINIMUM TEMPERATURE (F)   56        29      1947


SUNRISE AND SUNSET
MAY 28 2016...........SUNRISE   607 AM CDT   SUNSET   856 PM CDT
MAY 29 2016...........SUNRISE   606 AM CDT   SUNSET   857 PM CDT


-  INDICATES NEGATIVE NUMBERS.
R  INDICATES RECORD WAS SET OR TIED.
MM INDICATES DATA IS MISSING.
T  INDICATES TRACE AMOUNT.




$$
