000
CDUS43 KGID 310629
CLIHSI


CLIMATE REPORT
NATIONAL WEATHER SERVICE HASTINGS NE
129 AM CDT FRI OCT 31 2014


...................................

...THE HASTINGS NE CLIMATE SUMMARY FOR OCTOBER 30 2014...

CLIMATE NORMAL PERIOD 1981 TO 2010
CLIMATE RECORD PERIOD 1894 TO 2014


WEATHER ITEM   OBSERVED TIME   RECORD YEAR NORMAL DEPARTURE LAST
                VALUE   (LST)  VALUE       VALUE  FROM      YEAR
                                                  NORMAL
..................................................................
TEMPERATURE (F)
 YESTERDAY
  MAXIMUM         64    224 PM  87    1937  58      6       49
  MINIMUM         37   1159 PM   9    1913  35      2       32
  AVERAGE         51                        46      5       41

PRECIPITATION (IN)
  YESTERDAY        0.00          1.87 1979   0.04  -0.04     0.01
  MONTH TO DATE    1.76                      1.95  -0.19     4.75
  SINCE SEP 1      3.54                      4.51  -0.97     6.01
  SINCE JAN 1     28.44                     25.17   3.27    24.07

SNOWFALL (IN)
  YESTERDAY        0.0           2.0  1923   0.0    0.0      0.0
  MONTH TO DATE    0.0                       0.9   -0.9      0.0
  SINCE SEP 1      0.0                       1.1   -1.1      0.0
  SINCE JUL 1      0.0                       1.1   -1.1      0.0
  SNOW DEPTH       0

DEGREE DAYS
 HEATING
  YESTERDAY       14                        19     -5       24
  MONTH TO DATE  281                       378    -97      393
  SINCE SEP 1    390                       468    -78      422
  SINCE JUL 1    396                       474    -78      428

 COOLING
  YESTERDAY        0                         0      0        0
  MONTH TO DATE    3                        11     -8       15
  SINCE SEP 1     98                       121    -23      200
  SINCE JAN 1   1018                      1074    -56     1158
..................................................................


WIND (MPH)
  HIGHEST WIND SPEED    28   HIGHEST WIND DIRECTION     N (340)
  HIGHEST GUST SPEED    35   HIGHEST GUST DIRECTION     N (350)
  AVERAGE WIND SPEED    15.5


SKY COVER
  AVERAGE SKY COVER 0.1


WEATHER CONDITIONS
 THE FOLLOWING WEATHER WAS RECORDED YESTERDAY.
  NO SIGNIFICANT WEATHER WAS OBSERVED.


RELATIVE HUMIDITY (PERCENT)
 HIGHEST    79           300 AM
 LOWEST     30           300 PM
 AVERAGE    55

..........................................................


THE HASTINGS NE CLIMATE NORMALS FOR TODAY
                         NORMAL    RECORD    YEAR
 MAXIMUM TEMPERATURE (F)   58        80      1950
                                             1933
 MINIMUM TEMPERATURE (F)   35        15      1993


SUNRISE AND SUNSET
OCTOBER 31 2014.......SUNRISE   803 AM CDT   SUNSET   631 PM CDT
NOVEMBER  1 2014......SUNRISE   804 AM CDT   SUNSET   630 PM CDT


-  INDICATES NEGATIVE NUMBERS.
R  INDICATES RECORD WAS SET OR TIED.
MM INDICATES DATA IS MISSING.
T  INDICATES TRACE AMOUNT.




$$
