000
CDUS43 KGID 030630
CLIHSI


CLIMATE REPORT
NATIONAL WEATHER SERVICE HASTINGS NE
1229 AM CST TUE MAR 3 2015


...................................

...THE HASTINGS NE CLIMATE SUMMARY FOR MARCH 2 2015...

CLIMATE NORMAL PERIOD 1981 TO 2010
CLIMATE RECORD PERIOD 1894 TO 2015


WEATHER ITEM   OBSERVED TIME   RECORD YEAR NORMAL DEPARTURE LAST
                VALUE   (LST)  VALUE       VALUE  FROM      YEAR
                                                  NORMAL
..................................................................
TEMPERATURE (F)
 YESTERDAY
  MAXIMUM         42    202 PM  79    1992  45     -3        7
  MINIMUM         27    229 AM  -5    2014  24      3       -5
                                      1913
  AVERAGE         35                        34      1        1

PRECIPITATION (IN)
  YESTERDAY        T             0.75 1951   0.03  -0.03     0.00
  MONTH TO DATE    T                         0.06  -0.06      T
  SINCE MAR 1      T                         0.06  -0.06      T
  SINCE JAN 1      1.11                      0.96   0.15     0.71

SNOWFALL (IN)
  YESTERDAY        T             5.5  1948   0.2   -0.2      0.0
  MONTH TO DATE    T                         0.4   -0.4       T
  SINCE MAR 1      T                         0.4   -0.4       T
  SINCE JUL 1     16.2                      22.8   -6.6     18.3
  SNOW DEPTH       0

DEGREE DAYS
 HEATING
  YESTERDAY       30                        30      0       64
  MONTH TO DATE   69                        61      8      120
  SINCE MAR 1     69                        61      8      120
  SINCE JUL 1   4692                      4691      1     5000

 COOLING
  YESTERDAY        0                         0      0        0
  MONTH TO DATE    0                         0      0        0
  SINCE MAR 1      0                         0      0        0
  SINCE JAN 1      0                         0      0        0
..................................................................


WIND (MPH)
  HIGHEST WIND SPEED    26   HIGHEST WIND DIRECTION    SE (150)
  HIGHEST GUST SPEED    37   HIGHEST GUST DIRECTION     S (180)
  AVERAGE WIND SPEED    13.0


SKY COVER
  AVERAGE SKY COVER 0.4


WEATHER CONDITIONS
 THE FOLLOWING WEATHER WAS RECORDED YESTERDAY.
  LIGHT SNOW


RELATIVE HUMIDITY (PERCENT)
 HIGHEST    72           900 AM
 LOWEST     32           300 PM
 AVERAGE    52

..........................................................


THE HASTINGS NE CLIMATE NORMALS FOR TODAY
                         NORMAL    RECORD    YEAR
 MAXIMUM TEMPERATURE (F)   45        77      1992
 MINIMUM TEMPERATURE (F)   24       -10      1960


SUNRISE AND SUNSET
MARCH  3 2015.........SUNRISE   705 AM CST   SUNSET   627 PM CST
MARCH  4 2015.........SUNRISE   703 AM CST   SUNSET   628 PM CST


-  INDICATES NEGATIVE NUMBERS.
R  INDICATES RECORD WAS SET OR TIED.
MM INDICATES DATA IS MISSING.
T  INDICATES TRACE AMOUNT.




$$

BRYANT
