000
CDUS43 KGID 242342
CLIHSI


CLIMATE REPORT
NATIONAL WEATHER SERVICE HASTINGS NE
541 PM CST SAT FEB 24 2018


...................................

...THE HASTINGS NE CLIMATE SUMMARY FOR FEBRUARY 24 2018...
VALID TODAY AS OF 0500 PM LOCAL TIME.

CLIMATE NORMAL PERIOD 1981 TO 2010
CLIMATE RECORD PERIOD 1894 TO 2018


WEATHER ITEM   OBSERVED TIME   RECORD YEAR NORMAL DEPARTURE LAST
                VALUE   (LST)  VALUE       VALUE  FROM      YEAR
                                                  NORMAL
..................................................................
TEMPERATURE (F)
 TODAY
  MAXIMUM         36    459 PM  76    1981  43     -7       29
  MINIMUM         20    946 AM -10    1914  22     -2       16
  AVERAGE         28                        32     -4       23

PRECIPITATION (IN)
  TODAY            0.04          0.68 2007   0.02   0.02     0.17
  MONTH TO DATE    0.53                      0.40   0.13     0.27
  SINCE DEC 1      1.30                      1.42  -0.12     1.71
  SINCE JAN 1      1.02                      0.81   0.21     1.10

SNOWFALL (IN)
  TODAY            0.3           4.5  1997   0.2    0.1      2.7
  MONTH TO DATE    8.0                       5.8    2.2      4.3
  SINCE DEC 1     19.7                      17.9    1.8      9.0
  SINCE JUL 1     19.9                      21.7   -1.8      9.1
  6 AM SNOW DEPTH  T

DEGREE DAYS
 HEATING
  TODAY           37                        33      4       42
  MONTH TO DATE 1056                       855    201      611
  SINCE DEC 1   3470                      3223    247     2943
  SINCE JUL 1   4613                      4504    109     3810

 COOLING
  TODAY            0                         0      0        0
  MONTH TO DATE    0                         0      0        0
  SINCE DEC 1      0                         0      0        0
  SINCE JAN 1      0                         0      0        0
..................................................................


WIND (MPH)
  HIGHEST WIND SPEED    18   HIGHEST WIND DIRECTION     W (280)
  HIGHEST GUST SPEED    24   HIGHEST GUST DIRECTION     W (280)
  AVERAGE WIND SPEED     8.4


SKY COVER
  AVERAGE SKY COVER 0.9


WEATHER CONDITIONS
 THE FOLLOWING WEATHER WAS RECORDED TODAY.
  LT FREEZING RAIN
  LIGHT SNOW
  FOG


RELATIVE HUMIDITY (PERCENT)
 HIGHEST   100           400 AM
 LOWEST     70           500 PM
 AVERAGE    85

..........................................................


THE HASTINGS NE CLIMATE NORMALS FOR TOMORROW
                         NORMAL    RECORD    YEAR
 MAXIMUM TEMPERATURE (F)   43        80      1995
 MINIMUM TEMPERATURE (F)   22        -5      1914


SUNRISE AND SUNSET
FEBRUARY 24 2018......SUNRISE   715 AM CST   SUNSET   619 PM CST
FEBRUARY 25 2018......SUNRISE   713 AM CST   SUNSET   621 PM CST


-  INDICATES NEGATIVE NUMBERS.
R  INDICATES RECORD WAS SET OR TIED.
MM INDICATES DATA IS MISSING.
T  INDICATES TRACE AMOUNT.




$$
