000
CDUS43 KGID 070633
CLIHSI


CLIMATE REPORT
NATIONAL WEATHER SERVICE HASTINGS NE
131 AM CDT TUE JUL 7 2015


...................................

...THE HASTINGS NE CLIMATE SUMMARY FOR JULY 6 2015...

CLIMATE NORMAL PERIOD 1981 TO 2010
CLIMATE RECORD PERIOD 1894 TO 2015


WEATHER ITEM   OBSERVED TIME   RECORD YEAR NORMAL DEPARTURE LAST
                VALUE   (LST)  VALUE       VALUE  FROM      YEAR
                                                  NORMAL
..................................................................
TEMPERATURE (F)
 YESTERDAY
  MAXIMUM         84   1251 AM 105    1937  88     -4       96
  MINIMUM         61   1155 PM  49    1940  66     -5       66
  AVERAGE         73                        77     -4       81

PRECIPITATION (IN)
  YESTERDAY        0.42          3.98 1969   0.12   0.30     0.00
  MONTH TO DATE    0.92                      0.86   0.06      T
  SINCE JUN 1      8.97                      4.66   4.31     8.69
  SINCE JAN 1     17.69                     14.48   3.21    15.63

SNOWFALL (IN)
  YESTERDAY        0.0                       0.0    0.0      0.0
  MONTH TO DATE    0.0                       0.0    0.0      0.0
  SINCE JUN 1      0.0                       0.0    0.0      0.0
  SINCE JUL 1      0.0                       0.0    0.0      0.0
  SNOW DEPTH       0

DEGREE DAYS
 HEATING
  YESTERDAY        0                         0      0        0
  MONTH TO DATE    0                         0      0        2
  SINCE JUN 1      3                        21    -18       10
  SINCE JUL 1      0                         0      0        2

 COOLING
  YESTERDAY        8                        12     -4       16
  MONTH TO DATE   65                        69     -4       50
  SINCE JUN 1    285                       294     -9      281
  SINCE JAN 1    316                       353    -37      399
..................................................................


WIND (MPH)
  HIGHEST WIND SPEED    26   HIGHEST WIND DIRECTION     N (360)
  HIGHEST GUST SPEED    35   HIGHEST GUST DIRECTION    NE (30)
  AVERAGE WIND SPEED    12.7


SKY COVER
  AVERAGE SKY COVER 0.4


WEATHER CONDITIONS
 THE FOLLOWING WEATHER WAS RECORDED YESTERDAY.
  THUNDERSTORM
  HEAVY RAIN
  LIGHT RAIN
  FOG
  HAZE


RELATIVE HUMIDITY (PERCENT)
 HIGHEST    97           400 AM
 LOWEST     48          1200 AM
 AVERAGE    73

..........................................................


THE HASTINGS NE CLIMATE NORMALS FOR TODAY
                         NORMAL    RECORD    YEAR
 MAXIMUM TEMPERATURE (F)   88       105      1955
                                             1937
 MINIMUM TEMPERATURE (F)   66        49      1934


SUNRISE AND SUNSET
JULY  7 2015..........SUNRISE   610 AM CDT   SUNSET   907 PM CDT
JULY  8 2015..........SUNRISE   611 AM CDT   SUNSET   907 PM CDT


-  INDICATES NEGATIVE NUMBERS.
R  INDICATES RECORD WAS SET OR TIED.
MM INDICATES DATA IS MISSING.
T  INDICATES TRACE AMOUNT.




$$

BRYANT
