000
CDUS43 KGID 170631
CLIHSI


CLIMATE REPORT
NATIONAL WEATHER SERVICE HASTINGS NE
1230 AM CST TUE JAN 17 2017


...................................

...THE HASTINGS NE CLIMATE SUMMARY FOR JANUARY 16 2017...

CLIMATE NORMAL PERIOD 1981 TO 2010
CLIMATE RECORD PERIOD 1894 TO 2017


WEATHER ITEM   OBSERVED TIME   RECORD YEAR NORMAL DEPARTURE LAST
                VALUE   (LST)  VALUE       VALUE  FROM      YEAR
                                                  NORMAL
..................................................................
TEMPERATURE (F)
 YESTERDAY
  MAXIMUM         33   1016 PM  64    1996  36     -3       34
  MINIMUM         30   1159 PM -12    1930  16     14       11
  AVERAGE         32                        26      6       23

PRECIPITATION (IN)
  YESTERDAY        0.53R         0.35 1980   0.02   0.51     0.01
  MONTH TO DATE    0.82                      0.15   0.67     0.16
  SINCE DEC 1      1.43                      0.76   0.67     2.34
  SINCE JAN 1      0.82                      0.15   0.67     0.16

SNOWFALL (IN)
  YESTERDAY        0.0           2.0  1917   0.2   -0.2      0.2
  MONTH TO DATE    3.7                       2.8    0.9      2.5
  SINCE DEC 1      4.7                       8.9   -4.2      7.1
  SINCE JUL 1      4.8                      12.7   -7.9     11.3
  SNOW DEPTH       T

DEGREE DAYS
 HEATING
  YESTERDAY       33                        39     -6       42
  MONTH TO DATE  716                       628     88      611
  SINCE DEC 1   1898                      1787    111     1595
  SINCE JUL 1   2765                      3068   -303     2521

 COOLING
  YESTERDAY        0                         0      0        0
  MONTH TO DATE    0                         0      0        0
  SINCE DEC 1      0                         0      0        0
  SINCE JAN 1      0                         0      0        0
..................................................................


WIND (MPH)
  HIGHEST WIND SPEED    21   HIGHEST WIND DIRECTION    NE (30)
  HIGHEST GUST SPEED    24   HIGHEST GUST DIRECTION    NE (30)
  AVERAGE WIND SPEED    13.8


SKY COVER
  AVERAGE SKY COVER 1.0


WEATHER CONDITIONS
 THE FOLLOWING WEATHER WAS RECORDED YESTERDAY.
  LIGHT RAIN
  FREEZING RAIN
  LT FREEZING RAIN
  FOG


RELATIVE HUMIDITY (PERCENT)
 HIGHEST   100           400 AM
 LOWEST     78          1100 PM
 AVERAGE    89

..........................................................


THE HASTINGS NE CLIMATE NORMALS FOR TODAY
                         NORMAL    RECORD    YEAR
 MAXIMUM TEMPERATURE (F)   36        58      1986
 MINIMUM TEMPERATURE (F)   16       -18      1930


SUNRISE AND SUNSET
JANUARY 17 2017.......SUNRISE   754 AM CST   SUNSET   534 PM CST
JANUARY 18 2017.......SUNRISE   754 AM CST   SUNSET   535 PM CST


-  INDICATES NEGATIVE NUMBERS.
R  INDICATES RECORD WAS SET OR TIED.
MM INDICATES DATA IS MISSING.
T  INDICATES TRACE AMOUNT.




$$
