000
CDUS43 KGID 240622
CLIHSI


CLIMATE REPORT
NATIONAL WEATHER SERVICE HASTINGS NE
121 AM CDT SUN SEP 24 2017


...................................

...THE HASTINGS NE CLIMATE SUMMARY FOR SEPTEMBER 23 2017...

CLIMATE NORMAL PERIOD 1981 TO 2010
CLIMATE RECORD PERIOD 1894 TO 2017


WEATHER ITEM   OBSERVED TIME   RECORD YEAR NORMAL DEPARTURE LAST
                VALUE   (LST)  VALUE       VALUE  FROM      YEAR
                                                  NORMAL
..................................................................
TEMPERATURE (F)
 YESTERDAY
  MAXIMUM         88    417 PM  98    1937  75     13       89
  MINIMUM         65    927 PM  31    1983  51     14       66
  AVERAGE         77                        63     14       78

PRECIPITATION (IN)
  YESTERDAY        T             1.93 1997   0.09  -0.09     0.00
  MONTH TO DATE    0.35                      2.03  -1.68     1.33
  SINCE SEP 1      0.35                      2.03  -1.68     1.33
  SINCE JAN 1     23.79                     22.69   1.10    17.90

SNOWFALL (IN)
  YESTERDAY        0.0                       0.0    0.0      0.0
  MONTH TO DATE    0.0                       0.1   -0.1      0.0
  SINCE SEP 1      0.0                       0.1   -0.1      0.0
  SINCE JUL 1      0.0                       0.1   -0.1      0.0
  SNOW DEPTH       0

DEGREE DAYS
 HEATING
  YESTERDAY        0                         4     -4        0
  MONTH TO DATE   23                        49    -26       26
  SINCE SEP 1     23                        49    -26       26
  SINCE JUL 1     27                        55    -28       30

 COOLING
  YESTERDAY       12                         2     10       13
  MONTH TO DATE  159                        97     62      136
  SINCE SEP 1    159                        97     62      136
  SINCE JAN 1   1116                      1050     66     1184
..................................................................


WIND (MPH)
  HIGHEST WIND SPEED    23   HIGHEST WIND DIRECTION     S (160)
  HIGHEST GUST SPEED    32   HIGHEST GUST DIRECTION     S (160)
  AVERAGE WIND SPEED    10.7


SKY COVER
  AVERAGE SKY COVER 0.3


WEATHER CONDITIONS
 THE FOLLOWING WEATHER WAS RECORDED YESTERDAY.
  THUNDERSTORM


RELATIVE HUMIDITY (PERCENT)
 HIGHEST    79           600 AM
 LOWEST     36           400 PM
 AVERAGE    58

..........................................................


THE HASTINGS NE CLIMATE NORMALS FOR TODAY
                         NORMAL    RECORD    YEAR
 MAXIMUM TEMPERATURE (F)   74        94      1938
 MINIMUM TEMPERATURE (F)   51        32      1989
                                             1985


SUNRISE AND SUNSET
SEPTEMBER 24 2017.....SUNRISE   723 AM CDT   SUNSET   727 PM CDT
SEPTEMBER 25 2017.....SUNRISE   724 AM CDT   SUNSET   725 PM CDT


-  INDICATES NEGATIVE NUMBERS.
R  INDICATES RECORD WAS SET OR TIED.
MM INDICATES DATA IS MISSING.
T  INDICATES TRACE AMOUNT.




$$
