000
CDUS43 KGID 010636
CLIHSI


CLIMATE REPORT
NATIONAL WEATHER SERVICE HASTINGS NE
134 AM CDT SUN MAY 1 2016


...................................

...THE HASTINGS NE CLIMATE SUMMARY FOR APRIL 30 2016...

CLIMATE NORMAL PERIOD 1981 TO 2010
CLIMATE RECORD PERIOD 1894 TO 2016


WEATHER ITEM   OBSERVED TIME   RECORD YEAR NORMAL DEPARTURE LAST
                VALUE   (LST)  VALUE       VALUE  FROM      YEAR
                                                  NORMAL
..................................................................
TEMPERATURE (F)
 YESTERDAY
  MAXIMUM         48    440 PM  92    1987  67    -19       76
  MINIMUM         42    705 AM  27    1950  44     -2       48
  AVERAGE         45                        56    -11       62

PRECIPITATION (IN)
  YESTERDAY        0.49          1.78 1912   0.13   0.36     0.00
  MONTH TO DATE    5.69                      2.56   3.13     3.55
  SINCE MAR 1      6.23                      4.35   1.88     3.75
  SINCE JAN 1      8.15                      5.25   2.90     4.86

SNOWFALL (IN)
  YESTERDAY        0.0           2.0  1994   0.0    0.0      0.0
  MONTH TO DATE    0.0                       1.2   -1.2       T
  SINCE MAR 1      2.1                       6.4   -4.3      0.8
  SINCE JUL 1     32.4                      28.8    3.6     17.0
  SNOW DEPTH       0

DEGREE DAYS
 HEATING
  YESTERDAY       20                        10     10        3
  MONTH TO DATE  360                       433    -73      357
  SINCE MAR 1    930                      1209   -279      991
  SINCE JUL 1   4840                      5839   -999     5614

 COOLING
  YESTERDAY        0                         0      0        0
  MONTH TO DATE    0                         5     -5        4
  SINCE MAR 1      0                         5     -5        4
  SINCE JAN 1      0                         5     -5        4
..................................................................


WIND (MPH)
  HIGHEST WIND SPEED    21   HIGHEST WIND DIRECTION    NE (60)
  HIGHEST GUST SPEED    26   HIGHEST GUST DIRECTION    NE (60)
  AVERAGE WIND SPEED    11.5


SKY COVER
  AVERAGE SKY COVER 1.0


WEATHER CONDITIONS
 THE FOLLOWING WEATHER WAS RECORDED YESTERDAY.
  HEAVY RAIN
  RAIN
  LIGHT RAIN
  FOG


RELATIVE HUMIDITY (PERCENT)
 HIGHEST   100           800 AM
 LOWEST     80           400 PM
 AVERAGE    90

..........................................................


THE HASTINGS NE CLIMATE NORMALS FOR TODAY
                         NORMAL    RECORD    YEAR
 MAXIMUM TEMPERATURE (F)   67        94      1992
 MINIMUM TEMPERATURE (F)   45        22      1909


SUNRISE AND SUNSET
MAY  1 2016...........SUNRISE   632 AM CDT   SUNSET   830 PM CDT
MAY  2 2016...........SUNRISE   631 AM CDT   SUNSET   831 PM CDT


-  INDICATES NEGATIVE NUMBERS.
R  INDICATES RECORD WAS SET OR TIED.
MM INDICATES DATA IS MISSING.
T  INDICATES TRACE AMOUNT.

$$

HALBLAUB
