532
CDUS43 KGID 080626
CLIHSI


CLIMATE REPORT
NATIONAL WEATHER SERVICE HASTINGS NE
1225 AM CST THU DEC 8 2016


...................................

...THE HASTINGS NE CLIMATE SUMMARY FOR DECEMBER 7 2016...

CLIMATE NORMAL PERIOD 1981 TO 2010
CLIMATE RECORD PERIOD 1894 TO 2016


WEATHER ITEM   OBSERVED TIME   RECORD YEAR NORMAL DEPARTURE LAST
                VALUE   (LST)  VALUE       VALUE  FROM      YEAR
                                                  NORMAL
..................................................................
TEMPERATURE (F)
 YESTERDAY
  MAXIMUM         24    339 PM  76    1939  39    -15       57
  MINIMUM         12   1150 PM -11    1909  20     -8       32
  AVERAGE         18                        29    -11       45

PRECIPITATION (IN)
  YESTERDAY        0.00          0.63 1986   0.03  -0.03     0.00
  MONTH TO DATE    0.08                      0.26  -0.18      T
  SINCE DEC 1      0.08                      0.26  -0.18      T
  SINCE JAN 1     20.13                     26.76  -6.63    27.73

SNOWFALL (IN)
  YESTERDAY        0.0           4.0  1909   0.2   -0.2      0.0
  MONTH TO DATE    0.7                       1.2   -0.5      0.2
  SINCE DEC 1      0.7                       1.2   -0.5      0.2
  SINCE JUL 1      0.8                       5.0   -4.2      4.4
  SNOW DEPTH       0

DEGREE DAYS
 HEATING
  YESTERDAY       47                        36     11       20
  MONTH TO DATE  238                       242     -4      189
  SINCE DEC 1    238                       242     -4      189
  SINCE JUL 1   1105                      1523   -418     1115

 COOLING
  YESTERDAY        0                         0      0        0
  MONTH TO DATE    0                         0      0        0
  SINCE DEC 1      0                         0      0        0
  SINCE JAN 1   1195                      1077    118     1097
..................................................................


WIND (MPH)
  HIGHEST WIND SPEED    20   HIGHEST WIND DIRECTION    NW (330)
  HIGHEST GUST SPEED    25   HIGHEST GUST DIRECTION    NW (330)
  AVERAGE WIND SPEED    12.5


SKY COVER
  AVERAGE SKY COVER 0.6


WEATHER CONDITIONS
 THE FOLLOWING WEATHER WAS RECORDED YESTERDAY.
  NO SIGNIFICANT WEATHER WAS OBSERVED.


RELATIVE HUMIDITY (PERCENT)
 HIGHEST    67           800 PM
 LOWEST     39           300 PM
 AVERAGE    53

..........................................................


THE HASTINGS NE CLIMATE NORMALS FOR TODAY
                         NORMAL    RECORD    YEAR
 MAXIMUM TEMPERATURE (F)   39        65      1984
 MINIMUM TEMPERATURE (F)   20       -11      1917


SUNRISE AND SUNSET
DECEMBER  8 2016......SUNRISE   745 AM CST   SUNSET   507 PM CST
DECEMBER  9 2016......SUNRISE   746 AM CST   SUNSET   507 PM CST


-  INDICATES NEGATIVE NUMBERS.
R  INDICATES RECORD WAS SET OR TIED.
MM INDICATES DATA IS MISSING.
T  INDICATES TRACE AMOUNT.




$$
