000
CDUS43 KGID 230634
CLIHSI


CLIMATE REPORT
NATIONAL WEATHER SERVICE HASTINGS NE
131 AM CDT THU OCT 23 2014


...................................

...THE HASTINGS NE CLIMATE SUMMARY FOR OCTOBER 22 2014...

CLIMATE NORMAL PERIOD 1981 TO 2010
CLIMATE RECORD PERIOD 1894 TO 2014


WEATHER ITEM   OBSERVED TIME   RECORD YEAR NORMAL DEPARTURE LAST
                VALUE   (LST)  VALUE       VALUE  FROM      YEAR
                                                  NORMAL
..................................................................
TEMPERATURE (F)
 YESTERDAY
  MAXIMUM         74   1202 PM  90    1927  62     12       59
  MINIMUM         54   1158 PM  18    1936  38     16       37
  AVERAGE         64                        50     14       48

PRECIPITATION (IN)
  YESTERDAY        0.41          1.58 2008   0.06   0.35      T
  MONTH TO DATE    1.76                      1.53   0.23     4.65
  SINCE SEP 1      3.54                      4.09  -0.55     5.91
  SINCE JAN 1     28.44                     24.75   3.69    23.97

SNOWFALL (IN)
  YESTERDAY        0.0           0.4  2009   0.0    0.0      0.0
  MONTH TO DATE    0.0                       0.5   -0.5      0.0
  SINCE SEP 1      0.0                       0.7   -0.7      0.0
  SINCE JUL 1      0.0                       0.7   -0.7      0.0
  SNOW DEPTH       0

DEGREE DAYS
 HEATING
  YESTERDAY        1                        15    -14       17
  MONTH TO DATE  207                       241    -34      238
  SINCE SEP 1    316                       331    -15      267
  SINCE JUL 1    322                       337    -15      273

 COOLING
  YESTERDAY        0                         0      0        0
  MONTH TO DATE    3                        11     -8       15
  SINCE SEP 1     98                       121    -23      200
  SINCE JAN 1   1018                      1074    -56     1158
..................................................................


WIND (MPH)
  HIGHEST WIND SPEED    18   HIGHEST WIND DIRECTION    SW (210)
  HIGHEST GUST SPEED    25   HIGHEST GUST DIRECTION    SW (210)
  AVERAGE WIND SPEED     8.1


SKY COVER
  AVERAGE SKY COVER 0.5


WEATHER CONDITIONS
 THE FOLLOWING WEATHER WAS RECORDED YESTERDAY.
  THUNDERSTORM
  HEAVY RAIN
  RAIN
  LIGHT RAIN
  FOG
  FOG W/VISIBILITY <= 1/4 MILE


RELATIVE HUMIDITY (PERCENT)
 HIGHEST    93          1000 PM
 LOWEST     46          1200 PM
 AVERAGE    70

..........................................................


THE HASTINGS NE CLIMATE NORMALS FOR TODAY
                         NORMAL    RECORD    YEAR
 MAXIMUM TEMPERATURE (F)   61        90      1927
 MINIMUM TEMPERATURE (F)   38        15      1917


SUNRISE AND SUNSET
OCTOBER 23 2014.......SUNRISE   754 AM CDT   SUNSET   642 PM CDT
OCTOBER 24 2014.......SUNRISE   755 AM CDT   SUNSET   641 PM CDT


-  INDICATES NEGATIVE NUMBERS.
R  INDICATES RECORD WAS SET OR TIED.
MM INDICATES DATA IS MISSING.
T  INDICATES TRACE AMOUNT.




$$
