429
CDUS44 KHUN 100802
CLIHSV


CLIMATE REPORT
NATIONAL WEATHER SERVICE HUNTSVILLE AL
202 AM CST WED FEB 10 2016


...................................

...THE HUNTSVILLE CLIMATE SUMMARY FOR FEBRUARY 9 2016...

CLIMATE NORMAL PERIOD 1981 TO 2010
CLIMATE RECORD PERIOD 1894 TO 2016


WEATHER ITEM   OBSERVED TIME   RECORD YEAR NORMAL DEPARTURE LAST
                VALUE   (LST)  VALUE       VALUE  FROM      YEAR
                                                  NORMAL
..................................................................
TEMPERATURE (F)
 YESTERDAY
  MAXIMUM         34   1053 AM  76    2001  54    -20       61
                                      1965
  MINIMUM         24   1159 PM   1    1933  34    -10       38
  AVERAGE         29                        44    -15       50

PRECIPITATION (IN)
  YESTERDAY        T             2.30 1909   0.16  -0.16      T
  MONTH TO DATE    2.27                      1.51   0.76     0.55
  SINCE DEC 1     16.52                     12.17   4.35    10.25
  SINCE JAN 1      5.84                      6.40  -0.56     4.52

SNOWFALL (IN)
  YESTERDAY        T
  MONTH TO DATE    T
  SINCE DEC 1      0.4
  SINCE JUL 1      0.4
  SNOW DEPTH       0

DEGREE DAYS
 HEATING
  YESTERDAY       36                        21     15       15
  MONTH TO DATE  172                       194    -22      160
  SINCE DEC 1   1255                      1577   -322     1440
  SINCE JUL 1   1549                      2104   -555     2056

 COOLING
  YESTERDAY        0                         0      0        0
  MONTH TO DATE    1                         0      1        0
  SINCE DEC 1     24                         2     22        0
  SINCE JAN 1      1                         0      1        0
..................................................................


WIND (MPH)
  HIGHEST WIND SPEED    22   HIGHEST WIND DIRECTION    NW (310)
  HIGHEST GUST SPEED    28   HIGHEST GUST DIRECTION    NW (310)
  AVERAGE WIND SPEED    11.8


SKY COVER
  POSSIBLE SUNSHINE  MM
  AVERAGE SKY COVER 1.0


WEATHER CONDITIONS
 THE FOLLOWING WEATHER WAS RECORDED YESTERDAY.
  SNOW
  LIGHT SNOW


RELATIVE HUMIDITY (PERCENT)
 HIGHEST    85           800 AM
 LOWEST     51           300 AM
 AVERAGE    68

..........................................................


THE HUNTSVILLE CLIMATE NORMALS FOR TODAY
                         NORMAL    RECORD    YEAR
 MAXIMUM TEMPERATURE (F)   55        76      1938
 MINIMUM TEMPERATURE (F)   34         9      1971


SUNRISE AND SUNSET
FEBRUARY 10 2016......SUNRISE   638 AM CST   SUNSET   525 PM CST
FEBRUARY 11 2016......SUNRISE   637 AM CST   SUNSET   526 PM CST


-  INDICATES NEGATIVE NUMBERS.
R  INDICATES RECORD WAS SET OR TIED.
MM INDICATES DATA IS MISSING.
T  INDICATES TRACE AMOUNT.




$$
