000
CDUS44 KHUN 300701
CLIHSV


CLIMATE REPORT
NATIONAL WEATHER SERVICE HUNTSVILLE AL
202 AM CDT MON MAY 30 2016


...................................

...THE HUNTSVILLE CLIMATE SUMMARY FOR MAY 29 2016...

CLIMATE NORMAL PERIOD 1981 TO 2010
CLIMATE RECORD PERIOD 1894 TO 2016


WEATHER ITEM   OBSERVED TIME   RECORD YEAR NORMAL DEPARTURE LAST
                VALUE   (LST)  VALUE       VALUE  FROM      YEAR
                                                  NORMAL
..................................................................
TEMPERATURE (F)
 YESTERDAY
  MAXIMUM         92    349 PM  99    1914  85      7       84
  MINIMUM         64    413 AM  46    1984  63      1       68
  AVERAGE         78                        74      4       76

PRECIPITATION (IN)
  YESTERDAY        0.00          3.62 1912   0.15  -0.15     0.00
  MONTH TO DATE    1.62                      4.80  -3.18     4.76
  SINCE MAR 1      8.35                     14.33  -5.98    17.32
  SINCE JAN 1     18.30                     24.06  -5.76    25.06

SNOWFALL (IN)
  YESTERDAY        0.0
  MONTH TO DATE    0.0
  SINCE MAR 1      T
  SINCE JUL 1      0.4
  SNOW DEPTH       0

DEGREE DAYS
 HEATING
  YESTERDAY        0                         0      0        0
  MONTH TO DATE   20                        25     -5       14
  SINCE MAR 1    357                       547   -190      389
  SINCE JUL 1   2253                      2999   -746     3030

 COOLING
  YESTERDAY       13                         9      4       11
  MONTH TO DATE  168                       172     -4      238
  SINCE MAR 1    258                       243     15      301
  SINCE JAN 1    259                       244     15      301
..................................................................


WIND (MPH)
  HIGHEST WIND SPEED    12   HIGHEST WIND DIRECTION    NW (310)
  HIGHEST GUST SPEED    17   HIGHEST GUST DIRECTION    NE (50)
  AVERAGE WIND SPEED     3.6


SKY COVER
  POSSIBLE SUNSHINE  MM
  AVERAGE SKY COVER 0.4


WEATHER CONDITIONS
 THE FOLLOWING WEATHER WAS RECORDED YESTERDAY.
  FOG


RELATIVE HUMIDITY (PERCENT)
 HIGHEST    93           100 AM
 LOWEST     36           400 PM
 AVERAGE    65

..........................................................


THE HUNTSVILLE CLIMATE NORMALS FOR TODAY
                         NORMAL    RECORD    YEAR
 MAXIMUM TEMPERATURE (F)   85        99      1914
 MINIMUM TEMPERATURE (F)   63        42      1984


SUNRISE AND SUNSET
MAY 30 2016...........SUNRISE   536 AM CDT   SUNSET   754 PM CDT
MAY 31 2016...........SUNRISE   535 AM CDT   SUNSET   755 PM CDT


-  INDICATES NEGATIVE NUMBERS.
R  INDICATES RECORD WAS SET OR TIED.
MM INDICATES DATA IS MISSING.
T  INDICATES TRACE AMOUNT.


$$
