000
CDUS44 KHUN 162221
CLIHSV


CLIMATE REPORT
NATIONAL WEATHER SERVICE HUNTSVILLE AL
420 PM CST SAT DEC 16 2017


...................................

...THE HUNTSVILLE CLIMATE SUMMARY FOR DECEMBER 16 2017...
VALID TODAY AS OF 0400 PM LOCAL TIME.

CLIMATE NORMAL PERIOD 1981 TO 2010
CLIMATE RECORD PERIOD 1894 TO 2017


WEATHER ITEM   OBSERVED TIME   RECORD YEAR NORMAL DEPARTURE LAST
                VALUE   (LST)  VALUE       VALUE  FROM      YEAR
                                                  NORMAL
..................................................................
TEMPERATURE (F)
 TODAY
  MAXIMUM         53    249 PM  73    2015  53      0       54
                                      1984
                                      1933
  MINIMUM         24    700 AM   6    1989  34    -10       24
  AVERAGE         39                        44     -5       39

PRECIPITATION (IN)
  TODAY            0.00          2.46 2012   0.19  -0.19      T
  MONTH TO DATE    1.50                      3.15  -1.65     3.52
  SINCE DEC 1      1.50                      3.15  -1.65     3.52
  SINCE JAN 1     50.62                     51.72  -1.10    42.05

SNOWFALL (IN)
  TODAY            0.0
  MONTH TO DATE    0.0
  SINCE DEC 1      0.0
  SINCE JUL 1      0.0
  SNOW DEPTH       0

DEGREE DAYS
 HEATING
  TODAY           26                        21      5       26
  MONTH TO DATE  335                       315     20      337
  SINCE DEC 1    335                       315     20      337
  SINCE JUL 1    813                       842    -29      601

 COOLING
  TODAY            0                         0      0        0
  MONTH TO DATE    0                         0      0        0
  SINCE DEC 1      0                         0      0        0
  SINCE JAN 1   2114                      1949    165     2548
..................................................................


WIND (MPH)
  HIGHEST WIND SPEED    10   HIGHEST WIND DIRECTION     S (190)
  HIGHEST GUST SPEED    12   HIGHEST GUST DIRECTION     S (190)
  AVERAGE WIND SPEED     3.7


SKY COVER
  POSSIBLE SUNSHINE  MM
  AVERAGE SKY COVER 0.5


WEATHER CONDITIONS
 THE FOLLOWING WEATHER WAS RECORDED TODAY.
  FOG
  HAZE


RELATIVE HUMIDITY (PERCENT)
 HIGHEST   100           200 AM
 LOWEST     44           200 PM
 AVERAGE    72

..........................................................


THE HUNTSVILLE CLIMATE NORMALS FOR TOMORROW
                         NORMAL    RECORD    YEAR
 MAXIMUM TEMPERATURE (F)   53        77      1924
 MINIMUM TEMPERATURE (F)   34        14      1945


SUNRISE AND SUNSET
DECEMBER 16 2017......SUNRISE   648 AM CST   SUNSET   438 PM CST
DECEMBER 17 2017......SUNRISE   648 AM CST   SUNSET   439 PM CST


-  INDICATES NEGATIVE NUMBERS.
R  INDICATES RECORD WAS SET OR TIED.
MM INDICATES DATA IS MISSING.
T  INDICATES TRACE AMOUNT.




$$
