000
CDUS43 KAPX 260528
CLIHTL


CLIMATE REPORT
NATIONAL WEATHER SERVICE GAYLORD MI
127 AM EDT MON SEP 26 2016


...................................

...THE HOUGHTON LAKE MI CLIMATE SUMMARY FOR SEPTEMBER 25 2016...

CLIMATE NORMAL PERIOD 1981 TO 2010
CLIMATE RECORD PERIOD 1913 TO 2016


WEATHER ITEM   OBSERVED TIME   RECORD YEAR NORMAL DEPARTURE LAST
                VALUE   (LST)  VALUE       VALUE  FROM      YEAR
                                                  NORMAL
..................................................................
TEMPERATURE (F)
 YESTERDAY
  MAXIMUM         70    258 PM  91    1920  65      5       77
  MINIMUM         38    601 AM  23    1932  42     -4       50
  AVERAGE         54                        54      0       64

PRECIPITATION (IN)
  YESTERDAY        0.13          2.00 2005   0.10   0.03     0.00
  MONTH TO DATE    2.29                      2.59  -0.30     3.47
  SINCE SEP 1      2.29                      2.59  -0.30     3.47
  SINCE JAN 1     25.90                     21.71   4.19    19.98

DEGREE DAYS
 HEATING
  YESTERDAY       11                        12     -1        1
  MONTH TO DATE   86                       190   -104       90
  SINCE SEP 1     86                       190   -104       90
  SINCE JUL 1    119                       317   -198      180

 COOLING
  YESTERDAY        0                         0      0        0
  MONTH TO DATE   48                        18     30       68
  SINCE SEP 1     48                        18     30       68
  SINCE JAN 1    457                       283    174      325
..................................................................


WIND (MPH)
  HIGHEST WIND SPEED    20   HIGHEST WIND DIRECTION    SE (140)
  HIGHEST GUST SPEED    27   HIGHEST GUST DIRECTION    SE (150)
  AVERAGE WIND SPEED     7.5




RELATIVE HUMIDITY (PERCENT)
 HIGHEST   100
 LOWEST     52
 AVERAGE    76

..........................................................


THE HOUGHTON LAKE MI CLIMATE NORMALS FOR TODAY
                         NORMAL    RECORD    YEAR
 MAXIMUM TEMPERATURE (F)   65        89      1920
 MINIMUM TEMPERATURE (F)   42        22      1947
                                             1926


SUNRISE AND SUNSET
SEPTEMBER 26 2016.....SUNRISE   731 AM EDT   SUNSET   728 PM EDT
SEPTEMBER 27 2016.....SUNRISE   732 AM EDT   SUNSET   726 PM EDT


-  INDICATES NEGATIVE NUMBERS.
R  INDICATES RECORD WAS SET OR TIED.
MM INDICATES DATA IS MISSING.
T  INDICATES TRACE AMOUNT.




$$
