000
CDUS43 KAPX 280526
CLIHTL


CLIMATE REPORT
NATIONAL WEATHER SERVICE GAYLORD MI
126 AM EDT TUE MAR 28 2017


...................................

...THE HOUGHTON LAKE MI CLIMATE SUMMARY FOR MARCH 27 2017...

CLIMATE NORMAL PERIOD 1981 TO 2010
CLIMATE RECORD PERIOD 1913 TO 2017


WEATHER ITEM   OBSERVED TIME   RECORD YEAR NORMAL DEPARTURE LAST
                VALUE   (LST)  VALUE       VALUE  FROM      YEAR
                                                  NORMAL
..................................................................
TEMPERATURE (F)
 YESTERDAY
  MAXIMUM         43    428 PM  77    1945  45     -2       54
  MINIMUM         36   1159 PM  -7    1947  23     13       30
  AVERAGE         40                        34      6       42

PRECIPITATION (IN)
  YESTERDAY        0.00          1.00 1991   0.06  -0.06     0.09
  MONTH TO DATE    2.47                      1.56   0.91     3.17
  SINCE MAR 1      2.47                      1.56   0.91     3.17
  SINCE JAN 1      7.95                      4.28   3.67     6.29

SNOWFALL (IN)
  YESTERDAY        0.0           6.7  1948   0.2   -0.2      0.0
  MONTH TO DATE    9.4                       7.4    2.0     13.1
  SINCE OCT 1     75.8                      61.9   13.9     46.5
  SINCE JUL 1     75.8                      61.9   13.9     46.5
  SNOW DEPTH       0

DEGREE DAYS
 HEATING
  YESTERDAY       25                        31     -6       23
  MONTH TO DATE  989                       993     -4      834
  SINCE MAR 1    989                       993     -4      834
  SINCE JUL 1   5839                      6865  -1026     5747

 COOLING
  YESTERDAY        0                         0      0        0
  MONTH TO DATE    0                         0      0        0
  SINCE MAR 1      0                         0      0        0
  SINCE JAN 1      0                         0      0        0
..................................................................


WIND (MPH)
  HIGHEST WIND SPEED    12   HIGHEST WIND DIRECTION     W (290)
  HIGHEST GUST SPEED    14   HIGHEST GUST DIRECTION    NW (300)
  AVERAGE WIND SPEED     4.6




RELATIVE HUMIDITY (PERCENT)
 HIGHEST   100
 LOWEST     82
 AVERAGE    91

..........................................................


THE HOUGHTON LAKE MI CLIMATE NORMALS FOR TODAY
                         NORMAL    RECORD    YEAR
 MAXIMUM TEMPERATURE (F)   45        80      1946
 MINIMUM TEMPERATURE (F)   23        -4      1926


SUNRISE AND SUNSET
MARCH 28 2017.........SUNRISE   727 AM EDT   SUNSET   801 PM EDT
MARCH 29 2017.........SUNRISE   725 AM EDT   SUNSET   803 PM EDT


-  INDICATES NEGATIVE NUMBERS.
R  INDICATES RECORD WAS SET OR TIED.
MM INDICATES DATA IS MISSING.
T  INDICATES TRACE AMOUNT.




$$
