000
CDUS43 KAPX 230527
CLIHTL


CLIMATE REPORT
NATIONAL WEATHER SERVICE GAYLORD MI
126 AM EDT SAT AUG 23 2014


...................................

...THE HOUGHTON LAKE MI CLIMATE SUMMARY FOR AUGUST 22 2014...

CLIMATE NORMAL PERIOD 1981 TO 2010
CLIMATE RECORD PERIOD 1913 TO 2014


WEATHER ITEM   OBSERVED TIME   RECORD YEAR NORMAL DEPARTURE LAST
                VALUE   (LST)  VALUE       VALUE  FROM      YEAR
                                                  NORMAL
..................................................................
TEMPERATURE (F)
 YESTERDAY
  MAXIMUM         80    343 PM  96    1955  76      4       81
  MINIMUM         59    534 AM  29    1923  52      7       53
  AVERAGE         70                        64      6       67

PRECIPITATION (IN)
  YESTERDAY        0.00          0.66 2002   0.10  -0.10      T
  MONTH TO DATE    1.72                      2.47  -0.75     0.59
  SINCE JUN 1      7.01                      8.33  -1.32     3.02
  SINCE JAN 1     19.49                     18.19   1.30    18.96

DEGREE DAYS
 HEATING
  YESTERDAY        0                         3     -3        0
  MONTH TO DATE   33                        49    -16       75
  SINCE JUN 1    211                       220     -9      222
  SINCE JUL 1    137                        96     41      120

 COOLING
  YESTERDAY        5                         2      3        2
  MONTH TO DATE   31                        60    -29       34
  SINCE JUN 1    151                       231    -80      259
  SINCE JAN 1    166                       247    -81      299
..................................................................


WIND (MPH)
  HIGHEST WIND SPEED    10   HIGHEST WIND DIRECTION     E (110)
  HIGHEST GUST SPEED    13   HIGHEST GUST DIRECTION     E (110)
  AVERAGE WIND SPEED     3.8




RELATIVE HUMIDITY (PERCENT)
 HIGHEST   100
 LOWEST     62
 AVERAGE    81

..........................................................


THE HOUGHTON LAKE MI CLIMATE NORMALS FOR TODAY
                         NORMAL    RECORD    YEAR
 MAXIMUM TEMPERATURE (F)   76        97      1922
 MINIMUM TEMPERATURE (F)   52        31      1951
                                             1923


SUNRISE AND SUNSET
AUGUST 23 2014........SUNRISE   651 AM EDT   SUNSET   831 PM EDT
AUGUST 24 2014........SUNRISE   652 AM EDT   SUNSET   829 PM EDT


-  INDICATES NEGATIVE NUMBERS.
R  INDICATES RECORD WAS SET OR TIED.
MM INDICATES DATA IS MISSING.
T  INDICATES TRACE AMOUNT.




$$
