000
CDUS43 KAPX 020526
CLIHTL


CLIMATE REPORT
NATIONAL WEATHER SERVICE GAYLORD MI
126 AM EDT WED SEP 2 2015


...................................

...THE HOUGHTON LAKE MI CLIMATE SUMMARY FOR SEPTEMBER 1 2015...

CLIMATE NORMAL PERIOD 1981 TO 2010
CLIMATE RECORD PERIOD 1913 TO 2015


WEATHER ITEM   OBSERVED TIME   RECORD YEAR NORMAL DEPARTURE LAST
                VALUE   (LST)  VALUE       VALUE  FROM      YEAR
                                                  NORMAL
..................................................................
TEMPERATURE (F)
 YESTERDAY
  MAXIMUM         86    253 PM  94    1953  74     12       78
                                      1929
  MINIMUM         55    641 AM  29    1919  50      5       58
  AVERAGE         71                        62      9       68

PRECIPITATION (IN)
  YESTERDAY        0.00          1.44 1982   0.10  -0.10     0.53
  MONTH TO DATE    0.00                      0.10  -0.10     0.53
  SINCE SEP 1      0.00                      0.10  -0.10     0.53
  SINCE JAN 1     16.51                     19.22  -2.71    20.41

DEGREE DAYS
 HEATING
  YESTERDAY        0                         4     -4        0
  MONTH TO DATE    0                         4     -4        0
  SINCE SEP 1      0                         4     -4        0
  SINCE JUL 1     90                       131    -41      156

 COOLING
  YESTERDAY        6                         1      5        3
  MONTH TO DATE    6                         1      5        3
  SINCE SEP 1      6                         1      5        3
  SINCE JAN 1    264                       266     -2      198
..................................................................


WIND (MPH)
  HIGHEST WIND SPEED    10   HIGHEST WIND DIRECTION    SW (220)
  HIGHEST GUST SPEED    13   HIGHEST GUST DIRECTION    SW (220)
  AVERAGE WIND SPEED     4.6




RELATIVE HUMIDITY (PERCENT)
 HIGHEST   100
 LOWEST     51
 AVERAGE    76

..........................................................


THE HOUGHTON LAKE MI CLIMATE NORMALS FOR TODAY
                         NORMAL    RECORD    YEAR
 MAXIMUM TEMPERATURE (F)   74        95      1929
 MINIMUM TEMPERATURE (F)   50        30      1946
                                             1919


SUNRISE AND SUNSET
SEPTEMBER  2 2015.....SUNRISE   702 AM EDT   SUNSET   814 PM EDT
SEPTEMBER  3 2015.....SUNRISE   704 AM EDT   SUNSET   812 PM EDT


-  INDICATES NEGATIVE NUMBERS.
R  INDICATES RECORD WAS SET OR TIED.
MM INDICATES DATA IS MISSING.
T  INDICATES TRACE AMOUNT.




$$
