000
CDUS43 KAPX 140532
CLIHTL


CLIMATE REPORT
NATIONAL WEATHER SERVICE GAYLORD MI
1231 AM EST THU DEC 14 2017


...................................

...THE HOUGHTON LAKE MI CLIMATE SUMMARY FOR DECEMBER 13 2017...

CLIMATE NORMAL PERIOD 1981 TO 2010
CLIMATE RECORD PERIOD 1913 TO 2017


WEATHER ITEM   OBSERVED TIME   RECORD YEAR NORMAL DEPARTURE LAST
                VALUE   (LST)  VALUE       VALUE  FROM      YEAR
                                                  NORMAL
..................................................................
TEMPERATURE (F)
 YESTERDAY
  MAXIMUM         15    456 PM  56    2015  31    -16       25
  MINIMUM         10   1124 PM -14    1995  18     -8        8
  AVERAGE         13                        25    -12       17

PRECIPITATION (IN)
  YESTERDAY        0.28          0.70 2015   0.05   0.23      T
  MONTH TO DATE    0.95                      0.78   0.17     0.96
  SINCE DEC 1      0.95                      0.78   0.17     0.96
  SINCE JAN 1     36.55                     27.88   8.67    32.01

SNOWFALL (IN)
  YESTERDAY        3.2           4.0  1921   0.5    2.7       T
  MONTH TO DATE    7.5                       6.6    0.9     16.2
  SINCE OCT 1     12.9                      15.7   -2.8     27.2
  SINCE JUL 1     12.9                      15.7   -2.8     27.2
  SNOW DEPTH       3

DEGREE DAYS
 HEATING
  YESTERDAY       52                        40     12       48
  MONTH TO DATE  492                       498     -6      478
  SINCE DEC 1    492                       498     -6      478
  SINCE JUL 1   2093                      2381   -288     1798
..................................................................


WIND (MPH)
  HIGHEST WIND SPEED    18   HIGHEST WIND DIRECTION     E (80)
  HIGHEST GUST SPEED    23   HIGHEST GUST DIRECTION     E (80)
  AVERAGE WIND SPEED     8.1




RELATIVE HUMIDITY (PERCENT)
 HIGHEST    88
 LOWEST     70
 AVERAGE    79

..........................................................


THE HOUGHTON LAKE MI CLIMATE NORMALS FOR TODAY
                         NORMAL    RECORD    YEAR
 MAXIMUM TEMPERATURE (F)   31        56      2015
 MINIMUM TEMPERATURE (F)   18       -14      1943


SUNRISE AND SUNSET
DECEMBER 14 2017......SUNRISE   807 AM EST   SUNSET   500 PM EST
DECEMBER 15 2017......SUNRISE   808 AM EST   SUNSET   500 PM EST


-  INDICATES NEGATIVE NUMBERS.
R  INDICATES RECORD WAS SET OR TIED.
MM INDICATES DATA IS MISSING.
T  INDICATES TRACE AMOUNT.




$$
